2024-09-19 00:37:10.328 136183 DEBUG oslo_service.service [req-91cf42d0-a41e-4a84-9e17-3c4b5a6692eb - - - - -] transport_url = **** log_opt_values /usr/lib/python3/dist-packages/oslo_config/cfg.py:2602
2024-09-19 00:37:10.328 136183 DEBUG oslo_service.service [req-91cf42d0-a41e-4a84-9e17-3c4b5a6692eb - - - - -] update_resources_interval = 0 log_opt_values /usr/lib/python3/dist-packages/oslo_config/cfg.py:2602
2024-09-19 00:37:10.329 136183 DEBUG oslo_service.service [req-91cf42d0-a41e-4a84-9e17-3c4b5a6692eb - - - - -] use_cow_images = True log_opt_values /usr/lib/python3/dist-packages/oslo_config/cfg.py:2602
2024-09-19 00:37:10.329 136183 DEBUG oslo_service.service [req-91cf42d0-a41e-4a84-9e17-3c4b5a6692eb - - - - -] use_eventlog = False log_opt_values /usr/lib/python3/dist-packages/oslo_config/cfg.py:2602
2024-09-19 00:37:10.329 136183 DEBUG oslo_service.service [req-91cf42d0-a41e-4a84-9e17-3c4b5a6692eb - - - - -] use_journal = False log_opt_values /usr/lib/python3/dist-packages/oslo_config/cfg.py:2602
2024-09-19 00:37:10.329 136183 DEBUG oslo_service.service [req-91cf42d0-a41e-4a84-9e17-3c4b5a6692eb - - - - -] use_json = False log_opt_values /usr/lib/python3/dist-packages/oslo_config/cfg.py:2602
2024-09-19 00:37:10.329 136183 DEBUG oslo_service.service [req-91cf42d0-a41e-4a84-9e17-3c4b5a6692eb - - - - -] use_rootwrap_daemon = False log_opt_values /usr/lib/python3/dist-packages/oslo_config/cfg.py:2602
2024-09-19 00:37:10.329 136183 DEBUG oslo_service.service [req-91cf42d0-a41e-4a84-9e17-3c4b5a6692eb - - - - -] use_stderr = False log_opt_values /usr/lib/python3/dist-packages/oslo_config/cfg.py:2602
2024-09-19 00:37:10.330 136183 DEBUG oslo_service.service [req-91cf42d0-a41e-4a84-9e17-3c4b5a6692eb - - - - -] use_syslog = False log_opt_values /usr/lib/python3/dist-packages/oslo_config/cfg.py:2602
2024-09-19 00:37:10.330 136183 DEBUG oslo_service.service [req-91cf42d0-a41e-4a84-9e17-3c4b5a6692eb - - - - -] vcpu_pin_set = None log_opt_values /usr/lib/python3/dist-packages/oslo_config/cfg.py:2602
2024-09-19 00:37:10.330 136633 DEBUG nova.service [req-552d7b26-7bd1-4e8a-ad77-b7f2a29bf5e0 - - - - -] Creating RPC server for service scheduler start /usr/lib/python3/dist-packages/nova/service.py:182
2024-09-19 00:37:10.330 136183 DEBUG oslo_service.service [req-91cf42d0-a41e-4a84-9e17-3c4b5a6692eb - - - - -] vif_plugging_is_fatal = True log_opt_values /usr/lib/python3/dist-packages/oslo_config/cfg.py:2602
2024-09-19 00:37:10.330 136183 DEBUG oslo_service.service [req-91cf42d0-a41e-4a84-9e17-3c4b5a6692eb - - - - -] vif_plugging_timeout = 300 log_opt_values /usr/lib/python3/dist-packages/oslo_config/cfg.py:2602
2024-09-19 00:37:10.330 136183 DEBUG oslo_service.service [req-91cf42d0-a41e-4a84-9e17-3c4b5a6692eb - - - - -] virt_mkfs = [] log_opt_values /usr/lib/python3/dist-packages/oslo_config/cfg.py:2602
2024-09-19 00:37:10.330 136183 DEBUG oslo_service.service [req-91cf42d0-a41e-4a84-9e17-3c4b5a6692eb - - - - -] volume_usage_poll_interval = 0 log_opt_values /usr/lib/python3/dist-packages/oslo_config/cfg.py:2602
2024-09-19 00:37:10.331 136183 DEBUG oslo_service.service [req-91cf42d0-a41e-4a84-9e17-3c4b5a6692eb - - - - -] watch_log_file = False log_opt_values /usr/lib/python3/dist-packages/oslo_config/cfg.py:2602
2024-09-19 00:37:10.331 136183 DEBUG oslo_service.service [req-91cf42d0-a41e-4a84-9e17-3c4b5a6692eb - - - - -] web = /usr/share/spice-html5 log_opt_values /usr/lib/python3/dist-packages/oslo_config/cfg.py:2602
2024-09-19 00:37:10.331 136183 DEBUG oslo_service.service [req-91cf42d0-a41e-4a84-9e17-3c4b5a6692eb - - - - -] oslo_concurrency.disable_process_locking = False log_opt_values /usr/lib/python3/dist-packages/oslo_config/cfg.py:2609
2024-09-19 00:37:10.331 136183 DEBUG oslo_service.service [req-91cf42d0-a41e-4a84-9e17-3c4b5a6692eb - - - - -] oslo_concurrency.lock_path = /var/lock/nova log_opt_values /usr/lib/python3/dist-packages/oslo_config/cfg.py:2609
2024-09-19 00:37:10.332 136183 WARNING oslo_config.cfg [req-91cf42d0-a41e-4a84-9e17-3c4b5a6692eb - - - - -] Deprecated: Option "auth_strategy" from group "api" is deprecated for removal ( The only non-default choice, ``noauth2``, is for internal development and testing purposes only and should not be used in deployments. This option and its middleware, NoAuthMiddleware[V2_18], will be removed in a future release. ). Its value may be silently ignored in the future.
2024-09-19 00:37:10.332 136183 DEBUG oslo_service.service [req-91cf42d0-a41e-4a84-9e17-3c4b5a6692eb - - - - -] api.auth_strategy = keystone log_opt_values /usr/lib/python3/dist-packages/oslo_config/cfg.py:2609
2024-09-19 00:37:10.332 136183 DEBUG oslo_service.service [req-91cf42d0-a41e-4a84-9e17-3c4b5a6692eb - - - - -] api.compute_link_prefix = None log_opt_values /usr/lib/python3/dist-packages/oslo_config/cfg.py:2609
2024-09-19 00:37:10.332 136183 DEBUG oslo_service.service [req-91cf42d0-a41e-4a84-9e17-3c4b5a6692eb - - - - -] api.config_drive_skip_versions = 1.0 2007-01-19 2007-03-01 2007-08-29 2007-10-10 2007-12-15 2008-02-01 2008-09-01 log_opt_values /usr/lib/python3/dist-packages/oslo_config/cfg.py:2609
2024-09-19 00:37:10.332 136183 DEBUG oslo_service.service [req-91cf42d0-a41e-4a84-9e17-3c4b5a6692eb - - - - -] api.dhcp_domain = novalocal log_opt_values /usr/lib/python3/dist-packages/oslo_config/cfg.py:2609
2024-09-19 00:37:10.333 136183 DEBUG oslo_service.service [req-91cf42d0-a41e-4a84-9e17-3c4b5a6692eb - - - - -] api.enable_instance_password = True log_opt_values /usr/lib/python3/dist-packages/oslo_config/cfg.py:2609
2024-09-19 00:37:10.333 136183 DEBUG oslo_service.service [req-91cf42d0-a41e-4a84-9e17-3c4b5a6692eb - - - - -] api.glance_link_prefix = None log_opt_values /usr/lib/python3/dist-packages/oslo_config/cfg.py:2609
2024-09-19 00:37:10.333 136183 DEBUG oslo_service.service [req-91cf42d0-a41e-4a84-9e17-3c4b5a6692eb - - - - -] api.instance_list_cells_batch_fixed_size = 100 log_opt_values /usr/lib/python3/dist-packages/oslo_config/cfg.py:2609
2024-09-19 00:37:10.333 136183 DEBUG oslo_service.service [req-91cf42d0-a41e-4a84-9e17-3c4b5a6692eb - - - - -] api.instance_list_cells_batch_strategy = distributed log_opt_values /usr/lib/python3/dist-packages/oslo_config/cfg.py:2609
2024-09-19 00:37:10.334 136183 DEBUG oslo_service.service [req-91cf42d0-a41e-4a84-9e17-3c4b5a6692eb - - - - -] api.instance_list_per_project_cells = False log_opt_values /usr/lib/python3/dist-packages/oslo_config/cfg.py:2609
2024-09-19 00:37:10.334 136183 DEBUG oslo_service.service [req-91cf42d0-a41e-4a84-9e17-3c4b5a6692eb - - - - -] api.list_records_by_skipping_down_cells = True log_opt_values /usr/lib/python3/dist-packages/oslo_config/cfg.py:2609
2024-09-19 00:37:10.334 136183 DEBUG oslo_service.service [req-91cf42d0-a41e-4a84-9e17-3c4b5a6692eb - - - - -] api.local_metadata_per_cell = False log_opt_values /usr/lib/python3/dist-packages/oslo_config/cfg.py:2609
2024-09-19 00:37:10.334 136183 DEBUG oslo_service.service [req-91cf42d0-a41e-4a84-9e17-3c4b5a6692eb - - - - -] api.max_limit = 1000 log_opt_values /usr/lib/python3/dist-packages/oslo_config/cfg.py:2609
2024-09-19 00:37:10.334 136183 DEBUG oslo_service.service [req-91cf42d0-a41e-4a84-9e17-3c4b5a6692eb - - - - -] api.metadata_cache_expiration = 15 log_opt_values /usr/lib/python3/dist-packages/oslo_config/cfg.py:2609
2024-09-19 00:37:10.335 136183 DEBUG oslo_service.service [req-91cf42d0-a41e-4a84-9e17-3c4b5a6692eb - - - - -] api.neutron_default_tenant_id = default log_opt_values /usr/lib/python3/dist-packages/oslo_config/cfg.py:2609
2024-09-19 00:37:10.335 136183 DEBUG oslo_service.service [req-91cf42d0-a41e-4a84-9e17-3c4b5a6692eb - - - - -] api.use_forwarded_for = False log_opt_values /usr/lib/python3/dist-packages/oslo_config/cfg.py:2609
2024-09-19 00:37:10.335 136183 DEBUG oslo_service.service [req-91cf42d0-a41e-4a84-9e17-3c4b5a6692eb - - - - -] api.use_neutron_default_nets = False log_opt_values /usr/lib/python3/dist-packages/oslo_config/cfg.py:2609
2024-09-19 00:37:10.335 136183 DEBUG oslo_service.service [req-91cf42d0-a41e-4a84-9e17-3c4b5a6692eb - - - - -] api.vendordata_dynamic_connect_timeout = 5 log_opt_values /usr/lib/python3/dist-packages/oslo_config/cfg.py:2609
2024-09-19 00:37:10.335 136183 DEBUG oslo_service.service [req-91cf42d0-a41e-4a84-9e17-3c4b5a6692eb - - - - -] api.vendordata_dynamic_failure_fatal = False log_opt_values /usr/lib/python3/dist-packages/oslo_config/cfg.py:2609
2024-09-19 00:37:10.335 136183 DEBUG oslo_service.service [req-91cf42d0-a41e-4a84-9e17-3c4b5a6692eb - - - - -] api.vendordata_dynamic_read_timeout = 5 log_opt_values /usr/lib/python3/dist-packages/oslo_config/cfg.py:2609
2024-09-19 00:37:10.336 136183 DEBUG oslo_service.service [req-91cf42d0-a41e-4a84-9e17-3c4b5a6692eb - - - - -] api.vendordata_dynamic_ssl_certfile = log_opt_values /usr/lib/python3/dist-packages/oslo_config/cfg.py:2609
2024-09-19 00:37:10.335 136630 DEBUG oslo_messaging._drivers.amqpdriver [-] Listener is running poll /usr/lib/python3/dist-packages/oslo_messaging/_drivers/amqpdriver.py:343
2024-09-19 00:37:10.336 136183 DEBUG oslo_service.service [req-91cf42d0-a41e-4a84-9e17-3c4b5a6692eb - - - - -] api.vendordata_dynamic_targets = [] log_opt_values /usr/lib/python3/dist-packages/oslo_config/cfg.py:2609
2024-09-19 00:37:10.336 136630 DEBUG oslo_messaging._drivers.amqpdriver [-] AMQPListener connection consume poll /usr/lib/python3/dist-packages/oslo_messaging/_drivers/amqpdriver.py:357
2024-09-19 00:37:10.336 136183 DEBUG oslo_service.service [req-91cf42d0-a41e-4a84-9e17-3c4b5a6692eb - - - - -] api.vendordata_jsonfile_path = None log_opt_values /usr/lib/python3/dist-packages/oslo_config/cfg.py:2609
2024-09-19 00:37:10.336 136183 DEBUG oslo_service.service [req-91cf42d0-a41e-4a84-9e17-3c4b5a6692eb - - - - -] api.vendordata_providers = ['StaticJSON'] log_opt_values /usr/lib/python3/dist-packages/oslo_config/cfg.py:2609
2024-09-19 00:37:10.336 136183 DEBUG oslo_service.service [req-91cf42d0-a41e-4a84-9e17-3c4b5a6692eb - - - - -] cache.backend = dogpile.cache.null log_opt_values /usr/lib/python3/dist-packages/oslo_config/cfg.py:2609
2024-09-19 00:37:10.336 136630 DEBUG nova.service [req-438a71a5-b59d-4572-a8e4-436158397b0a - - - - -] Join ServiceGroup membership for this service scheduler start /usr/lib/python3/dist-packages/nova/service.py:199
2024-09-19 00:37:10.336 136183 DEBUG oslo_service.service [req-91cf42d0-a41e-4a84-9e17-3c4b5a6692eb - - - - -] cache.backend_argument = **** log_opt_values /usr/lib/python3/dist-packages/oslo_config/cfg.py:2609
2024-09-19 00:37:10.337 136630 DEBUG nova.servicegroup.drivers.db [req-438a71a5-b59d-4572-a8e4-436158397b0a - - - - -] DB_Driver: join new ServiceGroup member juju-a907bb-0-lxd-7 to the scheduler group, service = join /usr/lib/python3/dist-packages/nova/servicegroup/drivers/db.py:44
2024-09-19 00:37:10.337 136183 DEBUG oslo_service.service [req-91cf42d0-a41e-4a84-9e17-3c4b5a6692eb - - - - -] cache.config_prefix = cache.oslo log_opt_values /usr/lib/python3/dist-packages/oslo_config/cfg.py:2609
2024-09-19 00:37:10.337 136183 DEBUG oslo_service.service [req-91cf42d0-a41e-4a84-9e17-3c4b5a6692eb - - - - -] cache.debug_cache_backend = False log_opt_values /usr/lib/python3/dist-packages/oslo_config/cfg.py:2609
2024-09-19 00:37:10.337 136183 DEBUG oslo_service.service [req-91cf42d0-a41e-4a84-9e17-3c4b5a6692eb - - - - -] cache.enabled = False log_opt_values /usr/lib/python3/dist-packages/oslo_config/cfg.py:2609
2024-09-19 00:37:10.337 136631 DEBUG oslo_messaging._drivers.amqpdriver [-] Listener is running poll /usr/lib/python3/dist-packages/oslo_messaging/_drivers/amqpdriver.py:343
2024-09-19 00:37:10.337 136183 DEBUG oslo_service.service [req-91cf42d0-a41e-4a84-9e17-3c4b5a6692eb - - - - -] cache.expiration_time = 600 log_opt_values /usr/lib/python3/dist-packages/oslo_config/cfg.py:2609
2024-09-19 00:37:10.337 136631 DEBUG oslo_messaging._drivers.amqpdriver [-] AMQPListener connection consume poll /usr/lib/python3/dist-packages/oslo_messaging/_drivers/amqpdriver.py:357
2024-09-19 00:37:10.337 136183 DEBUG oslo_service.service [req-91cf42d0-a41e-4a84-9e17-3c4b5a6692eb - - - - -] cache.memcache_dead_retry = 300 log_opt_values /usr/lib/python3/dist-packages/oslo_config/cfg.py:2609
2024-09-19 00:37:10.337 136183 DEBUG oslo_service.service [req-91cf42d0-a41e-4a84-9e17-3c4b5a6692eb - - - - -] cache.memcache_pool_connection_get_timeout = 10 log_opt_values /usr/lib/python3/dist-packages/oslo_config/cfg.py:2609
2024-09-19 00:37:10.338 136183 DEBUG oslo_service.service [req-91cf42d0-a41e-4a84-9e17-3c4b5a6692eb - - - - -] cache.memcache_pool_flush_on_reconnect = False log_opt_values /usr/lib/python3/dist-packages/oslo_config/cfg.py:2609
2024-09-19 00:37:10.338 136183 DEBUG oslo_service.service [req-91cf42d0-a41e-4a84-9e17-3c4b5a6692eb - - - - -] cache.memcache_pool_maxsize = 10 log_opt_values /usr/lib/python3/dist-packages/oslo_config/cfg.py:2609
2024-09-19 00:37:10.338 136183 DEBUG oslo_service.service [req-91cf42d0-a41e-4a84-9e17-3c4b5a6692eb - - - - -] cache.memcache_pool_unused_timeout = 60 log_opt_values /usr/lib/python3/dist-packages/oslo_config/cfg.py:2609
2024-09-19 00:37:10.338 136631 DEBUG nova.service [req-70f66b97-7eab-4796-9322-406f5246a29e - - - - -] Join ServiceGroup membership for this service scheduler start /usr/lib/python3/dist-packages/nova/service.py:199
2024-09-19 00:37:10.338 136183 DEBUG oslo_service.service [req-91cf42d0-a41e-4a84-9e17-3c4b5a6692eb - - - - -] cache.memcache_servers = ['localhost:11211'] log_opt_values /usr/lib/python3/dist-packages/oslo_config/cfg.py:2609
2024-09-19 00:37:10.338 136631 DEBUG nova.servicegroup.drivers.db [req-70f66b97-7eab-4796-9322-406f5246a29e - - - - -] DB_Driver: join new ServiceGroup member juju-a907bb-0-lxd-7 to the scheduler group, service = join /usr/lib/python3/dist-packages/nova/servicegroup/drivers/db.py:44
2024-09-19 00:37:10.338 136183 DEBUG oslo_service.service [req-91cf42d0-a41e-4a84-9e17-3c4b5a6692eb - - - - -] cache.memcache_socket_timeout = 1.0 log_opt_values /usr/lib/python3/dist-packages/oslo_config/cfg.py:2609
2024-09-19 00:37:10.338 136183 DEBUG oslo_service.service [req-91cf42d0-a41e-4a84-9e17-3c4b5a6692eb - - - - -] cache.proxies = [] log_opt_values /usr/lib/python3/dist-packages/oslo_config/cfg.py:2609
2024-09-19 00:37:10.339 136183 DEBUG oslo_service.service [req-91cf42d0-a41e-4a84-9e17-3c4b5a6692eb - - - - -] cache.tls_allowed_ciphers = None log_opt_values /usr/lib/python3/dist-packages/oslo_config/cfg.py:2609
2024-09-19 00:37:10.339 136183 DEBUG oslo_service.service [req-91cf42d0-a41e-4a84-9e17-3c4b5a6692eb - - - - -] cache.tls_cafile = None log_opt_values /usr/lib/python3/dist-packages/oslo_config/cfg.py:2609
2024-09-19 00:37:10.339 136183 DEBUG oslo_service.service [req-91cf42d0-a41e-4a84-9e17-3c4b5a6692eb - - - - -] cache.tls_certfile = None log_opt_values /usr/lib/python3/dist-packages/oslo_config/cfg.py:2609
2024-09-19 00:37:10.339 136183 DEBUG oslo_service.service [req-91cf42d0-a41e-4a84-9e17-3c4b5a6692eb - - - - -] cache.tls_enabled = False log_opt_values /usr/lib/python3/dist-packages/oslo_config/cfg.py:2609
2024-09-19 00:37:10.339 136183 DEBUG oslo_service.service [req-91cf42d0-a41e-4a84-9e17-3c4b5a6692eb - - - - -] cache.tls_keyfile = None log_opt_values /usr/lib/python3/dist-packages/oslo_config/cfg.py:2609
2024-09-19 00:37:10.340 136183 DEBUG oslo_service.service [req-91cf42d0-a41e-4a84-9e17-3c4b5a6692eb - - - - -] cinder.auth_section = None log_opt_values /usr/lib/python3/dist-packages/oslo_config/cfg.py:2609
2024-09-19 00:37:10.339 136630 DEBUG oslo_messaging._drivers.amqpdriver [-] AMQPListener connection timeout poll /usr/lib/python3/dist-packages/oslo_messaging/_drivers/amqpdriver.py:360
2024-09-19 00:37:10.340 136630 DEBUG oslo_messaging._drivers.amqpdriver [-] Listener is running poll /usr/lib/python3/dist-packages/oslo_messaging/_drivers/amqpdriver.py:343
2024-09-19 00:37:10.340 136183 DEBUG oslo_service.service [req-91cf42d0-a41e-4a84-9e17-3c4b5a6692eb - - - - -] cinder.auth_type = None log_opt_values /usr/lib/python3/dist-packages/oslo_config/cfg.py:2609
2024-09-19 00:37:10.340 136630 DEBUG oslo_messaging._drivers.amqpdriver [-] AMQPListener connection consume poll /usr/lib/python3/dist-packages/oslo_messaging/_drivers/amqpdriver.py:357
2024-09-19 00:37:10.340 136183 DEBUG oslo_service.service [req-91cf42d0-a41e-4a84-9e17-3c4b5a6692eb - - - - -] cinder.cafile = None log_opt_values /usr/lib/python3/dist-packages/oslo_config/cfg.py:2609
2024-09-19 00:37:10.340 136183 DEBUG oslo_service.service [req-91cf42d0-a41e-4a84-9e17-3c4b5a6692eb - - - - -] cinder.catalog_info = volumev3::publicURL log_opt_values /usr/lib/python3/dist-packages/oslo_config/cfg.py:2609
2024-09-19 00:37:10.340 136183 DEBUG oslo_service.service [req-91cf42d0-a41e-4a84-9e17-3c4b5a6692eb - - - - -] cinder.certfile = None log_opt_values /usr/lib/python3/dist-packages/oslo_config/cfg.py:2609
2024-09-19 00:37:10.340 136631 DEBUG oslo_messaging._drivers.amqpdriver [-] AMQPListener connection timeout poll /usr/lib/python3/dist-packages/oslo_messaging/_drivers/amqpdriver.py:360
2024-09-19 00:37:10.340 136183 DEBUG oslo_service.service [req-91cf42d0-a41e-4a84-9e17-3c4b5a6692eb - - - - -] cinder.collect_timing = False log_opt_values /usr/lib/python3/dist-packages/oslo_config/cfg.py:2609
2024-09-19 00:37:10.340 136631 DEBUG oslo_messaging._drivers.amqpdriver [-] Listener is running poll /usr/lib/python3/dist-packages/oslo_messaging/_drivers/amqpdriver.py:343
2024-09-19 00:37:10.341 136183 DEBUG oslo_service.service [req-91cf42d0-a41e-4a84-9e17-3c4b5a6692eb - - - - -] cinder.cross_az_attach = True log_opt_values /usr/lib/python3/dist-packages/oslo_config/cfg.py:2609
2024-09-19 00:37:10.341 136631 DEBUG oslo_messaging._drivers.amqpdriver [-] AMQPListener connection consume poll /usr/lib/python3/dist-packages/oslo_messaging/_drivers/amqpdriver.py:357
2024-09-19 00:37:10.341 136183 DEBUG oslo_service.service [req-91cf42d0-a41e-4a84-9e17-3c4b5a6692eb - - - - -] cinder.debug = False log_opt_values /usr/lib/python3/dist-packages/oslo_config/cfg.py:2609
2024-09-19 00:37:10.341 136183 DEBUG oslo_service.service [req-91cf42d0-a41e-4a84-9e17-3c4b5a6692eb - - - - -] cinder.endpoint_template = None log_opt_values /usr/lib/python3/dist-packages/oslo_config/cfg.py:2609
2024-09-19 00:37:10.341 136183 DEBUG oslo_service.service [req-91cf42d0-a41e-4a84-9e17-3c4b5a6692eb - - - - -] cinder.http_retries = 3 log_opt_values /usr/lib/python3/dist-packages/oslo_config/cfg.py:2609
2024-09-19 00:37:10.341 136183 DEBUG oslo_service.service [req-91cf42d0-a41e-4a84-9e17-3c4b5a6692eb - - - - -] cinder.insecure = False log_opt_values /usr/lib/python3/dist-packages/oslo_config/cfg.py:2609
2024-09-19 00:37:10.341 136183 DEBUG oslo_service.service [req-91cf42d0-a41e-4a84-9e17-3c4b5a6692eb - - - - -] cinder.keyfile = None log_opt_values /usr/lib/python3/dist-packages/oslo_config/cfg.py:2609
2024-09-19 00:37:10.342 136183 DEBUG oslo_service.service [req-91cf42d0-a41e-4a84-9e17-3c4b5a6692eb - - - - -] cinder.os_region_name = None log_opt_values /usr/lib/python3/dist-packages/oslo_config/cfg.py:2609
2024-09-19 00:37:10.342 136183 DEBUG oslo_service.service [req-91cf42d0-a41e-4a84-9e17-3c4b5a6692eb - - - - -] cinder.split_loggers = False log_opt_values /usr/lib/python3/dist-packages/oslo_config/cfg.py:2609
2024-09-19 00:37:10.342 136183 DEBUG oslo_service.service [req-91cf42d0-a41e-4a84-9e17-3c4b5a6692eb - - - - -] cinder.timeout = None log_opt_values /usr/lib/python3/dist-packages/oslo_config/cfg.py:2609
2024-09-19 00:37:10.342 136183 DEBUG oslo_service.service [req-91cf42d0-a41e-4a84-9e17-3c4b5a6692eb - - - - -] compute.consecutive_build_service_disable_threshold = 10 log_opt_values /usr/lib/python3/dist-packages/oslo_config/cfg.py:2609
2024-09-19 00:37:10.342 136183 DEBUG oslo_service.service [req-91cf42d0-a41e-4a84-9e17-3c4b5a6692eb - - - - -] compute.cpu_dedicated_set = None log_opt_values /usr/lib/python3/dist-packages/oslo_config/cfg.py:2609
2024-09-19 00:37:10.342 136183 DEBUG oslo_service.service [req-91cf42d0-a41e-4a84-9e17-3c4b5a6692eb - - - - -] compute.cpu_shared_set = None log_opt_values /usr/lib/python3/dist-packages/oslo_config/cfg.py:2609
2024-09-19 00:37:10.343 136183 DEBUG oslo_service.service [req-91cf42d0-a41e-4a84-9e17-3c4b5a6692eb - - - - -] compute.image_type_exclude_list = [] log_opt_values /usr/lib/python3/dist-packages/oslo_config/cfg.py:2609
2024-09-19 00:37:10.342 136632 DEBUG oslo_messaging._drivers.amqpdriver [-] Listener is running poll /usr/lib/python3/dist-packages/oslo_messaging/_drivers/amqpdriver.py:343
2024-09-19 00:37:10.343 136183 DEBUG oslo_service.service [req-91cf42d0-a41e-4a84-9e17-3c4b5a6692eb - - - - -] compute.live_migration_wait_for_vif_plug = True log_opt_values /usr/lib/python3/dist-packages/oslo_config/cfg.py:2609
2024-09-19 00:37:10.343 136632 DEBUG oslo_messaging._drivers.amqpdriver [-] AMQPListener connection consume poll /usr/lib/python3/dist-packages/oslo_messaging/_drivers/amqpdriver.py:357
2024-09-19 00:37:10.343 136183 DEBUG oslo_service.service [req-91cf42d0-a41e-4a84-9e17-3c4b5a6692eb - - - - -] compute.max_concurrent_disk_ops = 0 log_opt_values /usr/lib/python3/dist-packages/oslo_config/cfg.py:2609
2024-09-19 00:37:10.343 136183 DEBUG oslo_service.service [req-91cf42d0-a41e-4a84-9e17-3c4b5a6692eb - - - - -] compute.max_disk_devices_to_attach = -1 log_opt_values /usr/lib/python3/dist-packages/oslo_config/cfg.py:2609
2024-09-19 00:37:10.343 136183 DEBUG oslo_service.service [req-91cf42d0-a41e-4a84-9e17-3c4b5a6692eb - - - - -] compute.packing_host_numa_cells_allocation_strategy = True log_opt_values /usr/lib/python3/dist-packages/oslo_config/cfg.py:2609
2024-09-19 00:37:10.343 136632 DEBUG nova.service [req-73db67ac-8eb5-4802-b93a-10fab647e056 - - - - -] Join ServiceGroup membership for this service scheduler start /usr/lib/python3/dist-packages/nova/service.py:199
2024-09-19 00:37:10.343 136183 DEBUG oslo_service.service [req-91cf42d0-a41e-4a84-9e17-3c4b5a6692eb - - - - -] compute.provider_config_location = /etc/nova/provider_config/ log_opt_values /usr/lib/python3/dist-packages/oslo_config/cfg.py:2609
2024-09-19 00:37:10.344 136183 DEBUG oslo_service.service [req-91cf42d0-a41e-4a84-9e17-3c4b5a6692eb - - - - -] compute.resource_provider_association_refresh = 300 log_opt_values /usr/lib/python3/dist-packages/oslo_config/cfg.py:2609
2024-09-19 00:37:10.343 136632 DEBUG nova.servicegroup.drivers.db [req-73db67ac-8eb5-4802-b93a-10fab647e056 - - - - -] DB_Driver: join new ServiceGroup member juju-a907bb-0-lxd-7 to the scheduler group, service = join /usr/lib/python3/dist-packages/nova/servicegroup/drivers/db.py:44
2024-09-19 00:37:10.344 136183 DEBUG oslo_service.service [req-91cf42d0-a41e-4a84-9e17-3c4b5a6692eb - - - - -] compute.shutdown_retry_interval = 10 log_opt_values /usr/lib/python3/dist-packages/oslo_config/cfg.py:2609
2024-09-19 00:37:10.344 136183 DEBUG oslo_service.service [req-91cf42d0-a41e-4a84-9e17-3c4b5a6692eb - - - - -] compute.vmdk_allowed_types = ['streamOptimized', 'monolithicSparse'] log_opt_values /usr/lib/python3/dist-packages/oslo_config/cfg.py:2609
2024-09-19 00:37:10.344 136183 DEBUG oslo_service.service [req-91cf42d0-a41e-4a84-9e17-3c4b5a6692eb - - - - -] conductor.workers = 4 log_opt_values /usr/lib/python3/dist-packages/oslo_config/cfg.py:2609
2024-09-19 00:37:10.344 136183 DEBUG oslo_service.service [req-91cf42d0-a41e-4a84-9e17-3c4b5a6692eb - - - - -] console.allowed_origins = [] log_opt_values /usr/lib/python3/dist-packages/oslo_config/cfg.py:2609
2024-09-19 00:37:10.344 136183 DEBUG oslo_service.service [req-91cf42d0-a41e-4a84-9e17-3c4b5a6692eb - - - - -] console.ssl_ciphers = None log_opt_values /usr/lib/python3/dist-packages/oslo_config/cfg.py:2609
2024-09-19 00:37:10.345 136183 DEBUG oslo_service.service [req-91cf42d0-a41e-4a84-9e17-3c4b5a6692eb - - - - -] console.ssl_minimum_version = default log_opt_values /usr/lib/python3/dist-packages/oslo_config/cfg.py:2609
2024-09-19 00:37:10.345 136183 DEBUG oslo_service.service [req-91cf42d0-a41e-4a84-9e17-3c4b5a6692eb - - - - -] consoleauth.token_ttl = 600 log_opt_values /usr/lib/python3/dist-packages/oslo_config/cfg.py:2609
2024-09-19 00:37:10.345 136183 DEBUG oslo_service.service [req-91cf42d0-a41e-4a84-9e17-3c4b5a6692eb - - - - -] cyborg.cafile = None log_opt_values /usr/lib/python3/dist-packages/oslo_config/cfg.py:2609
2024-09-19 00:37:10.345 136183 DEBUG oslo_service.service [req-91cf42d0-a41e-4a84-9e17-3c4b5a6692eb - - - - -] cyborg.certfile = None log_opt_values /usr/lib/python3/dist-packages/oslo_config/cfg.py:2609
2024-09-19 00:37:10.345 136183 DEBUG oslo_service.service [req-91cf42d0-a41e-4a84-9e17-3c4b5a6692eb - - - - -] cyborg.collect_timing = False log_opt_values /usr/lib/python3/dist-packages/oslo_config/cfg.py:2609
2024-09-19 00:37:10.346 136183 DEBUG oslo_service.service [req-91cf42d0-a41e-4a84-9e17-3c4b5a6692eb - - - - -] cyborg.connect_retries = None log_opt_values /usr/lib/python3/dist-packages/oslo_config/cfg.py:2609
2024-09-19 00:37:10.346 136632 DEBUG oslo_messaging._drivers.amqpdriver [-] AMQPListener connection timeout poll /usr/lib/python3/dist-packages/oslo_messaging/_drivers/amqpdriver.py:360
2024-09-19 00:37:10.346 136183 DEBUG oslo_service.service [req-91cf42d0-a41e-4a84-9e17-3c4b5a6692eb - - - - -] cyborg.connect_retry_delay = None log_opt_values /usr/lib/python3/dist-packages/oslo_config/cfg.py:2609
2024-09-19 00:37:10.346 136632 DEBUG oslo_messaging._drivers.amqpdriver [-] Listener is running poll /usr/lib/python3/dist-packages/oslo_messaging/_drivers/amqpdriver.py:343
2024-09-19 00:37:10.346 136183 DEBUG oslo_service.service [req-91cf42d0-a41e-4a84-9e17-3c4b5a6692eb - - - - -] cyborg.endpoint_override = None log_opt_values /usr/lib/python3/dist-packages/oslo_config/cfg.py:2609
2024-09-19 00:37:10.346 136632 DEBUG oslo_messaging._drivers.amqpdriver [-] AMQPListener connection consume poll /usr/lib/python3/dist-packages/oslo_messaging/_drivers/amqpdriver.py:357
2024-09-19 00:37:10.346 136183 DEBUG oslo_service.service [req-91cf42d0-a41e-4a84-9e17-3c4b5a6692eb - - - - -] cyborg.insecure = False log_opt_values /usr/lib/python3/dist-packages/oslo_config/cfg.py:2609
2024-09-19 00:37:10.346 136183 DEBUG oslo_service.service [req-91cf42d0-a41e-4a84-9e17-3c4b5a6692eb - - - - -] cyborg.keyfile = None log_opt_values /usr/lib/python3/dist-packages/oslo_config/cfg.py:2609
2024-09-19 00:37:10.346 136183 DEBUG oslo_service.service [req-91cf42d0-a41e-4a84-9e17-3c4b5a6692eb - - - - -] cyborg.max_version = None log_opt_values /usr/lib/python3/dist-packages/oslo_config/cfg.py:2609
2024-09-19 00:37:10.347 136183 DEBUG oslo_service.service [req-91cf42d0-a41e-4a84-9e17-3c4b5a6692eb - - - - -] cyborg.min_version = None log_opt_values /usr/lib/python3/dist-packages/oslo_config/cfg.py:2609
2024-09-19 00:37:10.347 136183 DEBUG oslo_service.service [req-91cf42d0-a41e-4a84-9e17-3c4b5a6692eb - - - - -] cyborg.region_name = None log_opt_values /usr/lib/python3/dist-packages/oslo_config/cfg.py:2609
2024-09-19 00:37:10.347 136183 DEBUG oslo_service.service [req-91cf42d0-a41e-4a84-9e17-3c4b5a6692eb - - - - -] cyborg.service_name = None log_opt_values /usr/lib/python3/dist-packages/oslo_config/cfg.py:2609
2024-09-19 00:37:10.347 136183 DEBUG oslo_service.service [req-91cf42d0-a41e-4a84-9e17-3c4b5a6692eb - - - - -] cyborg.service_type = accelerator log_opt_values /usr/lib/python3/dist-packages/oslo_config/cfg.py:2609
2024-09-19 00:37:10.347 136183 DEBUG oslo_service.service [req-91cf42d0-a41e-4a84-9e17-3c4b5a6692eb - - - - -] cyborg.split_loggers = False log_opt_values /usr/lib/python3/dist-packages/oslo_config/cfg.py:2609
2024-09-19 00:37:10.347 136183 DEBUG oslo_service.service [req-91cf42d0-a41e-4a84-9e17-3c4b5a6692eb - - - - -] cyborg.status_code_retries = None log_opt_values /usr/lib/python3/dist-packages/oslo_config/cfg.py:2609
2024-09-19 00:37:10.348 136183 DEBUG oslo_service.service [req-91cf42d0-a41e-4a84-9e17-3c4b5a6692eb - - - - -] cyborg.status_code_retry_delay = None log_opt_values /usr/lib/python3/dist-packages/oslo_config/cfg.py:2609
2024-09-19 00:37:10.348 136183 DEBUG oslo_service.service [req-91cf42d0-a41e-4a84-9e17-3c4b5a6692eb - - - - -] cyborg.timeout = None log_opt_values /usr/lib/python3/dist-packages/oslo_config/cfg.py:2609
2024-09-19 00:37:10.348 136183 DEBUG oslo_service.service [req-91cf42d0-a41e-4a84-9e17-3c4b5a6692eb - - - - -] cyborg.valid_interfaces = ['internal', 'public'] log_opt_values /usr/lib/python3/dist-packages/oslo_config/cfg.py:2609
2024-09-19 00:37:10.348 136183 DEBUG oslo_service.service [req-91cf42d0-a41e-4a84-9e17-3c4b5a6692eb - - - - -] cyborg.version = None log_opt_values /usr/lib/python3/dist-packages/oslo_config/cfg.py:2609
2024-09-19 00:37:10.348 136183 DEBUG oslo_service.service [req-91cf42d0-a41e-4a84-9e17-3c4b5a6692eb - - - - -] database.backend = sqlalchemy log_opt_values /usr/lib/python3/dist-packages/oslo_config/cfg.py:2609
2024-09-19 00:37:10.348 136183 DEBUG oslo_service.service [req-91cf42d0-a41e-4a84-9e17-3c4b5a6692eb - - - - -] database.connection = **** log_opt_values /usr/lib/python3/dist-packages/oslo_config/cfg.py:2609
2024-09-19 00:37:10.349 136183 DEBUG oslo_service.service [req-91cf42d0-a41e-4a84-9e17-3c4b5a6692eb - - - - -] database.connection_debug = 0 log_opt_values /usr/lib/python3/dist-packages/oslo_config/cfg.py:2609
2024-09-19 00:37:10.349 136183 DEBUG oslo_service.service [req-91cf42d0-a41e-4a84-9e17-3c4b5a6692eb - - - - -] database.connection_parameters = log_opt_values /usr/lib/python3/dist-packages/oslo_config/cfg.py:2609
2024-09-19 00:37:10.349 136183 DEBUG oslo_service.service [req-91cf42d0-a41e-4a84-9e17-3c4b5a6692eb - - - - -] database.connection_recycle_time = 3600 log_opt_values /usr/lib/python3/dist-packages/oslo_config/cfg.py:2609
2024-09-19 00:37:10.349 136183 DEBUG oslo_service.service [req-91cf42d0-a41e-4a84-9e17-3c4b5a6692eb - - - - -] database.connection_trace = False log_opt_values /usr/lib/python3/dist-packages/oslo_config/cfg.py:2609
2024-09-19 00:37:10.349 136183 DEBUG oslo_service.service [req-91cf42d0-a41e-4a84-9e17-3c4b5a6692eb - - - - -] database.db_inc_retry_interval = True log_opt_values /usr/lib/python3/dist-packages/oslo_config/cfg.py:2609
2024-09-19 00:37:10.349 136183 DEBUG oslo_service.service [req-91cf42d0-a41e-4a84-9e17-3c4b5a6692eb - - - - -] database.db_max_retries = 20 log_opt_values /usr/lib/python3/dist-packages/oslo_config/cfg.py:2609
2024-09-19 00:37:10.350 136183 DEBUG oslo_service.service [req-91cf42d0-a41e-4a84-9e17-3c4b5a6692eb - - - - -] database.db_max_retry_interval = 10 log_opt_values /usr/lib/python3/dist-packages/oslo_config/cfg.py:2609
2024-09-19 00:37:10.350 136183 DEBUG oslo_service.service [req-91cf42d0-a41e-4a84-9e17-3c4b5a6692eb - - - - -] database.db_retry_interval = 1 log_opt_values /usr/lib/python3/dist-packages/oslo_config/cfg.py:2609
2024-09-19 00:37:10.350 136183 DEBUG oslo_service.service [req-91cf42d0-a41e-4a84-9e17-3c4b5a6692eb - - - - -] database.max_overflow = 50 log_opt_values /usr/lib/python3/dist-packages/oslo_config/cfg.py:2609
2024-09-19 00:37:10.350 136183 DEBUG oslo_service.service [req-91cf42d0-a41e-4a84-9e17-3c4b5a6692eb - - - - -] database.max_pool_size = 4 log_opt_values /usr/lib/python3/dist-packages/oslo_config/cfg.py:2609
2024-09-19 00:37:10.350 136183 DEBUG oslo_service.service [req-91cf42d0-a41e-4a84-9e17-3c4b5a6692eb - - - - -] database.max_retries = 10 log_opt_values /usr/lib/python3/dist-packages/oslo_config/cfg.py:2609
2024-09-19 00:37:10.350 136183 DEBUG oslo_service.service [req-91cf42d0-a41e-4a84-9e17-3c4b5a6692eb - - - - -] database.mysql_enable_ndb = False log_opt_values /usr/lib/python3/dist-packages/oslo_config/cfg.py:2609
2024-09-19 00:37:10.351 136183 DEBUG oslo_service.service [req-91cf42d0-a41e-4a84-9e17-3c4b5a6692eb - - - - -] database.mysql_sql_mode = TRADITIONAL log_opt_values /usr/lib/python3/dist-packages/oslo_config/cfg.py:2609
2024-09-19 00:37:10.351 136183 DEBUG oslo_service.service [req-91cf42d0-a41e-4a84-9e17-3c4b5a6692eb - - - - -] database.pool_timeout = None log_opt_values /usr/lib/python3/dist-packages/oslo_config/cfg.py:2609
2024-09-19 00:37:10.351 136183 DEBUG oslo_service.service [req-91cf42d0-a41e-4a84-9e17-3c4b5a6692eb - - - - -] database.retry_interval = 10 log_opt_values /usr/lib/python3/dist-packages/oslo_config/cfg.py:2609
2024-09-19 00:37:10.351 136183 DEBUG oslo_service.service [req-91cf42d0-a41e-4a84-9e17-3c4b5a6692eb - - - - -] database.slave_connection = **** log_opt_values /usr/lib/python3/dist-packages/oslo_config/cfg.py:2609
2024-09-19 00:37:10.351 136183 DEBUG oslo_service.service [req-91cf42d0-a41e-4a84-9e17-3c4b5a6692eb - - - - -] database.sqlite_synchronous = True log_opt_values /usr/lib/python3/dist-packages/oslo_config/cfg.py:2609
2024-09-19 00:37:10.351 136183 DEBUG oslo_service.service [req-91cf42d0-a41e-4a84-9e17-3c4b5a6692eb - - - - -] database.use_db_reconnect = False log_opt_values /usr/lib/python3/dist-packages/oslo_config/cfg.py:2609
2024-09-19 00:37:10.352 136183 DEBUG oslo_service.service [req-91cf42d0-a41e-4a84-9e17-3c4b5a6692eb - - - - -] api_database.backend = sqlalchemy log_opt_values /usr/lib/python3/dist-packages/oslo_config/cfg.py:2609
2024-09-19 00:37:10.352 136183 DEBUG oslo_service.service [req-91cf42d0-a41e-4a84-9e17-3c4b5a6692eb - - - - -] api_database.connection = **** log_opt_values /usr/lib/python3/dist-packages/oslo_config/cfg.py:2609
2024-09-19 00:37:10.352 136183 DEBUG oslo_service.service [req-91cf42d0-a41e-4a84-9e17-3c4b5a6692eb - - - - -] api_database.connection_debug = 0 log_opt_values /usr/lib/python3/dist-packages/oslo_config/cfg.py:2609
2024-09-19 00:37:10.352 136183 DEBUG oslo_service.service [req-91cf42d0-a41e-4a84-9e17-3c4b5a6692eb - - - - -] api_database.connection_parameters = log_opt_values /usr/lib/python3/dist-packages/oslo_config/cfg.py:2609
2024-09-19 00:37:10.352 136183 DEBUG oslo_service.service [req-91cf42d0-a41e-4a84-9e17-3c4b5a6692eb - - - - -] api_database.connection_recycle_time = 3600 log_opt_values /usr/lib/python3/dist-packages/oslo_config/cfg.py:2609
2024-09-19 00:37:10.352 136183 DEBUG oslo_service.service [req-91cf42d0-a41e-4a84-9e17-3c4b5a6692eb - - - - -] api_database.connection_trace = False log_opt_values /usr/lib/python3/dist-packages/oslo_config/cfg.py:2609
2024-09-19 00:37:10.353 136183 DEBUG oslo_service.service [req-91cf42d0-a41e-4a84-9e17-3c4b5a6692eb - - - - -] api_database.db_inc_retry_interval = True log_opt_values /usr/lib/python3/dist-packages/oslo_config/cfg.py:2609
2024-09-19 00:37:10.353 136183 DEBUG oslo_service.service [req-91cf42d0-a41e-4a84-9e17-3c4b5a6692eb - - - - -] api_database.db_max_retries = 20 log_opt_values /usr/lib/python3/dist-packages/oslo_config/cfg.py:2609
2024-09-19 00:37:10.353 136183 DEBUG oslo_service.service [req-91cf42d0-a41e-4a84-9e17-3c4b5a6692eb - - - - -] api_database.db_max_retry_interval = 10 log_opt_values /usr/lib/python3/dist-packages/oslo_config/cfg.py:2609
2024-09-19 00:37:10.353 136183 DEBUG oslo_service.service [req-91cf42d0-a41e-4a84-9e17-3c4b5a6692eb - - - - -] api_database.db_retry_interval = 1 log_opt_values /usr/lib/python3/dist-packages/oslo_config/cfg.py:2609
2024-09-19 00:37:10.353 136183 DEBUG oslo_service.service [req-91cf42d0-a41e-4a84-9e17-3c4b5a6692eb - - - - -] api_database.max_overflow = 50 log_opt_values /usr/lib/python3/dist-packages/oslo_config/cfg.py:2609
2024-09-19 00:37:10.353 136183 DEBUG oslo_service.service [req-91cf42d0-a41e-4a84-9e17-3c4b5a6692eb - - - - -] api_database.max_pool_size = 4 log_opt_values /usr/lib/python3/dist-packages/oslo_config/cfg.py:2609
2024-09-19 00:37:10.354 136183 DEBUG oslo_service.service [req-91cf42d0-a41e-4a84-9e17-3c4b5a6692eb - - - - -] api_database.max_retries = 10 log_opt_values /usr/lib/python3/dist-packages/oslo_config/cfg.py:2609
2024-09-19 00:37:10.354 136183 DEBUG oslo_service.service [req-91cf42d0-a41e-4a84-9e17-3c4b5a6692eb - - - - -] api_database.mysql_enable_ndb = False log_opt_values /usr/lib/python3/dist-packages/oslo_config/cfg.py:2609
2024-09-19 00:37:10.354 136183 DEBUG oslo_service.service [req-91cf42d0-a41e-4a84-9e17-3c4b5a6692eb - - - - -] api_database.mysql_sql_mode = TRADITIONAL log_opt_values /usr/lib/python3/dist-packages/oslo_config/cfg.py:2609
2024-09-19 00:37:10.354 136633 DEBUG oslo_messaging._drivers.amqpdriver [-] Listener is running poll /usr/lib/python3/dist-packages/oslo_messaging/_drivers/amqpdriver.py:343
2024-09-19 00:37:10.354 136183 DEBUG oslo_service.service [req-91cf42d0-a41e-4a84-9e17-3c4b5a6692eb - - - - -] api_database.pool_timeout = None log_opt_values /usr/lib/python3/dist-packages/oslo_config/cfg.py:2609
2024-09-19 00:37:10.354 136633 DEBUG oslo_messaging._drivers.amqpdriver [-] AMQPListener connection consume poll /usr/lib/python3/dist-packages/oslo_messaging/_drivers/amqpdriver.py:357
2024-09-19 00:37:10.354 136183 DEBUG oslo_service.service [req-91cf42d0-a41e-4a84-9e17-3c4b5a6692eb - - - - -] api_database.retry_interval = 10 log_opt_values /usr/lib/python3/dist-packages/oslo_config/cfg.py:2609
2024-09-19 00:37:10.354 136183 DEBUG oslo_service.service [req-91cf42d0-a41e-4a84-9e17-3c4b5a6692eb - - - - -] api_database.slave_connection = **** log_opt_values /usr/lib/python3/dist-packages/oslo_config/cfg.py:2609
2024-09-19 00:37:10.355 136183 DEBUG oslo_service.service [req-91cf42d0-a41e-4a84-9e17-3c4b5a6692eb - - - - -] api_database.sqlite_synchronous = True log_opt_values /usr/lib/python3/dist-packages/oslo_config/cfg.py:2609
2024-09-19 00:37:10.355 136183 DEBUG oslo_service.service [req-91cf42d0-a41e-4a84-9e17-3c4b5a6692eb - - - - -] devices.enabled_mdev_types = [] log_opt_values /usr/lib/python3/dist-packages/oslo_config/cfg.py:2609
2024-09-19 00:37:10.355 136633 DEBUG nova.service [req-552d7b26-7bd1-4e8a-ad77-b7f2a29bf5e0 - - - - -] Join ServiceGroup membership for this service scheduler start /usr/lib/python3/dist-packages/nova/service.py:199
2024-09-19 00:37:10.355 136183 DEBUG oslo_service.service [req-91cf42d0-a41e-4a84-9e17-3c4b5a6692eb - - - - -] ephemeral_storage_encryption.cipher = aes-xts-plain64 log_opt_values /usr/lib/python3/dist-packages/oslo_config/cfg.py:2609
2024-09-19 00:37:10.355 136183 DEBUG oslo_service.service [req-91cf42d0-a41e-4a84-9e17-3c4b5a6692eb - - - - -] ephemeral_storage_encryption.enabled = False log_opt_values /usr/lib/python3/dist-packages/oslo_config/cfg.py:2609
2024-09-19 00:37:10.355 136633 DEBUG nova.servicegroup.drivers.db [req-552d7b26-7bd1-4e8a-ad77-b7f2a29bf5e0 - - - - -] DB_Driver: join new ServiceGroup member juju-a907bb-0-lxd-7 to the scheduler group, service = join /usr/lib/python3/dist-packages/nova/servicegroup/drivers/db.py:44
2024-09-19 00:37:10.355 136183 DEBUG oslo_service.service [req-91cf42d0-a41e-4a84-9e17-3c4b5a6692eb - - - - -] ephemeral_storage_encryption.key_size = 512 log_opt_values /usr/lib/python3/dist-packages/oslo_config/cfg.py:2609
2024-09-19 00:37:10.356 136183 WARNING oslo_config.cfg [req-91cf42d0-a41e-4a84-9e17-3c4b5a6692eb - - - - -] Deprecated: Option "api_servers" from group "glance" is deprecated for removal ( Support for image service configuration via standard keystoneauth1 Adapter options was added in the 17.0.0 Queens release. The api_servers option was retained temporarily to allow consumers time to cut over to a real load balancing solution. ). Its value may be silently ignored in the future.
2024-09-19 00:37:10.356 136183 DEBUG oslo_service.service [req-91cf42d0-a41e-4a84-9e17-3c4b5a6692eb - - - - -] glance.api_servers = ['http://252.36.164.4:9292'] log_opt_values /usr/lib/python3/dist-packages/oslo_config/cfg.py:2609
2024-09-19 00:37:10.356 136183 DEBUG oslo_service.service [req-91cf42d0-a41e-4a84-9e17-3c4b5a6692eb - - - - -] glance.cafile = None log_opt_values /usr/lib/python3/dist-packages/oslo_config/cfg.py:2609
2024-09-19 00:37:10.356 136183 DEBUG oslo_service.service [req-91cf42d0-a41e-4a84-9e17-3c4b5a6692eb - - - - -] glance.certfile = None log_opt_values /usr/lib/python3/dist-packages/oslo_config/cfg.py:2609
2024-09-19 00:37:10.356 136183 DEBUG oslo_service.service [req-91cf42d0-a41e-4a84-9e17-3c4b5a6692eb - - - - -] glance.collect_timing = False log_opt_values /usr/lib/python3/dist-packages/oslo_config/cfg.py:2609
2024-09-19 00:37:10.357 136183 DEBUG oslo_service.service [req-91cf42d0-a41e-4a84-9e17-3c4b5a6692eb - - - - -] glance.connect_retries = None log_opt_values /usr/lib/python3/dist-packages/oslo_config/cfg.py:2609
2024-09-19 00:37:10.357 136183 DEBUG oslo_service.service [req-91cf42d0-a41e-4a84-9e17-3c4b5a6692eb - - - - -] glance.connect_retry_delay = None log_opt_values /usr/lib/python3/dist-packages/oslo_config/cfg.py:2609
2024-09-19 00:37:10.357 136183 DEBUG oslo_service.service [req-91cf42d0-a41e-4a84-9e17-3c4b5a6692eb - - - - -] glance.debug = False log_opt_values /usr/lib/python3/dist-packages/oslo_config/cfg.py:2609
2024-09-19 00:37:10.357 136183 DEBUG oslo_service.service [req-91cf42d0-a41e-4a84-9e17-3c4b5a6692eb - - - - -] glance.default_trusted_certificate_ids = [] log_opt_values /usr/lib/python3/dist-packages/oslo_config/cfg.py:2609
2024-09-19 00:37:10.357 136183 DEBUG oslo_service.service [req-91cf42d0-a41e-4a84-9e17-3c4b5a6692eb - - - - -] glance.enable_certificate_validation = False log_opt_values /usr/lib/python3/dist-packages/oslo_config/cfg.py:2609
2024-09-19 00:37:10.357 136183 DEBUG oslo_service.service [req-91cf42d0-a41e-4a84-9e17-3c4b5a6692eb - - - - -] glance.enable_rbd_download = False log_opt_values /usr/lib/python3/dist-packages/oslo_config/cfg.py:2609
2024-09-19 00:37:10.358 136633 DEBUG oslo_messaging._drivers.amqpdriver [-] AMQPListener connection timeout poll /usr/lib/python3/dist-packages/oslo_messaging/_drivers/amqpdriver.py:360
2024-09-19 00:37:10.358 136183 DEBUG oslo_service.service [req-91cf42d0-a41e-4a84-9e17-3c4b5a6692eb - - - - -] glance.endpoint_override = None log_opt_values /usr/lib/python3/dist-packages/oslo_config/cfg.py:2609
2024-09-19 00:37:10.358 136633 DEBUG oslo_messaging._drivers.amqpdriver [-] Listener is running poll /usr/lib/python3/dist-packages/oslo_messaging/_drivers/amqpdriver.py:343
2024-09-19 00:37:10.358 136183 DEBUG oslo_service.service [req-91cf42d0-a41e-4a84-9e17-3c4b5a6692eb - - - - -] glance.insecure = False log_opt_values /usr/lib/python3/dist-packages/oslo_config/cfg.py:2609
2024-09-19 00:37:10.358 136633 DEBUG oslo_messaging._drivers.amqpdriver [-] AMQPListener connection consume poll /usr/lib/python3/dist-packages/oslo_messaging/_drivers/amqpdriver.py:357
2024-09-19 00:37:10.358 136183 DEBUG oslo_service.service [req-91cf42d0-a41e-4a84-9e17-3c4b5a6692eb - - - - -] glance.keyfile = None log_opt_values /usr/lib/python3/dist-packages/oslo_config/cfg.py:2609
2024-09-19 00:37:10.358 136183 DEBUG oslo_service.service [req-91cf42d0-a41e-4a84-9e17-3c4b5a6692eb - - - - -] glance.max_version = None log_opt_values /usr/lib/python3/dist-packages/oslo_config/cfg.py:2609
2024-09-19 00:37:10.358 136183 DEBUG oslo_service.service [req-91cf42d0-a41e-4a84-9e17-3c4b5a6692eb - - - - -] glance.min_version = None log_opt_values /usr/lib/python3/dist-packages/oslo_config/cfg.py:2609
2024-09-19 00:37:10.358 136183 DEBUG oslo_service.service [req-91cf42d0-a41e-4a84-9e17-3c4b5a6692eb - - - - -] glance.num_retries = 3 log_opt_values /usr/lib/python3/dist-packages/oslo_config/cfg.py:2609
2024-09-19 00:37:10.358 136183 DEBUG oslo_service.service [req-91cf42d0-a41e-4a84-9e17-3c4b5a6692eb - - - - -] glance.rbd_ceph_conf = log_opt_values /usr/lib/python3/dist-packages/oslo_config/cfg.py:2609
2024-09-19 00:37:10.359 136183 DEBUG oslo_service.service [req-91cf42d0-a41e-4a84-9e17-3c4b5a6692eb - - - - -] glance.rbd_connect_timeout = 5 log_opt_values /usr/lib/python3/dist-packages/oslo_config/cfg.py:2609
2024-09-19 00:37:10.359 136183 DEBUG oslo_service.service [req-91cf42d0-a41e-4a84-9e17-3c4b5a6692eb - - - - -] glance.rbd_pool = log_opt_values /usr/lib/python3/dist-packages/oslo_config/cfg.py:2609
2024-09-19 00:37:10.359 136183 DEBUG oslo_service.service [req-91cf42d0-a41e-4a84-9e17-3c4b5a6692eb - - - - -] glance.rbd_user = log_opt_values /usr/lib/python3/dist-packages/oslo_config/cfg.py:2609
2024-09-19 00:37:10.359 136183 DEBUG oslo_service.service [req-91cf42d0-a41e-4a84-9e17-3c4b5a6692eb - - - - -] glance.region_name = None log_opt_values /usr/lib/python3/dist-packages/oslo_config/cfg.py:2609
2024-09-19 00:37:10.359 136183 DEBUG oslo_service.service [req-91cf42d0-a41e-4a84-9e17-3c4b5a6692eb - - - - -] glance.service_name = None log_opt_values /usr/lib/python3/dist-packages/oslo_config/cfg.py:2609
2024-09-19 00:37:10.359 136183 DEBUG oslo_service.service [req-91cf42d0-a41e-4a84-9e17-3c4b5a6692eb - - - - -] glance.service_type = image log_opt_values /usr/lib/python3/dist-packages/oslo_config/cfg.py:2609
2024-09-19 00:37:10.360 136183 DEBUG oslo_service.service [req-91cf42d0-a41e-4a84-9e17-3c4b5a6692eb - - - - -] glance.split_loggers = False log_opt_values /usr/lib/python3/dist-packages/oslo_config/cfg.py:2609
2024-09-19 00:37:10.360 136183 DEBUG oslo_service.service [req-91cf42d0-a41e-4a84-9e17-3c4b5a6692eb - - - - -] glance.status_code_retries = None log_opt_values /usr/lib/python3/dist-packages/oslo_config/cfg.py:2609
2024-09-19 00:37:10.360 136183 DEBUG oslo_service.service [req-91cf42d0-a41e-4a84-9e17-3c4b5a6692eb - - - - -] glance.status_code_retry_delay = None log_opt_values /usr/lib/python3/dist-packages/oslo_config/cfg.py:2609
2024-09-19 00:37:10.360 136183 DEBUG oslo_service.service [req-91cf42d0-a41e-4a84-9e17-3c4b5a6692eb - - - - -] glance.timeout = None log_opt_values /usr/lib/python3/dist-packages/oslo_config/cfg.py:2609
2024-09-19 00:37:10.360 136183 DEBUG oslo_service.service [req-91cf42d0-a41e-4a84-9e17-3c4b5a6692eb - - - - -] glance.valid_interfaces = ['internal', 'public'] log_opt_values /usr/lib/python3/dist-packages/oslo_config/cfg.py:2609
2024-09-19 00:37:10.360 136183 DEBUG oslo_service.service [req-91cf42d0-a41e-4a84-9e17-3c4b5a6692eb - - - - -] glance.verify_glance_signatures = False log_opt_values /usr/lib/python3/dist-packages/oslo_config/cfg.py:2609
2024-09-19 00:37:10.361 136183 DEBUG oslo_service.service [req-91cf42d0-a41e-4a84-9e17-3c4b5a6692eb - - - - -] glance.version = None log_opt_values /usr/lib/python3/dist-packages/oslo_config/cfg.py:2609
2024-09-19 00:37:10.361 136183 DEBUG oslo_service.service [req-91cf42d0-a41e-4a84-9e17-3c4b5a6692eb - - - - -] guestfs.debug = False log_opt_values /usr/lib/python3/dist-packages/oslo_config/cfg.py:2609
2024-09-19 00:37:10.361 136183 DEBUG oslo_service.service [req-91cf42d0-a41e-4a84-9e17-3c4b5a6692eb - - - - -] hyperv.config_drive_cdrom = False log_opt_values /usr/lib/python3/dist-packages/oslo_config/cfg.py:2609
2024-09-19 00:37:10.361 136183 DEBUG oslo_service.service [req-91cf42d0-a41e-4a84-9e17-3c4b5a6692eb - - - - -] hyperv.config_drive_inject_password = False log_opt_values /usr/lib/python3/dist-packages/oslo_config/cfg.py:2609
2024-09-19 00:37:10.361 136183 DEBUG oslo_service.service [req-91cf42d0-a41e-4a84-9e17-3c4b5a6692eb - - - - -] hyperv.dynamic_memory_ratio = 1.0 log_opt_values /usr/lib/python3/dist-packages/oslo_config/cfg.py:2609
2024-09-19 00:37:10.362 136183 DEBUG oslo_service.service [req-91cf42d0-a41e-4a84-9e17-3c4b5a6692eb - - - - -] hyperv.enable_instance_metrics_collection = False log_opt_values /usr/lib/python3/dist-packages/oslo_config/cfg.py:2609
2024-09-19 00:37:10.362 136183 DEBUG oslo_service.service [req-91cf42d0-a41e-4a84-9e17-3c4b5a6692eb - - - - -] hyperv.enable_remotefx = False log_opt_values /usr/lib/python3/dist-packages/oslo_config/cfg.py:2609
2024-09-19 00:37:10.362 136183 DEBUG oslo_service.service [req-91cf42d0-a41e-4a84-9e17-3c4b5a6692eb - - - - -] hyperv.instances_path_share = log_opt_values /usr/lib/python3/dist-packages/oslo_config/cfg.py:2609
2024-09-19 00:37:10.362 136183 DEBUG oslo_service.service [req-91cf42d0-a41e-4a84-9e17-3c4b5a6692eb - - - - -] hyperv.iscsi_initiator_list = [] log_opt_values /usr/lib/python3/dist-packages/oslo_config/cfg.py:2609
2024-09-19 00:37:10.362 136183 DEBUG oslo_service.service [req-91cf42d0-a41e-4a84-9e17-3c4b5a6692eb - - - - -] hyperv.limit_cpu_features = False log_opt_values /usr/lib/python3/dist-packages/oslo_config/cfg.py:2609
2024-09-19 00:37:10.362 136183 DEBUG oslo_service.service [req-91cf42d0-a41e-4a84-9e17-3c4b5a6692eb - - - - -] hyperv.mounted_disk_query_retry_count = 10 log_opt_values /usr/lib/python3/dist-packages/oslo_config/cfg.py:2609
2024-09-19 00:37:10.363 136183 DEBUG oslo_service.service [req-91cf42d0-a41e-4a84-9e17-3c4b5a6692eb - - - - -] hyperv.mounted_disk_query_retry_interval = 5 log_opt_values /usr/lib/python3/dist-packages/oslo_config/cfg.py:2609
2024-09-19 00:37:10.363 136183 DEBUG oslo_service.service [req-91cf42d0-a41e-4a84-9e17-3c4b5a6692eb - - - - -] hyperv.power_state_check_timeframe = 60 log_opt_values /usr/lib/python3/dist-packages/oslo_config/cfg.py:2609
2024-09-19 00:37:10.363 136183 DEBUG oslo_service.service [req-91cf42d0-a41e-4a84-9e17-3c4b5a6692eb - - - - -] hyperv.power_state_event_polling_interval = 2 log_opt_values /usr/lib/python3/dist-packages/oslo_config/cfg.py:2609
2024-09-19 00:37:10.363 136183 DEBUG oslo_service.service [req-91cf42d0-a41e-4a84-9e17-3c4b5a6692eb - - - - -] hyperv.qemu_img_cmd = qemu-img.exe log_opt_values /usr/lib/python3/dist-packages/oslo_config/cfg.py:2609
2024-09-19 00:37:10.363 136183 DEBUG oslo_service.service [req-91cf42d0-a41e-4a84-9e17-3c4b5a6692eb - - - - -] hyperv.use_multipath_io = False log_opt_values /usr/lib/python3/dist-packages/oslo_config/cfg.py:2609
2024-09-19 00:37:10.363 136183 DEBUG oslo_service.service [req-91cf42d0-a41e-4a84-9e17-3c4b5a6692eb - - - - -] hyperv.volume_attach_retry_count = 10 log_opt_values /usr/lib/python3/dist-packages/oslo_config/cfg.py:2609
2024-09-19 00:37:10.364 136183 DEBUG oslo_service.service [req-91cf42d0-a41e-4a84-9e17-3c4b5a6692eb - - - - -] hyperv.volume_attach_retry_interval = 5 log_opt_values /usr/lib/python3/dist-packages/oslo_config/cfg.py:2609
