2024-09-19 00:37:09.415 136202 DEBUG oslo_service.service [req-a3a3197f-f99e-478b-b3bd-0955b737d2a3 - - - - -] Started child 136622 _start_child /usr/lib/python3/dist-packages/oslo_service/service.py:575
2024-09-19 00:37:09.419 136622 INFO nova.service [-] Starting conductor node (version 25.2.1)
2024-09-19 00:37:09.420 136202 DEBUG oslo_service.service [req-a3a3197f-f99e-478b-b3bd-0955b737d2a3 - - - - -] Started child 136623 _start_child /usr/lib/python3/dist-packages/oslo_service/service.py:575
2024-09-19 00:37:09.424 136623 INFO nova.service [-] Starting conductor node (version 25.2.1)
2024-09-19 00:37:09.425 136202 DEBUG oslo_service.service [req-a3a3197f-f99e-478b-b3bd-0955b737d2a3 - - - - -] Started child 136624 _start_child /usr/lib/python3/dist-packages/oslo_service/service.py:575
2024-09-19 00:37:09.430 136622 DEBUG oslo_db.sqlalchemy.engines [req-83e72b16-1f2d-4b25-a47b-061508520396 - - - - -] MySQL server mode set to STRICT_TRANS_TABLES,STRICT_ALL_TABLES,NO_ZERO_IN_DATE,NO_ZERO_DATE,ERROR_FOR_DIVISION_BY_ZERO,TRADITIONAL,NO_ENGINE_SUBSTITUTION _check_effective_sql_mode /usr/lib/python3/dist-packages/oslo_db/sqlalchemy/engines.py:314
2024-09-19 00:37:09.430 136624 INFO nova.service [-] Starting conductor node (version 25.2.1)
2024-09-19 00:37:09.430 136202 DEBUG oslo_service.service [req-a3a3197f-f99e-478b-b3bd-0955b737d2a3 - - - - -] Started child 136625 _start_child /usr/lib/python3/dist-packages/oslo_service/service.py:575
2024-09-19 00:37:09.432 136202 DEBUG oslo_service.service [req-a3a3197f-f99e-478b-b3bd-0955b737d2a3 - - - - -] Full set of CONF: wait /usr/lib/python3/dist-packages/oslo_service/service.py:649
2024-09-19 00:37:09.432 136202 DEBUG oslo_service.service [req-a3a3197f-f99e-478b-b3bd-0955b737d2a3 - - - - -] ******************************************************************************** log_opt_values /usr/lib/python3/dist-packages/oslo_config/cfg.py:2589
2024-09-19 00:37:09.433 136202 DEBUG oslo_service.service [req-a3a3197f-f99e-478b-b3bd-0955b737d2a3 - - - - -] Configuration options gathered from: log_opt_values /usr/lib/python3/dist-packages/oslo_config/cfg.py:2590
2024-09-19 00:37:09.433 136202 DEBUG oslo_service.service [req-a3a3197f-f99e-478b-b3bd-0955b737d2a3 - - - - -] command line args: ['--config-file=/etc/nova/nova.conf', '--log-file=/var/log/nova/nova-conductor.log'] log_opt_values /usr/lib/python3/dist-packages/oslo_config/cfg.py:2591
2024-09-19 00:37:09.433 136202 DEBUG oslo_service.service [req-a3a3197f-f99e-478b-b3bd-0955b737d2a3 - - - - -] config files: ['/etc/nova/nova.conf'] log_opt_values /usr/lib/python3/dist-packages/oslo_config/cfg.py:2592
2024-09-19 00:37:09.434 136202 DEBUG oslo_service.service [req-a3a3197f-f99e-478b-b3bd-0955b737d2a3 - - - - -] ================================================================================ log_opt_values /usr/lib/python3/dist-packages/oslo_config/cfg.py:2594
2024-09-19 00:37:09.434 136202 DEBUG oslo_service.service [req-a3a3197f-f99e-478b-b3bd-0955b737d2a3 - - - - -] allow_resize_to_same_host = False log_opt_values /usr/lib/python3/dist-packages/oslo_config/cfg.py:2602
2024-09-19 00:37:09.434 136202 DEBUG oslo_service.service [req-a3a3197f-f99e-478b-b3bd-0955b737d2a3 - - - - -] arq_binding_timeout = 300 log_opt_values /usr/lib/python3/dist-packages/oslo_config/cfg.py:2602
2024-09-19 00:37:09.435 136202 DEBUG oslo_service.service [req-a3a3197f-f99e-478b-b3bd-0955b737d2a3 - - - - -] block_device_allocate_retries = 60 log_opt_values /usr/lib/python3/dist-packages/oslo_config/cfg.py:2602
2024-09-19 00:37:09.435 136202 DEBUG oslo_service.service [req-a3a3197f-f99e-478b-b3bd-0955b737d2a3 - - - - -] block_device_allocate_retries_interval = 3 log_opt_values /usr/lib/python3/dist-packages/oslo_config/cfg.py:2602
2024-09-19 00:37:09.435 136202 DEBUG oslo_service.service [req-a3a3197f-f99e-478b-b3bd-0955b737d2a3 - - - - -] cert = self.pem log_opt_values /usr/lib/python3/dist-packages/oslo_config/cfg.py:2602
2024-09-19 00:37:09.435 136625 INFO nova.service [-] Starting conductor node (version 25.2.1)
2024-09-19 00:37:09.436 136202 DEBUG oslo_service.service [req-a3a3197f-f99e-478b-b3bd-0955b737d2a3 - - - - -] compute_driver = libvirt.LibvirtDriver log_opt_values /usr/lib/python3/dist-packages/oslo_config/cfg.py:2602
2024-09-19 00:37:09.436 136202 DEBUG oslo_service.service [req-a3a3197f-f99e-478b-b3bd-0955b737d2a3 - - - - -] compute_monitors = [] log_opt_values /usr/lib/python3/dist-packages/oslo_config/cfg.py:2602
2024-09-19 00:37:09.436 136202 DEBUG oslo_service.service [req-a3a3197f-f99e-478b-b3bd-0955b737d2a3 - - - - -] config_dir = [] log_opt_values /usr/lib/python3/dist-packages/oslo_config/cfg.py:2602
2024-09-19 00:37:09.436 136202 DEBUG oslo_service.service [req-a3a3197f-f99e-478b-b3bd-0955b737d2a3 - - - - -] config_drive_format = iso9660 log_opt_values /usr/lib/python3/dist-packages/oslo_config/cfg.py:2602
2024-09-19 00:37:09.437 136202 DEBUG oslo_service.service [req-a3a3197f-f99e-478b-b3bd-0955b737d2a3 - - - - -] config_file = ['/etc/nova/nova.conf'] log_opt_values /usr/lib/python3/dist-packages/oslo_config/cfg.py:2602
2024-09-19 00:37:09.437 136202 DEBUG oslo_service.service [req-a3a3197f-f99e-478b-b3bd-0955b737d2a3 - - - - -] config_source = [] log_opt_values /usr/lib/python3/dist-packages/oslo_config/cfg.py:2602
2024-09-19 00:37:09.437 136202 DEBUG oslo_service.service [req-a3a3197f-f99e-478b-b3bd-0955b737d2a3 - - - - -] console_host = juju-a907bb-0-lxd-7 log_opt_values /usr/lib/python3/dist-packages/oslo_config/cfg.py:2602
2024-09-19 00:37:09.437 136623 DEBUG oslo_db.sqlalchemy.engines [req-36e45290-67cc-4aae-bdce-36444f9ad6a8 - - - - -] MySQL server mode set to STRICT_TRANS_TABLES,STRICT_ALL_TABLES,NO_ZERO_IN_DATE,NO_ZERO_DATE,ERROR_FOR_DIVISION_BY_ZERO,TRADITIONAL,NO_ENGINE_SUBSTITUTION _check_effective_sql_mode /usr/lib/python3/dist-packages/oslo_db/sqlalchemy/engines.py:314
2024-09-19 00:37:09.437 136202 DEBUG oslo_service.service [req-a3a3197f-f99e-478b-b3bd-0955b737d2a3 - - - - -] control_exchange = nova log_opt_values /usr/lib/python3/dist-packages/oslo_config/cfg.py:2602
2024-09-19 00:37:09.437 136202 DEBUG oslo_service.service [req-a3a3197f-f99e-478b-b3bd-0955b737d2a3 - - - - -] cpu_allocation_ratio = 2.0 log_opt_values /usr/lib/python3/dist-packages/oslo_config/cfg.py:2602
2024-09-19 00:37:09.438 136202 DEBUG oslo_service.service [req-a3a3197f-f99e-478b-b3bd-0955b737d2a3 - - - - -] daemon = False log_opt_values /usr/lib/python3/dist-packages/oslo_config/cfg.py:2602
2024-09-19 00:37:09.438 136202 DEBUG oslo_service.service [req-a3a3197f-f99e-478b-b3bd-0955b737d2a3 - - - - -] debug = True log_opt_values /usr/lib/python3/dist-packages/oslo_config/cfg.py:2602
2024-09-19 00:37:09.438 136202 DEBUG oslo_service.service [req-a3a3197f-f99e-478b-b3bd-0955b737d2a3 - - - - -] default_access_ip_network_name = None log_opt_values /usr/lib/python3/dist-packages/oslo_config/cfg.py:2602
2024-09-19 00:37:09.438 136202 DEBUG oslo_service.service [req-a3a3197f-f99e-478b-b3bd-0955b737d2a3 - - - - -] default_availability_zone = nova log_opt_values /usr/lib/python3/dist-packages/oslo_config/cfg.py:2602
2024-09-19 00:37:09.439 136202 DEBUG oslo_service.service [req-a3a3197f-f99e-478b-b3bd-0955b737d2a3 - - - - -] default_ephemeral_format = None log_opt_values /usr/lib/python3/dist-packages/oslo_config/cfg.py:2602
2024-09-19 00:37:09.439 136202 DEBUG oslo_service.service [req-a3a3197f-f99e-478b-b3bd-0955b737d2a3 - - - - -] default_log_levels = ['amqp=WARN', 'amqplib=WARN', 'boto=WARN', 'qpid=WARN', 'sqlalchemy=WARN', 'suds=INFO', 'oslo.messaging=INFO', 'oslo_messaging=DEBUG', 'iso8601=WARN', 'requests.packages.urllib3.connectionpool=WARN', 'urllib3.connectionpool=WARN', 'websocket=WARN', 'requests.packages.urllib3.util.retry=WARN', 'urllib3.util.retry=WARN', 'keystonemiddleware=WARN', 'routes.middleware=WARN', 'stevedore=WARN', 'taskflow=WARN', 'keystoneauth=WARN', 'oslo.cache=INFO', 'dogpile.core.dogpile=INFO', 'glanceclient=WARN', 'oslo.privsep.daemon=INFO'] log_opt_values /usr/lib/python3/dist-packages/oslo_config/cfg.py:2602
2024-09-19 00:37:09.439 136202 DEBUG oslo_service.service [req-a3a3197f-f99e-478b-b3bd-0955b737d2a3 - - - - -] default_schedule_zone = None log_opt_values /usr/lib/python3/dist-packages/oslo_config/cfg.py:2602
2024-09-19 00:37:09.440 136202 DEBUG oslo_service.service [req-a3a3197f-f99e-478b-b3bd-0955b737d2a3 - - - - -] disk_allocation_ratio = 1.0 log_opt_values /usr/lib/python3/dist-packages/oslo_config/cfg.py:2602
2024-09-19 00:37:09.440 136202 DEBUG oslo_service.service [req-a3a3197f-f99e-478b-b3bd-0955b737d2a3 - - - - -] enable_new_services = True log_opt_values /usr/lib/python3/dist-packages/oslo_config/cfg.py:2602
2024-09-19 00:37:09.440 136202 DEBUG oslo_service.service [req-a3a3197f-f99e-478b-b3bd-0955b737d2a3 - - - - -] enabled_apis = ['osapi_compute', 'metadata'] log_opt_values /usr/lib/python3/dist-packages/oslo_config/cfg.py:2602
2024-09-19 00:37:09.440 136202 DEBUG oslo_service.service [req-a3a3197f-f99e-478b-b3bd-0955b737d2a3 - - - - -] enabled_ssl_apis = [] log_opt_values /usr/lib/python3/dist-packages/oslo_config/cfg.py:2602
2024-09-19 00:37:09.441 136202 DEBUG oslo_service.service [req-a3a3197f-f99e-478b-b3bd-0955b737d2a3 - - - - -] fatal_deprecations = False log_opt_values /usr/lib/python3/dist-packages/oslo_config/cfg.py:2602
2024-09-19 00:37:09.441 136202 DEBUG oslo_service.service [req-a3a3197f-f99e-478b-b3bd-0955b737d2a3 - - - - -] flat_injected = False log_opt_values /usr/lib/python3/dist-packages/oslo_config/cfg.py:2602
2024-09-19 00:37:09.441 136202 DEBUG oslo_service.service [req-a3a3197f-f99e-478b-b3bd-0955b737d2a3 - - - - -] force_config_drive = False log_opt_values /usr/lib/python3/dist-packages/oslo_config/cfg.py:2602
2024-09-19 00:37:09.441 136202 DEBUG oslo_service.service [req-a3a3197f-f99e-478b-b3bd-0955b737d2a3 - - - - -] force_raw_images = True log_opt_values /usr/lib/python3/dist-packages/oslo_config/cfg.py:2602
2024-09-19 00:37:09.443 136202 DEBUG oslo_service.service [req-a3a3197f-f99e-478b-b3bd-0955b737d2a3 - - - - -] graceful_shutdown_timeout = 60 log_opt_values /usr/lib/python3/dist-packages/oslo_config/cfg.py:2602
2024-09-19 00:37:09.443 136624 DEBUG oslo_db.sqlalchemy.engines [req-10a802cd-722d-46c6-a93c-b68ebc37852e - - - - -] MySQL server mode set to STRICT_TRANS_TABLES,STRICT_ALL_TABLES,NO_ZERO_IN_DATE,NO_ZERO_DATE,ERROR_FOR_DIVISION_BY_ZERO,TRADITIONAL,NO_ENGINE_SUBSTITUTION _check_effective_sql_mode /usr/lib/python3/dist-packages/oslo_db/sqlalchemy/engines.py:314
2024-09-19 00:37:09.443 136202 DEBUG oslo_service.service [req-a3a3197f-f99e-478b-b3bd-0955b737d2a3 - - - - -] heal_instance_info_cache_interval = 60 log_opt_values /usr/lib/python3/dist-packages/oslo_config/cfg.py:2602
2024-09-19 00:37:09.445 136625 DEBUG oslo_db.sqlalchemy.engines [req-a98ecd83-b95b-4a9e-90f9-92d621f7acee - - - - -] MySQL server mode set to STRICT_TRANS_TABLES,STRICT_ALL_TABLES,NO_ZERO_IN_DATE,NO_ZERO_DATE,ERROR_FOR_DIVISION_BY_ZERO,TRADITIONAL,NO_ENGINE_SUBSTITUTION _check_effective_sql_mode /usr/lib/python3/dist-packages/oslo_db/sqlalchemy/engines.py:314
2024-09-19 00:37:09.446 136202 DEBUG oslo_service.service [req-a3a3197f-f99e-478b-b3bd-0955b737d2a3 - - - - -] host = juju-a907bb-0-lxd-7 log_opt_values /usr/lib/python3/dist-packages/oslo_config/cfg.py:2602
2024-09-19 00:37:09.446 136202 DEBUG oslo_service.service [req-a3a3197f-f99e-478b-b3bd-0955b737d2a3 - - - - -] initial_cpu_allocation_ratio = 16.0 log_opt_values /usr/lib/python3/dist-packages/oslo_config/cfg.py:2602
2024-09-19 00:37:09.447 136202 DEBUG oslo_service.service [req-a3a3197f-f99e-478b-b3bd-0955b737d2a3 - - - - -] initial_disk_allocation_ratio = 1.0 log_opt_values /usr/lib/python3/dist-packages/oslo_config/cfg.py:2602
2024-09-19 00:37:09.447 136202 DEBUG oslo_service.service [req-a3a3197f-f99e-478b-b3bd-0955b737d2a3 - - - - -] initial_ram_allocation_ratio = 1.5 log_opt_values /usr/lib/python3/dist-packages/oslo_config/cfg.py:2602
2024-09-19 00:37:09.448 136202 DEBUG oslo_service.service [req-a3a3197f-f99e-478b-b3bd-0955b737d2a3 - - - - -] injected_network_template = /usr/lib/python3/dist-packages/nova/virt/interfaces.template log_opt_values /usr/lib/python3/dist-packages/oslo_config/cfg.py:2602
2024-09-19 00:37:09.448 136202 DEBUG oslo_service.service [req-a3a3197f-f99e-478b-b3bd-0955b737d2a3 - - - - -] instance_build_timeout = 0 log_opt_values /usr/lib/python3/dist-packages/oslo_config/cfg.py:2602
2024-09-19 00:37:09.448 136202 DEBUG oslo_service.service [req-a3a3197f-f99e-478b-b3bd-0955b737d2a3 - - - - -] instance_delete_interval = 300 log_opt_values /usr/lib/python3/dist-packages/oslo_config/cfg.py:2602
2024-09-19 00:37:09.448 136622 DEBUG nova.service [req-83e72b16-1f2d-4b25-a47b-061508520396 - - - - -] Creating RPC server for service conductor start /usr/lib/python3/dist-packages/nova/service.py:182
2024-09-19 00:37:09.448 136202 DEBUG oslo_service.service [req-a3a3197f-f99e-478b-b3bd-0955b737d2a3 - - - - -] instance_format = [instance: %(uuid)s] log_opt_values /usr/lib/python3/dist-packages/oslo_config/cfg.py:2602
2024-09-19 00:37:09.448 136202 DEBUG oslo_service.service [req-a3a3197f-f99e-478b-b3bd-0955b737d2a3 - - - - -] instance_name_template = instance-%08x log_opt_values /usr/lib/python3/dist-packages/oslo_config/cfg.py:2602
2024-09-19 00:37:09.448 136202 DEBUG oslo_service.service [req-a3a3197f-f99e-478b-b3bd-0955b737d2a3 - - - - -] instance_usage_audit = False log_opt_values /usr/lib/python3/dist-packages/oslo_config/cfg.py:2602
2024-09-19 00:37:09.449 136202 DEBUG oslo_service.service [req-a3a3197f-f99e-478b-b3bd-0955b737d2a3 - - - - -] instance_usage_audit_period = month log_opt_values /usr/lib/python3/dist-packages/oslo_config/cfg.py:2602
2024-09-19 00:37:09.450 136202 DEBUG oslo_service.service [req-a3a3197f-f99e-478b-b3bd-0955b737d2a3 - - - - -] instance_uuid_format = [instance: %(uuid)s] log_opt_values /usr/lib/python3/dist-packages/oslo_config/cfg.py:2602
2024-09-19 00:37:09.451 136202 DEBUG oslo_service.service [req-a3a3197f-f99e-478b-b3bd-0955b737d2a3 - - - - -] instances_path = /var/lib/nova/instances log_opt_values /usr/lib/python3/dist-packages/oslo_config/cfg.py:2602
2024-09-19 00:37:09.451 136202 DEBUG oslo_service.service [req-a3a3197f-f99e-478b-b3bd-0955b737d2a3 - - - - -] internal_service_availability_zone = internal log_opt_values /usr/lib/python3/dist-packages/oslo_config/cfg.py:2602
2024-09-19 00:37:09.451 136202 DEBUG oslo_service.service [req-a3a3197f-f99e-478b-b3bd-0955b737d2a3 - - - - -] key = None log_opt_values /usr/lib/python3/dist-packages/oslo_config/cfg.py:2602
2024-09-19 00:37:09.452 136202 DEBUG oslo_service.service [req-a3a3197f-f99e-478b-b3bd-0955b737d2a3 - - - - -] live_migration_retry_count = 30 log_opt_values /usr/lib/python3/dist-packages/oslo_config/cfg.py:2602
2024-09-19 00:37:09.452 136202 DEBUG oslo_service.service [req-a3a3197f-f99e-478b-b3bd-0955b737d2a3 - - - - -] log_config_append = None log_opt_values /usr/lib/python3/dist-packages/oslo_config/cfg.py:2602
2024-09-19 00:37:09.452 136202 DEBUG oslo_service.service [req-a3a3197f-f99e-478b-b3bd-0955b737d2a3 - - - - -] log_date_format = %Y-%m-%d %H:%M:%S log_opt_values /usr/lib/python3/dist-packages/oslo_config/cfg.py:2602
2024-09-19 00:37:09.452 136202 DEBUG oslo_service.service [req-a3a3197f-f99e-478b-b3bd-0955b737d2a3 - - - - -] log_dir = /var/log/nova log_opt_values /usr/lib/python3/dist-packages/oslo_config/cfg.py:2602
2024-09-19 00:37:09.453 136623 DEBUG nova.service [req-36e45290-67cc-4aae-bdce-36444f9ad6a8 - - - - -] Creating RPC server for service conductor start /usr/lib/python3/dist-packages/nova/service.py:182
2024-09-19 00:37:09.453 136202 DEBUG oslo_service.service [req-a3a3197f-f99e-478b-b3bd-0955b737d2a3 - - - - -] log_file = /var/log/nova/nova-conductor.log log_opt_values /usr/lib/python3/dist-packages/oslo_config/cfg.py:2602
2024-09-19 00:37:09.454 136202 DEBUG oslo_service.service [req-a3a3197f-f99e-478b-b3bd-0955b737d2a3 - - - - -] log_options = True log_opt_values /usr/lib/python3/dist-packages/oslo_config/cfg.py:2602
2024-09-19 00:37:09.454 136202 DEBUG oslo_service.service [req-a3a3197f-f99e-478b-b3bd-0955b737d2a3 - - - - -] log_rotate_interval = 1 log_opt_values /usr/lib/python3/dist-packages/oslo_config/cfg.py:2602
2024-09-19 00:37:09.454 136202 DEBUG oslo_service.service [req-a3a3197f-f99e-478b-b3bd-0955b737d2a3 - - - - -] log_rotate_interval_type = days log_opt_values /usr/lib/python3/dist-packages/oslo_config/cfg.py:2602
2024-09-19 00:37:09.455 136202 DEBUG oslo_service.service [req-a3a3197f-f99e-478b-b3bd-0955b737d2a3 - - - - -] log_rotation_type = none log_opt_values /usr/lib/python3/dist-packages/oslo_config/cfg.py:2602
2024-09-19 00:37:09.455 136202 DEBUG oslo_service.service [req-a3a3197f-f99e-478b-b3bd-0955b737d2a3 - - - - -] logging_context_format_string = %(asctime)s.%(msecs)03d %(process)d %(levelname)s %(name)s [%(request_id)s %(user_identity)s] %(instance)s%(message)s log_opt_values /usr/lib/python3/dist-packages/oslo_config/cfg.py:2602
2024-09-19 00:37:09.455 136202 DEBUG oslo_service.service [req-a3a3197f-f99e-478b-b3bd-0955b737d2a3 - - - - -] logging_debug_format_suffix = %(funcName)s %(pathname)s:%(lineno)d log_opt_values /usr/lib/python3/dist-packages/oslo_config/cfg.py:2602
2024-09-19 00:37:09.456 136202 DEBUG oslo_service.service [req-a3a3197f-f99e-478b-b3bd-0955b737d2a3 - - - - -] logging_default_format_string = %(asctime)s.%(msecs)03d %(process)d %(levelname)s %(name)s [-] %(instance)s%(message)s log_opt_values /usr/lib/python3/dist-packages/oslo_config/cfg.py:2602
2024-09-19 00:37:09.456 136202 DEBUG oslo_service.service [req-a3a3197f-f99e-478b-b3bd-0955b737d2a3 - - - - -] logging_exception_prefix = %(asctime)s.%(msecs)03d %(process)d ERROR %(name)s %(instance)s log_opt_values /usr/lib/python3/dist-packages/oslo_config/cfg.py:2602
2024-09-19 00:37:09.457 136202 DEBUG oslo_service.service [req-a3a3197f-f99e-478b-b3bd-0955b737d2a3 - - - - -] logging_user_identity_format = %(user)s %(project)s %(domain)s %(user_domain)s %(project_domain)s log_opt_values /usr/lib/python3/dist-packages/oslo_config/cfg.py:2602
2024-09-19 00:37:09.457 136202 DEBUG oslo_service.service [req-a3a3197f-f99e-478b-b3bd-0955b737d2a3 - - - - -] long_rpc_timeout = 1800 log_opt_values /usr/lib/python3/dist-packages/oslo_config/cfg.py:2602
2024-09-19 00:37:09.457 136202 DEBUG oslo_service.service [req-a3a3197f-f99e-478b-b3bd-0955b737d2a3 - - - - -] max_concurrent_builds = 10 log_opt_values /usr/lib/python3/dist-packages/oslo_config/cfg.py:2602
2024-09-19 00:37:09.457 136202 DEBUG oslo_service.service [req-a3a3197f-f99e-478b-b3bd-0955b737d2a3 - - - - -] max_concurrent_live_migrations = 1 log_opt_values /usr/lib/python3/dist-packages/oslo_config/cfg.py:2602
2024-09-19 00:37:09.458 136202 DEBUG oslo_service.service [req-a3a3197f-f99e-478b-b3bd-0955b737d2a3 - - - - -] max_concurrent_snapshots = 5 log_opt_values /usr/lib/python3/dist-packages/oslo_config/cfg.py:2602
2024-09-19 00:37:09.458 136202 DEBUG oslo_service.service [req-a3a3197f-f99e-478b-b3bd-0955b737d2a3 - - - - -] max_local_block_devices = 3 log_opt_values /usr/lib/python3/dist-packages/oslo_config/cfg.py:2602
2024-09-19 00:37:09.460 136202 DEBUG oslo_service.service [req-a3a3197f-f99e-478b-b3bd-0955b737d2a3 - - - - -] max_logfile_count = 30 log_opt_values /usr/lib/python3/dist-packages/oslo_config/cfg.py:2602
2024-09-19 00:37:09.460 136624 DEBUG nova.service [req-10a802cd-722d-46c6-a93c-b68ebc37852e - - - - -] Creating RPC server for service conductor start /usr/lib/python3/dist-packages/nova/service.py:182
2024-09-19 00:37:09.460 136202 DEBUG oslo_service.service [req-a3a3197f-f99e-478b-b3bd-0955b737d2a3 - - - - -] max_logfile_size_mb = 200 log_opt_values /usr/lib/python3/dist-packages/oslo_config/cfg.py:2602
2024-09-19 00:37:09.461 136202 DEBUG oslo_service.service [req-a3a3197f-f99e-478b-b3bd-0955b737d2a3 - - - - -] maximum_instance_delete_attempts = 5 log_opt_values /usr/lib/python3/dist-packages/oslo_config/cfg.py:2602
2024-09-19 00:37:09.461 136202 DEBUG oslo_service.service [req-a3a3197f-f99e-478b-b3bd-0955b737d2a3 - - - - -] metadata_listen = 0.0.0.0 log_opt_values /usr/lib/python3/dist-packages/oslo_config/cfg.py:2602
2024-09-19 00:37:09.462 136202 DEBUG oslo_service.service [req-a3a3197f-f99e-478b-b3bd-0955b737d2a3 - - - - -] metadata_listen_port = 8765 log_opt_values /usr/lib/python3/dist-packages/oslo_config/cfg.py:2602
2024-09-19 00:37:09.463 136202 DEBUG oslo_service.service [req-a3a3197f-f99e-478b-b3bd-0955b737d2a3 - - - - -] metadata_workers = None log_opt_values /usr/lib/python3/dist-packages/oslo_config/cfg.py:2602
2024-09-19 00:37:09.463 136202 DEBUG oslo_service.service [req-a3a3197f-f99e-478b-b3bd-0955b737d2a3 - - - - -] migrate_max_retries = -1 log_opt_values /usr/lib/python3/dist-packages/oslo_config/cfg.py:2602
2024-09-19 00:37:09.463 136202 DEBUG oslo_service.service [req-a3a3197f-f99e-478b-b3bd-0955b737d2a3 - - - - -] mkisofs_cmd = genisoimage log_opt_values /usr/lib/python3/dist-packages/oslo_config/cfg.py:2602
2024-09-19 00:37:09.463 136202 DEBUG oslo_service.service [req-a3a3197f-f99e-478b-b3bd-0955b737d2a3 - - - - -] my_block_storage_ip = 252.36.190.61 log_opt_values /usr/lib/python3/dist-packages/oslo_config/cfg.py:2602
2024-09-19 00:37:09.464 136202 DEBUG oslo_service.service [req-a3a3197f-f99e-478b-b3bd-0955b737d2a3 - - - - -] my_ip = 252.36.190.61 log_opt_values /usr/lib/python3/dist-packages/oslo_config/cfg.py:2602
2024-09-19 00:37:09.464 136202 DEBUG oslo_service.service [req-a3a3197f-f99e-478b-b3bd-0955b737d2a3 - - - - -] network_allocate_retries = 0 log_opt_values /usr/lib/python3/dist-packages/oslo_config/cfg.py:2602
2024-09-19 00:37:09.464 136202 DEBUG oslo_service.service [req-a3a3197f-f99e-478b-b3bd-0955b737d2a3 - - - - -] non_inheritable_image_properties = ['cache_in_nova', 'bittorrent'] log_opt_values /usr/lib/python3/dist-packages/oslo_config/cfg.py:2602
2024-09-19 00:37:09.466 136202 DEBUG oslo_service.service [req-a3a3197f-f99e-478b-b3bd-0955b737d2a3 - - - - -] osapi_compute_listen = 0.0.0.0 log_opt_values /usr/lib/python3/dist-packages/oslo_config/cfg.py:2602
2024-09-19 00:37:09.468 136625 DEBUG nova.service [req-a98ecd83-b95b-4a9e-90f9-92d621f7acee - - - - -] Creating RPC server for service conductor start /usr/lib/python3/dist-packages/nova/service.py:182
2024-09-19 00:37:09.468 136202 DEBUG oslo_service.service [req-a3a3197f-f99e-478b-b3bd-0955b737d2a3 - - - - -] osapi_compute_listen_port = 8764 log_opt_values /usr/lib/python3/dist-packages/oslo_config/cfg.py:2602
2024-09-19 00:37:09.472 136202 DEBUG oslo_service.service [req-a3a3197f-f99e-478b-b3bd-0955b737d2a3 - - - - -] osapi_compute_unique_server_name_scope = log_opt_values /usr/lib/python3/dist-packages/oslo_config/cfg.py:2602
2024-09-19 00:37:09.473 136202 DEBUG oslo_service.service [req-a3a3197f-f99e-478b-b3bd-0955b737d2a3 - - - - -] osapi_compute_workers = 4 log_opt_values /usr/lib/python3/dist-packages/oslo_config/cfg.py:2602
2024-09-19 00:37:09.473 136202 DEBUG oslo_service.service [req-a3a3197f-f99e-478b-b3bd-0955b737d2a3 - - - - -] password_length = 12 log_opt_values /usr/lib/python3/dist-packages/oslo_config/cfg.py:2602
2024-09-19 00:37:09.474 136202 DEBUG oslo_service.service [req-a3a3197f-f99e-478b-b3bd-0955b737d2a3 - - - - -] periodic_enable = True log_opt_values /usr/lib/python3/dist-packages/oslo_config/cfg.py:2602
2024-09-19 00:37:09.474 136202 DEBUG oslo_service.service [req-a3a3197f-f99e-478b-b3bd-0955b737d2a3 - - - - -] periodic_fuzzy_delay = 60 log_opt_values /usr/lib/python3/dist-packages/oslo_config/cfg.py:2602
2024-09-19 00:37:09.474 136202 DEBUG oslo_service.service [req-a3a3197f-f99e-478b-b3bd-0955b737d2a3 - - - - -] pointer_model = usbtablet log_opt_values /usr/lib/python3/dist-packages/oslo_config/cfg.py:2602
2024-09-19 00:37:09.475 136202 DEBUG oslo_service.service [req-a3a3197f-f99e-478b-b3bd-0955b737d2a3 - - - - -] preallocate_images = none log_opt_values /usr/lib/python3/dist-packages/oslo_config/cfg.py:2602
2024-09-19 00:37:09.475 136622 DEBUG oslo_messaging._drivers.amqpdriver [-] Listener is running poll /usr/lib/python3/dist-packages/oslo_messaging/_drivers/amqpdriver.py:343
2024-09-19 00:37:09.475 136202 DEBUG oslo_service.service [req-a3a3197f-f99e-478b-b3bd-0955b737d2a3 - - - - -] publish_errors = False log_opt_values /usr/lib/python3/dist-packages/oslo_config/cfg.py:2602
2024-09-19 00:37:09.475 136622 DEBUG oslo_messaging._drivers.amqpdriver [-] AMQPListener connection consume poll /usr/lib/python3/dist-packages/oslo_messaging/_drivers/amqpdriver.py:357
2024-09-19 00:37:09.475 136202 DEBUG oslo_service.service [req-a3a3197f-f99e-478b-b3bd-0955b737d2a3 - - - - -] pybasedir = /usr/lib/python3/dist-packages log_opt_values /usr/lib/python3/dist-packages/oslo_config/cfg.py:2602
2024-09-19 00:37:09.475 136202 DEBUG oslo_service.service [req-a3a3197f-f99e-478b-b3bd-0955b737d2a3 - - - - -] ram_allocation_ratio = 0.98 log_opt_values /usr/lib/python3/dist-packages/oslo_config/cfg.py:2602
2024-09-19 00:37:09.475 136622 DEBUG nova.service [req-83e72b16-1f2d-4b25-a47b-061508520396 - - - - -] Join ServiceGroup membership for this service conductor start /usr/lib/python3/dist-packages/nova/service.py:199
2024-09-19 00:37:09.476 136202 DEBUG oslo_service.service [req-a3a3197f-f99e-478b-b3bd-0955b737d2a3 - - - - -] rate_limit_burst = 0 log_opt_values /usr/lib/python3/dist-packages/oslo_config/cfg.py:2602
2024-09-19 00:37:09.476 136622 DEBUG nova.servicegroup.drivers.db [req-83e72b16-1f2d-4b25-a47b-061508520396 - - - - -] DB_Driver: join new ServiceGroup member juju-a907bb-0-lxd-7 to the conductor group, service = join /usr/lib/python3/dist-packages/nova/servicegroup/drivers/db.py:44
2024-09-19 00:37:09.476 136202 DEBUG oslo_service.service [req-a3a3197f-f99e-478b-b3bd-0955b737d2a3 - - - - -] rate_limit_except_level = CRITICAL log_opt_values /usr/lib/python3/dist-packages/oslo_config/cfg.py:2602
2024-09-19 00:37:09.476 136202 DEBUG oslo_service.service [req-a3a3197f-f99e-478b-b3bd-0955b737d2a3 - - - - -] rate_limit_interval = 0 log_opt_values /usr/lib/python3/dist-packages/oslo_config/cfg.py:2602
2024-09-19 00:37:09.477 136202 DEBUG oslo_service.service [req-a3a3197f-f99e-478b-b3bd-0955b737d2a3 - - - - -] reboot_timeout = 0 log_opt_values /usr/lib/python3/dist-packages/oslo_config/cfg.py:2602
2024-09-19 00:37:09.476 136623 DEBUG oslo_messaging._drivers.amqpdriver [-] Listener is running poll /usr/lib/python3/dist-packages/oslo_messaging/_drivers/amqpdriver.py:343
2024-09-19 00:37:09.477 136622 DEBUG oslo_messaging._drivers.amqpdriver [-] received message msg_id: 50b0b2d202544a2481a79eceeae5dec3 reply to reply_abb8df6fdfe1428ba8b425c4109efbe6 __call__ /usr/lib/python3/dist-packages/oslo_messaging/_drivers/amqpdriver.py:320
2024-09-19 00:37:09.477 136623 DEBUG oslo_messaging._drivers.amqpdriver [-] AMQPListener connection consume poll /usr/lib/python3/dist-packages/oslo_messaging/_drivers/amqpdriver.py:357
2024-09-19 00:37:09.477 136202 DEBUG oslo_service.service [req-a3a3197f-f99e-478b-b3bd-0955b737d2a3 - - - - -] reclaim_instance_interval = 0 log_opt_values /usr/lib/python3/dist-packages/oslo_config/cfg.py:2602
2024-09-19 00:37:09.477 136202 DEBUG oslo_service.service [req-a3a3197f-f99e-478b-b3bd-0955b737d2a3 - - - - -] record = None log_opt_values /usr/lib/python3/dist-packages/oslo_config/cfg.py:2602
2024-09-19 00:37:09.477 136202 DEBUG oslo_service.service [req-a3a3197f-f99e-478b-b3bd-0955b737d2a3 - - - - -] report_interval = 10 log_opt_values /usr/lib/python3/dist-packages/oslo_config/cfg.py:2602
2024-09-19 00:37:09.477 136623 DEBUG nova.service [req-36e45290-67cc-4aae-bdce-36444f9ad6a8 - - - - -] Join ServiceGroup membership for this service conductor start /usr/lib/python3/dist-packages/nova/service.py:199
2024-09-19 00:37:09.478 136202 DEBUG oslo_service.service [req-a3a3197f-f99e-478b-b3bd-0955b737d2a3 - - - - -] rescue_timeout = 0 log_opt_values /usr/lib/python3/dist-packages/oslo_config/cfg.py:2602
2024-09-19 00:37:09.478 136623 DEBUG nova.servicegroup.drivers.db [req-36e45290-67cc-4aae-bdce-36444f9ad6a8 - - - - -] DB_Driver: join new ServiceGroup member juju-a907bb-0-lxd-7 to the conductor group, service = join /usr/lib/python3/dist-packages/nova/servicegroup/drivers/db.py:44
2024-09-19 00:37:09.478 136202 DEBUG oslo_service.service [req-a3a3197f-f99e-478b-b3bd-0955b737d2a3 - - - - -] reserved_host_cpus = 0 log_opt_values /usr/lib/python3/dist-packages/oslo_config/cfg.py:2602
2024-09-19 00:37:09.478 136202 DEBUG oslo_service.service [req-a3a3197f-f99e-478b-b3bd-0955b737d2a3 - - - - -] reserved_host_disk_mb = 0 log_opt_values /usr/lib/python3/dist-packages/oslo_config/cfg.py:2602
2024-09-19 00:37:09.478 136202 DEBUG oslo_service.service [req-a3a3197f-f99e-478b-b3bd-0955b737d2a3 - - - - -] reserved_host_memory_mb = 512 log_opt_values /usr/lib/python3/dist-packages/oslo_config/cfg.py:2602
2024-09-19 00:37:09.478 136202 DEBUG oslo_service.service [req-a3a3197f-f99e-478b-b3bd-0955b737d2a3 - - - - -] reserved_huge_pages = None log_opt_values /usr/lib/python3/dist-packages/oslo_config/cfg.py:2602
2024-09-19 00:37:09.479 136202 DEBUG oslo_service.service [req-a3a3197f-f99e-478b-b3bd-0955b737d2a3 - - - - -] resize_confirm_window = 0 log_opt_values /usr/lib/python3/dist-packages/oslo_config/cfg.py:2602
2024-09-19 00:37:09.479 136202 DEBUG oslo_service.service [req-a3a3197f-f99e-478b-b3bd-0955b737d2a3 - - - - -] resize_fs_using_block_device = False log_opt_values /usr/lib/python3/dist-packages/oslo_config/cfg.py:2602
2024-09-19 00:37:09.479 136202 DEBUG oslo_service.service [req-a3a3197f-f99e-478b-b3bd-0955b737d2a3 - - - - -] resume_guests_state_on_host_boot = False log_opt_values /usr/lib/python3/dist-packages/oslo_config/cfg.py:2602
2024-09-19 00:37:09.480 136202 DEBUG oslo_service.service [req-a3a3197f-f99e-478b-b3bd-0955b737d2a3 - - - - -] rootwrap_config = /etc/nova/rootwrap.conf log_opt_values /usr/lib/python3/dist-packages/oslo_config/cfg.py:2602
2024-09-19 00:37:09.480 136622 DEBUG oslo_messaging._drivers.amqpdriver [-] AMQPListener connection timeout poll /usr/lib/python3/dist-packages/oslo_messaging/_drivers/amqpdriver.py:360
2024-09-19 00:37:09.480 136623 DEBUG oslo_messaging._drivers.amqpdriver [-] AMQPListener connection timeout poll /usr/lib/python3/dist-packages/oslo_messaging/_drivers/amqpdriver.py:360
2024-09-19 00:37:09.480 136202 DEBUG oslo_service.service [req-a3a3197f-f99e-478b-b3bd-0955b737d2a3 - - - - -] rpc_response_timeout = 60 log_opt_values /usr/lib/python3/dist-packages/oslo_config/cfg.py:2602
2024-09-19 00:37:09.480 136622 DEBUG oslo_messaging._drivers.amqpdriver [-] Listener is running poll /usr/lib/python3/dist-packages/oslo_messaging/_drivers/amqpdriver.py:343
2024-09-19 00:37:09.480 136623 DEBUG oslo_messaging._drivers.amqpdriver [-] Listener is running poll /usr/lib/python3/dist-packages/oslo_messaging/_drivers/amqpdriver.py:343
2024-09-19 00:37:09.480 136623 DEBUG oslo_messaging._drivers.amqpdriver [-] AMQPListener connection consume poll /usr/lib/python3/dist-packages/oslo_messaging/_drivers/amqpdriver.py:357
2024-09-19 00:37:09.480 136622 DEBUG oslo_messaging._drivers.amqpdriver [-] Poll the incoming message with unique_id: 1a753d02a476406ea3730fb5fba1e342 poll /usr/lib/python3/dist-packages/oslo_messaging/_drivers/amqpdriver.py:346
2024-09-19 00:37:09.480 136202 DEBUG oslo_service.service [req-a3a3197f-f99e-478b-b3bd-0955b737d2a3 - - - - -] run_external_periodic_tasks = True log_opt_values /usr/lib/python3/dist-packages/oslo_config/cfg.py:2602
2024-09-19 00:37:09.481 136202 DEBUG oslo_service.service [req-a3a3197f-f99e-478b-b3bd-0955b737d2a3 - - - - -] running_deleted_instance_action = reap log_opt_values /usr/lib/python3/dist-packages/oslo_config/cfg.py:2602
2024-09-19 00:37:09.481 136622 DEBUG oslo_messaging._drivers.amqpdriver [-] Listener is running poll /usr/lib/python3/dist-packages/oslo_messaging/_drivers/amqpdriver.py:343
2024-09-19 00:37:09.481 136622 DEBUG oslo_messaging._drivers.amqpdriver [-] AMQPListener connection consume poll /usr/lib/python3/dist-packages/oslo_messaging/_drivers/amqpdriver.py:357
2024-09-19 00:37:09.482 136202 DEBUG oslo_service.service [req-a3a3197f-f99e-478b-b3bd-0955b737d2a3 - - - - -] running_deleted_instance_poll_interval = 1800 log_opt_values /usr/lib/python3/dist-packages/oslo_config/cfg.py:2602
2024-09-19 00:37:09.482 136202 DEBUG oslo_service.service [req-a3a3197f-f99e-478b-b3bd-0955b737d2a3 - - - - -] running_deleted_instance_timeout = 0 log_opt_values /usr/lib/python3/dist-packages/oslo_config/cfg.py:2602
2024-09-19 00:37:09.482 136202 DEBUG oslo_service.service [req-a3a3197f-f99e-478b-b3bd-0955b737d2a3 - - - - -] scheduler_instance_sync_interval = 120 log_opt_values /usr/lib/python3/dist-packages/oslo_config/cfg.py:2602
2024-09-19 00:37:09.482 136202 DEBUG oslo_service.service [req-a3a3197f-f99e-478b-b3bd-0955b737d2a3 - - - - -] service_down_time = 60 log_opt_values /usr/lib/python3/dist-packages/oslo_config/cfg.py:2602
2024-09-19 00:37:09.482 136202 DEBUG oslo_service.service [req-a3a3197f-f99e-478b-b3bd-0955b737d2a3 - - - - -] servicegroup_driver = db log_opt_values /usr/lib/python3/dist-packages/oslo_config/cfg.py:2602
2024-09-19 00:37:09.482 136202 DEBUG oslo_service.service [req-a3a3197f-f99e-478b-b3bd-0955b737d2a3 - - - - -] shelved_offload_time = 0 log_opt_values /usr/lib/python3/dist-packages/oslo_config/cfg.py:2602
2024-09-19 00:37:09.483 136202 DEBUG oslo_service.service [req-a3a3197f-f99e-478b-b3bd-0955b737d2a3 - - - - -] shelved_poll_interval = 3600 log_opt_values /usr/lib/python3/dist-packages/oslo_config/cfg.py:2602
2024-09-19 00:37:09.483 136202 DEBUG oslo_service.service [req-a3a3197f-f99e-478b-b3bd-0955b737d2a3 - - - - -] shutdown_timeout = 60 log_opt_values /usr/lib/python3/dist-packages/oslo_config/cfg.py:2602
2024-09-19 00:37:09.483 136202 DEBUG oslo_service.service [req-a3a3197f-f99e-478b-b3bd-0955b737d2a3 - - - - -] source_is_ipv6 = False log_opt_values /usr/lib/python3/dist-packages/oslo_config/cfg.py:2602
2024-09-19 00:37:09.483 136202 DEBUG oslo_service.service [req-a3a3197f-f99e-478b-b3bd-0955b737d2a3 - - - - -] ssl_only = False log_opt_values /usr/lib/python3/dist-packages/oslo_config/cfg.py:2602
2024-09-19 00:37:09.483 136202 DEBUG oslo_service.service [req-a3a3197f-f99e-478b-b3bd-0955b737d2a3 - - - - -] state_path = /var/lib/nova log_opt_values /usr/lib/python3/dist-packages/oslo_config/cfg.py:2602
2024-09-19 00:37:09.484 136202 DEBUG oslo_service.service [req-a3a3197f-f99e-478b-b3bd-0955b737d2a3 - - - - -] sync_power_state_interval = 600 log_opt_values /usr/lib/python3/dist-packages/oslo_config/cfg.py:2602
2024-09-19 00:37:09.484 136202 DEBUG oslo_service.service [req-a3a3197f-f99e-478b-b3bd-0955b737d2a3 - - - - -] sync_power_state_pool_size = 1000 log_opt_values /usr/lib/python3/dist-packages/oslo_config/cfg.py:2602
2024-09-19 00:37:09.484 136202 DEBUG oslo_service.service [req-a3a3197f-f99e-478b-b3bd-0955b737d2a3 - - - - -] syslog_log_facility = LOG_USER log_opt_values /usr/lib/python3/dist-packages/oslo_config/cfg.py:2602
2024-09-19 00:37:09.484 136202 DEBUG oslo_service.service [req-a3a3197f-f99e-478b-b3bd-0955b737d2a3 - - - - -] tempdir = None log_opt_values /usr/lib/python3/dist-packages/oslo_config/cfg.py:2602
2024-09-19 00:37:09.485 136202 DEBUG oslo_service.service [req-a3a3197f-f99e-478b-b3bd-0955b737d2a3 - - - - -] timeout_nbd = 10 log_opt_values /usr/lib/python3/dist-packages/oslo_config/cfg.py:2602
2024-09-19 00:37:09.485 136202 DEBUG oslo_service.service [req-a3a3197f-f99e-478b-b3bd-0955b737d2a3 - - - - -] transport_url = **** log_opt_values /usr/lib/python3/dist-packages/oslo_config/cfg.py:2602
2024-09-19 00:37:09.485 136202 DEBUG oslo_service.service [req-a3a3197f-f99e-478b-b3bd-0955b737d2a3 - - - - -] update_resources_interval = 0 log_opt_values /usr/lib/python3/dist-packages/oslo_config/cfg.py:2602
2024-09-19 00:37:09.485 136202 DEBUG oslo_service.service [req-a3a3197f-f99e-478b-b3bd-0955b737d2a3 - - - - -] use_cow_images = True log_opt_values /usr/lib/python3/dist-packages/oslo_config/cfg.py:2602
2024-09-19 00:37:09.486 136202 DEBUG oslo_service.service [req-a3a3197f-f99e-478b-b3bd-0955b737d2a3 - - - - -] use_eventlog = False log_opt_values /usr/lib/python3/dist-packages/oslo_config/cfg.py:2602
2024-09-19 00:37:09.486 136202 DEBUG oslo_service.service [req-a3a3197f-f99e-478b-b3bd-0955b737d2a3 - - - - -] use_journal = False log_opt_values /usr/lib/python3/dist-packages/oslo_config/cfg.py:2602
2024-09-19 00:37:09.486 136202 DEBUG oslo_service.service [req-a3a3197f-f99e-478b-b3bd-0955b737d2a3 - - - - -] use_json = False log_opt_values /usr/lib/python3/dist-packages/oslo_config/cfg.py:2602
2024-09-19 00:37:09.486 136202 DEBUG oslo_service.service [req-a3a3197f-f99e-478b-b3bd-0955b737d2a3 - - - - -] use_rootwrap_daemon = False log_opt_values /usr/lib/python3/dist-packages/oslo_config/cfg.py:2602
2024-09-19 00:37:09.486 136202 DEBUG oslo_service.service [req-a3a3197f-f99e-478b-b3bd-0955b737d2a3 - - - - -] use_stderr = False log_opt_values /usr/lib/python3/dist-packages/oslo_config/cfg.py:2602
2024-09-19 00:37:09.487 136202 DEBUG oslo_service.service [req-a3a3197f-f99e-478b-b3bd-0955b737d2a3 - - - - -] use_syslog = False log_opt_values /usr/lib/python3/dist-packages/oslo_config/cfg.py:2602
2024-09-19 00:37:09.486 136624 DEBUG oslo_messaging._drivers.amqpdriver [-] Listener is running poll /usr/lib/python3/dist-packages/oslo_messaging/_drivers/amqpdriver.py:343
2024-09-19 00:37:09.487 136624 DEBUG oslo_messaging._drivers.amqpdriver [-] AMQPListener connection consume poll /usr/lib/python3/dist-packages/oslo_messaging/_drivers/amqpdriver.py:357
2024-09-19 00:37:09.487 136202 DEBUG oslo_service.service [req-a3a3197f-f99e-478b-b3bd-0955b737d2a3 - - - - -] vcpu_pin_set = None log_opt_values /usr/lib/python3/dist-packages/oslo_config/cfg.py:2602
2024-09-19 00:37:09.487 136202 DEBUG oslo_service.service [req-a3a3197f-f99e-478b-b3bd-0955b737d2a3 - - - - -] vif_plugging_is_fatal = True log_opt_values /usr/lib/python3/dist-packages/oslo_config/cfg.py:2602
2024-09-19 00:37:09.488 136202 DEBUG oslo_service.service [req-a3a3197f-f99e-478b-b3bd-0955b737d2a3 - - - - -] vif_plugging_timeout = 300 log_opt_values /usr/lib/python3/dist-packages/oslo_config/cfg.py:2602
2024-09-19 00:37:09.488 136202 DEBUG oslo_service.service [req-a3a3197f-f99e-478b-b3bd-0955b737d2a3 - - - - -] virt_mkfs = [] log_opt_values /usr/lib/python3/dist-packages/oslo_config/cfg.py:2602
2024-09-19 00:37:09.488 136624 DEBUG nova.service [req-10a802cd-722d-46c6-a93c-b68ebc37852e - - - - -] Join ServiceGroup membership for this service conductor start /usr/lib/python3/dist-packages/nova/service.py:199
2024-09-19 00:37:09.489 136202 DEBUG oslo_service.service [req-a3a3197f-f99e-478b-b3bd-0955b737d2a3 - - - - -] volume_usage_poll_interval = 0 log_opt_values /usr/lib/python3/dist-packages/oslo_config/cfg.py:2602
2024-09-19 00:37:09.489 136202 DEBUG oslo_service.service [req-a3a3197f-f99e-478b-b3bd-0955b737d2a3 - - - - -] watch_log_file = False log_opt_values /usr/lib/python3/dist-packages/oslo_config/cfg.py:2602
2024-09-19 00:37:09.490 136202 DEBUG oslo_service.service [req-a3a3197f-f99e-478b-b3bd-0955b737d2a3 - - - - -] web = /usr/share/spice-html5 log_opt_values /usr/lib/python3/dist-packages/oslo_config/cfg.py:2602
2024-09-19 00:37:09.490 136624 DEBUG nova.servicegroup.drivers.db [req-10a802cd-722d-46c6-a93c-b68ebc37852e - - - - -] DB_Driver: join new ServiceGroup member juju-a907bb-0-lxd-7 to the conductor group, service = join /usr/lib/python3/dist-packages/nova/servicegroup/drivers/db.py:44
2024-09-19 00:37:09.490 136202 DEBUG oslo_service.service [req-a3a3197f-f99e-478b-b3bd-0955b737d2a3 - - - - -] oslo_concurrency.disable_process_locking = False log_opt_values /usr/lib/python3/dist-packages/oslo_config/cfg.py:2609
2024-09-19 00:37:09.491 136202 DEBUG oslo_service.service [req-a3a3197f-f99e-478b-b3bd-0955b737d2a3 - - - - -] oslo_concurrency.lock_path = /var/lock/nova log_opt_values /usr/lib/python3/dist-packages/oslo_config/cfg.py:2609
2024-09-19 00:37:09.492 136202 DEBUG oslo_service.service [req-a3a3197f-f99e-478b-b3bd-0955b737d2a3 - - - - -] oslo_messaging_metrics.metrics_buffer_size = 1000 log_opt_values /usr/lib/python3/dist-packages/oslo_config/cfg.py:2609
2024-09-19 00:37:09.493 136202 DEBUG oslo_service.service [req-a3a3197f-f99e-478b-b3bd-0955b737d2a3 - - - - -] oslo_messaging_metrics.metrics_enabled = False log_opt_values /usr/lib/python3/dist-packages/oslo_config/cfg.py:2609
2024-09-19 00:37:09.493 136202 DEBUG oslo_service.service [req-a3a3197f-f99e-478b-b3bd-0955b737d2a3 - - - - -] oslo_messaging_metrics.metrics_process_name = log_opt_values /usr/lib/python3/dist-packages/oslo_config/cfg.py:2609
2024-09-19 00:37:09.493 136624 DEBUG oslo_messaging._drivers.amqpdriver [-] AMQPListener connection timeout poll /usr/lib/python3/dist-packages/oslo_messaging/_drivers/amqpdriver.py:360
2024-09-19 00:37:09.493 136624 DEBUG oslo_messaging._drivers.amqpdriver [-] Listener is running poll /usr/lib/python3/dist-packages/oslo_messaging/_drivers/amqpdriver.py:343
2024-09-19 00:37:09.493 136624 DEBUG oslo_messaging._drivers.amqpdriver [-] AMQPListener connection consume poll /usr/lib/python3/dist-packages/oslo_messaging/_drivers/amqpdriver.py:357
2024-09-19 00:37:09.493 136202 DEBUG oslo_service.service [req-a3a3197f-f99e-478b-b3bd-0955b737d2a3 - - - - -] oslo_messaging_metrics.metrics_socket_file = /var/tmp/metrics_collector.sock log_opt_values /usr/lib/python3/dist-packages/oslo_config/cfg.py:2609
2024-09-19 00:37:09.494 136202 DEBUG oslo_service.service [req-a3a3197f-f99e-478b-b3bd-0955b737d2a3 - - - - -] oslo_messaging_metrics.metrics_thread_stop_timeout = 10 log_opt_values /usr/lib/python3/dist-packages/oslo_config/cfg.py:2609
2024-09-19 00:37:09.494 136202 WARNING oslo_config.cfg [req-a3a3197f-f99e-478b-b3bd-0955b737d2a3 - - - - -] Deprecated: Option "auth_strategy" from group "api" is deprecated for removal ( The only non-default choice, ``noauth2``, is for internal development and testing purposes only and should not be used in deployments. This option and its middleware, NoAuthMiddleware[V2_18], will be removed in a future release. ). Its value may be silently ignored in the future.
2024-09-19 00:37:09.494 136202 DEBUG oslo_service.service [req-a3a3197f-f99e-478b-b3bd-0955b737d2a3 - - - - -] api.auth_strategy = keystone log_opt_values /usr/lib/python3/dist-packages/oslo_config/cfg.py:2609
2024-09-19 00:37:09.495 136202 DEBUG oslo_service.service [req-a3a3197f-f99e-478b-b3bd-0955b737d2a3 - - - - -] api.compute_link_prefix = None log_opt_values /usr/lib/python3/dist-packages/oslo_config/cfg.py:2609
2024-09-19 00:37:09.495 136202 DEBUG oslo_service.service [req-a3a3197f-f99e-478b-b3bd-0955b737d2a3 - - - - -] api.config_drive_skip_versions = 1.0 2007-01-19 2007-03-01 2007-08-29 2007-10-10 2007-12-15 2008-02-01 2008-09-01 log_opt_values /usr/lib/python3/dist-packages/oslo_config/cfg.py:2609
2024-09-19 00:37:09.495 136202 DEBUG oslo_service.service [req-a3a3197f-f99e-478b-b3bd-0955b737d2a3 - - - - -] api.dhcp_domain = novalocal log_opt_values /usr/lib/python3/dist-packages/oslo_config/cfg.py:2609
2024-09-19 00:37:09.495 136202 DEBUG oslo_service.service [req-a3a3197f-f99e-478b-b3bd-0955b737d2a3 - - - - -] api.enable_instance_password = True log_opt_values /usr/lib/python3/dist-packages/oslo_config/cfg.py:2609
2024-09-19 00:37:09.495 136202 DEBUG oslo_service.service [req-a3a3197f-f99e-478b-b3bd-0955b737d2a3 - - - - -] api.glance_link_prefix = None log_opt_values /usr/lib/python3/dist-packages/oslo_config/cfg.py:2609
2024-09-19 00:37:09.496 136202 DEBUG oslo_service.service [req-a3a3197f-f99e-478b-b3bd-0955b737d2a3 - - - - -] api.instance_list_cells_batch_fixed_size = 100 log_opt_values /usr/lib/python3/dist-packages/oslo_config/cfg.py:2609
2024-09-19 00:37:09.496 136202 DEBUG oslo_service.service [req-a3a3197f-f99e-478b-b3bd-0955b737d2a3 - - - - -] api.instance_list_cells_batch_strategy = distributed log_opt_values /usr/lib/python3/dist-packages/oslo_config/cfg.py:2609
2024-09-19 00:37:09.496 136202 DEBUG oslo_service.service [req-a3a3197f-f99e-478b-b3bd-0955b737d2a3 - - - - -] api.instance_list_per_project_cells = False log_opt_values /usr/lib/python3/dist-packages/oslo_config/cfg.py:2609
2024-09-19 00:37:09.496 136202 DEBUG oslo_service.service [req-a3a3197f-f99e-478b-b3bd-0955b737d2a3 - - - - -] api.list_records_by_skipping_down_cells = True log_opt_values /usr/lib/python3/dist-packages/oslo_config/cfg.py:2609
2024-09-19 00:37:09.496 136202 DEBUG oslo_service.service [req-a3a3197f-f99e-478b-b3bd-0955b737d2a3 - - - - -] api.local_metadata_per_cell = False log_opt_values /usr/lib/python3/dist-packages/oslo_config/cfg.py:2609
2024-09-19 00:37:09.497 136202 DEBUG oslo_service.service [req-a3a3197f-f99e-478b-b3bd-0955b737d2a3 - - - - -] api.max_limit = 1000 log_opt_values /usr/lib/python3/dist-packages/oslo_config/cfg.py:2609
2024-09-19 00:37:09.497 136202 DEBUG oslo_service.service [req-a3a3197f-f99e-478b-b3bd-0955b737d2a3 - - - - -] api.metadata_cache_expiration = 15 log_opt_values /usr/lib/python3/dist-packages/oslo_config/cfg.py:2609
2024-09-19 00:37:09.497 136202 DEBUG oslo_service.service [req-a3a3197f-f99e-478b-b3bd-0955b737d2a3 - - - - -] api.neutron_default_tenant_id = default log_opt_values /usr/lib/python3/dist-packages/oslo_config/cfg.py:2609
2024-09-19 00:37:09.497 136202 DEBUG oslo_service.service [req-a3a3197f-f99e-478b-b3bd-0955b737d2a3 - - - - -] api.use_forwarded_for = False log_opt_values /usr/lib/python3/dist-packages/oslo_config/cfg.py:2609
2024-09-19 00:37:09.498 136202 DEBUG oslo_service.service [req-a3a3197f-f99e-478b-b3bd-0955b737d2a3 - - - - -] api.use_neutron_default_nets = False log_opt_values /usr/lib/python3/dist-packages/oslo_config/cfg.py:2609
2024-09-19 00:37:09.498 136202 DEBUG oslo_service.service [req-a3a3197f-f99e-478b-b3bd-0955b737d2a3 - - - - -] api.vendordata_dynamic_connect_timeout = 5 log_opt_values /usr/lib/python3/dist-packages/oslo_config/cfg.py:2609
2024-09-19 00:37:09.498 136202 DEBUG oslo_service.service [req-a3a3197f-f99e-478b-b3bd-0955b737d2a3 - - - - -] api.vendordata_dynamic_failure_fatal = False log_opt_values /usr/lib/python3/dist-packages/oslo_config/cfg.py:2609
2024-09-19 00:37:09.498 136202 DEBUG oslo_service.service [req-a3a3197f-f99e-478b-b3bd-0955b737d2a3 - - - - -] api.vendordata_dynamic_read_timeout = 5 log_opt_values /usr/lib/python3/dist-packages/oslo_config/cfg.py:2609
2024-09-19 00:37:09.498 136202 DEBUG oslo_service.service [req-a3a3197f-f99e-478b-b3bd-0955b737d2a3 - - - - -] api.vendordata_dynamic_ssl_certfile = log_opt_values /usr/lib/python3/dist-packages/oslo_config/cfg.py:2609
2024-09-19 00:37:09.499 136202 DEBUG oslo_service.service [req-a3a3197f-f99e-478b-b3bd-0955b737d2a3 - - - - -] api.vendordata_dynamic_targets = [] log_opt_values /usr/lib/python3/dist-packages/oslo_config/cfg.py:2609
2024-09-19 00:37:09.499 136202 DEBUG oslo_service.service [req-a3a3197f-f99e-478b-b3bd-0955b737d2a3 - - - - -] api.vendordata_jsonfile_path = None log_opt_values /usr/lib/python3/dist-packages/oslo_config/cfg.py:2609
2024-09-19 00:37:09.500 136202 DEBUG oslo_service.service [req-a3a3197f-f99e-478b-b3bd-0955b737d2a3 - - - - -] api.vendordata_providers = ['StaticJSON'] log_opt_values /usr/lib/python3/dist-packages/oslo_config/cfg.py:2609
2024-09-19 00:37:09.501 136202 DEBUG oslo_service.service [req-a3a3197f-f99e-478b-b3bd-0955b737d2a3 - - - - -] cache.backend = dogpile.cache.null log_opt_values /usr/lib/python3/dist-packages/oslo_config/cfg.py:2609
2024-09-19 00:37:09.501 136202 DEBUG oslo_service.service [req-a3a3197f-f99e-478b-b3bd-0955b737d2a3 - - - - -] cache.backend_argument = **** log_opt_values /usr/lib/python3/dist-packages/oslo_config/cfg.py:2609
2024-09-19 00:37:09.501 136625 DEBUG oslo_messaging._drivers.amqpdriver [-] Listener is running poll /usr/lib/python3/dist-packages/oslo_messaging/_drivers/amqpdriver.py:343
2024-09-19 00:37:09.501 136202 DEBUG oslo_service.service [req-a3a3197f-f99e-478b-b3bd-0955b737d2a3 - - - - -] cache.config_prefix = cache.oslo log_opt_values /usr/lib/python3/dist-packages/oslo_config/cfg.py:2609
2024-09-19 00:37:09.502 136625 DEBUG oslo_messaging._drivers.amqpdriver [-] AMQPListener connection consume poll /usr/lib/python3/dist-packages/oslo_messaging/_drivers/amqpdriver.py:357
2024-09-19 00:37:09.502 136202 DEBUG oslo_service.service [req-a3a3197f-f99e-478b-b3bd-0955b737d2a3 - - - - -] cache.debug_cache_backend = False log_opt_values /usr/lib/python3/dist-packages/oslo_config/cfg.py:2609
2024-09-19 00:37:09.503 136202 DEBUG oslo_service.service [req-a3a3197f-f99e-478b-b3bd-0955b737d2a3 - - - - -] cache.enabled = False log_opt_values /usr/lib/python3/dist-packages/oslo_config/cfg.py:2609
2024-09-19 00:37:09.504 136202 DEBUG oslo_service.service [req-a3a3197f-f99e-478b-b3bd-0955b737d2a3 - - - - -] cache.expiration_time = 600 log_opt_values /usr/lib/python3/dist-packages/oslo_config/cfg.py:2609
2024-09-19 00:37:09.504 136202 DEBUG oslo_service.service [req-a3a3197f-f99e-478b-b3bd-0955b737d2a3 - - - - -] cache.memcache_dead_retry = 300 log_opt_values /usr/lib/python3/dist-packages/oslo_config/cfg.py:2609
2024-09-19 00:37:09.504 136202 DEBUG oslo_service.service [req-a3a3197f-f99e-478b-b3bd-0955b737d2a3 - - - - -] cache.memcache_pool_connection_get_timeout = 10 log_opt_values /usr/lib/python3/dist-packages/oslo_config/cfg.py:2609
2024-09-19 00:37:09.504 136202 DEBUG oslo_service.service [req-a3a3197f-f99e-478b-b3bd-0955b737d2a3 - - - - -] cache.memcache_pool_flush_on_reconnect = False log_opt_values /usr/lib/python3/dist-packages/oslo_config/cfg.py:2609
2024-09-19 00:37:09.504 136625 DEBUG nova.service [req-a98ecd83-b95b-4a9e-90f9-92d621f7acee - - - - -] Join ServiceGroup membership for this service conductor start /usr/lib/python3/dist-packages/nova/service.py:199
