2024-09-19 00:37:09.505 136202 DEBUG oslo_service.service [req-a3a3197f-f99e-478b-b3bd-0955b737d2a3 - - - - -] cache.memcache_pool_maxsize = 10 log_opt_values /usr/lib/python3/dist-packages/oslo_config/cfg.py:2609
2024-09-19 00:37:09.505 136625 DEBUG nova.servicegroup.drivers.db [req-a98ecd83-b95b-4a9e-90f9-92d621f7acee - - - - -] DB_Driver: join new ServiceGroup member juju-a907bb-0-lxd-7 to the conductor group, service = join /usr/lib/python3/dist-packages/nova/servicegroup/drivers/db.py:44
2024-09-19 00:37:09.505 136202 DEBUG oslo_service.service [req-a3a3197f-f99e-478b-b3bd-0955b737d2a3 - - - - -] cache.memcache_pool_unused_timeout = 60 log_opt_values /usr/lib/python3/dist-packages/oslo_config/cfg.py:2609
2024-09-19 00:37:09.505 136622 DEBUG oslo_messaging._drivers.amqpdriver [req-a0d2f12e-28e4-47f8-b754-2f4774049692 - - - - -] sending reply msg_id: 50b0b2d202544a2481a79eceeae5dec3 reply queue: reply_abb8df6fdfe1428ba8b425c4109efbe6 time elapsed: 0.02767302799998106s _send_reply /usr/lib/python3/dist-packages/oslo_messaging/_drivers/amqpdriver.py:118
2024-09-19 00:37:09.505 136202 DEBUG oslo_service.service [req-a3a3197f-f99e-478b-b3bd-0955b737d2a3 - - - - -] cache.memcache_servers = ['localhost:11211'] log_opt_values /usr/lib/python3/dist-packages/oslo_config/cfg.py:2609
2024-09-19 00:37:09.505 136202 DEBUG oslo_service.service [req-a3a3197f-f99e-478b-b3bd-0955b737d2a3 - - - - -] cache.memcache_socket_timeout = 1.0 log_opt_values /usr/lib/python3/dist-packages/oslo_config/cfg.py:2609
2024-09-19 00:37:09.505 136202 DEBUG oslo_service.service [req-a3a3197f-f99e-478b-b3bd-0955b737d2a3 - - - - -] cache.proxies = [] log_opt_values /usr/lib/python3/dist-packages/oslo_config/cfg.py:2609
2024-09-19 00:37:09.506 136202 DEBUG oslo_service.service [req-a3a3197f-f99e-478b-b3bd-0955b737d2a3 - - - - -] cache.tls_allowed_ciphers = None log_opt_values /usr/lib/python3/dist-packages/oslo_config/cfg.py:2609
2024-09-19 00:37:09.506 136202 DEBUG oslo_service.service [req-a3a3197f-f99e-478b-b3bd-0955b737d2a3 - - - - -] cache.tls_cafile = None log_opt_values /usr/lib/python3/dist-packages/oslo_config/cfg.py:2609
2024-09-19 00:37:09.506 136202 DEBUG oslo_service.service [req-a3a3197f-f99e-478b-b3bd-0955b737d2a3 - - - - -] cache.tls_certfile = None log_opt_values /usr/lib/python3/dist-packages/oslo_config/cfg.py:2609
2024-09-19 00:37:09.506 136202 DEBUG oslo_service.service [req-a3a3197f-f99e-478b-b3bd-0955b737d2a3 - - - - -] cache.tls_enabled = False log_opt_values /usr/lib/python3/dist-packages/oslo_config/cfg.py:2609
2024-09-19 00:37:09.506 136202 DEBUG oslo_service.service [req-a3a3197f-f99e-478b-b3bd-0955b737d2a3 - - - - -] cache.tls_keyfile = None log_opt_values /usr/lib/python3/dist-packages/oslo_config/cfg.py:2609
2024-09-19 00:37:09.507 136202 DEBUG oslo_service.service [req-a3a3197f-f99e-478b-b3bd-0955b737d2a3 - - - - -] cinder.auth_section = None log_opt_values /usr/lib/python3/dist-packages/oslo_config/cfg.py:2609
2024-09-19 00:37:09.507 136202 DEBUG oslo_service.service [req-a3a3197f-f99e-478b-b3bd-0955b737d2a3 - - - - -] cinder.auth_type = None log_opt_values /usr/lib/python3/dist-packages/oslo_config/cfg.py:2609
2024-09-19 00:37:09.507 136202 DEBUG oslo_service.service [req-a3a3197f-f99e-478b-b3bd-0955b737d2a3 - - - - -] cinder.cafile = None log_opt_values /usr/lib/python3/dist-packages/oslo_config/cfg.py:2609
2024-09-19 00:37:09.507 136202 DEBUG oslo_service.service [req-a3a3197f-f99e-478b-b3bd-0955b737d2a3 - - - - -] cinder.catalog_info = volumev3::publicURL log_opt_values /usr/lib/python3/dist-packages/oslo_config/cfg.py:2609
2024-09-19 00:37:09.507 136202 DEBUG oslo_service.service [req-a3a3197f-f99e-478b-b3bd-0955b737d2a3 - - - - -] cinder.certfile = None log_opt_values /usr/lib/python3/dist-packages/oslo_config/cfg.py:2609
2024-09-19 00:37:09.508 136202 DEBUG oslo_service.service [req-a3a3197f-f99e-478b-b3bd-0955b737d2a3 - - - - -] cinder.collect_timing = False log_opt_values /usr/lib/python3/dist-packages/oslo_config/cfg.py:2609
2024-09-19 00:37:09.508 136202 DEBUG oslo_service.service [req-a3a3197f-f99e-478b-b3bd-0955b737d2a3 - - - - -] cinder.cross_az_attach = True log_opt_values /usr/lib/python3/dist-packages/oslo_config/cfg.py:2609
2024-09-19 00:37:09.508 136202 DEBUG oslo_service.service [req-a3a3197f-f99e-478b-b3bd-0955b737d2a3 - - - - -] cinder.debug = False log_opt_values /usr/lib/python3/dist-packages/oslo_config/cfg.py:2609
2024-09-19 00:37:09.509 136625 DEBUG oslo_messaging._drivers.amqpdriver [-] AMQPListener connection timeout poll /usr/lib/python3/dist-packages/oslo_messaging/_drivers/amqpdriver.py:360
2024-09-19 00:37:09.509 136202 DEBUG oslo_service.service [req-a3a3197f-f99e-478b-b3bd-0955b737d2a3 - - - - -] cinder.endpoint_template = None log_opt_values /usr/lib/python3/dist-packages/oslo_config/cfg.py:2609
2024-09-19 00:37:09.509 136625 DEBUG oslo_messaging._drivers.amqpdriver [-] Listener is running poll /usr/lib/python3/dist-packages/oslo_messaging/_drivers/amqpdriver.py:343
2024-09-19 00:37:09.509 136625 DEBUG oslo_messaging._drivers.amqpdriver [-] AMQPListener connection consume poll /usr/lib/python3/dist-packages/oslo_messaging/_drivers/amqpdriver.py:357
2024-09-19 00:37:09.510 136202 DEBUG oslo_service.service [req-a3a3197f-f99e-478b-b3bd-0955b737d2a3 - - - - -] cinder.http_retries = 3 log_opt_values /usr/lib/python3/dist-packages/oslo_config/cfg.py:2609
2024-09-19 00:37:09.510 136622 DEBUG oslo_messaging._drivers.amqpdriver [-] received message msg_id: 221963f163a74c70a81c3c7053bf783c reply to reply_abb8df6fdfe1428ba8b425c4109efbe6 __call__ /usr/lib/python3/dist-packages/oslo_messaging/_drivers/amqpdriver.py:320
2024-09-19 00:37:09.510 136202 DEBUG oslo_service.service [req-a3a3197f-f99e-478b-b3bd-0955b737d2a3 - - - - -] cinder.insecure = False log_opt_values /usr/lib/python3/dist-packages/oslo_config/cfg.py:2609
2024-09-19 00:37:09.510 136622 DEBUG oslo_messaging._drivers.amqpdriver [-] Listener is running poll /usr/lib/python3/dist-packages/oslo_messaging/_drivers/amqpdriver.py:343
2024-09-19 00:37:09.510 136202 DEBUG oslo_service.service [req-a3a3197f-f99e-478b-b3bd-0955b737d2a3 - - - - -] cinder.keyfile = None log_opt_values /usr/lib/python3/dist-packages/oslo_config/cfg.py:2609
2024-09-19 00:37:09.510 136622 DEBUG oslo_messaging._drivers.amqpdriver [-] Poll the incoming message with unique_id: 81e544d7a6db440badab9ad6699a3812 poll /usr/lib/python3/dist-packages/oslo_messaging/_drivers/amqpdriver.py:346
2024-09-19 00:37:09.511 136622 DEBUG oslo_messaging._drivers.amqpdriver [-] Listener is running poll /usr/lib/python3/dist-packages/oslo_messaging/_drivers/amqpdriver.py:343
2024-09-19 00:37:09.511 136622 DEBUG oslo_messaging._drivers.amqpdriver [-] AMQPListener connection consume poll /usr/lib/python3/dist-packages/oslo_messaging/_drivers/amqpdriver.py:357
2024-09-19 00:37:09.510 136202 DEBUG oslo_service.service [req-a3a3197f-f99e-478b-b3bd-0955b737d2a3 - - - - -] cinder.os_region_name = None log_opt_values /usr/lib/python3/dist-packages/oslo_config/cfg.py:2609
2024-09-19 00:37:09.512 136202 DEBUG oslo_service.service [req-a3a3197f-f99e-478b-b3bd-0955b737d2a3 - - - - -] cinder.split_loggers = False log_opt_values /usr/lib/python3/dist-packages/oslo_config/cfg.py:2609
2024-09-19 00:37:09.513 136202 DEBUG oslo_service.service [req-a3a3197f-f99e-478b-b3bd-0955b737d2a3 - - - - -] cinder.timeout = None log_opt_values /usr/lib/python3/dist-packages/oslo_config/cfg.py:2609
2024-09-19 00:37:09.513 136202 DEBUG oslo_service.service [req-a3a3197f-f99e-478b-b3bd-0955b737d2a3 - - - - -] compute.consecutive_build_service_disable_threshold = 10 log_opt_values /usr/lib/python3/dist-packages/oslo_config/cfg.py:2609
2024-09-19 00:37:09.513 136202 DEBUG oslo_service.service [req-a3a3197f-f99e-478b-b3bd-0955b737d2a3 - - - - -] compute.cpu_dedicated_set = None log_opt_values /usr/lib/python3/dist-packages/oslo_config/cfg.py:2609
2024-09-19 00:37:09.513 136622 DEBUG oslo_messaging._drivers.amqpdriver [-] AMQPListener connection timeout poll /usr/lib/python3/dist-packages/oslo_messaging/_drivers/amqpdriver.py:360
2024-09-19 00:37:09.514 136202 DEBUG oslo_service.service [req-a3a3197f-f99e-478b-b3bd-0955b737d2a3 - - - - -] compute.cpu_shared_set = None log_opt_values /usr/lib/python3/dist-packages/oslo_config/cfg.py:2609
2024-09-19 00:37:09.514 136622 DEBUG oslo_messaging._drivers.amqpdriver [-] Listener is running poll /usr/lib/python3/dist-packages/oslo_messaging/_drivers/amqpdriver.py:343
2024-09-19 00:37:09.514 136622 DEBUG oslo_messaging._drivers.amqpdriver [-] AMQPListener connection consume poll /usr/lib/python3/dist-packages/oslo_messaging/_drivers/amqpdriver.py:357
2024-09-19 00:37:09.514 136202 DEBUG oslo_service.service [req-a3a3197f-f99e-478b-b3bd-0955b737d2a3 - - - - -] compute.image_type_exclude_list = [] log_opt_values /usr/lib/python3/dist-packages/oslo_config/cfg.py:2609
2024-09-19 00:37:09.514 136202 DEBUG oslo_service.service [req-a3a3197f-f99e-478b-b3bd-0955b737d2a3 - - - - -] compute.live_migration_wait_for_vif_plug = True log_opt_values /usr/lib/python3/dist-packages/oslo_config/cfg.py:2609
2024-09-19 00:37:09.514 136202 DEBUG oslo_service.service [req-a3a3197f-f99e-478b-b3bd-0955b737d2a3 - - - - -] compute.max_concurrent_disk_ops = 0 log_opt_values /usr/lib/python3/dist-packages/oslo_config/cfg.py:2609
2024-09-19 00:37:09.514 136202 DEBUG oslo_service.service [req-a3a3197f-f99e-478b-b3bd-0955b737d2a3 - - - - -] compute.max_disk_devices_to_attach = -1 log_opt_values /usr/lib/python3/dist-packages/oslo_config/cfg.py:2609
2024-09-19 00:37:09.515 136202 DEBUG oslo_service.service [req-a3a3197f-f99e-478b-b3bd-0955b737d2a3 - - - - -] compute.packing_host_numa_cells_allocation_strategy = True log_opt_values /usr/lib/python3/dist-packages/oslo_config/cfg.py:2609
2024-09-19 00:37:09.515 136202 DEBUG oslo_service.service [req-a3a3197f-f99e-478b-b3bd-0955b737d2a3 - - - - -] compute.provider_config_location = /etc/nova/provider_config/ log_opt_values /usr/lib/python3/dist-packages/oslo_config/cfg.py:2609
2024-09-19 00:37:09.515 136202 DEBUG oslo_service.service [req-a3a3197f-f99e-478b-b3bd-0955b737d2a3 - - - - -] compute.resource_provider_association_refresh = 300 log_opt_values /usr/lib/python3/dist-packages/oslo_config/cfg.py:2609
2024-09-19 00:37:09.515 136202 DEBUG oslo_service.service [req-a3a3197f-f99e-478b-b3bd-0955b737d2a3 - - - - -] compute.shutdown_retry_interval = 10 log_opt_values /usr/lib/python3/dist-packages/oslo_config/cfg.py:2609
2024-09-19 00:37:09.516 136202 DEBUG oslo_service.service [req-a3a3197f-f99e-478b-b3bd-0955b737d2a3 - - - - -] compute.vmdk_allowed_types = ['streamOptimized', 'monolithicSparse'] log_opt_values /usr/lib/python3/dist-packages/oslo_config/cfg.py:2609
2024-09-19 00:37:09.516 136202 DEBUG oslo_service.service [req-a3a3197f-f99e-478b-b3bd-0955b737d2a3 - - - - -] conductor.workers = 4 log_opt_values /usr/lib/python3/dist-packages/oslo_config/cfg.py:2609
2024-09-19 00:37:09.516 136202 DEBUG oslo_service.service [req-a3a3197f-f99e-478b-b3bd-0955b737d2a3 - - - - -] console.allowed_origins = [] log_opt_values /usr/lib/python3/dist-packages/oslo_config/cfg.py:2609
2024-09-19 00:37:09.516 136202 DEBUG oslo_service.service [req-a3a3197f-f99e-478b-b3bd-0955b737d2a3 - - - - -] console.ssl_ciphers = None log_opt_values /usr/lib/python3/dist-packages/oslo_config/cfg.py:2609
2024-09-19 00:37:09.517 136202 DEBUG oslo_service.service [req-a3a3197f-f99e-478b-b3bd-0955b737d2a3 - - - - -] console.ssl_minimum_version = default log_opt_values /usr/lib/python3/dist-packages/oslo_config/cfg.py:2609
2024-09-19 00:37:09.517 136202 DEBUG oslo_service.service [req-a3a3197f-f99e-478b-b3bd-0955b737d2a3 - - - - -] consoleauth.token_ttl = 600 log_opt_values /usr/lib/python3/dist-packages/oslo_config/cfg.py:2609
2024-09-19 00:37:09.517 136202 DEBUG oslo_service.service [req-a3a3197f-f99e-478b-b3bd-0955b737d2a3 - - - - -] cyborg.cafile = None log_opt_values /usr/lib/python3/dist-packages/oslo_config/cfg.py:2609
2024-09-19 00:37:09.517 136202 DEBUG oslo_service.service [req-a3a3197f-f99e-478b-b3bd-0955b737d2a3 - - - - -] cyborg.certfile = None log_opt_values /usr/lib/python3/dist-packages/oslo_config/cfg.py:2609
2024-09-19 00:37:09.518 136202 DEBUG oslo_service.service [req-a3a3197f-f99e-478b-b3bd-0955b737d2a3 - - - - -] cyborg.collect_timing = False log_opt_values /usr/lib/python3/dist-packages/oslo_config/cfg.py:2609
2024-09-19 00:37:09.518 136202 DEBUG oslo_service.service [req-a3a3197f-f99e-478b-b3bd-0955b737d2a3 - - - - -] cyborg.connect_retries = None log_opt_values /usr/lib/python3/dist-packages/oslo_config/cfg.py:2609
2024-09-19 00:37:09.518 136202 DEBUG oslo_service.service [req-a3a3197f-f99e-478b-b3bd-0955b737d2a3 - - - - -] cyborg.connect_retry_delay = None log_opt_values /usr/lib/python3/dist-packages/oslo_config/cfg.py:2609
2024-09-19 00:37:09.519 136202 DEBUG oslo_service.service [req-a3a3197f-f99e-478b-b3bd-0955b737d2a3 - - - - -] cyborg.endpoint_override = None log_opt_values /usr/lib/python3/dist-packages/oslo_config/cfg.py:2609
2024-09-19 00:37:09.519 136202 DEBUG oslo_service.service [req-a3a3197f-f99e-478b-b3bd-0955b737d2a3 - - - - -] cyborg.insecure = False log_opt_values /usr/lib/python3/dist-packages/oslo_config/cfg.py:2609
2024-09-19 00:37:09.519 136202 DEBUG oslo_service.service [req-a3a3197f-f99e-478b-b3bd-0955b737d2a3 - - - - -] cyborg.keyfile = None log_opt_values /usr/lib/python3/dist-packages/oslo_config/cfg.py:2609
2024-09-19 00:37:09.520 136202 DEBUG oslo_service.service [req-a3a3197f-f99e-478b-b3bd-0955b737d2a3 - - - - -] cyborg.max_version = None log_opt_values /usr/lib/python3/dist-packages/oslo_config/cfg.py:2609
2024-09-19 00:37:09.520 136202 DEBUG oslo_service.service [req-a3a3197f-f99e-478b-b3bd-0955b737d2a3 - - - - -] cyborg.min_version = None log_opt_values /usr/lib/python3/dist-packages/oslo_config/cfg.py:2609
2024-09-19 00:37:09.520 136202 DEBUG oslo_service.service [req-a3a3197f-f99e-478b-b3bd-0955b737d2a3 - - - - -] cyborg.region_name = None log_opt_values /usr/lib/python3/dist-packages/oslo_config/cfg.py:2609
2024-09-19 00:37:09.520 136202 DEBUG oslo_service.service [req-a3a3197f-f99e-478b-b3bd-0955b737d2a3 - - - - -] cyborg.service_name = None log_opt_values /usr/lib/python3/dist-packages/oslo_config/cfg.py:2609
2024-09-19 00:37:09.520 136202 DEBUG oslo_service.service [req-a3a3197f-f99e-478b-b3bd-0955b737d2a3 - - - - -] cyborg.service_type = accelerator log_opt_values /usr/lib/python3/dist-packages/oslo_config/cfg.py:2609
2024-09-19 00:37:09.520 136202 DEBUG oslo_service.service [req-a3a3197f-f99e-478b-b3bd-0955b737d2a3 - - - - -] cyborg.split_loggers = False log_opt_values /usr/lib/python3/dist-packages/oslo_config/cfg.py:2609
2024-09-19 00:37:09.521 136202 DEBUG oslo_service.service [req-a3a3197f-f99e-478b-b3bd-0955b737d2a3 - - - - -] cyborg.status_code_retries = None log_opt_values /usr/lib/python3/dist-packages/oslo_config/cfg.py:2609
2024-09-19 00:37:09.521 136202 DEBUG oslo_service.service [req-a3a3197f-f99e-478b-b3bd-0955b737d2a3 - - - - -] cyborg.status_code_retry_delay = None log_opt_values /usr/lib/python3/dist-packages/oslo_config/cfg.py:2609
2024-09-19 00:37:09.521 136202 DEBUG oslo_service.service [req-a3a3197f-f99e-478b-b3bd-0955b737d2a3 - - - - -] cyborg.timeout = None log_opt_values /usr/lib/python3/dist-packages/oslo_config/cfg.py:2609
2024-09-19 00:37:09.521 136202 DEBUG oslo_service.service [req-a3a3197f-f99e-478b-b3bd-0955b737d2a3 - - - - -] cyborg.valid_interfaces = ['internal', 'public'] log_opt_values /usr/lib/python3/dist-packages/oslo_config/cfg.py:2609
2024-09-19 00:37:09.521 136202 DEBUG oslo_service.service [req-a3a3197f-f99e-478b-b3bd-0955b737d2a3 - - - - -] cyborg.version = None log_opt_values /usr/lib/python3/dist-packages/oslo_config/cfg.py:2609
2024-09-19 00:37:09.521 136202 DEBUG oslo_service.service [req-a3a3197f-f99e-478b-b3bd-0955b737d2a3 - - - - -] database.backend = sqlalchemy log_opt_values /usr/lib/python3/dist-packages/oslo_config/cfg.py:2609
2024-09-19 00:37:09.522 136202 DEBUG oslo_service.service [req-a3a3197f-f99e-478b-b3bd-0955b737d2a3 - - - - -] database.connection = **** log_opt_values /usr/lib/python3/dist-packages/oslo_config/cfg.py:2609
2024-09-19 00:37:09.522 136202 DEBUG oslo_service.service [req-a3a3197f-f99e-478b-b3bd-0955b737d2a3 - - - - -] database.connection_debug = 0 log_opt_values /usr/lib/python3/dist-packages/oslo_config/cfg.py:2609
2024-09-19 00:37:09.522 136202 DEBUG oslo_service.service [req-a3a3197f-f99e-478b-b3bd-0955b737d2a3 - - - - -] database.connection_parameters = log_opt_values /usr/lib/python3/dist-packages/oslo_config/cfg.py:2609
2024-09-19 00:37:09.523 136202 DEBUG oslo_service.service [req-a3a3197f-f99e-478b-b3bd-0955b737d2a3 - - - - -] database.connection_recycle_time = 3600 log_opt_values /usr/lib/python3/dist-packages/oslo_config/cfg.py:2609
2024-09-19 00:37:09.523 136202 DEBUG oslo_service.service [req-a3a3197f-f99e-478b-b3bd-0955b737d2a3 - - - - -] database.connection_trace = False log_opt_values /usr/lib/python3/dist-packages/oslo_config/cfg.py:2609
2024-09-19 00:37:09.523 136202 DEBUG oslo_service.service [req-a3a3197f-f99e-478b-b3bd-0955b737d2a3 - - - - -] database.db_inc_retry_interval = True log_opt_values /usr/lib/python3/dist-packages/oslo_config/cfg.py:2609
2024-09-19 00:37:09.524 136202 DEBUG oslo_service.service [req-a3a3197f-f99e-478b-b3bd-0955b737d2a3 - - - - -] database.db_max_retries = 20 log_opt_values /usr/lib/python3/dist-packages/oslo_config/cfg.py:2609
2024-09-19 00:37:09.524 136202 DEBUG oslo_service.service [req-a3a3197f-f99e-478b-b3bd-0955b737d2a3 - - - - -] database.db_max_retry_interval = 10 log_opt_values /usr/lib/python3/dist-packages/oslo_config/cfg.py:2609
2024-09-19 00:37:09.524 136202 DEBUG oslo_service.service [req-a3a3197f-f99e-478b-b3bd-0955b737d2a3 - - - - -] database.db_retry_interval = 1 log_opt_values /usr/lib/python3/dist-packages/oslo_config/cfg.py:2609
2024-09-19 00:37:09.524 136202 DEBUG oslo_service.service [req-a3a3197f-f99e-478b-b3bd-0955b737d2a3 - - - - -] database.max_overflow = 50 log_opt_values /usr/lib/python3/dist-packages/oslo_config/cfg.py:2609
2024-09-19 00:37:09.525 136202 DEBUG oslo_service.service [req-a3a3197f-f99e-478b-b3bd-0955b737d2a3 - - - - -] database.max_pool_size = 4 log_opt_values /usr/lib/python3/dist-packages/oslo_config/cfg.py:2609
2024-09-19 00:37:09.525 136202 DEBUG oslo_service.service [req-a3a3197f-f99e-478b-b3bd-0955b737d2a3 - - - - -] database.max_retries = 10 log_opt_values /usr/lib/python3/dist-packages/oslo_config/cfg.py:2609
2024-09-19 00:37:09.525 136622 DEBUG oslo_messaging._drivers.amqpdriver [req-33352933-34a6-4c48-98f2-840f29ee6b72 - - - - -] sending reply msg_id: 221963f163a74c70a81c3c7053bf783c reply queue: reply_abb8df6fdfe1428ba8b425c4109efbe6 time elapsed: 0.01463904599995658s _send_reply /usr/lib/python3/dist-packages/oslo_messaging/_drivers/amqpdriver.py:118
2024-09-19 00:37:09.525 136202 DEBUG oslo_service.service [req-a3a3197f-f99e-478b-b3bd-0955b737d2a3 - - - - -] database.mysql_enable_ndb = False log_opt_values /usr/lib/python3/dist-packages/oslo_config/cfg.py:2609
2024-09-19 00:37:09.525 136202 DEBUG oslo_service.service [req-a3a3197f-f99e-478b-b3bd-0955b737d2a3 - - - - -] database.mysql_sql_mode = TRADITIONAL log_opt_values /usr/lib/python3/dist-packages/oslo_config/cfg.py:2609
2024-09-19 00:37:09.525 136202 DEBUG oslo_service.service [req-a3a3197f-f99e-478b-b3bd-0955b737d2a3 - - - - -] database.pool_timeout = None log_opt_values /usr/lib/python3/dist-packages/oslo_config/cfg.py:2609
2024-09-19 00:37:09.526 136202 DEBUG oslo_service.service [req-a3a3197f-f99e-478b-b3bd-0955b737d2a3 - - - - -] database.retry_interval = 10 log_opt_values /usr/lib/python3/dist-packages/oslo_config/cfg.py:2609
2024-09-19 00:37:09.526 136202 DEBUG oslo_service.service [req-a3a3197f-f99e-478b-b3bd-0955b737d2a3 - - - - -] database.slave_connection = **** log_opt_values /usr/lib/python3/dist-packages/oslo_config/cfg.py:2609
2024-09-19 00:37:09.526 136202 DEBUG oslo_service.service [req-a3a3197f-f99e-478b-b3bd-0955b737d2a3 - - - - -] database.sqlite_synchronous = True log_opt_values /usr/lib/python3/dist-packages/oslo_config/cfg.py:2609
2024-09-19 00:37:09.526 136202 DEBUG oslo_service.service [req-a3a3197f-f99e-478b-b3bd-0955b737d2a3 - - - - -] database.use_db_reconnect = False log_opt_values /usr/lib/python3/dist-packages/oslo_config/cfg.py:2609
2024-09-19 00:37:09.526 136202 DEBUG oslo_service.service [req-a3a3197f-f99e-478b-b3bd-0955b737d2a3 - - - - -] api_database.backend = sqlalchemy log_opt_values /usr/lib/python3/dist-packages/oslo_config/cfg.py:2609
2024-09-19 00:37:09.527 136202 DEBUG oslo_service.service [req-a3a3197f-f99e-478b-b3bd-0955b737d2a3 - - - - -] api_database.connection = **** log_opt_values /usr/lib/python3/dist-packages/oslo_config/cfg.py:2609
2024-09-19 00:37:09.527 136202 DEBUG oslo_service.service [req-a3a3197f-f99e-478b-b3bd-0955b737d2a3 - - - - -] api_database.connection_debug = 0 log_opt_values /usr/lib/python3/dist-packages/oslo_config/cfg.py:2609
2024-09-19 00:37:09.527 136202 DEBUG oslo_service.service [req-a3a3197f-f99e-478b-b3bd-0955b737d2a3 - - - - -] api_database.connection_parameters = log_opt_values /usr/lib/python3/dist-packages/oslo_config/cfg.py:2609
2024-09-19 00:37:09.527 136202 DEBUG oslo_service.service [req-a3a3197f-f99e-478b-b3bd-0955b737d2a3 - - - - -] api_database.connection_recycle_time = 3600 log_opt_values /usr/lib/python3/dist-packages/oslo_config/cfg.py:2609
2024-09-19 00:37:09.527 136202 DEBUG oslo_service.service [req-a3a3197f-f99e-478b-b3bd-0955b737d2a3 - - - - -] api_database.connection_trace = False log_opt_values /usr/lib/python3/dist-packages/oslo_config/cfg.py:2609
2024-09-19 00:37:09.528 136202 DEBUG oslo_service.service [req-a3a3197f-f99e-478b-b3bd-0955b737d2a3 - - - - -] api_database.db_inc_retry_interval = True log_opt_values /usr/lib/python3/dist-packages/oslo_config/cfg.py:2609
2024-09-19 00:37:09.528 136202 DEBUG oslo_service.service [req-a3a3197f-f99e-478b-b3bd-0955b737d2a3 - - - - -] api_database.db_max_retries = 20 log_opt_values /usr/lib/python3/dist-packages/oslo_config/cfg.py:2609
2024-09-19 00:37:09.528 136202 DEBUG oslo_service.service [req-a3a3197f-f99e-478b-b3bd-0955b737d2a3 - - - - -] api_database.db_max_retry_interval = 10 log_opt_values /usr/lib/python3/dist-packages/oslo_config/cfg.py:2609
2024-09-19 00:37:09.528 136202 DEBUG oslo_service.service [req-a3a3197f-f99e-478b-b3bd-0955b737d2a3 - - - - -] api_database.db_retry_interval = 1 log_opt_values /usr/lib/python3/dist-packages/oslo_config/cfg.py:2609
2024-09-19 00:37:09.529 136202 DEBUG oslo_service.service [req-a3a3197f-f99e-478b-b3bd-0955b737d2a3 - - - - -] api_database.max_overflow = 50 log_opt_values /usr/lib/python3/dist-packages/oslo_config/cfg.py:2609
2024-09-19 00:37:09.529 136202 DEBUG oslo_service.service [req-a3a3197f-f99e-478b-b3bd-0955b737d2a3 - - - - -] api_database.max_pool_size = 4 log_opt_values /usr/lib/python3/dist-packages/oslo_config/cfg.py:2609
2024-09-19 00:37:09.530 136202 DEBUG oslo_service.service [req-a3a3197f-f99e-478b-b3bd-0955b737d2a3 - - - - -] api_database.max_retries = 10 log_opt_values /usr/lib/python3/dist-packages/oslo_config/cfg.py:2609
2024-09-19 00:37:09.530 136202 DEBUG oslo_service.service [req-a3a3197f-f99e-478b-b3bd-0955b737d2a3 - - - - -] api_database.mysql_enable_ndb = False log_opt_values /usr/lib/python3/dist-packages/oslo_config/cfg.py:2609
2024-09-19 00:37:09.530 136202 DEBUG oslo_service.service [req-a3a3197f-f99e-478b-b3bd-0955b737d2a3 - - - - -] api_database.mysql_sql_mode = TRADITIONAL log_opt_values /usr/lib/python3/dist-packages/oslo_config/cfg.py:2609
2024-09-19 00:37:09.530 136623 DEBUG oslo_messaging._drivers.amqpdriver [-] received message msg_id: 7c0cd2a35fca44b2a5894861a33fe2bc reply to reply_abb8df6fdfe1428ba8b425c4109efbe6 __call__ /usr/lib/python3/dist-packages/oslo_messaging/_drivers/amqpdriver.py:320
2024-09-19 00:37:09.531 136202 DEBUG oslo_service.service [req-a3a3197f-f99e-478b-b3bd-0955b737d2a3 - - - - -] api_database.pool_timeout = None log_opt_values /usr/lib/python3/dist-packages/oslo_config/cfg.py:2609
2024-09-19 00:37:09.531 136202 DEBUG oslo_service.service [req-a3a3197f-f99e-478b-b3bd-0955b737d2a3 - - - - -] api_database.retry_interval = 10 log_opt_values /usr/lib/python3/dist-packages/oslo_config/cfg.py:2609
2024-09-19 00:37:09.531 136623 DEBUG oslo_messaging._drivers.amqpdriver [-] Listener is running poll /usr/lib/python3/dist-packages/oslo_messaging/_drivers/amqpdriver.py:343
2024-09-19 00:37:09.531 136623 DEBUG oslo_messaging._drivers.amqpdriver [-] Poll the incoming message with unique_id: 0d0406d370024046bfab079e635498dd poll /usr/lib/python3/dist-packages/oslo_messaging/_drivers/amqpdriver.py:346
2024-09-19 00:37:09.531 136202 DEBUG oslo_service.service [req-a3a3197f-f99e-478b-b3bd-0955b737d2a3 - - - - -] api_database.slave_connection = **** log_opt_values /usr/lib/python3/dist-packages/oslo_config/cfg.py:2609
2024-09-19 00:37:09.531 136623 DEBUG oslo_messaging._drivers.amqpdriver [-] Listener is running poll /usr/lib/python3/dist-packages/oslo_messaging/_drivers/amqpdriver.py:343
2024-09-19 00:37:09.531 136623 DEBUG oslo_messaging._drivers.amqpdriver [-] AMQPListener connection consume poll /usr/lib/python3/dist-packages/oslo_messaging/_drivers/amqpdriver.py:357
2024-09-19 00:37:09.531 136202 DEBUG oslo_service.service [req-a3a3197f-f99e-478b-b3bd-0955b737d2a3 - - - - -] api_database.sqlite_synchronous = True log_opt_values /usr/lib/python3/dist-packages/oslo_config/cfg.py:2609
2024-09-19 00:37:09.532 136202 DEBUG oslo_service.service [req-a3a3197f-f99e-478b-b3bd-0955b737d2a3 - - - - -] devices.enabled_mdev_types = [] log_opt_values /usr/lib/python3/dist-packages/oslo_config/cfg.py:2609
2024-09-19 00:37:09.532 136202 DEBUG oslo_service.service [req-a3a3197f-f99e-478b-b3bd-0955b737d2a3 - - - - -] ephemeral_storage_encryption.cipher = aes-xts-plain64 log_opt_values /usr/lib/python3/dist-packages/oslo_config/cfg.py:2609
2024-09-19 00:37:09.532 136202 DEBUG oslo_service.service [req-a3a3197f-f99e-478b-b3bd-0955b737d2a3 - - - - -] ephemeral_storage_encryption.enabled = False log_opt_values /usr/lib/python3/dist-packages/oslo_config/cfg.py:2609
2024-09-19 00:37:09.532 136202 DEBUG oslo_service.service [req-a3a3197f-f99e-478b-b3bd-0955b737d2a3 - - - - -] ephemeral_storage_encryption.key_size = 512 log_opt_values /usr/lib/python3/dist-packages/oslo_config/cfg.py:2609
2024-09-19 00:37:09.533 136202 WARNING oslo_config.cfg [req-a3a3197f-f99e-478b-b3bd-0955b737d2a3 - - - - -] Deprecated: Option "api_servers" from group "glance" is deprecated for removal ( Support for image service configuration via standard keystoneauth1 Adapter options was added in the 17.0.0 Queens release. The api_servers option was retained temporarily to allow consumers time to cut over to a real load balancing solution. ). Its value may be silently ignored in the future.
2024-09-19 00:37:09.533 136202 DEBUG oslo_service.service [req-a3a3197f-f99e-478b-b3bd-0955b737d2a3 - - - - -] glance.api_servers = ['http://252.36.164.4:9292'] log_opt_values /usr/lib/python3/dist-packages/oslo_config/cfg.py:2609
2024-09-19 00:37:09.534 136202 DEBUG oslo_service.service [req-a3a3197f-f99e-478b-b3bd-0955b737d2a3 - - - - -] glance.cafile = None log_opt_values /usr/lib/python3/dist-packages/oslo_config/cfg.py:2609
2024-09-19 00:37:09.534 136202 DEBUG oslo_service.service [req-a3a3197f-f99e-478b-b3bd-0955b737d2a3 - - - - -] glance.certfile = None log_opt_values /usr/lib/python3/dist-packages/oslo_config/cfg.py:2609
2024-09-19 00:37:09.534 136202 DEBUG oslo_service.service [req-a3a3197f-f99e-478b-b3bd-0955b737d2a3 - - - - -] glance.collect_timing = False log_opt_values /usr/lib/python3/dist-packages/oslo_config/cfg.py:2609
2024-09-19 00:37:09.534 136202 DEBUG oslo_service.service [req-a3a3197f-f99e-478b-b3bd-0955b737d2a3 - - - - -] glance.connect_retries = None log_opt_values /usr/lib/python3/dist-packages/oslo_config/cfg.py:2609
2024-09-19 00:37:09.534 136623 DEBUG oslo_messaging._drivers.amqpdriver [-] AMQPListener connection timeout poll /usr/lib/python3/dist-packages/oslo_messaging/_drivers/amqpdriver.py:360
2024-09-19 00:37:09.535 136623 DEBUG oslo_messaging._drivers.amqpdriver [-] Listener is running poll /usr/lib/python3/dist-packages/oslo_messaging/_drivers/amqpdriver.py:343
2024-09-19 00:37:09.535 136202 DEBUG oslo_service.service [req-a3a3197f-f99e-478b-b3bd-0955b737d2a3 - - - - -] glance.connect_retry_delay = None log_opt_values /usr/lib/python3/dist-packages/oslo_config/cfg.py:2609
2024-09-19 00:37:09.535 136623 DEBUG oslo_messaging._drivers.amqpdriver [-] AMQPListener connection consume poll /usr/lib/python3/dist-packages/oslo_messaging/_drivers/amqpdriver.py:357
2024-09-19 00:37:09.535 136202 DEBUG oslo_service.service [req-a3a3197f-f99e-478b-b3bd-0955b737d2a3 - - - - -] glance.debug = False log_opt_values /usr/lib/python3/dist-packages/oslo_config/cfg.py:2609
2024-09-19 00:37:09.535 136202 DEBUG oslo_service.service [req-a3a3197f-f99e-478b-b3bd-0955b737d2a3 - - - - -] glance.default_trusted_certificate_ids = [] log_opt_values /usr/lib/python3/dist-packages/oslo_config/cfg.py:2609
2024-09-19 00:37:09.535 136202 DEBUG oslo_service.service [req-a3a3197f-f99e-478b-b3bd-0955b737d2a3 - - - - -] glance.enable_certificate_validation = False log_opt_values /usr/lib/python3/dist-packages/oslo_config/cfg.py:2609
2024-09-19 00:37:09.535 136202 DEBUG oslo_service.service [req-a3a3197f-f99e-478b-b3bd-0955b737d2a3 - - - - -] glance.enable_rbd_download = False log_opt_values /usr/lib/python3/dist-packages/oslo_config/cfg.py:2609
2024-09-19 00:37:09.536 136202 DEBUG oslo_service.service [req-a3a3197f-f99e-478b-b3bd-0955b737d2a3 - - - - -] glance.endpoint_override = None log_opt_values /usr/lib/python3/dist-packages/oslo_config/cfg.py:2609
2024-09-19 00:37:09.536 136202 DEBUG oslo_service.service [req-a3a3197f-f99e-478b-b3bd-0955b737d2a3 - - - - -] glance.insecure = False log_opt_values /usr/lib/python3/dist-packages/oslo_config/cfg.py:2609
2024-09-19 00:37:09.536 136202 DEBUG oslo_service.service [req-a3a3197f-f99e-478b-b3bd-0955b737d2a3 - - - - -] glance.keyfile = None log_opt_values /usr/lib/python3/dist-packages/oslo_config/cfg.py:2609
2024-09-19 00:37:09.536 136202 DEBUG oslo_service.service [req-a3a3197f-f99e-478b-b3bd-0955b737d2a3 - - - - -] glance.max_version = None log_opt_values /usr/lib/python3/dist-packages/oslo_config/cfg.py:2609
2024-09-19 00:37:09.536 136202 DEBUG oslo_service.service [req-a3a3197f-f99e-478b-b3bd-0955b737d2a3 - - - - -] glance.min_version = None log_opt_values /usr/lib/python3/dist-packages/oslo_config/cfg.py:2609
2024-09-19 00:37:09.537 136202 DEBUG oslo_service.service [req-a3a3197f-f99e-478b-b3bd-0955b737d2a3 - - - - -] glance.num_retries = 3 log_opt_values /usr/lib/python3/dist-packages/oslo_config/cfg.py:2609
2024-09-19 00:37:09.537 136202 DEBUG oslo_service.service [req-a3a3197f-f99e-478b-b3bd-0955b737d2a3 - - - - -] glance.rbd_ceph_conf = log_opt_values /usr/lib/python3/dist-packages/oslo_config/cfg.py:2609
2024-09-19 00:37:09.537 136202 DEBUG oslo_service.service [req-a3a3197f-f99e-478b-b3bd-0955b737d2a3 - - - - -] glance.rbd_connect_timeout = 5 log_opt_values /usr/lib/python3/dist-packages/oslo_config/cfg.py:2609
2024-09-19 00:37:09.537 136202 DEBUG oslo_service.service [req-a3a3197f-f99e-478b-b3bd-0955b737d2a3 - - - - -] glance.rbd_pool = log_opt_values /usr/lib/python3/dist-packages/oslo_config/cfg.py:2609
2024-09-19 00:37:09.537 136202 DEBUG oslo_service.service [req-a3a3197f-f99e-478b-b3bd-0955b737d2a3 - - - - -] glance.rbd_user = log_opt_values /usr/lib/python3/dist-packages/oslo_config/cfg.py:2609
2024-09-19 00:37:09.538 136202 DEBUG oslo_service.service [req-a3a3197f-f99e-478b-b3bd-0955b737d2a3 - - - - -] glance.region_name = None log_opt_values /usr/lib/python3/dist-packages/oslo_config/cfg.py:2609
2024-09-19 00:37:09.538 136202 DEBUG oslo_service.service [req-a3a3197f-f99e-478b-b3bd-0955b737d2a3 - - - - -] glance.service_name = None log_opt_values /usr/lib/python3/dist-packages/oslo_config/cfg.py:2609
2024-09-19 00:37:09.538 136202 DEBUG oslo_service.service [req-a3a3197f-f99e-478b-b3bd-0955b737d2a3 - - - - -] glance.service_type = image log_opt_values /usr/lib/python3/dist-packages/oslo_config/cfg.py:2609
2024-09-19 00:37:09.538 136202 DEBUG oslo_service.service [req-a3a3197f-f99e-478b-b3bd-0955b737d2a3 - - - - -] glance.split_loggers = False log_opt_values /usr/lib/python3/dist-packages/oslo_config/cfg.py:2609
2024-09-19 00:37:09.538 136202 DEBUG oslo_service.service [req-a3a3197f-f99e-478b-b3bd-0955b737d2a3 - - - - -] glance.status_code_retries = None log_opt_values /usr/lib/python3/dist-packages/oslo_config/cfg.py:2609
2024-09-19 00:37:09.539 136202 DEBUG oslo_service.service [req-a3a3197f-f99e-478b-b3bd-0955b737d2a3 - - - - -] glance.status_code_retry_delay = None log_opt_values /usr/lib/python3/dist-packages/oslo_config/cfg.py:2609
2024-09-19 00:37:09.539 136202 DEBUG oslo_service.service [req-a3a3197f-f99e-478b-b3bd-0955b737d2a3 - - - - -] glance.timeout = None log_opt_values /usr/lib/python3/dist-packages/oslo_config/cfg.py:2609
2024-09-19 00:37:09.539 136202 DEBUG oslo_service.service [req-a3a3197f-f99e-478b-b3bd-0955b737d2a3 - - - - -] glance.valid_interfaces = ['internal', 'public'] log_opt_values /usr/lib/python3/dist-packages/oslo_config/cfg.py:2609
2024-09-19 00:37:09.539 136202 DEBUG oslo_service.service [req-a3a3197f-f99e-478b-b3bd-0955b737d2a3 - - - - -] glance.verify_glance_signatures = False log_opt_values /usr/lib/python3/dist-packages/oslo_config/cfg.py:2609
2024-09-19 00:37:09.540 136202 DEBUG oslo_service.service [req-a3a3197f-f99e-478b-b3bd-0955b737d2a3 - - - - -] glance.version = None log_opt_values /usr/lib/python3/dist-packages/oslo_config/cfg.py:2609
2024-09-19 00:37:09.540 136202 DEBUG oslo_service.service [req-a3a3197f-f99e-478b-b3bd-0955b737d2a3 - - - - -] guestfs.debug = False log_opt_values /usr/lib/python3/dist-packages/oslo_config/cfg.py:2609
2024-09-19 00:37:09.540 136202 DEBUG oslo_service.service [req-a3a3197f-f99e-478b-b3bd-0955b737d2a3 - - - - -] hyperv.config_drive_cdrom = False log_opt_values /usr/lib/python3/dist-packages/oslo_config/cfg.py:2609
2024-09-19 00:37:09.541 136202 DEBUG oslo_service.service [req-a3a3197f-f99e-478b-b3bd-0955b737d2a3 - - - - -] hyperv.config_drive_inject_password = False log_opt_values /usr/lib/python3/dist-packages/oslo_config/cfg.py:2609
2024-09-19 00:37:09.541 136202 DEBUG oslo_service.service [req-a3a3197f-f99e-478b-b3bd-0955b737d2a3 - - - - -] hyperv.dynamic_memory_ratio = 1.0 log_opt_values /usr/lib/python3/dist-packages/oslo_config/cfg.py:2609
2024-09-19 00:37:09.541 136202 DEBUG oslo_service.service [req-a3a3197f-f99e-478b-b3bd-0955b737d2a3 - - - - -] hyperv.enable_instance_metrics_collection = False log_opt_values /usr/lib/python3/dist-packages/oslo_config/cfg.py:2609
2024-09-19 00:37:09.541 136202 DEBUG oslo_service.service [req-a3a3197f-f99e-478b-b3bd-0955b737d2a3 - - - - -] hyperv.enable_remotefx = False log_opt_values /usr/lib/python3/dist-packages/oslo_config/cfg.py:2609
2024-09-19 00:37:09.541 136623 DEBUG oslo_messaging.rpc.server [req-33352933-34a6-4c48-98f2-840f29ee6b72 - - - - -] Expected exception during message handling () _process_incoming /usr/lib/python3/dist-packages/oslo_messaging/rpc/server.py:171
2024-09-19 00:37:09.542 136202 DEBUG oslo_service.service [req-a3a3197f-f99e-478b-b3bd-0955b737d2a3 - - - - -] hyperv.instances_path_share = log_opt_values /usr/lib/python3/dist-packages/oslo_config/cfg.py:2609
2024-09-19 00:37:09.542 136202 DEBUG oslo_service.service [req-a3a3197f-f99e-478b-b3bd-0955b737d2a3 - - - - -] hyperv.iscsi_initiator_list = [] log_opt_values /usr/lib/python3/dist-packages/oslo_config/cfg.py:2609
2024-09-19 00:37:09.542 136202 DEBUG oslo_service.service [req-a3a3197f-f99e-478b-b3bd-0955b737d2a3 - - - - -] hyperv.limit_cpu_features = False log_opt_values /usr/lib/python3/dist-packages/oslo_config/cfg.py:2609
2024-09-19 00:37:09.542 136202 DEBUG oslo_service.service [req-a3a3197f-f99e-478b-b3bd-0955b737d2a3 - - - - -] hyperv.mounted_disk_query_retry_count = 10 log_opt_values /usr/lib/python3/dist-packages/oslo_config/cfg.py:2609
2024-09-19 00:37:09.543 136202 DEBUG oslo_service.service [req-a3a3197f-f99e-478b-b3bd-0955b737d2a3 - - - - -] hyperv.mounted_disk_query_retry_interval = 5 log_opt_values /usr/lib/python3/dist-packages/oslo_config/cfg.py:2609
2024-09-19 00:37:09.543 136202 DEBUG oslo_service.service [req-a3a3197f-f99e-478b-b3bd-0955b737d2a3 - - - - -] hyperv.power_state_check_timeframe = 60 log_opt_values /usr/lib/python3/dist-packages/oslo_config/cfg.py:2609
2024-09-19 00:37:09.543 136202 DEBUG oslo_service.service [req-a3a3197f-f99e-478b-b3bd-0955b737d2a3 - - - - -] hyperv.power_state_event_polling_interval = 2 log_opt_values /usr/lib/python3/dist-packages/oslo_config/cfg.py:2609
2024-09-19 00:37:09.544 136202 DEBUG oslo_service.service [req-a3a3197f-f99e-478b-b3bd-0955b737d2a3 - - - - -] hyperv.qemu_img_cmd = qemu-img.exe log_opt_values /usr/lib/python3/dist-packages/oslo_config/cfg.py:2609
2024-09-19 00:37:09.544 136202 DEBUG oslo_service.service [req-a3a3197f-f99e-478b-b3bd-0955b737d2a3 - - - - -] hyperv.use_multipath_io = False log_opt_values /usr/lib/python3/dist-packages/oslo_config/cfg.py:2609
2024-09-19 00:37:09.544 136202 DEBUG oslo_service.service [req-a3a3197f-f99e-478b-b3bd-0955b737d2a3 - - - - -] hyperv.volume_attach_retry_count = 10 log_opt_values /usr/lib/python3/dist-packages/oslo_config/cfg.py:2609
2024-09-19 00:37:09.544 136202 DEBUG oslo_service.service [req-a3a3197f-f99e-478b-b3bd-0955b737d2a3 - - - - -] hyperv.volume_attach_retry_interval = 5 log_opt_values /usr/lib/python3/dist-packages/oslo_config/cfg.py:2609
2024-09-19 00:37:09.545 136202 DEBUG oslo_service.service [req-a3a3197f-f99e-478b-b3bd-0955b737d2a3 - - - - -] hyperv.vswitch_name = None log_opt_values /usr/lib/python3/dist-packages/oslo_config/cfg.py:2609
2024-09-19 00:37:09.545 136202 DEBUG oslo_service.service [req-a3a3197f-f99e-478b-b3bd-0955b737d2a3 - - - - -] hyperv.wait_soft_reboot_seconds = 60 log_opt_values /usr/lib/python3/dist-packages/oslo_config/cfg.py:2609
2024-09-19 00:37:09.545 136202 DEBUG oslo_service.service [req-a3a3197f-f99e-478b-b3bd-0955b737d2a3 - - - - -] mks.enabled = False log_opt_values /usr/lib/python3/dist-packages/oslo_config/cfg.py:2609
2024-09-19 00:37:09.546 136202 DEBUG oslo_service.service [req-a3a3197f-f99e-478b-b3bd-0955b737d2a3 - - - - -] mks.mksproxy_base_url = http://127.0.0.1:6090/ log_opt_values /usr/lib/python3/dist-packages/oslo_config/cfg.py:2609
2024-09-19 00:37:09.546 136202 DEBUG oslo_service.service [req-a3a3197f-f99e-478b-b3bd-0955b737d2a3 - - - - -] image_cache.manager_interval = 2400 log_opt_values /usr/lib/python3/dist-packages/oslo_config/cfg.py:2609
2024-09-19 00:37:09.547 136202 DEBUG oslo_service.service [req-a3a3197f-f99e-478b-b3bd-0955b737d2a3 - - - - -] image_cache.precache_concurrency = 1 log_opt_values /usr/lib/python3/dist-packages/oslo_config/cfg.py:2609
2024-09-19 00:37:09.547 136202 DEBUG oslo_service.service [req-a3a3197f-f99e-478b-b3bd-0955b737d2a3 - - - - -] image_cache.remove_unused_base_images = True log_opt_values /usr/lib/python3/dist-packages/oslo_config/cfg.py:2609
2024-09-19 00:37:09.547 136202 DEBUG oslo_service.service [req-a3a3197f-f99e-478b-b3bd-0955b737d2a3 - - - - -] image_cache.remove_unused_original_minimum_age_seconds = 86400 log_opt_values /usr/lib/python3/dist-packages/oslo_config/cfg.py:2609
2024-09-19 00:37:09.547 136202 DEBUG oslo_service.service [req-a3a3197f-f99e-478b-b3bd-0955b737d2a3 - - - - -] image_cache.remove_unused_resized_minimum_age_seconds = 3600 log_opt_values /usr/lib/python3/dist-packages/oslo_config/cfg.py:2609
2024-09-19 00:37:09.547 136623 DEBUG oslo_messaging._drivers.amqpdriver [req-33352933-34a6-4c48-98f2-840f29ee6b72 - - - - -] sending reply msg_id: 7c0cd2a35fca44b2a5894861a33fe2bc reply queue: reply_abb8df6fdfe1428ba8b425c4109efbe6 time elapsed: 0.0164418360000127s _send_reply /usr/lib/python3/dist-packages/oslo_messaging/_drivers/amqpdriver.py:118
2024-09-19 00:37:09.548 136202 DEBUG oslo_service.service [req-a3a3197f-f99e-478b-b3bd-0955b737d2a3 - - - - -] image_cache.subdirectory_name = _base log_opt_values /usr/lib/python3/dist-packages/oslo_config/cfg.py:2609
2024-09-19 00:37:09.548 136202 DEBUG oslo_service.service [req-a3a3197f-f99e-478b-b3bd-0955b737d2a3 - - - - -] ironic.api_max_retries = 60 log_opt_values /usr/lib/python3/dist-packages/oslo_config/cfg.py:2609
2024-09-19 00:37:09.548 136202 DEBUG oslo_service.service [req-a3a3197f-f99e-478b-b3bd-0955b737d2a3 - - - - -] ironic.api_retry_interval = 2 log_opt_values /usr/lib/python3/dist-packages/oslo_config/cfg.py:2609
2024-09-19 00:37:09.549 136202 DEBUG oslo_service.service [req-a3a3197f-f99e-478b-b3bd-0955b737d2a3 - - - - -] ironic.auth_section = None log_opt_values /usr/lib/python3/dist-packages/oslo_config/cfg.py:2609
2024-09-19 00:37:09.549 136202 DEBUG oslo_service.service [req-a3a3197f-f99e-478b-b3bd-0955b737d2a3 - - - - -] ironic.auth_type = None log_opt_values /usr/lib/python3/dist-packages/oslo_config/cfg.py:2609
2024-09-19 00:37:09.549 136202 DEBUG oslo_service.service [req-a3a3197f-f99e-478b-b3bd-0955b737d2a3 - - - - -] ironic.cafile = None log_opt_values /usr/lib/python3/dist-packages/oslo_config/cfg.py:2609
2024-09-19 00:37:09.549 136202 DEBUG oslo_service.service [req-a3a3197f-f99e-478b-b3bd-0955b737d2a3 - - - - -] ironic.certfile = None log_opt_values /usr/lib/python3/dist-packages/oslo_config/cfg.py:2609
2024-09-19 00:37:09.549 136202 DEBUG oslo_service.service [req-a3a3197f-f99e-478b-b3bd-0955b737d2a3 - - - - -] ironic.collect_timing = False log_opt_values /usr/lib/python3/dist-packages/oslo_config/cfg.py:2609
2024-09-19 00:37:09.550 136202 DEBUG oslo_service.service [req-a3a3197f-f99e-478b-b3bd-0955b737d2a3 - - - - -] ironic.connect_retries = None log_opt_values /usr/lib/python3/dist-packages/oslo_config/cfg.py:2609
2024-09-19 00:37:09.550 136202 DEBUG oslo_service.service [req-a3a3197f-f99e-478b-b3bd-0955b737d2a3 - - - - -] ironic.connect_retry_delay = None log_opt_values /usr/lib/python3/dist-packages/oslo_config/cfg.py:2609
2024-09-19 00:37:09.550 136202 DEBUG oslo_service.service [req-a3a3197f-f99e-478b-b3bd-0955b737d2a3 - - - - -] ironic.endpoint_override = None log_opt_values /usr/lib/python3/dist-packages/oslo_config/cfg.py:2609
2024-09-19 00:37:09.550 136202 DEBUG oslo_service.service [req-a3a3197f-f99e-478b-b3bd-0955b737d2a3 - - - - -] ironic.insecure = False log_opt_values /usr/lib/python3/dist-packages/oslo_config/cfg.py:2609
2024-09-19 00:37:09.551 136202 DEBUG oslo_service.service [req-a3a3197f-f99e-478b-b3bd-0955b737d2a3 - - - - -] ironic.keyfile = None log_opt_values /usr/lib/python3/dist-packages/oslo_config/cfg.py:2609
2024-09-19 00:37:09.551 136202 DEBUG oslo_service.service [req-a3a3197f-f99e-478b-b3bd-0955b737d2a3 - - - - -] ironic.max_version = None log_opt_values /usr/lib/python3/dist-packages/oslo_config/cfg.py:2609
2024-09-19 00:37:09.551 136202 DEBUG oslo_service.service [req-a3a3197f-f99e-478b-b3bd-0955b737d2a3 - - - - -] ironic.min_version = None log_opt_values /usr/lib/python3/dist-packages/oslo_config/cfg.py:2609
2024-09-19 00:37:09.551 136202 DEBUG oslo_service.service [req-a3a3197f-f99e-478b-b3bd-0955b737d2a3 - - - - -] ironic.partition_key = None log_opt_values /usr/lib/python3/dist-packages/oslo_config/cfg.py:2609
2024-09-19 00:37:09.551 136202 DEBUG oslo_service.service [req-a3a3197f-f99e-478b-b3bd-0955b737d2a3 - - - - -] ironic.peer_list = [] log_opt_values /usr/lib/python3/dist-packages/oslo_config/cfg.py:2609
2024-09-19 00:37:09.552 136202 DEBUG oslo_service.service [req-a3a3197f-f99e-478b-b3bd-0955b737d2a3 - - - - -] ironic.region_name = None log_opt_values /usr/lib/python3/dist-packages/oslo_config/cfg.py:2609
2024-09-19 00:37:09.552 136202 DEBUG oslo_service.service [req-a3a3197f-f99e-478b-b3bd-0955b737d2a3 - - - - -] ironic.serial_console_state_timeout = 10 log_opt_values /usr/lib/python3/dist-packages/oslo_config/cfg.py:2609
2024-09-19 00:37:09.552 136202 DEBUG oslo_service.service [req-a3a3197f-f99e-478b-b3bd-0955b737d2a3 - - - - -] ironic.service_name = None log_opt_values /usr/lib/python3/dist-packages/oslo_config/cfg.py:2609
2024-09-19 00:37:09.553 136202 DEBUG oslo_service.service [req-a3a3197f-f99e-478b-b3bd-0955b737d2a3 - - - - -] ironic.service_type = baremetal log_opt_values /usr/lib/python3/dist-packages/oslo_config/cfg.py:2609
2024-09-19 00:37:09.553 136624 DEBUG oslo_messaging._drivers.amqpdriver [-] received message msg_id: 3d4dcd4d93354c178c9f1915eccdb861 reply to reply_abb8df6fdfe1428ba8b425c4109efbe6 __call__ /usr/lib/python3/dist-packages/oslo_messaging/_drivers/amqpdriver.py:320
2024-09-19 00:37:09.553 136202 DEBUG oslo_service.service [req-a3a3197f-f99e-478b-b3bd-0955b737d2a3 - - - - -] ironic.split_loggers = False log_opt_values /usr/lib/python3/dist-packages/oslo_config/cfg.py:2609
2024-09-19 00:37:09.553 136624 DEBUG oslo_messaging._drivers.amqpdriver [-] Listener is running poll /usr/lib/python3/dist-packages/oslo_messaging/_drivers/amqpdriver.py:343
2024-09-19 00:37:09.553 136624 DEBUG oslo_messaging._drivers.amqpdriver [-] Poll the incoming message with unique_id: 347d0ec5d1b44619bb6ef363ec6a0dc6 poll /usr/lib/python3/dist-packages/oslo_messaging/_drivers/amqpdriver.py:346
2024-09-19 00:37:09.553 136202 DEBUG oslo_service.service [req-a3a3197f-f99e-478b-b3bd-0955b737d2a3 - - - - -] ironic.status_code_retries = None log_opt_values /usr/lib/python3/dist-packages/oslo_config/cfg.py:2609
2024-09-19 00:37:09.553 136624 DEBUG oslo_messaging._drivers.amqpdriver [-] Listener is running poll /usr/lib/python3/dist-packages/oslo_messaging/_drivers/amqpdriver.py:343
2024-09-19 00:37:09.553 136202 DEBUG oslo_service.service [req-a3a3197f-f99e-478b-b3bd-0955b737d2a3 - - - - -] ironic.status_code_retry_delay = None log_opt_values /usr/lib/python3/dist-packages/oslo_config/cfg.py:2609
2024-09-19 00:37:09.553 136624 DEBUG oslo_messaging._drivers.amqpdriver [-] AMQPListener connection consume poll /usr/lib/python3/dist-packages/oslo_messaging/_drivers/amqpdriver.py:357
2024-09-19 00:37:09.554 136202 DEBUG oslo_service.service [req-a3a3197f-f99e-478b-b3bd-0955b737d2a3 - - - - -] ironic.timeout = None log_opt_values /usr/lib/python3/dist-packages/oslo_config/cfg.py:2609
2024-09-19 00:37:09.554 136202 DEBUG oslo_service.service [req-a3a3197f-f99e-478b-b3bd-0955b737d2a3 - - - - -] ironic.valid_interfaces = ['internal', 'public'] log_opt_values /usr/lib/python3/dist-packages/oslo_config/cfg.py:2609
2024-09-19 00:37:09.554 136202 DEBUG oslo_service.service [req-a3a3197f-f99e-478b-b3bd-0955b737d2a3 - - - - -] ironic.version = None log_opt_values /usr/lib/python3/dist-packages/oslo_config/cfg.py:2609
2024-09-19 00:37:09.554 136202 DEBUG oslo_service.service [req-a3a3197f-f99e-478b-b3bd-0955b737d2a3 - - - - -] key_manager.backend = barbican log_opt_values /usr/lib/python3/dist-packages/oslo_config/cfg.py:2609
2024-09-19 00:37:09.554 136202 DEBUG oslo_service.service [req-a3a3197f-f99e-478b-b3bd-0955b737d2a3 - - - - -] key_manager.fixed_key = **** log_opt_values /usr/lib/python3/dist-packages/oslo_config/cfg.py:2609
2024-09-19 00:37:09.554 136202 DEBUG oslo_service.service [req-a3a3197f-f99e-478b-b3bd-0955b737d2a3 - - - - -] barbican.auth_endpoint = http://localhost/identity/v3 log_opt_values /usr/lib/python3/dist-packages/oslo_config/cfg.py:2609
2024-09-19 00:37:09.555 136202 DEBUG oslo_service.service [req-a3a3197f-f99e-478b-b3bd-0955b737d2a3 - - - - -] barbican.barbican_api_version = None log_opt_values /usr/lib/python3/dist-packages/oslo_config/cfg.py:2609
2024-09-19 00:37:09.555 136202 DEBUG oslo_service.service [req-a3a3197f-f99e-478b-b3bd-0955b737d2a3 - - - - -] barbican.barbican_endpoint = None log_opt_values /usr/lib/python3/dist-packages/oslo_config/cfg.py:2609
2024-09-19 00:37:09.555 136202 DEBUG oslo_service.service [req-a3a3197f-f99e-478b-b3bd-0955b737d2a3 - - - - -] barbican.barbican_endpoint_type = public log_opt_values /usr/lib/python3/dist-packages/oslo_config/cfg.py:2609
2024-09-19 00:37:09.555 136202 DEBUG oslo_service.service [req-a3a3197f-f99e-478b-b3bd-0955b737d2a3 - - - - -] barbican.barbican_region_name = None log_opt_values /usr/lib/python3/dist-packages/oslo_config/cfg.py:2609
2024-09-19 00:37:09.555 136202 DEBUG oslo_service.service [req-a3a3197f-f99e-478b-b3bd-0955b737d2a3 - - - - -] barbican.cafile = None log_opt_values /usr/lib/python3/dist-packages/oslo_config/cfg.py:2609
2024-09-19 00:37:09.555 136202 DEBUG oslo_service.service [req-a3a3197f-f99e-478b-b3bd-0955b737d2a3 - - - - -] barbican.certfile = None log_opt_values /usr/lib/python3/dist-packages/oslo_config/cfg.py:2609
2024-09-19 00:37:09.556 136202 DEBUG oslo_service.service [req-a3a3197f-f99e-478b-b3bd-0955b737d2a3 - - - - -] barbican.collect_timing = False log_opt_values /usr/lib/python3/dist-packages/oslo_config/cfg.py:2609
2024-09-19 00:37:09.556 136202 DEBUG oslo_service.service [req-a3a3197f-f99e-478b-b3bd-0955b737d2a3 - - - - -] barbican.insecure = False log_opt_values /usr/lib/python3/dist-packages/oslo_config/cfg.py:2609
2024-09-19 00:37:09.556 136202 DEBUG oslo_service.service [req-a3a3197f-f99e-478b-b3bd-0955b737d2a3 - - - - -] barbican.keyfile = None log_opt_values /usr/lib/python3/dist-packages/oslo_config/cfg.py:2609
2024-09-19 00:37:09.556 136202 DEBUG oslo_service.service [req-a3a3197f-f99e-478b-b3bd-0955b737d2a3 - - - - -] barbican.number_of_retries = 60 log_opt_values /usr/lib/python3/dist-packages/oslo_config/cfg.py:2609
2024-09-19 00:37:09.556 136202 DEBUG oslo_service.service [req-a3a3197f-f99e-478b-b3bd-0955b737d2a3 - - - - -] barbican.retry_delay = 1 log_opt_values /usr/lib/python3/dist-packages/oslo_config/cfg.py:2609
2024-09-19 00:37:09.556 136202 DEBUG oslo_service.service [req-a3a3197f-f99e-478b-b3bd-0955b737d2a3 - - - - -] barbican.send_service_user_token = False log_opt_values /usr/lib/python3/dist-packages/oslo_config/cfg.py:2609
