2025-10-16 00:36:07.638 137618 DEBUG oslo_db.sqlalchemy.engines [req-103f2f82-7c8f-4c6b-a257-a4df15b0c382 - - - - -] MySQL server mode set to STRICT_TRANS_TABLES,STRICT_ALL_TABLES,NO_ZERO_IN_DATE,NO_ZERO_DATE,ERROR_FOR_DIVISION_BY_ZERO,TRADITIONAL,NO_ENGINE_SUBSTITUTION _check_effective_sql_mode /usr/lib/python3/dist-packages/oslo_db/sqlalchemy/engines.py:314
2025-10-16 00:36:07.638 136792 DEBUG oslo_service.service [req-7e1c90b8-c602-406e-93cc-16e1e98329fe - - - - -] rate_limit_burst = 0 log_opt_values /usr/lib/python3/dist-packages/oslo_config/cfg.py:2602
2025-10-16 00:36:07.638 136792 DEBUG oslo_service.service [req-7e1c90b8-c602-406e-93cc-16e1e98329fe - - - - -] rate_limit_except_level = CRITICAL log_opt_values /usr/lib/python3/dist-packages/oslo_config/cfg.py:2602
2025-10-16 00:36:07.638 136792 DEBUG oslo_service.service [req-7e1c90b8-c602-406e-93cc-16e1e98329fe - - - - -] rate_limit_interval = 0 log_opt_values /usr/lib/python3/dist-packages/oslo_config/cfg.py:2602
2025-10-16 00:36:07.639 136792 DEBUG oslo_service.service [req-7e1c90b8-c602-406e-93cc-16e1e98329fe - - - - -] reboot_timeout = 0 log_opt_values /usr/lib/python3/dist-packages/oslo_config/cfg.py:2602
2025-10-16 00:36:07.639 136792 DEBUG oslo_service.service [req-7e1c90b8-c602-406e-93cc-16e1e98329fe - - - - -] reclaim_instance_interval = 0 log_opt_values /usr/lib/python3/dist-packages/oslo_config/cfg.py:2602
2025-10-16 00:36:07.639 136792 DEBUG oslo_service.service [req-7e1c90b8-c602-406e-93cc-16e1e98329fe - - - - -] record = None log_opt_values /usr/lib/python3/dist-packages/oslo_config/cfg.py:2602
2025-10-16 00:36:07.639 136792 DEBUG oslo_service.service [req-7e1c90b8-c602-406e-93cc-16e1e98329fe - - - - -] report_interval = 10 log_opt_values /usr/lib/python3/dist-packages/oslo_config/cfg.py:2602
2025-10-16 00:36:07.639 136792 DEBUG oslo_service.service [req-7e1c90b8-c602-406e-93cc-16e1e98329fe - - - - -] rescue_timeout = 0 log_opt_values /usr/lib/python3/dist-packages/oslo_config/cfg.py:2602
2025-10-16 00:36:07.639 136792 DEBUG oslo_service.service [req-7e1c90b8-c602-406e-93cc-16e1e98329fe - - - - -] reserved_host_cpus = 0 log_opt_values /usr/lib/python3/dist-packages/oslo_config/cfg.py:2602
2025-10-16 00:36:07.640 136792 DEBUG oslo_service.service [req-7e1c90b8-c602-406e-93cc-16e1e98329fe - - - - -] reserved_host_disk_mb = 0 log_opt_values /usr/lib/python3/dist-packages/oslo_config/cfg.py:2602
2025-10-16 00:36:07.640 136792 DEBUG oslo_service.service [req-7e1c90b8-c602-406e-93cc-16e1e98329fe - - - - -] reserved_host_memory_mb = 512 log_opt_values /usr/lib/python3/dist-packages/oslo_config/cfg.py:2602
2025-10-16 00:36:07.640 136792 DEBUG oslo_service.service [req-7e1c90b8-c602-406e-93cc-16e1e98329fe - - - - -] reserved_huge_pages = None log_opt_values /usr/lib/python3/dist-packages/oslo_config/cfg.py:2602
2025-10-16 00:36:07.640 136792 DEBUG oslo_service.service [req-7e1c90b8-c602-406e-93cc-16e1e98329fe - - - - -] resize_confirm_window = 0 log_opt_values /usr/lib/python3/dist-packages/oslo_config/cfg.py:2602
2025-10-16 00:36:07.640 136792 DEBUG oslo_service.service [req-7e1c90b8-c602-406e-93cc-16e1e98329fe - - - - -] resize_fs_using_block_device = False log_opt_values /usr/lib/python3/dist-packages/oslo_config/cfg.py:2602
2025-10-16 00:36:07.640 136792 DEBUG oslo_service.service [req-7e1c90b8-c602-406e-93cc-16e1e98329fe - - - - -] resume_guests_state_on_host_boot = False log_opt_values /usr/lib/python3/dist-packages/oslo_config/cfg.py:2602
2025-10-16 00:36:07.641 136792 DEBUG oslo_service.service [req-7e1c90b8-c602-406e-93cc-16e1e98329fe - - - - -] rootwrap_config = /etc/nova/rootwrap.conf log_opt_values /usr/lib/python3/dist-packages/oslo_config/cfg.py:2602
2025-10-16 00:36:07.641 136792 DEBUG oslo_service.service [req-7e1c90b8-c602-406e-93cc-16e1e98329fe - - - - -] rpc_response_timeout = 60 log_opt_values /usr/lib/python3/dist-packages/oslo_config/cfg.py:2602
2025-10-16 00:36:07.641 136792 DEBUG oslo_service.service [req-7e1c90b8-c602-406e-93cc-16e1e98329fe - - - - -] run_external_periodic_tasks = True log_opt_values /usr/lib/python3/dist-packages/oslo_config/cfg.py:2602
2025-10-16 00:36:07.641 136792 DEBUG oslo_service.service [req-7e1c90b8-c602-406e-93cc-16e1e98329fe - - - - -] running_deleted_instance_action = reap log_opt_values /usr/lib/python3/dist-packages/oslo_config/cfg.py:2602
2025-10-16 00:36:07.641 136792 DEBUG oslo_service.service [req-7e1c90b8-c602-406e-93cc-16e1e98329fe - - - - -] running_deleted_instance_poll_interval = 1800 log_opt_values /usr/lib/python3/dist-packages/oslo_config/cfg.py:2602
2025-10-16 00:36:07.641 136792 DEBUG oslo_service.service [req-7e1c90b8-c602-406e-93cc-16e1e98329fe - - - - -] running_deleted_instance_timeout = 0 log_opt_values /usr/lib/python3/dist-packages/oslo_config/cfg.py:2602
2025-10-16 00:36:07.642 136792 DEBUG oslo_service.service [req-7e1c90b8-c602-406e-93cc-16e1e98329fe - - - - -] scheduler_instance_sync_interval = 120 log_opt_values /usr/lib/python3/dist-packages/oslo_config/cfg.py:2602
2025-10-16 00:36:07.642 136792 DEBUG oslo_service.service [req-7e1c90b8-c602-406e-93cc-16e1e98329fe - - - - -] service_down_time = 60 log_opt_values /usr/lib/python3/dist-packages/oslo_config/cfg.py:2602
2025-10-16 00:36:07.642 136792 DEBUG oslo_service.service [req-7e1c90b8-c602-406e-93cc-16e1e98329fe - - - - -] servicegroup_driver = db log_opt_values /usr/lib/python3/dist-packages/oslo_config/cfg.py:2602
2025-10-16 00:36:07.642 136792 DEBUG oslo_service.service [req-7e1c90b8-c602-406e-93cc-16e1e98329fe - - - - -] shelved_offload_time = 0 log_opt_values /usr/lib/python3/dist-packages/oslo_config/cfg.py:2602
2025-10-16 00:36:07.642 136792 DEBUG oslo_service.service [req-7e1c90b8-c602-406e-93cc-16e1e98329fe - - - - -] shelved_poll_interval = 3600 log_opt_values /usr/lib/python3/dist-packages/oslo_config/cfg.py:2602
2025-10-16 00:36:07.642 136792 DEBUG oslo_service.service [req-7e1c90b8-c602-406e-93cc-16e1e98329fe - - - - -] shutdown_timeout = 60 log_opt_values /usr/lib/python3/dist-packages/oslo_config/cfg.py:2602
2025-10-16 00:36:07.642 136792 DEBUG oslo_service.service [req-7e1c90b8-c602-406e-93cc-16e1e98329fe - - - - -] source_is_ipv6 = False log_opt_values /usr/lib/python3/dist-packages/oslo_config/cfg.py:2602
2025-10-16 00:36:07.643 136792 DEBUG oslo_service.service [req-7e1c90b8-c602-406e-93cc-16e1e98329fe - - - - -] ssl_only = False log_opt_values /usr/lib/python3/dist-packages/oslo_config/cfg.py:2602
2025-10-16 00:36:07.643 136792 DEBUG oslo_service.service [req-7e1c90b8-c602-406e-93cc-16e1e98329fe - - - - -] state_path = /var/lib/nova log_opt_values /usr/lib/python3/dist-packages/oslo_config/cfg.py:2602
2025-10-16 00:36:07.643 136792 DEBUG oslo_service.service [req-7e1c90b8-c602-406e-93cc-16e1e98329fe - - - - -] sync_power_state_interval = 600 log_opt_values /usr/lib/python3/dist-packages/oslo_config/cfg.py:2602
2025-10-16 00:36:07.643 136792 DEBUG oslo_service.service [req-7e1c90b8-c602-406e-93cc-16e1e98329fe - - - - -] sync_power_state_pool_size = 1000 log_opt_values /usr/lib/python3/dist-packages/oslo_config/cfg.py:2602
2025-10-16 00:36:07.643 136792 DEBUG oslo_service.service [req-7e1c90b8-c602-406e-93cc-16e1e98329fe - - - - -] syslog_log_facility = LOG_USER log_opt_values /usr/lib/python3/dist-packages/oslo_config/cfg.py:2602
2025-10-16 00:36:07.643 136792 DEBUG oslo_service.service [req-7e1c90b8-c602-406e-93cc-16e1e98329fe - - - - -] tempdir = None log_opt_values /usr/lib/python3/dist-packages/oslo_config/cfg.py:2602
2025-10-16 00:36:07.643 136792 DEBUG oslo_service.service [req-7e1c90b8-c602-406e-93cc-16e1e98329fe - - - - -] timeout_nbd = 10 log_opt_values /usr/lib/python3/dist-packages/oslo_config/cfg.py:2602
2025-10-16 00:36:07.644 136792 DEBUG oslo_service.service [req-7e1c90b8-c602-406e-93cc-16e1e98329fe - - - - -] transport_url = **** log_opt_values /usr/lib/python3/dist-packages/oslo_config/cfg.py:2602
2025-10-16 00:36:07.644 136792 DEBUG oslo_service.service [req-7e1c90b8-c602-406e-93cc-16e1e98329fe - - - - -] update_resources_interval = 0 log_opt_values /usr/lib/python3/dist-packages/oslo_config/cfg.py:2602
2025-10-16 00:36:07.644 136792 DEBUG oslo_service.service [req-7e1c90b8-c602-406e-93cc-16e1e98329fe - - - - -] use_cow_images = True log_opt_values /usr/lib/python3/dist-packages/oslo_config/cfg.py:2602
2025-10-16 00:36:07.644 136792 DEBUG oslo_service.service [req-7e1c90b8-c602-406e-93cc-16e1e98329fe - - - - -] use_eventlog = False log_opt_values /usr/lib/python3/dist-packages/oslo_config/cfg.py:2602
2025-10-16 00:36:07.644 136792 DEBUG oslo_service.service [req-7e1c90b8-c602-406e-93cc-16e1e98329fe - - - - -] use_journal = False log_opt_values /usr/lib/python3/dist-packages/oslo_config/cfg.py:2602
2025-10-16 00:36:07.644 136792 DEBUG oslo_service.service [req-7e1c90b8-c602-406e-93cc-16e1e98329fe - - - - -] use_json = False log_opt_values /usr/lib/python3/dist-packages/oslo_config/cfg.py:2602
2025-10-16 00:36:07.645 136792 DEBUG oslo_service.service [req-7e1c90b8-c602-406e-93cc-16e1e98329fe - - - - -] use_rootwrap_daemon = False log_opt_values /usr/lib/python3/dist-packages/oslo_config/cfg.py:2602
2025-10-16 00:36:07.645 136792 DEBUG oslo_service.service [req-7e1c90b8-c602-406e-93cc-16e1e98329fe - - - - -] use_stderr = False log_opt_values /usr/lib/python3/dist-packages/oslo_config/cfg.py:2602
2025-10-16 00:36:07.645 137615 DEBUG nova.service [req-223f4634-78f2-471d-82ea-480c9ac64b10 - - - - -] Creating RPC server for service conductor start /usr/lib/python3/dist-packages/nova/service.py:182
2025-10-16 00:36:07.645 136792 DEBUG oslo_service.service [req-7e1c90b8-c602-406e-93cc-16e1e98329fe - - - - -] use_syslog = False log_opt_values /usr/lib/python3/dist-packages/oslo_config/cfg.py:2602
2025-10-16 00:36:07.645 136792 DEBUG oslo_service.service [req-7e1c90b8-c602-406e-93cc-16e1e98329fe - - - - -] vcpu_pin_set = None log_opt_values /usr/lib/python3/dist-packages/oslo_config/cfg.py:2602
2025-10-16 00:36:07.645 136792 DEBUG oslo_service.service [req-7e1c90b8-c602-406e-93cc-16e1e98329fe - - - - -] vif_plugging_is_fatal = True log_opt_values /usr/lib/python3/dist-packages/oslo_config/cfg.py:2602
2025-10-16 00:36:07.645 136792 DEBUG oslo_service.service [req-7e1c90b8-c602-406e-93cc-16e1e98329fe - - - - -] vif_plugging_timeout = 300 log_opt_values /usr/lib/python3/dist-packages/oslo_config/cfg.py:2602
2025-10-16 00:36:07.646 136792 DEBUG oslo_service.service [req-7e1c90b8-c602-406e-93cc-16e1e98329fe - - - - -] virt_mkfs = [] log_opt_values /usr/lib/python3/dist-packages/oslo_config/cfg.py:2602
2025-10-16 00:36:07.646 136792 DEBUG oslo_service.service [req-7e1c90b8-c602-406e-93cc-16e1e98329fe - - - - -] volume_usage_poll_interval = 0 log_opt_values /usr/lib/python3/dist-packages/oslo_config/cfg.py:2602
2025-10-16 00:36:07.646 136792 DEBUG oslo_service.service [req-7e1c90b8-c602-406e-93cc-16e1e98329fe - - - - -] watch_log_file = False log_opt_values /usr/lib/python3/dist-packages/oslo_config/cfg.py:2602
2025-10-16 00:36:07.646 136792 DEBUG oslo_service.service [req-7e1c90b8-c602-406e-93cc-16e1e98329fe - - - - -] web = /usr/share/spice-html5 log_opt_values /usr/lib/python3/dist-packages/oslo_config/cfg.py:2602
2025-10-16 00:36:07.646 136792 DEBUG oslo_service.service [req-7e1c90b8-c602-406e-93cc-16e1e98329fe - - - - -] oslo_concurrency.disable_process_locking = False log_opt_values /usr/lib/python3/dist-packages/oslo_config/cfg.py:2609
2025-10-16 00:36:07.646 136792 DEBUG oslo_service.service [req-7e1c90b8-c602-406e-93cc-16e1e98329fe - - - - -] oslo_concurrency.lock_path = /var/lock/nova log_opt_values /usr/lib/python3/dist-packages/oslo_config/cfg.py:2609
2025-10-16 00:36:07.647 136792 DEBUG oslo_service.service [req-7e1c90b8-c602-406e-93cc-16e1e98329fe - - - - -] oslo_messaging_metrics.metrics_buffer_size = 1000 log_opt_values /usr/lib/python3/dist-packages/oslo_config/cfg.py:2609
2025-10-16 00:36:07.647 136792 DEBUG oslo_service.service [req-7e1c90b8-c602-406e-93cc-16e1e98329fe - - - - -] oslo_messaging_metrics.metrics_enabled = False log_opt_values /usr/lib/python3/dist-packages/oslo_config/cfg.py:2609
2025-10-16 00:36:07.647 136792 DEBUG oslo_service.service [req-7e1c90b8-c602-406e-93cc-16e1e98329fe - - - - -] oslo_messaging_metrics.metrics_process_name = log_opt_values /usr/lib/python3/dist-packages/oslo_config/cfg.py:2609
2025-10-16 00:36:07.647 136792 DEBUG oslo_service.service [req-7e1c90b8-c602-406e-93cc-16e1e98329fe - - - - -] oslo_messaging_metrics.metrics_socket_file = /var/tmp/metrics_collector.sock log_opt_values /usr/lib/python3/dist-packages/oslo_config/cfg.py:2609
2025-10-16 00:36:07.647 136792 DEBUG oslo_service.service [req-7e1c90b8-c602-406e-93cc-16e1e98329fe - - - - -] oslo_messaging_metrics.metrics_thread_stop_timeout = 10 log_opt_values /usr/lib/python3/dist-packages/oslo_config/cfg.py:2609
2025-10-16 00:36:07.648 136792 WARNING oslo_config.cfg [req-7e1c90b8-c602-406e-93cc-16e1e98329fe - - - - -] Deprecated: Option "auth_strategy" from group "api" is deprecated for removal ( The only non-default choice, ``noauth2``, is for internal development and testing purposes only and should not be used in deployments. This option and its middleware, NoAuthMiddleware[V2_18], will be removed in a future release. ). Its value may be silently ignored in the future.
2025-10-16 00:36:07.648 136792 DEBUG oslo_service.service [req-7e1c90b8-c602-406e-93cc-16e1e98329fe - - - - -] api.auth_strategy = keystone log_opt_values /usr/lib/python3/dist-packages/oslo_config/cfg.py:2609
2025-10-16 00:36:07.648 137617 DEBUG nova.service [req-a84a46e4-9fac-4088-9c74-0070f87b2f71 - - - - -] Creating RPC server for service conductor start /usr/lib/python3/dist-packages/nova/service.py:182
2025-10-16 00:36:07.648 136792 DEBUG oslo_service.service [req-7e1c90b8-c602-406e-93cc-16e1e98329fe - - - - -] api.compute_link_prefix = None log_opt_values /usr/lib/python3/dist-packages/oslo_config/cfg.py:2609
2025-10-16 00:36:07.649 136792 DEBUG oslo_service.service [req-7e1c90b8-c602-406e-93cc-16e1e98329fe - - - - -] api.config_drive_skip_versions = 1.0 2007-01-19 2007-03-01 2007-08-29 2007-10-10 2007-12-15 2008-02-01 2008-09-01 log_opt_values /usr/lib/python3/dist-packages/oslo_config/cfg.py:2609
2025-10-16 00:36:07.649 136792 DEBUG oslo_service.service [req-7e1c90b8-c602-406e-93cc-16e1e98329fe - - - - -] api.dhcp_domain = novalocal log_opt_values /usr/lib/python3/dist-packages/oslo_config/cfg.py:2609
2025-10-16 00:36:07.649 136792 DEBUG oslo_service.service [req-7e1c90b8-c602-406e-93cc-16e1e98329fe - - - - -] api.enable_instance_password = True log_opt_values /usr/lib/python3/dist-packages/oslo_config/cfg.py:2609
2025-10-16 00:36:07.649 136792 DEBUG oslo_service.service [req-7e1c90b8-c602-406e-93cc-16e1e98329fe - - - - -] api.glance_link_prefix = None log_opt_values /usr/lib/python3/dist-packages/oslo_config/cfg.py:2609
2025-10-16 00:36:07.649 136792 DEBUG oslo_service.service [req-7e1c90b8-c602-406e-93cc-16e1e98329fe - - - - -] api.instance_list_cells_batch_fixed_size = 100 log_opt_values /usr/lib/python3/dist-packages/oslo_config/cfg.py:2609
2025-10-16 00:36:07.650 136792 DEBUG oslo_service.service [req-7e1c90b8-c602-406e-93cc-16e1e98329fe - - - - -] api.instance_list_cells_batch_strategy = distributed log_opt_values /usr/lib/python3/dist-packages/oslo_config/cfg.py:2609
2025-10-16 00:36:07.650 136792 DEBUG oslo_service.service [req-7e1c90b8-c602-406e-93cc-16e1e98329fe - - - - -] api.instance_list_per_project_cells = False log_opt_values /usr/lib/python3/dist-packages/oslo_config/cfg.py:2609
2025-10-16 00:36:07.650 136792 DEBUG oslo_service.service [req-7e1c90b8-c602-406e-93cc-16e1e98329fe - - - - -] api.list_records_by_skipping_down_cells = True log_opt_values /usr/lib/python3/dist-packages/oslo_config/cfg.py:2609
2025-10-16 00:36:07.650 136792 DEBUG oslo_service.service [req-7e1c90b8-c602-406e-93cc-16e1e98329fe - - - - -] api.local_metadata_per_cell = False log_opt_values /usr/lib/python3/dist-packages/oslo_config/cfg.py:2609
2025-10-16 00:36:07.651 136792 DEBUG oslo_service.service [req-7e1c90b8-c602-406e-93cc-16e1e98329fe - - - - -] api.max_limit = 1000 log_opt_values /usr/lib/python3/dist-packages/oslo_config/cfg.py:2609
2025-10-16 00:36:07.651 136792 DEBUG oslo_service.service [req-7e1c90b8-c602-406e-93cc-16e1e98329fe - - - - -] api.metadata_cache_expiration = 15 log_opt_values /usr/lib/python3/dist-packages/oslo_config/cfg.py:2609
2025-10-16 00:36:07.651 136792 DEBUG oslo_service.service [req-7e1c90b8-c602-406e-93cc-16e1e98329fe - - - - -] api.neutron_default_tenant_id = default log_opt_values /usr/lib/python3/dist-packages/oslo_config/cfg.py:2609
2025-10-16 00:36:07.651 136792 DEBUG oslo_service.service [req-7e1c90b8-c602-406e-93cc-16e1e98329fe - - - - -] api.use_forwarded_for = False log_opt_values /usr/lib/python3/dist-packages/oslo_config/cfg.py:2609
2025-10-16 00:36:07.651 136792 DEBUG oslo_service.service [req-7e1c90b8-c602-406e-93cc-16e1e98329fe - - - - -] api.use_neutron_default_nets = False log_opt_values /usr/lib/python3/dist-packages/oslo_config/cfg.py:2609
2025-10-16 00:36:07.651 136792 DEBUG oslo_service.service [req-7e1c90b8-c602-406e-93cc-16e1e98329fe - - - - -] api.vendordata_dynamic_connect_timeout = 5 log_opt_values /usr/lib/python3/dist-packages/oslo_config/cfg.py:2609
2025-10-16 00:36:07.652 136792 DEBUG oslo_service.service [req-7e1c90b8-c602-406e-93cc-16e1e98329fe - - - - -] api.vendordata_dynamic_failure_fatal = False log_opt_values /usr/lib/python3/dist-packages/oslo_config/cfg.py:2609
2025-10-16 00:36:07.652 136792 DEBUG oslo_service.service [req-7e1c90b8-c602-406e-93cc-16e1e98329fe - - - - -] api.vendordata_dynamic_read_timeout = 5 log_opt_values /usr/lib/python3/dist-packages/oslo_config/cfg.py:2609
2025-10-16 00:36:07.652 136792 DEBUG oslo_service.service [req-7e1c90b8-c602-406e-93cc-16e1e98329fe - - - - -] api.vendordata_dynamic_ssl_certfile = log_opt_values /usr/lib/python3/dist-packages/oslo_config/cfg.py:2609
2025-10-16 00:36:07.652 136792 DEBUG oslo_service.service [req-7e1c90b8-c602-406e-93cc-16e1e98329fe - - - - -] api.vendordata_dynamic_targets = [] log_opt_values /usr/lib/python3/dist-packages/oslo_config/cfg.py:2609
2025-10-16 00:36:07.652 136792 DEBUG oslo_service.service [req-7e1c90b8-c602-406e-93cc-16e1e98329fe - - - - -] api.vendordata_jsonfile_path = None log_opt_values /usr/lib/python3/dist-packages/oslo_config/cfg.py:2609
2025-10-16 00:36:07.652 136792 DEBUG oslo_service.service [req-7e1c90b8-c602-406e-93cc-16e1e98329fe - - - - -] api.vendordata_providers = ['StaticJSON'] log_opt_values /usr/lib/python3/dist-packages/oslo_config/cfg.py:2609
2025-10-16 00:36:07.653 136792 DEBUG oslo_service.service [req-7e1c90b8-c602-406e-93cc-16e1e98329fe - - - - -] cache.backend = dogpile.cache.null log_opt_values /usr/lib/python3/dist-packages/oslo_config/cfg.py:2609
2025-10-16 00:36:07.653 136792 DEBUG oslo_service.service [req-7e1c90b8-c602-406e-93cc-16e1e98329fe - - - - -] cache.backend_argument = **** log_opt_values /usr/lib/python3/dist-packages/oslo_config/cfg.py:2609
2025-10-16 00:36:07.653 136792 DEBUG oslo_service.service [req-7e1c90b8-c602-406e-93cc-16e1e98329fe - - - - -] cache.config_prefix = cache.oslo log_opt_values /usr/lib/python3/dist-packages/oslo_config/cfg.py:2609
2025-10-16 00:36:07.653 136792 DEBUG oslo_service.service [req-7e1c90b8-c602-406e-93cc-16e1e98329fe - - - - -] cache.debug_cache_backend = False log_opt_values /usr/lib/python3/dist-packages/oslo_config/cfg.py:2609
2025-10-16 00:36:07.653 136792 DEBUG oslo_service.service [req-7e1c90b8-c602-406e-93cc-16e1e98329fe - - - - -] cache.enabled = False log_opt_values /usr/lib/python3/dist-packages/oslo_config/cfg.py:2609
2025-10-16 00:36:07.653 136792 DEBUG oslo_service.service [req-7e1c90b8-c602-406e-93cc-16e1e98329fe - - - - -] cache.expiration_time = 600 log_opt_values /usr/lib/python3/dist-packages/oslo_config/cfg.py:2609
2025-10-16 00:36:07.654 136792 DEBUG oslo_service.service [req-7e1c90b8-c602-406e-93cc-16e1e98329fe - - - - -] cache.memcache_dead_retry = 300 log_opt_values /usr/lib/python3/dist-packages/oslo_config/cfg.py:2609
2025-10-16 00:36:07.654 136792 DEBUG oslo_service.service [req-7e1c90b8-c602-406e-93cc-16e1e98329fe - - - - -] cache.memcache_pool_connection_get_timeout = 10 log_opt_values /usr/lib/python3/dist-packages/oslo_config/cfg.py:2609
2025-10-16 00:36:07.654 136792 DEBUG oslo_service.service [req-7e1c90b8-c602-406e-93cc-16e1e98329fe - - - - -] cache.memcache_pool_flush_on_reconnect = False log_opt_values /usr/lib/python3/dist-packages/oslo_config/cfg.py:2609
2025-10-16 00:36:07.654 136792 DEBUG oslo_service.service [req-7e1c90b8-c602-406e-93cc-16e1e98329fe - - - - -] cache.memcache_pool_maxsize = 10 log_opt_values /usr/lib/python3/dist-packages/oslo_config/cfg.py:2609
2025-10-16 00:36:07.654 136792 DEBUG oslo_service.service [req-7e1c90b8-c602-406e-93cc-16e1e98329fe - - - - -] cache.memcache_pool_unused_timeout = 60 log_opt_values /usr/lib/python3/dist-packages/oslo_config/cfg.py:2609
2025-10-16 00:36:07.654 136792 DEBUG oslo_service.service [req-7e1c90b8-c602-406e-93cc-16e1e98329fe - - - - -] cache.memcache_servers = ['localhost:11211'] log_opt_values /usr/lib/python3/dist-packages/oslo_config/cfg.py:2609
2025-10-16 00:36:07.655 136792 DEBUG oslo_service.service [req-7e1c90b8-c602-406e-93cc-16e1e98329fe - - - - -] cache.memcache_socket_timeout = 1.0 log_opt_values /usr/lib/python3/dist-packages/oslo_config/cfg.py:2609
2025-10-16 00:36:07.655 136792 DEBUG oslo_service.service [req-7e1c90b8-c602-406e-93cc-16e1e98329fe - - - - -] cache.proxies = [] log_opt_values /usr/lib/python3/dist-packages/oslo_config/cfg.py:2609
2025-10-16 00:36:07.655 136792 DEBUG oslo_service.service [req-7e1c90b8-c602-406e-93cc-16e1e98329fe - - - - -] cache.tls_allowed_ciphers = None log_opt_values /usr/lib/python3/dist-packages/oslo_config/cfg.py:2609
2025-10-16 00:36:07.655 136792 DEBUG oslo_service.service [req-7e1c90b8-c602-406e-93cc-16e1e98329fe - - - - -] cache.tls_cafile = None log_opt_values /usr/lib/python3/dist-packages/oslo_config/cfg.py:2609
2025-10-16 00:36:07.655 136792 DEBUG oslo_service.service [req-7e1c90b8-c602-406e-93cc-16e1e98329fe - - - - -] cache.tls_certfile = None log_opt_values /usr/lib/python3/dist-packages/oslo_config/cfg.py:2609
2025-10-16 00:36:07.655 136792 DEBUG oslo_service.service [req-7e1c90b8-c602-406e-93cc-16e1e98329fe - - - - -] cache.tls_enabled = False log_opt_values /usr/lib/python3/dist-packages/oslo_config/cfg.py:2609
2025-10-16 00:36:07.655 136792 DEBUG oslo_service.service [req-7e1c90b8-c602-406e-93cc-16e1e98329fe - - - - -] cache.tls_keyfile = None log_opt_values /usr/lib/python3/dist-packages/oslo_config/cfg.py:2609
2025-10-16 00:36:07.656 136792 DEBUG oslo_service.service [req-7e1c90b8-c602-406e-93cc-16e1e98329fe - - - - -] cinder.auth_section = None log_opt_values /usr/lib/python3/dist-packages/oslo_config/cfg.py:2609
2025-10-16 00:36:07.656 136792 DEBUG oslo_service.service [req-7e1c90b8-c602-406e-93cc-16e1e98329fe - - - - -] cinder.auth_type = None log_opt_values /usr/lib/python3/dist-packages/oslo_config/cfg.py:2609
2025-10-16 00:36:07.656 136792 DEBUG oslo_service.service [req-7e1c90b8-c602-406e-93cc-16e1e98329fe - - - - -] cinder.cafile = None log_opt_values /usr/lib/python3/dist-packages/oslo_config/cfg.py:2609
2025-10-16 00:36:07.656 136792 DEBUG oslo_service.service [req-7e1c90b8-c602-406e-93cc-16e1e98329fe - - - - -] cinder.catalog_info = volumev3::publicURL log_opt_values /usr/lib/python3/dist-packages/oslo_config/cfg.py:2609
2025-10-16 00:36:07.658 136792 DEBUG oslo_service.service [req-7e1c90b8-c602-406e-93cc-16e1e98329fe - - - - -] cinder.certfile = None log_opt_values /usr/lib/python3/dist-packages/oslo_config/cfg.py:2609
2025-10-16 00:36:07.659 136792 DEBUG oslo_service.service [req-7e1c90b8-c602-406e-93cc-16e1e98329fe - - - - -] cinder.collect_timing = False log_opt_values /usr/lib/python3/dist-packages/oslo_config/cfg.py:2609
2025-10-16 00:36:07.660 136792 DEBUG oslo_service.service [req-7e1c90b8-c602-406e-93cc-16e1e98329fe - - - - -] cinder.cross_az_attach = True log_opt_values /usr/lib/python3/dist-packages/oslo_config/cfg.py:2609
2025-10-16 00:36:07.660 137613 DEBUG oslo_messaging._drivers.amqpdriver [-] Listener is running poll /usr/lib/python3/dist-packages/oslo_messaging/_drivers/amqpdriver.py:343
2025-10-16 00:36:07.660 136792 DEBUG oslo_service.service [req-7e1c90b8-c602-406e-93cc-16e1e98329fe - - - - -] cinder.debug = False log_opt_values /usr/lib/python3/dist-packages/oslo_config/cfg.py:2609
2025-10-16 00:36:07.660 137613 DEBUG oslo_messaging._drivers.amqpdriver [-] AMQPListener connection consume poll /usr/lib/python3/dist-packages/oslo_messaging/_drivers/amqpdriver.py:357
2025-10-16 00:36:07.660 136792 DEBUG oslo_service.service [req-7e1c90b8-c602-406e-93cc-16e1e98329fe - - - - -] cinder.endpoint_template = None log_opt_values /usr/lib/python3/dist-packages/oslo_config/cfg.py:2609
2025-10-16 00:36:07.660 136792 DEBUG oslo_service.service [req-7e1c90b8-c602-406e-93cc-16e1e98329fe - - - - -] cinder.http_retries = 3 log_opt_values /usr/lib/python3/dist-packages/oslo_config/cfg.py:2609
2025-10-16 00:36:07.660 137618 DEBUG nova.service [req-103f2f82-7c8f-4c6b-a257-a4df15b0c382 - - - - -] Creating RPC server for service conductor start /usr/lib/python3/dist-packages/nova/service.py:182
2025-10-16 00:36:07.660 137613 DEBUG nova.service [req-0a038915-24e6-459e-819d-67fdfdd77032 - - - - -] Join ServiceGroup membership for this service conductor start /usr/lib/python3/dist-packages/nova/service.py:199
2025-10-16 00:36:07.661 137613 DEBUG nova.servicegroup.drivers.db [req-0a038915-24e6-459e-819d-67fdfdd77032 - - - - -] DB_Driver: join new ServiceGroup member juju-004046-0-lxd-7 to the conductor group, service = join /usr/lib/python3/dist-packages/nova/servicegroup/drivers/db.py:44
2025-10-16 00:36:07.661 136792 DEBUG oslo_service.service [req-7e1c90b8-c602-406e-93cc-16e1e98329fe - - - - -] cinder.insecure = False log_opt_values /usr/lib/python3/dist-packages/oslo_config/cfg.py:2609
2025-10-16 00:36:07.661 136792 DEBUG oslo_service.service [req-7e1c90b8-c602-406e-93cc-16e1e98329fe - - - - -] cinder.keyfile = None log_opt_values /usr/lib/python3/dist-packages/oslo_config/cfg.py:2609
2025-10-16 00:36:07.662 137613 DEBUG oslo_messaging._drivers.amqpdriver [-] received message msg_id: 0af958f4b67d46e3bbd51986a4444d51 reply to reply_ae06c9290880486d834f42643c02516a __call__ /usr/lib/python3/dist-packages/oslo_messaging/_drivers/amqpdriver.py:320
2025-10-16 00:36:07.662 136792 DEBUG oslo_service.service [req-7e1c90b8-c602-406e-93cc-16e1e98329fe - - - - -] cinder.os_region_name = None log_opt_values /usr/lib/python3/dist-packages/oslo_config/cfg.py:2609
2025-10-16 00:36:07.663 136792 DEBUG oslo_service.service [req-7e1c90b8-c602-406e-93cc-16e1e98329fe - - - - -] cinder.split_loggers = False log_opt_values /usr/lib/python3/dist-packages/oslo_config/cfg.py:2609
2025-10-16 00:36:07.663 136792 DEBUG oslo_service.service [req-7e1c90b8-c602-406e-93cc-16e1e98329fe - - - - -] cinder.timeout = None log_opt_values /usr/lib/python3/dist-packages/oslo_config/cfg.py:2609
2025-10-16 00:36:07.664 136792 DEBUG oslo_service.service [req-7e1c90b8-c602-406e-93cc-16e1e98329fe - - - - -] compute.consecutive_build_service_disable_threshold = 10 log_opt_values /usr/lib/python3/dist-packages/oslo_config/cfg.py:2609
2025-10-16 00:36:07.664 136792 DEBUG oslo_service.service [req-7e1c90b8-c602-406e-93cc-16e1e98329fe - - - - -] compute.cpu_dedicated_set = None log_opt_values /usr/lib/python3/dist-packages/oslo_config/cfg.py:2609
2025-10-16 00:36:07.664 137613 DEBUG oslo_messaging._drivers.amqpdriver [-] AMQPListener connection timeout poll /usr/lib/python3/dist-packages/oslo_messaging/_drivers/amqpdriver.py:360
2025-10-16 00:36:07.664 136792 DEBUG oslo_service.service [req-7e1c90b8-c602-406e-93cc-16e1e98329fe - - - - -] compute.cpu_shared_set = None log_opt_values /usr/lib/python3/dist-packages/oslo_config/cfg.py:2609
2025-10-16 00:36:07.664 137613 DEBUG oslo_messaging._drivers.amqpdriver [-] Listener is running poll /usr/lib/python3/dist-packages/oslo_messaging/_drivers/amqpdriver.py:343
2025-10-16 00:36:07.664 137613 DEBUG oslo_messaging._drivers.amqpdriver [-] Poll the incoming message with unique_id: 42aaae3bf79a4d548dd300b9337d2752 poll /usr/lib/python3/dist-packages/oslo_messaging/_drivers/amqpdriver.py:346
2025-10-16 00:36:07.664 136792 DEBUG oslo_service.service [req-7e1c90b8-c602-406e-93cc-16e1e98329fe - - - - -] compute.image_type_exclude_list = [] log_opt_values /usr/lib/python3/dist-packages/oslo_config/cfg.py:2609
2025-10-16 00:36:07.665 136792 DEBUG oslo_service.service [req-7e1c90b8-c602-406e-93cc-16e1e98329fe - - - - -] compute.live_migration_wait_for_vif_plug = True log_opt_values /usr/lib/python3/dist-packages/oslo_config/cfg.py:2609
2025-10-16 00:36:07.665 137613 DEBUG oslo_messaging._drivers.amqpdriver [-] Listener is running poll /usr/lib/python3/dist-packages/oslo_messaging/_drivers/amqpdriver.py:343
2025-10-16 00:36:07.665 137613 DEBUG oslo_messaging._drivers.amqpdriver [-] AMQPListener connection consume poll /usr/lib/python3/dist-packages/oslo_messaging/_drivers/amqpdriver.py:357
2025-10-16 00:36:07.665 136792 DEBUG oslo_service.service [req-7e1c90b8-c602-406e-93cc-16e1e98329fe - - - - -] compute.max_concurrent_disk_ops = 0 log_opt_values /usr/lib/python3/dist-packages/oslo_config/cfg.py:2609
2025-10-16 00:36:07.666 136792 DEBUG oslo_service.service [req-7e1c90b8-c602-406e-93cc-16e1e98329fe - - - - -] compute.max_disk_devices_to_attach = -1 log_opt_values /usr/lib/python3/dist-packages/oslo_config/cfg.py:2609
2025-10-16 00:36:07.667 136792 DEBUG oslo_service.service [req-7e1c90b8-c602-406e-93cc-16e1e98329fe - - - - -] compute.packing_host_numa_cells_allocation_strategy = True log_opt_values /usr/lib/python3/dist-packages/oslo_config/cfg.py:2609
2025-10-16 00:36:07.667 136792 DEBUG oslo_service.service [req-7e1c90b8-c602-406e-93cc-16e1e98329fe - - - - -] compute.provider_config_location = /etc/nova/provider_config/ log_opt_values /usr/lib/python3/dist-packages/oslo_config/cfg.py:2609
2025-10-16 00:36:07.667 136792 DEBUG oslo_service.service [req-7e1c90b8-c602-406e-93cc-16e1e98329fe - - - - -] compute.resource_provider_association_refresh = 300 log_opt_values /usr/lib/python3/dist-packages/oslo_config/cfg.py:2609
2025-10-16 00:36:07.667 136792 DEBUG oslo_service.service [req-7e1c90b8-c602-406e-93cc-16e1e98329fe - - - - -] compute.shutdown_retry_interval = 10 log_opt_values /usr/lib/python3/dist-packages/oslo_config/cfg.py:2609
2025-10-16 00:36:07.668 136792 DEBUG oslo_service.service [req-7e1c90b8-c602-406e-93cc-16e1e98329fe - - - - -] compute.vmdk_allowed_types = ['streamOptimized', 'monolithicSparse'] log_opt_values /usr/lib/python3/dist-packages/oslo_config/cfg.py:2609
2025-10-16 00:36:07.668 136792 DEBUG oslo_service.service [req-7e1c90b8-c602-406e-93cc-16e1e98329fe - - - - -] conductor.workers = 4 log_opt_values /usr/lib/python3/dist-packages/oslo_config/cfg.py:2609
2025-10-16 00:36:07.667 137615 DEBUG oslo_messaging._drivers.amqpdriver [-] Listener is running poll /usr/lib/python3/dist-packages/oslo_messaging/_drivers/amqpdriver.py:343
2025-10-16 00:36:07.668 137615 DEBUG oslo_messaging._drivers.amqpdriver [-] AMQPListener connection consume poll /usr/lib/python3/dist-packages/oslo_messaging/_drivers/amqpdriver.py:357
2025-10-16 00:36:07.668 136792 DEBUG oslo_service.service [req-7e1c90b8-c602-406e-93cc-16e1e98329fe - - - - -] console.allowed_origins = [] log_opt_values /usr/lib/python3/dist-packages/oslo_config/cfg.py:2609
2025-10-16 00:36:07.668 137615 DEBUG nova.service [req-223f4634-78f2-471d-82ea-480c9ac64b10 - - - - -] Join ServiceGroup membership for this service conductor start /usr/lib/python3/dist-packages/nova/service.py:199
2025-10-16 00:36:07.669 136792 DEBUG oslo_service.service [req-7e1c90b8-c602-406e-93cc-16e1e98329fe - - - - -] console.ssl_ciphers = None log_opt_values /usr/lib/python3/dist-packages/oslo_config/cfg.py:2609
2025-10-16 00:36:07.669 137615 DEBUG nova.servicegroup.drivers.db [req-223f4634-78f2-471d-82ea-480c9ac64b10 - - - - -] DB_Driver: join new ServiceGroup member juju-004046-0-lxd-7 to the conductor group, service = join /usr/lib/python3/dist-packages/nova/servicegroup/drivers/db.py:44
2025-10-16 00:36:07.669 136792 DEBUG oslo_service.service [req-7e1c90b8-c602-406e-93cc-16e1e98329fe - - - - -] console.ssl_minimum_version = default log_opt_values /usr/lib/python3/dist-packages/oslo_config/cfg.py:2609
2025-10-16 00:36:07.669 136792 DEBUG oslo_service.service [req-7e1c90b8-c602-406e-93cc-16e1e98329fe - - - - -] consoleauth.token_ttl = 600 log_opt_values /usr/lib/python3/dist-packages/oslo_config/cfg.py:2609
2025-10-16 00:36:07.670 136792 DEBUG oslo_service.service [req-7e1c90b8-c602-406e-93cc-16e1e98329fe - - - - -] cyborg.cafile = None log_opt_values /usr/lib/python3/dist-packages/oslo_config/cfg.py:2609
2025-10-16 00:36:07.670 136792 DEBUG oslo_service.service [req-7e1c90b8-c602-406e-93cc-16e1e98329fe - - - - -] cyborg.certfile = None log_opt_values /usr/lib/python3/dist-packages/oslo_config/cfg.py:2609
2025-10-16 00:36:07.670 136792 DEBUG oslo_service.service [req-7e1c90b8-c602-406e-93cc-16e1e98329fe - - - - -] cyborg.collect_timing = False log_opt_values /usr/lib/python3/dist-packages/oslo_config/cfg.py:2609
2025-10-16 00:36:07.671 136792 DEBUG oslo_service.service [req-7e1c90b8-c602-406e-93cc-16e1e98329fe - - - - -] cyborg.connect_retries = None log_opt_values /usr/lib/python3/dist-packages/oslo_config/cfg.py:2609
2025-10-16 00:36:07.671 136792 DEBUG oslo_service.service [req-7e1c90b8-c602-406e-93cc-16e1e98329fe - - - - -] cyborg.connect_retry_delay = None log_opt_values /usr/lib/python3/dist-packages/oslo_config/cfg.py:2609
2025-10-16 00:36:07.671 136792 DEBUG oslo_service.service [req-7e1c90b8-c602-406e-93cc-16e1e98329fe - - - - -] cyborg.endpoint_override = None log_opt_values /usr/lib/python3/dist-packages/oslo_config/cfg.py:2609
2025-10-16 00:36:07.671 137615 DEBUG oslo_messaging._drivers.amqpdriver [-] AMQPListener connection timeout poll /usr/lib/python3/dist-packages/oslo_messaging/_drivers/amqpdriver.py:360
2025-10-16 00:36:07.671 136792 DEBUG oslo_service.service [req-7e1c90b8-c602-406e-93cc-16e1e98329fe - - - - -] cyborg.insecure = False log_opt_values /usr/lib/python3/dist-packages/oslo_config/cfg.py:2609
2025-10-16 00:36:07.671 137615 DEBUG oslo_messaging._drivers.amqpdriver [-] Listener is running poll /usr/lib/python3/dist-packages/oslo_messaging/_drivers/amqpdriver.py:343
2025-10-16 00:36:07.671 137615 DEBUG oslo_messaging._drivers.amqpdriver [-] AMQPListener connection consume poll /usr/lib/python3/dist-packages/oslo_messaging/_drivers/amqpdriver.py:357
2025-10-16 00:36:07.671 136792 DEBUG oslo_service.service [req-7e1c90b8-c602-406e-93cc-16e1e98329fe - - - - -] cyborg.keyfile = None log_opt_values /usr/lib/python3/dist-packages/oslo_config/cfg.py:2609
2025-10-16 00:36:07.673 136792 DEBUG oslo_service.service [req-7e1c90b8-c602-406e-93cc-16e1e98329fe - - - - -] cyborg.max_version = None log_opt_values /usr/lib/python3/dist-packages/oslo_config/cfg.py:2609
2025-10-16 00:36:07.675 136792 DEBUG oslo_service.service [req-7e1c90b8-c602-406e-93cc-16e1e98329fe - - - - -] cyborg.min_version = None log_opt_values /usr/lib/python3/dist-packages/oslo_config/cfg.py:2609
2025-10-16 00:36:07.675 136792 DEBUG oslo_service.service [req-7e1c90b8-c602-406e-93cc-16e1e98329fe - - - - -] cyborg.region_name = None log_opt_values /usr/lib/python3/dist-packages/oslo_config/cfg.py:2609
2025-10-16 00:36:07.676 136792 DEBUG oslo_service.service [req-7e1c90b8-c602-406e-93cc-16e1e98329fe - - - - -] cyborg.service_name = None log_opt_values /usr/lib/python3/dist-packages/oslo_config/cfg.py:2609
2025-10-16 00:36:07.677 136792 DEBUG oslo_service.service [req-7e1c90b8-c602-406e-93cc-16e1e98329fe - - - - -] cyborg.service_type = accelerator log_opt_values /usr/lib/python3/dist-packages/oslo_config/cfg.py:2609
2025-10-16 00:36:07.679 136792 DEBUG oslo_service.service [req-7e1c90b8-c602-406e-93cc-16e1e98329fe - - - - -] cyborg.split_loggers = False log_opt_values /usr/lib/python3/dist-packages/oslo_config/cfg.py:2609
2025-10-16 00:36:07.680 136792 DEBUG oslo_service.service [req-7e1c90b8-c602-406e-93cc-16e1e98329fe - - - - -] cyborg.status_code_retries = None log_opt_values /usr/lib/python3/dist-packages/oslo_config/cfg.py:2609
2025-10-16 00:36:07.681 136792 DEBUG oslo_service.service [req-7e1c90b8-c602-406e-93cc-16e1e98329fe - - - - -] cyborg.status_code_retry_delay = None log_opt_values /usr/lib/python3/dist-packages/oslo_config/cfg.py:2609
2025-10-16 00:36:07.681 137617 DEBUG oslo_messaging._drivers.amqpdriver [-] Listener is running poll /usr/lib/python3/dist-packages/oslo_messaging/_drivers/amqpdriver.py:343
2025-10-16 00:36:07.682 137617 DEBUG oslo_messaging._drivers.amqpdriver [-] AMQPListener connection consume poll /usr/lib/python3/dist-packages/oslo_messaging/_drivers/amqpdriver.py:357
2025-10-16 00:36:07.682 136792 DEBUG oslo_service.service [req-7e1c90b8-c602-406e-93cc-16e1e98329fe - - - - -] cyborg.timeout = None log_opt_values /usr/lib/python3/dist-packages/oslo_config/cfg.py:2609
2025-10-16 00:36:07.682 137617 DEBUG nova.service [req-a84a46e4-9fac-4088-9c74-0070f87b2f71 - - - - -] Join ServiceGroup membership for this service conductor start /usr/lib/python3/dist-packages/nova/service.py:199
2025-10-16 00:36:07.683 137617 DEBUG nova.servicegroup.drivers.db [req-a84a46e4-9fac-4088-9c74-0070f87b2f71 - - - - -] DB_Driver: join new ServiceGroup member juju-004046-0-lxd-7 to the conductor group, service = join /usr/lib/python3/dist-packages/nova/servicegroup/drivers/db.py:44
2025-10-16 00:36:07.683 136792 DEBUG oslo_service.service [req-7e1c90b8-c602-406e-93cc-16e1e98329fe - - - - -] cyborg.valid_interfaces = ['internal', 'public'] log_opt_values /usr/lib/python3/dist-packages/oslo_config/cfg.py:2609
2025-10-16 00:36:07.686 137617 DEBUG oslo_messaging._drivers.amqpdriver [-] AMQPListener connection timeout poll /usr/lib/python3/dist-packages/oslo_messaging/_drivers/amqpdriver.py:360
2025-10-16 00:36:07.686 137617 DEBUG oslo_messaging._drivers.amqpdriver [-] Listener is running poll /usr/lib/python3/dist-packages/oslo_messaging/_drivers/amqpdriver.py:343
2025-10-16 00:36:07.686 137617 DEBUG oslo_messaging._drivers.amqpdriver [-] AMQPListener connection consume poll /usr/lib/python3/dist-packages/oslo_messaging/_drivers/amqpdriver.py:357
2025-10-16 00:36:07.685 136792 DEBUG oslo_service.service [req-7e1c90b8-c602-406e-93cc-16e1e98329fe - - - - -] cyborg.version = None log_opt_values /usr/lib/python3/dist-packages/oslo_config/cfg.py:2609
2025-10-16 00:36:07.687 136792 DEBUG oslo_service.service [req-7e1c90b8-c602-406e-93cc-16e1e98329fe - - - - -] database.backend = sqlalchemy log_opt_values /usr/lib/python3/dist-packages/oslo_config/cfg.py:2609
2025-10-16 00:36:07.687 136792 DEBUG oslo_service.service [req-7e1c90b8-c602-406e-93cc-16e1e98329fe - - - - -] database.connection = **** log_opt_values /usr/lib/python3/dist-packages/oslo_config/cfg.py:2609
2025-10-16 00:36:07.687 137613 DEBUG oslo_messaging._drivers.amqpdriver [req-277b5acb-6bfc-4e77-a9cb-2e0c5c14b8a1 - - - - -] sending reply msg_id: 0af958f4b67d46e3bbd51986a4444d51 reply queue: reply_ae06c9290880486d834f42643c02516a time elapsed: 0.024793988000055833s _send_reply /usr/lib/python3/dist-packages/oslo_messaging/_drivers/amqpdriver.py:118
2025-10-16 00:36:07.687 136792 DEBUG oslo_service.service [req-7e1c90b8-c602-406e-93cc-16e1e98329fe - - - - -] database.connection_debug = 0 log_opt_values /usr/lib/python3/dist-packages/oslo_config/cfg.py:2609
2025-10-16 00:36:07.687 136792 DEBUG oslo_service.service [req-7e1c90b8-c602-406e-93cc-16e1e98329fe - - - - -] database.connection_parameters = log_opt_values /usr/lib/python3/dist-packages/oslo_config/cfg.py:2609
2025-10-16 00:36:07.688 136792 DEBUG oslo_service.service [req-7e1c90b8-c602-406e-93cc-16e1e98329fe - - - - -] database.connection_recycle_time = 3600 log_opt_values /usr/lib/python3/dist-packages/oslo_config/cfg.py:2609
2025-10-16 00:36:07.688 136792 DEBUG oslo_service.service [req-7e1c90b8-c602-406e-93cc-16e1e98329fe - - - - -] database.connection_trace = False log_opt_values /usr/lib/python3/dist-packages/oslo_config/cfg.py:2609
2025-10-16 00:36:07.688 136792 DEBUG oslo_service.service [req-7e1c90b8-c602-406e-93cc-16e1e98329fe - - - - -] database.db_inc_retry_interval = True log_opt_values /usr/lib/python3/dist-packages/oslo_config/cfg.py:2609
2025-10-16 00:36:07.689 136792 DEBUG oslo_service.service [req-7e1c90b8-c602-406e-93cc-16e1e98329fe - - - - -] database.db_max_retries = 20 log_opt_values /usr/lib/python3/dist-packages/oslo_config/cfg.py:2609
2025-10-16 00:36:07.689 136792 DEBUG oslo_service.service [req-7e1c90b8-c602-406e-93cc-16e1e98329fe - - - - -] database.db_max_retry_interval = 10 log_opt_values /usr/lib/python3/dist-packages/oslo_config/cfg.py:2609
2025-10-16 00:36:07.689 137618 DEBUG oslo_messaging._drivers.amqpdriver [-] Listener is running poll /usr/lib/python3/dist-packages/oslo_messaging/_drivers/amqpdriver.py:343
2025-10-16 00:36:07.689 137618 DEBUG oslo_messaging._drivers.amqpdriver [-] AMQPListener connection consume poll /usr/lib/python3/dist-packages/oslo_messaging/_drivers/amqpdriver.py:357
2025-10-16 00:36:07.689 136792 DEBUG oslo_service.service [req-7e1c90b8-c602-406e-93cc-16e1e98329fe - - - - -] database.db_retry_interval = 1 log_opt_values /usr/lib/python3/dist-packages/oslo_config/cfg.py:2609
2025-10-16 00:36:07.690 137618 DEBUG nova.service [req-103f2f82-7c8f-4c6b-a257-a4df15b0c382 - - - - -] Join ServiceGroup membership for this service conductor start /usr/lib/python3/dist-packages/nova/service.py:199
2025-10-16 00:36:07.690 136792 DEBUG oslo_service.service [req-7e1c90b8-c602-406e-93cc-16e1e98329fe - - - - -] database.max_overflow = 50 log_opt_values /usr/lib/python3/dist-packages/oslo_config/cfg.py:2609
2025-10-16 00:36:07.690 136792 DEBUG oslo_service.service [req-7e1c90b8-c602-406e-93cc-16e1e98329fe - - - - -] database.max_pool_size = 4 log_opt_values /usr/lib/python3/dist-packages/oslo_config/cfg.py:2609
2025-10-16 00:36:07.690 137618 DEBUG nova.servicegroup.drivers.db [req-103f2f82-7c8f-4c6b-a257-a4df15b0c382 - - - - -] DB_Driver: join new ServiceGroup member juju-004046-0-lxd-7 to the conductor group, service = join /usr/lib/python3/dist-packages/nova/servicegroup/drivers/db.py:44
2025-10-16 00:36:07.690 136792 DEBUG oslo_service.service [req-7e1c90b8-c602-406e-93cc-16e1e98329fe - - - - -] database.max_retries = 10 log_opt_values /usr/lib/python3/dist-packages/oslo_config/cfg.py:2609
2025-10-16 00:36:07.690 136792 DEBUG oslo_service.service [req-7e1c90b8-c602-406e-93cc-16e1e98329fe - - - - -] database.mysql_enable_ndb = False log_opt_values /usr/lib/python3/dist-packages/oslo_config/cfg.py:2609
2025-10-16 00:36:07.690 136792 DEBUG oslo_service.service [req-7e1c90b8-c602-406e-93cc-16e1e98329fe - - - - -] database.mysql_sql_mode = TRADITIONAL log_opt_values /usr/lib/python3/dist-packages/oslo_config/cfg.py:2609
2025-10-16 00:36:07.691 136792 DEBUG oslo_service.service [req-7e1c90b8-c602-406e-93cc-16e1e98329fe - - - - -] database.pool_timeout = None log_opt_values /usr/lib/python3/dist-packages/oslo_config/cfg.py:2609
2025-10-16 00:36:07.691 136792 DEBUG oslo_service.service [req-7e1c90b8-c602-406e-93cc-16e1e98329fe - - - - -] database.retry_interval = 10 log_opt_values /usr/lib/python3/dist-packages/oslo_config/cfg.py:2609
2025-10-16 00:36:07.691 136792 DEBUG oslo_service.service [req-7e1c90b8-c602-406e-93cc-16e1e98329fe - - - - -] database.slave_connection = **** log_opt_values /usr/lib/python3/dist-packages/oslo_config/cfg.py:2609
2025-10-16 00:36:07.692 136792 DEBUG oslo_service.service [req-7e1c90b8-c602-406e-93cc-16e1e98329fe - - - - -] database.sqlite_synchronous = True log_opt_values /usr/lib/python3/dist-packages/oslo_config/cfg.py:2609
2025-10-16 00:36:07.692 136792 DEBUG oslo_service.service [req-7e1c90b8-c602-406e-93cc-16e1e98329fe - - - - -] database.use_db_reconnect = False log_opt_values /usr/lib/python3/dist-packages/oslo_config/cfg.py:2609
2025-10-16 00:36:07.692 136792 DEBUG oslo_service.service [req-7e1c90b8-c602-406e-93cc-16e1e98329fe - - - - -] api_database.backend = sqlalchemy log_opt_values /usr/lib/python3/dist-packages/oslo_config/cfg.py:2609
2025-10-16 00:36:07.692 136792 DEBUG oslo_service.service [req-7e1c90b8-c602-406e-93cc-16e1e98329fe - - - - -] api_database.connection = **** log_opt_values /usr/lib/python3/dist-packages/oslo_config/cfg.py:2609
2025-10-16 00:36:07.692 136792 DEBUG oslo_service.service [req-7e1c90b8-c602-406e-93cc-16e1e98329fe - - - - -] api_database.connection_debug = 0 log_opt_values /usr/lib/python3/dist-packages/oslo_config/cfg.py:2609
2025-10-16 00:36:07.692 137618 DEBUG oslo_messaging._drivers.amqpdriver [-] AMQPListener connection timeout poll /usr/lib/python3/dist-packages/oslo_messaging/_drivers/amqpdriver.py:360
2025-10-16 00:36:07.692 137618 DEBUG oslo_messaging._drivers.amqpdriver [-] Listener is running poll /usr/lib/python3/dist-packages/oslo_messaging/_drivers/amqpdriver.py:343
2025-10-16 00:36:07.692 136792 DEBUG oslo_service.service [req-7e1c90b8-c602-406e-93cc-16e1e98329fe - - - - -] api_database.connection_parameters = log_opt_values /usr/lib/python3/dist-packages/oslo_config/cfg.py:2609
2025-10-16 00:36:07.693 137618 DEBUG oslo_messaging._drivers.amqpdriver [-] AMQPListener connection consume poll /usr/lib/python3/dist-packages/oslo_messaging/_drivers/amqpdriver.py:357
2025-10-16 00:36:07.693 136792 DEBUG oslo_service.service [req-7e1c90b8-c602-406e-93cc-16e1e98329fe - - - - -] api_database.connection_recycle_time = 3600 log_opt_values /usr/lib/python3/dist-packages/oslo_config/cfg.py:2609
2025-10-16 00:36:07.693 137613 DEBUG oslo_messaging._drivers.amqpdriver [-] received message msg_id: 801fb2ace2f7434da856f9b4e81dd04b reply to reply_ae06c9290880486d834f42643c02516a __call__ /usr/lib/python3/dist-packages/oslo_messaging/_drivers/amqpdriver.py:320
2025-10-16 00:36:07.693 136792 DEBUG oslo_service.service [req-7e1c90b8-c602-406e-93cc-16e1e98329fe - - - - -] api_database.connection_trace = False log_opt_values /usr/lib/python3/dist-packages/oslo_config/cfg.py:2609
2025-10-16 00:36:07.694 137613 DEBUG oslo_messaging._drivers.amqpdriver [-] Listener is running poll /usr/lib/python3/dist-packages/oslo_messaging/_drivers/amqpdriver.py:343
2025-10-16 00:36:07.694 136792 DEBUG oslo_service.service [req-7e1c90b8-c602-406e-93cc-16e1e98329fe - - - - -] api_database.db_inc_retry_interval = True log_opt_values /usr/lib/python3/dist-packages/oslo_config/cfg.py:2609
2025-10-16 00:36:07.694 137613 DEBUG oslo_messaging._drivers.amqpdriver [-] Poll the incoming message with unique_id: 96cd430cd24e4ca9a3a830cd8fe262fa poll /usr/lib/python3/dist-packages/oslo_messaging/_drivers/amqpdriver.py:346
2025-10-16 00:36:07.694 137613 DEBUG oslo_messaging._drivers.amqpdriver [-] Listener is running poll /usr/lib/python3/dist-packages/oslo_messaging/_drivers/amqpdriver.py:343
2025-10-16 00:36:07.694 136792 DEBUG oslo_service.service [req-7e1c90b8-c602-406e-93cc-16e1e98329fe - - - - -] api_database.db_max_retries = 20 log_opt_values /usr/lib/python3/dist-packages/oslo_config/cfg.py:2609
2025-10-16 00:36:07.694 137613 DEBUG oslo_messaging._drivers.amqpdriver [-] AMQPListener connection consume poll /usr/lib/python3/dist-packages/oslo_messaging/_drivers/amqpdriver.py:357
2025-10-16 00:36:07.694 136792 DEBUG oslo_service.service [req-7e1c90b8-c602-406e-93cc-16e1e98329fe - - - - -] api_database.db_max_retry_interval = 10 log_opt_values /usr/lib/python3/dist-packages/oslo_config/cfg.py:2609
2025-10-16 00:36:07.694 136792 DEBUG oslo_service.service [req-7e1c90b8-c602-406e-93cc-16e1e98329fe - - - - -] api_database.db_retry_interval = 1 log_opt_values /usr/lib/python3/dist-packages/oslo_config/cfg.py:2609
2025-10-16 00:36:07.695 136792 DEBUG oslo_service.service [req-7e1c90b8-c602-406e-93cc-16e1e98329fe - - - - -] api_database.max_overflow = 50 log_opt_values /usr/lib/python3/dist-packages/oslo_config/cfg.py:2609
2025-10-16 00:36:07.695 136792 DEBUG oslo_service.service [req-7e1c90b8-c602-406e-93cc-16e1e98329fe - - - - -] api_database.max_pool_size = 4 log_opt_values /usr/lib/python3/dist-packages/oslo_config/cfg.py:2609
2025-10-16 00:36:07.695 136792 DEBUG oslo_service.service [req-7e1c90b8-c602-406e-93cc-16e1e98329fe - - - - -] api_database.max_retries = 10 log_opt_values /usr/lib/python3/dist-packages/oslo_config/cfg.py:2609
2025-10-16 00:36:07.695 136792 DEBUG oslo_service.service [req-7e1c90b8-c602-406e-93cc-16e1e98329fe - - - - -] api_database.mysql_enable_ndb = False log_opt_values /usr/lib/python3/dist-packages/oslo_config/cfg.py:2609
2025-10-16 00:36:07.695 136792 DEBUG oslo_service.service [req-7e1c90b8-c602-406e-93cc-16e1e98329fe - - - - -] api_database.mysql_sql_mode = TRADITIONAL log_opt_values /usr/lib/python3/dist-packages/oslo_config/cfg.py:2609
2025-10-16 00:36:07.695 136792 DEBUG oslo_service.service [req-7e1c90b8-c602-406e-93cc-16e1e98329fe - - - - -] api_database.pool_timeout = None log_opt_values /usr/lib/python3/dist-packages/oslo_config/cfg.py:2609
2025-10-16 00:36:07.696 136792 DEBUG oslo_service.service [req-7e1c90b8-c602-406e-93cc-16e1e98329fe - - - - -] api_database.retry_interval = 10 log_opt_values /usr/lib/python3/dist-packages/oslo_config/cfg.py:2609
2025-10-16 00:36:07.696 136792 DEBUG oslo_service.service [req-7e1c90b8-c602-406e-93cc-16e1e98329fe - - - - -] api_database.slave_connection = **** log_opt_values /usr/lib/python3/dist-packages/oslo_config/cfg.py:2609
2025-10-16 00:36:07.696 136792 DEBUG oslo_service.service [req-7e1c90b8-c602-406e-93cc-16e1e98329fe - - - - -] api_database.sqlite_synchronous = True log_opt_values /usr/lib/python3/dist-packages/oslo_config/cfg.py:2609
2025-10-16 00:36:07.696 136792 DEBUG oslo_service.service [req-7e1c90b8-c602-406e-93cc-16e1e98329fe - - - - -] devices.enabled_mdev_types = [] log_opt_values /usr/lib/python3/dist-packages/oslo_config/cfg.py:2609
