2025-10-16 00:32:14.041 39279 DEBUG oslo_service.service [-] clients_monasca.endpoint_type = None log_opt_values /usr/lib/python3/dist-packages/oslo_config/cfg.py:2609
2025-10-16 00:32:14.041 39279 DEBUG oslo_service.service [-] clients_monasca.insecure = None log_opt_values /usr/lib/python3/dist-packages/oslo_config/cfg.py:2609
2025-10-16 00:32:14.041 39279 DEBUG oslo_service.service [-] clients_monasca.key_file = None log_opt_values /usr/lib/python3/dist-packages/oslo_config/cfg.py:2609
2025-10-16 00:32:14.041 39279 DEBUG oslo_service.service [-] clients_neutron.ca_file = None log_opt_values /usr/lib/python3/dist-packages/oslo_config/cfg.py:2609
2025-10-16 00:32:14.041 39279 DEBUG oslo_service.service [-] clients_neutron.cert_file = None log_opt_values /usr/lib/python3/dist-packages/oslo_config/cfg.py:2609
2025-10-16 00:32:14.041 39279 DEBUG oslo_service.service [-] clients_neutron.endpoint_type = None log_opt_values /usr/lib/python3/dist-packages/oslo_config/cfg.py:2609
2025-10-16 00:32:14.041 39279 DEBUG oslo_service.service [-] clients_neutron.insecure = None log_opt_values /usr/lib/python3/dist-packages/oslo_config/cfg.py:2609
2025-10-16 00:32:14.041 39279 DEBUG oslo_service.service [-] clients_neutron.key_file = None log_opt_values /usr/lib/python3/dist-packages/oslo_config/cfg.py:2609
2025-10-16 00:32:14.042 39279 DEBUG oslo_service.service [-] clients_nova.ca_file = None log_opt_values /usr/lib/python3/dist-packages/oslo_config/cfg.py:2609
2025-10-16 00:32:14.042 39279 DEBUG oslo_service.service [-] clients_nova.cert_file = None log_opt_values /usr/lib/python3/dist-packages/oslo_config/cfg.py:2609
2025-10-16 00:32:14.042 39279 DEBUG oslo_service.service [-] clients_nova.endpoint_type = None log_opt_values /usr/lib/python3/dist-packages/oslo_config/cfg.py:2609
2025-10-16 00:32:14.042 39279 DEBUG oslo_service.service [-] clients_nova.http_log_debug = False log_opt_values /usr/lib/python3/dist-packages/oslo_config/cfg.py:2609
2025-10-16 00:32:14.042 39279 DEBUG oslo_service.service [-] clients_nova.insecure = None log_opt_values /usr/lib/python3/dist-packages/oslo_config/cfg.py:2609
2025-10-16 00:32:14.042 39279 DEBUG oslo_service.service [-] clients_nova.key_file = None log_opt_values /usr/lib/python3/dist-packages/oslo_config/cfg.py:2609
2025-10-16 00:32:14.042 39279 DEBUG oslo_service.service [-] clients_octavia.ca_file = None log_opt_values /usr/lib/python3/dist-packages/oslo_config/cfg.py:2609
2025-10-16 00:32:14.043 39279 DEBUG oslo_service.service [-] clients_octavia.cert_file = None log_opt_values /usr/lib/python3/dist-packages/oslo_config/cfg.py:2609
2025-10-16 00:32:14.043 39279 DEBUG oslo_service.service [-] clients_octavia.endpoint_type = None log_opt_values /usr/lib/python3/dist-packages/oslo_config/cfg.py:2609
2025-10-16 00:32:14.043 39279 DEBUG oslo_service.service [-] clients_octavia.insecure = None log_opt_values /usr/lib/python3/dist-packages/oslo_config/cfg.py:2609
2025-10-16 00:32:14.043 39279 DEBUG oslo_service.service [-] clients_octavia.key_file = None log_opt_values /usr/lib/python3/dist-packages/oslo_config/cfg.py:2609
2025-10-16 00:32:14.043 39279 DEBUG oslo_service.service [-] clients_sahara.ca_file = None log_opt_values /usr/lib/python3/dist-packages/oslo_config/cfg.py:2609
2025-10-16 00:32:14.043 39279 DEBUG oslo_service.service [-] clients_sahara.cert_file = None log_opt_values /usr/lib/python3/dist-packages/oslo_config/cfg.py:2609
2025-10-16 00:32:14.044 39279 DEBUG oslo_service.service [-] clients_sahara.endpoint_type = None log_opt_values /usr/lib/python3/dist-packages/oslo_config/cfg.py:2609
2025-10-16 00:32:14.044 39279 DEBUG oslo_service.service [-] clients_sahara.insecure = None log_opt_values /usr/lib/python3/dist-packages/oslo_config/cfg.py:2609
2025-10-16 00:32:14.044 39279 DEBUG oslo_service.service [-] clients_sahara.key_file = None log_opt_values /usr/lib/python3/dist-packages/oslo_config/cfg.py:2609
2025-10-16 00:32:14.044 39279 DEBUG oslo_service.service [-] clients_senlin.ca_file = None log_opt_values /usr/lib/python3/dist-packages/oslo_config/cfg.py:2609
2025-10-16 00:32:14.044 39279 DEBUG oslo_service.service [-] clients_senlin.cert_file = None log_opt_values /usr/lib/python3/dist-packages/oslo_config/cfg.py:2609
2025-10-16 00:32:14.045 39279 DEBUG oslo_service.service [-] clients_senlin.endpoint_type = None log_opt_values /usr/lib/python3/dist-packages/oslo_config/cfg.py:2609
2025-10-16 00:32:14.045 39279 DEBUG oslo_service.service [-] clients_senlin.insecure = None log_opt_values /usr/lib/python3/dist-packages/oslo_config/cfg.py:2609
2025-10-16 00:32:14.045 39279 DEBUG oslo_service.service [-] clients_senlin.key_file = None log_opt_values /usr/lib/python3/dist-packages/oslo_config/cfg.py:2609
2025-10-16 00:32:14.045 39279 DEBUG oslo_service.service [-] clients_swift.ca_file = None log_opt_values /usr/lib/python3/dist-packages/oslo_config/cfg.py:2609
2025-10-16 00:32:14.045 39279 DEBUG oslo_service.service [-] clients_swift.cert_file = None log_opt_values /usr/lib/python3/dist-packages/oslo_config/cfg.py:2609
2025-10-16 00:32:14.046 39279 DEBUG oslo_service.service [-] clients_swift.endpoint_type = None log_opt_values /usr/lib/python3/dist-packages/oslo_config/cfg.py:2609
2025-10-16 00:32:14.046 39279 DEBUG oslo_service.service [-] clients_swift.insecure = None log_opt_values /usr/lib/python3/dist-packages/oslo_config/cfg.py:2609
2025-10-16 00:32:14.046 39279 DEBUG oslo_service.service [-] clients_swift.key_file = None log_opt_values /usr/lib/python3/dist-packages/oslo_config/cfg.py:2609
2025-10-16 00:32:14.046 39279 DEBUG oslo_service.service [-] clients_trove.ca_file = None log_opt_values /usr/lib/python3/dist-packages/oslo_config/cfg.py:2609
2025-10-16 00:32:14.046 39279 DEBUG oslo_service.service [-] clients_trove.cert_file = None log_opt_values /usr/lib/python3/dist-packages/oslo_config/cfg.py:2609
2025-10-16 00:32:14.047 39279 DEBUG oslo_service.service [-] clients_trove.endpoint_type = None log_opt_values /usr/lib/python3/dist-packages/oslo_config/cfg.py:2609
2025-10-16 00:32:14.047 39279 DEBUG oslo_service.service [-] clients_trove.insecure = None log_opt_values /usr/lib/python3/dist-packages/oslo_config/cfg.py:2609
2025-10-16 00:32:14.047 39279 DEBUG oslo_service.service [-] clients_trove.key_file = None log_opt_values /usr/lib/python3/dist-packages/oslo_config/cfg.py:2609
2025-10-16 00:32:14.047 39279 DEBUG oslo_service.service [-] clients_vitrage.ca_file = None log_opt_values /usr/lib/python3/dist-packages/oslo_config/cfg.py:2609
2025-10-16 00:32:14.048 39279 DEBUG oslo_service.service [-] clients_vitrage.cert_file = None log_opt_values /usr/lib/python3/dist-packages/oslo_config/cfg.py:2609
2025-10-16 00:32:14.048 39279 DEBUG oslo_service.service [-] clients_vitrage.endpoint_type = None log_opt_values /usr/lib/python3/dist-packages/oslo_config/cfg.py:2609
2025-10-16 00:32:14.048 39279 DEBUG oslo_service.service [-] clients_vitrage.insecure = None log_opt_values /usr/lib/python3/dist-packages/oslo_config/cfg.py:2609
2025-10-16 00:32:14.048 39279 DEBUG oslo_service.service [-] clients_vitrage.key_file = None log_opt_values /usr/lib/python3/dist-packages/oslo_config/cfg.py:2609
2025-10-16 00:32:14.048 39279 DEBUG oslo_service.service [-] clients_zaqar.ca_file = None log_opt_values /usr/lib/python3/dist-packages/oslo_config/cfg.py:2609
2025-10-16 00:32:14.049 39279 DEBUG oslo_service.service [-] clients_zaqar.cert_file = None log_opt_values /usr/lib/python3/dist-packages/oslo_config/cfg.py:2609
2025-10-16 00:32:14.049 39279 DEBUG oslo_service.service [-] clients_zaqar.endpoint_type = None log_opt_values /usr/lib/python3/dist-packages/oslo_config/cfg.py:2609
2025-10-16 00:32:14.049 39279 DEBUG oslo_service.service [-] clients_zaqar.insecure = None log_opt_values /usr/lib/python3/dist-packages/oslo_config/cfg.py:2609
2025-10-16 00:32:14.049 39279 DEBUG oslo_service.service [-] clients_zaqar.key_file = None log_opt_values /usr/lib/python3/dist-packages/oslo_config/cfg.py:2609
2025-10-16 00:32:14.050 39279 DEBUG oslo_service.service [-] database.backend = sqlalchemy log_opt_values /usr/lib/python3/dist-packages/oslo_config/cfg.py:2609
2025-10-16 00:32:14.050 39279 DEBUG oslo_service.service [-] database.connection = **** log_opt_values /usr/lib/python3/dist-packages/oslo_config/cfg.py:2609
2025-10-16 00:32:14.050 39279 DEBUG oslo_service.service [-] database.connection_debug = 0 log_opt_values /usr/lib/python3/dist-packages/oslo_config/cfg.py:2609
2025-10-16 00:32:14.050 39279 DEBUG oslo_service.service [-] database.connection_parameters = log_opt_values /usr/lib/python3/dist-packages/oslo_config/cfg.py:2609
2025-10-16 00:32:14.051 39279 DEBUG oslo_service.service [-] database.connection_recycle_time = 3600 log_opt_values /usr/lib/python3/dist-packages/oslo_config/cfg.py:2609
2025-10-16 00:32:14.051 39279 DEBUG oslo_service.service [-] database.connection_trace = False log_opt_values /usr/lib/python3/dist-packages/oslo_config/cfg.py:2609
2025-10-16 00:32:14.051 39279 DEBUG oslo_service.service [-] database.db_inc_retry_interval = True log_opt_values /usr/lib/python3/dist-packages/oslo_config/cfg.py:2609
2025-10-16 00:32:14.051 39279 DEBUG oslo_service.service [-] database.db_max_retries = 20 log_opt_values /usr/lib/python3/dist-packages/oslo_config/cfg.py:2609
2025-10-16 00:32:14.054 39279 DEBUG oslo_service.service [-] database.db_max_retry_interval = 10 log_opt_values /usr/lib/python3/dist-packages/oslo_config/cfg.py:2609
2025-10-16 00:32:14.054 39279 DEBUG oslo_service.service [-] database.db_retry_interval = 1 log_opt_values /usr/lib/python3/dist-packages/oslo_config/cfg.py:2609
2025-10-16 00:32:14.054 39279 DEBUG oslo_service.service [-] database.max_overflow = 50 log_opt_values /usr/lib/python3/dist-packages/oslo_config/cfg.py:2609
2025-10-16 00:32:14.055 39279 DEBUG oslo_service.service [-] database.max_pool_size = 5 log_opt_values /usr/lib/python3/dist-packages/oslo_config/cfg.py:2609
2025-10-16 00:32:14.055 39279 DEBUG oslo_service.service [-] database.max_retries = 10 log_opt_values /usr/lib/python3/dist-packages/oslo_config/cfg.py:2609
2025-10-16 00:32:14.055 39279 DEBUG oslo_service.service [-] database.mysql_enable_ndb = False log_opt_values /usr/lib/python3/dist-packages/oslo_config/cfg.py:2609
2025-10-16 00:32:14.055 39279 DEBUG oslo_service.service [-] database.mysql_sql_mode = TRADITIONAL log_opt_values /usr/lib/python3/dist-packages/oslo_config/cfg.py:2609
2025-10-16 00:32:14.055 39279 DEBUG oslo_service.service [-] database.pool_timeout = None log_opt_values /usr/lib/python3/dist-packages/oslo_config/cfg.py:2609
2025-10-16 00:32:14.056 39279 DEBUG oslo_service.service [-] database.retry_interval = 10 log_opt_values /usr/lib/python3/dist-packages/oslo_config/cfg.py:2609
2025-10-16 00:32:14.057 39279 DEBUG oslo_service.service [-] database.slave_connection = **** log_opt_values /usr/lib/python3/dist-packages/oslo_config/cfg.py:2609
2025-10-16 00:32:14.057 39279 DEBUG oslo_service.service [-] database.sqlite_synchronous = True log_opt_values /usr/lib/python3/dist-packages/oslo_config/cfg.py:2609
2025-10-16 00:32:14.057 39279 DEBUG oslo_service.service [-] database.use_db_reconnect = False log_opt_values /usr/lib/python3/dist-packages/oslo_config/cfg.py:2609
2025-10-16 00:32:14.057 39279 DEBUG oslo_service.service [-] oslo_messaging_metrics.metrics_buffer_size = 1000 log_opt_values /usr/lib/python3/dist-packages/oslo_config/cfg.py:2609
2025-10-16 00:32:14.057 39279 DEBUG oslo_service.service [-] oslo_messaging_metrics.metrics_enabled = False log_opt_values /usr/lib/python3/dist-packages/oslo_config/cfg.py:2609
2025-10-16 00:32:14.058 39279 DEBUG oslo_service.service [-] oslo_messaging_metrics.metrics_process_name = log_opt_values /usr/lib/python3/dist-packages/oslo_config/cfg.py:2609
2025-10-16 00:32:14.059 39502 INFO heat.engine.worker [-] Starting engine_worker (1.4) in engine 9d11ac4e-b192-4864-84b2-2bd8c197749f.
2025-10-16 00:32:14.074 39279 DEBUG oslo_service.service [-] oslo_messaging_metrics.metrics_socket_file = /var/tmp/metrics_collector.sock log_opt_values /usr/lib/python3/dist-packages/oslo_config/cfg.py:2609
2025-10-16 00:32:14.083 39503 INFO heat.engine.worker [-] Starting engine_worker (1.4) in engine b817dfa2-973d-47f4-b27f-069e6522295c.
2025-10-16 00:32:14.084 39279 DEBUG oslo_service.service [-] oslo_messaging_metrics.metrics_thread_stop_timeout = 10 log_opt_values /usr/lib/python3/dist-packages/oslo_config/cfg.py:2609
2025-10-16 00:32:14.085 39279 DEBUG oslo_service.service [-] oslo_policy.enforce_new_defaults = False log_opt_values /usr/lib/python3/dist-packages/oslo_config/cfg.py:2609
2025-10-16 00:32:14.085 39279 DEBUG oslo_service.service [-] oslo_policy.enforce_scope = False log_opt_values /usr/lib/python3/dist-packages/oslo_config/cfg.py:2609
2025-10-16 00:32:14.085 39279 DEBUG oslo_service.service [-] oslo_policy.policy_default_rule = default log_opt_values /usr/lib/python3/dist-packages/oslo_config/cfg.py:2609
2025-10-16 00:32:14.085 39279 DEBUG oslo_service.service [-] oslo_policy.policy_dirs = ['policy.d'] log_opt_values /usr/lib/python3/dist-packages/oslo_config/cfg.py:2609
2025-10-16 00:32:14.085 39279 DEBUG oslo_service.service [-] oslo_policy.policy_file = policy.yaml log_opt_values /usr/lib/python3/dist-packages/oslo_config/cfg.py:2609
2025-10-16 00:32:14.085 39279 DEBUG oslo_service.service [-] oslo_policy.remote_content_type = application/x-www-form-urlencoded log_opt_values /usr/lib/python3/dist-packages/oslo_config/cfg.py:2609
2025-10-16 00:32:14.086 39279 DEBUG oslo_service.service [-] oslo_policy.remote_ssl_ca_crt_file = None log_opt_values /usr/lib/python3/dist-packages/oslo_config/cfg.py:2609
2025-10-16 00:32:14.086 39279 DEBUG oslo_service.service [-] oslo_policy.remote_ssl_client_crt_file = None log_opt_values /usr/lib/python3/dist-packages/oslo_config/cfg.py:2609
2025-10-16 00:32:14.086 39279 DEBUG oslo_service.service [-] oslo_policy.remote_ssl_client_key_file = None log_opt_values /usr/lib/python3/dist-packages/oslo_config/cfg.py:2609
2025-10-16 00:32:14.086 39279 DEBUG oslo_service.service [-] oslo_policy.remote_ssl_verify_server_crt = False log_opt_values /usr/lib/python3/dist-packages/oslo_config/cfg.py:2609
2025-10-16 00:32:14.086 39279 DEBUG oslo_service.service [-] trustee.auth_section = None log_opt_values /usr/lib/python3/dist-packages/oslo_config/cfg.py:2609
2025-10-16 00:32:14.086 39279 WARNING oslo_config.cfg [-] Deprecated: Option "auth_plugin" from group "trustee" is deprecated. Use option "auth_type" from group "trustee".
2025-10-16 00:32:14.086 39279 DEBUG oslo_service.service [-] trustee.auth_type = password log_opt_values /usr/lib/python3/dist-packages/oslo_config/cfg.py:2609
2025-10-16 00:32:14.087 39279 DEBUG oslo_service.service [-] oslo_versionedobjects.fatal_exception_format_errors = False log_opt_values /usr/lib/python3/dist-packages/oslo_config/cfg.py:2609
2025-10-16 00:32:14.087 39279 DEBUG oslo_service.service [-] oslo_messaging_rabbit.amqp_auto_delete = False log_opt_values /usr/lib/python3/dist-packages/oslo_config/cfg.py:2609
2025-10-16 00:32:14.087 39279 DEBUG oslo_service.service [-] oslo_messaging_rabbit.amqp_durable_queues = False log_opt_values /usr/lib/python3/dist-packages/oslo_config/cfg.py:2609
2025-10-16 00:32:14.087 39279 DEBUG oslo_service.service [-] oslo_messaging_rabbit.conn_pool_min_size = 2 log_opt_values /usr/lib/python3/dist-packages/oslo_config/cfg.py:2609
2025-10-16 00:32:14.087 39279 DEBUG oslo_service.service [-] oslo_messaging_rabbit.conn_pool_ttl = 1200 log_opt_values /usr/lib/python3/dist-packages/oslo_config/cfg.py:2609
2025-10-16 00:32:14.087 39279 DEBUG oslo_service.service [-] oslo_messaging_rabbit.direct_mandatory_flag = True log_opt_values /usr/lib/python3/dist-packages/oslo_config/cfg.py:2609
2025-10-16 00:32:14.087 39279 DEBUG oslo_service.service [-] oslo_messaging_rabbit.enable_cancel_on_failover = False log_opt_values /usr/lib/python3/dist-packages/oslo_config/cfg.py:2609
2025-10-16 00:32:14.087 39279 DEBUG oslo_service.service [-] oslo_messaging_rabbit.heartbeat_in_pthread = False log_opt_values /usr/lib/python3/dist-packages/oslo_config/cfg.py:2609
2025-10-16 00:32:14.087 39279 DEBUG oslo_service.service [-] oslo_messaging_rabbit.heartbeat_rate = 2 log_opt_values /usr/lib/python3/dist-packages/oslo_config/cfg.py:2609
2025-10-16 00:32:14.088 39279 DEBUG oslo_service.service [-] oslo_messaging_rabbit.heartbeat_timeout_threshold = 60 log_opt_values /usr/lib/python3/dist-packages/oslo_config/cfg.py:2609
2025-10-16 00:32:14.102 39501 DEBUG oslo_db.sqlalchemy.engines [req-584bef4c-05a6-4dfd-bd6b-e2e1fcbab317 - - - - -] MySQL server mode set to STRICT_TRANS_TABLES,STRICT_ALL_TABLES,NO_ZERO_IN_DATE,NO_ZERO_DATE,ERROR_FOR_DIVISION_BY_ZERO,TRADITIONAL,NO_ENGINE_SUBSTITUTION _check_effective_sql_mode /usr/lib/python3/dist-packages/oslo_db/sqlalchemy/engines.py:314
2025-10-16 00:32:14.114 39279 DEBUG oslo_service.service [-] oslo_messaging_rabbit.kombu_compression = None log_opt_values /usr/lib/python3/dist-packages/oslo_config/cfg.py:2609
2025-10-16 00:32:14.114 39279 DEBUG oslo_service.service [-] oslo_messaging_rabbit.kombu_failover_strategy = round-robin log_opt_values /usr/lib/python3/dist-packages/oslo_config/cfg.py:2609
2025-10-16 00:32:14.115 39279 DEBUG oslo_service.service [-] oslo_messaging_rabbit.kombu_missing_consumer_retry_timeout = 60 log_opt_values /usr/lib/python3/dist-packages/oslo_config/cfg.py:2609
2025-10-16 00:32:14.115 39279 DEBUG oslo_service.service [-] oslo_messaging_rabbit.kombu_reconnect_delay = 1.0 log_opt_values /usr/lib/python3/dist-packages/oslo_config/cfg.py:2609
2025-10-16 00:32:14.115 39279 DEBUG oslo_service.service [-] oslo_messaging_rabbit.rabbit_ha_queues = False log_opt_values /usr/lib/python3/dist-packages/oslo_config/cfg.py:2609
2025-10-16 00:32:14.126 39279 DEBUG oslo_service.service [-] oslo_messaging_rabbit.rabbit_interval_max = 30 log_opt_values /usr/lib/python3/dist-packages/oslo_config/cfg.py:2609
2025-10-16 00:32:14.127 39279 DEBUG oslo_service.service [-] oslo_messaging_rabbit.rabbit_login_method = AMQPLAIN log_opt_values /usr/lib/python3/dist-packages/oslo_config/cfg.py:2609
2025-10-16 00:32:14.127 39279 DEBUG oslo_service.service [-] oslo_messaging_rabbit.rabbit_qos_prefetch_count = 0 log_opt_values /usr/lib/python3/dist-packages/oslo_config/cfg.py:2609
2025-10-16 00:32:14.127 39279 DEBUG oslo_service.service [-] oslo_messaging_rabbit.rabbit_quorum_queue = False log_opt_values /usr/lib/python3/dist-packages/oslo_config/cfg.py:2609
2025-10-16 00:32:14.127 39279 DEBUG oslo_service.service [-] oslo_messaging_rabbit.rabbit_retry_backoff = 2 log_opt_values /usr/lib/python3/dist-packages/oslo_config/cfg.py:2609
2025-10-16 00:32:14.127 39279 DEBUG oslo_service.service [-] oslo_messaging_rabbit.rabbit_retry_interval = 1 log_opt_values /usr/lib/python3/dist-packages/oslo_config/cfg.py:2609
2025-10-16 00:32:14.134 39279 DEBUG oslo_service.service [-] oslo_messaging_rabbit.rabbit_transient_queues_ttl = 1800 log_opt_values /usr/lib/python3/dist-packages/oslo_config/cfg.py:2609
2025-10-16 00:32:14.140 39279 DEBUG oslo_service.service [-] oslo_messaging_rabbit.rpc_conn_pool_size = 30 log_opt_values /usr/lib/python3/dist-packages/oslo_config/cfg.py:2609
2025-10-16 00:32:14.141 39279 DEBUG oslo_service.service [-] oslo_messaging_rabbit.ssl = False log_opt_values /usr/lib/python3/dist-packages/oslo_config/cfg.py:2609
2025-10-16 00:32:14.141 39279 DEBUG oslo_service.service [-] oslo_messaging_rabbit.ssl_ca_file = log_opt_values /usr/lib/python3/dist-packages/oslo_config/cfg.py:2609
2025-10-16 00:32:14.149 39279 DEBUG oslo_service.service [-] oslo_messaging_rabbit.ssl_cert_file = log_opt_values /usr/lib/python3/dist-packages/oslo_config/cfg.py:2609
2025-10-16 00:32:14.149 39279 DEBUG oslo_service.service [-] oslo_messaging_rabbit.ssl_key_file = log_opt_values /usr/lib/python3/dist-packages/oslo_config/cfg.py:2609
2025-10-16 00:32:14.149 39279 DEBUG oslo_service.service [-] oslo_messaging_rabbit.ssl_version = log_opt_values /usr/lib/python3/dist-packages/oslo_config/cfg.py:2609
2025-10-16 00:32:14.150 39279 DEBUG oslo_service.service [-] oslo_messaging_notifications.driver = [] log_opt_values /usr/lib/python3/dist-packages/oslo_config/cfg.py:2609
2025-10-16 00:32:14.157 39279 DEBUG oslo_service.service [-] oslo_messaging_notifications.retry = -1 log_opt_values /usr/lib/python3/dist-packages/oslo_config/cfg.py:2609
2025-10-16 00:32:14.160 39279 DEBUG oslo_service.service [-] oslo_messaging_notifications.topics = ['notifications'] log_opt_values /usr/lib/python3/dist-packages/oslo_config/cfg.py:2609
2025-10-16 00:32:14.160 39279 DEBUG oslo_service.service [-] oslo_messaging_notifications.transport_url = **** log_opt_values /usr/lib/python3/dist-packages/oslo_config/cfg.py:2609
2025-10-16 00:32:14.161 39279 DEBUG oslo_service.service [-] cache.backend = dogpile.cache.null log_opt_values /usr/lib/python3/dist-packages/oslo_config/cfg.py:2609
2025-10-16 00:32:14.169 39279 DEBUG oslo_service.service [-] cache.backend_argument = **** log_opt_values /usr/lib/python3/dist-packages/oslo_config/cfg.py:2609
2025-10-16 00:32:14.172 39279 DEBUG oslo_service.service [-] cache.config_prefix = cache.oslo log_opt_values /usr/lib/python3/dist-packages/oslo_config/cfg.py:2609
2025-10-16 00:32:14.172 39279 DEBUG oslo_service.service [-] cache.debug_cache_backend = False log_opt_values /usr/lib/python3/dist-packages/oslo_config/cfg.py:2609
2025-10-16 00:32:14.172 39279 DEBUG oslo_service.service [-] cache.enabled = False log_opt_values /usr/lib/python3/dist-packages/oslo_config/cfg.py:2609
2025-10-16 00:32:14.172 39279 DEBUG oslo_service.service [-] cache.expiration_time = 600 log_opt_values /usr/lib/python3/dist-packages/oslo_config/cfg.py:2609
2025-10-16 00:32:14.173 39279 DEBUG oslo_service.service [-] cache.memcache_dead_retry = 300 log_opt_values /usr/lib/python3/dist-packages/oslo_config/cfg.py:2609
2025-10-16 00:32:14.173 39279 DEBUG oslo_service.service [-] cache.memcache_pool_connection_get_timeout = 10 log_opt_values /usr/lib/python3/dist-packages/oslo_config/cfg.py:2609
2025-10-16 00:32:14.173 39279 DEBUG oslo_service.service [-] cache.memcache_pool_flush_on_reconnect = False log_opt_values /usr/lib/python3/dist-packages/oslo_config/cfg.py:2609
2025-10-16 00:32:14.173 39279 DEBUG oslo_service.service [-] cache.memcache_pool_maxsize = 10 log_opt_values /usr/lib/python3/dist-packages/oslo_config/cfg.py:2609
2025-10-16 00:32:14.173 39279 DEBUG oslo_service.service [-] cache.memcache_pool_unused_timeout = 60 log_opt_values /usr/lib/python3/dist-packages/oslo_config/cfg.py:2609
2025-10-16 00:32:14.173 39279 DEBUG oslo_service.service [-] cache.memcache_servers = ['localhost:11211'] log_opt_values /usr/lib/python3/dist-packages/oslo_config/cfg.py:2609
2025-10-16 00:32:14.174 39279 DEBUG oslo_service.service [-] cache.memcache_socket_timeout = 1.0 log_opt_values /usr/lib/python3/dist-packages/oslo_config/cfg.py:2609
2025-10-16 00:32:14.174 39279 DEBUG oslo_service.service [-] cache.proxies = [] log_opt_values /usr/lib/python3/dist-packages/oslo_config/cfg.py:2609
2025-10-16 00:32:14.175 39279 DEBUG oslo_service.service [-] cache.tls_allowed_ciphers = None log_opt_values /usr/lib/python3/dist-packages/oslo_config/cfg.py:2609
2025-10-16 00:32:14.175 39279 DEBUG oslo_service.service [-] cache.tls_cafile = None log_opt_values /usr/lib/python3/dist-packages/oslo_config/cfg.py:2609
2025-10-16 00:32:14.175 39279 DEBUG oslo_service.service [-] cache.tls_certfile = None log_opt_values /usr/lib/python3/dist-packages/oslo_config/cfg.py:2609
2025-10-16 00:32:14.175 39279 DEBUG oslo_service.service [-] cache.tls_enabled = False log_opt_values /usr/lib/python3/dist-packages/oslo_config/cfg.py:2609
2025-10-16 00:32:14.175 39279 DEBUG oslo_service.service [-] cache.tls_keyfile = None log_opt_values /usr/lib/python3/dist-packages/oslo_config/cfg.py:2609
2025-10-16 00:32:14.179 39279 DEBUG oslo_service.service [-] constraint_validation_cache.caching = True log_opt_values /usr/lib/python3/dist-packages/oslo_config/cfg.py:2609
2025-10-16 00:32:14.179 39279 DEBUG oslo_service.service [-] constraint_validation_cache.expiration_time = 60 log_opt_values /usr/lib/python3/dist-packages/oslo_config/cfg.py:2609
2025-10-16 00:32:14.179 39279 DEBUG oslo_service.service [-] service_extension_cache.caching = True log_opt_values /usr/lib/python3/dist-packages/oslo_config/cfg.py:2609
2025-10-16 00:32:14.180 39279 DEBUG oslo_service.service [-] service_extension_cache.expiration_time = 3600 log_opt_values /usr/lib/python3/dist-packages/oslo_config/cfg.py:2609
2025-10-16 00:32:14.180 39279 DEBUG oslo_service.service [-] resource_finder_cache.caching = True log_opt_values /usr/lib/python3/dist-packages/oslo_config/cfg.py:2609
2025-10-16 00:32:14.181 39279 DEBUG oslo_service.service [-] resource_finder_cache.expiration_time = 3600 log_opt_values /usr/lib/python3/dist-packages/oslo_config/cfg.py:2609
2025-10-16 00:32:14.182 39279 DEBUG oslo_service.service [-] yaql.limit_iterators = 200 log_opt_values /usr/lib/python3/dist-packages/oslo_config/cfg.py:2609
2025-10-16 00:32:14.182 39279 DEBUG oslo_service.service [-] yaql.memory_quota = 10000 log_opt_values /usr/lib/python3/dist-packages/oslo_config/cfg.py:2609
2025-10-16 00:32:14.182 39279 DEBUG oslo_service.service [-] ******************************************************************************** log_opt_values /usr/lib/python3/dist-packages/oslo_config/cfg.py:2613
2025-10-16 00:32:14.210 39501 DEBUG heat.engine.service [req-91f21f4d-cece-49e8-9dea-1e74c339b0e4 - - - - -] Service e2d003cf-8b45-450d-9439-d3477a4e0a9e is started service_manage_report /usr/lib/python3/dist-packages/heat/engine/service.py:2363
2025-10-16 00:32:14.226 39500 DEBUG oslo_db.sqlalchemy.engines [req-93f5f1fe-fa78-41f3-8dda-dae0a59f7da2 - - - - -] MySQL server mode set to STRICT_TRANS_TABLES,STRICT_ALL_TABLES,NO_ZERO_IN_DATE,NO_ZERO_DATE,ERROR_FOR_DIVISION_BY_ZERO,TRADITIONAL,NO_ENGINE_SUBSTITUTION _check_effective_sql_mode /usr/lib/python3/dist-packages/oslo_db/sqlalchemy/engines.py:314
2025-10-16 00:32:14.231 39501 DEBUG heat.engine.service [req-91f21f4d-cece-49e8-9dea-1e74c339b0e4 - - - - -] Service e2d003cf-8b45-450d-9439-d3477a4e0a9e is updated service_manage_report /usr/lib/python3/dist-packages/heat/engine/service.py:2370
2025-10-16 00:32:14.261 39502 DEBUG oslo_db.sqlalchemy.engines [req-9a504d4e-e20b-4ec9-bbd8-4bc5f802d6ae - - - - -] MySQL server mode set to STRICT_TRANS_TABLES,STRICT_ALL_TABLES,NO_ZERO_IN_DATE,NO_ZERO_DATE,ERROR_FOR_DIVISION_BY_ZERO,TRADITIONAL,NO_ENGINE_SUBSTITUTION _check_effective_sql_mode /usr/lib/python3/dist-packages/oslo_db/sqlalchemy/engines.py:314
2025-10-16 00:32:14.263 39503 DEBUG oslo_db.sqlalchemy.engines [req-df4aaa2e-efca-45e1-9a71-75cdbe0cad8d - - - - -] MySQL server mode set to STRICT_TRANS_TABLES,STRICT_ALL_TABLES,NO_ZERO_IN_DATE,NO_ZERO_DATE,ERROR_FOR_DIVISION_BY_ZERO,TRADITIONAL,NO_ENGINE_SUBSTITUTION _check_effective_sql_mode /usr/lib/python3/dist-packages/oslo_db/sqlalchemy/engines.py:314
2025-10-16 00:32:14.386 39500 DEBUG heat.engine.service [req-5c56c950-02c6-4d4f-a603-30b9bf7fb8ea - - - - -] Service 453c96bb-9227-46a5-9745-ec5d19c266c9 is started service_manage_report /usr/lib/python3/dist-packages/heat/engine/service.py:2363
2025-10-16 00:32:14.406 39500 DEBUG heat.engine.service [req-5c56c950-02c6-4d4f-a603-30b9bf7fb8ea - - - - -] Service 453c96bb-9227-46a5-9745-ec5d19c266c9 is updated service_manage_report /usr/lib/python3/dist-packages/heat/engine/service.py:2370
2025-10-16 00:32:14.427 39502 DEBUG heat.engine.service [req-0b1b93a7-946f-4a81-8d50-96e0f4797f14 - - - - -] Service 209642df-c93d-470b-b22a-d7078d1c9e6e is started service_manage_report /usr/lib/python3/dist-packages/heat/engine/service.py:2363
2025-10-16 00:32:14.434 39503 DEBUG heat.engine.service [req-fc7c47da-50d8-498e-803d-c7af074d5edf - - - - -] Service 359e75ef-8dd9-47a7-bc2b-df6d9aaa2ee1 is started service_manage_report /usr/lib/python3/dist-packages/heat/engine/service.py:2363
2025-10-16 00:32:14.451 39502 DEBUG heat.engine.service [req-0b1b93a7-946f-4a81-8d50-96e0f4797f14 - - - - -] Service 209642df-c93d-470b-b22a-d7078d1c9e6e is updated service_manage_report /usr/lib/python3/dist-packages/heat/engine/service.py:2370
2025-10-16 00:32:14.474 39503 DEBUG heat.engine.service [req-fc7c47da-50d8-498e-803d-c7af074d5edf - - - - -] Service 359e75ef-8dd9-47a7-bc2b-df6d9aaa2ee1 is updated service_manage_report /usr/lib/python3/dist-packages/heat/engine/service.py:2370
2025-10-16 00:33:14.198 39501 DEBUG heat.engine.service [req-dc6f3a18-9669-4f40-aa3b-1d84bd7d258d - - - - -] Service e2d003cf-8b45-450d-9439-d3477a4e0a9e is updated service_manage_report /usr/lib/python3/dist-packages/heat/engine/service.py:2370
2025-10-16 00:33:14.385 39500 DEBUG heat.engine.service [req-54fad11f-e05e-4c0c-ba72-12eef330de1e - - - - -] Service 453c96bb-9227-46a5-9745-ec5d19c266c9 is updated service_manage_report /usr/lib/python3/dist-packages/heat/engine/service.py:2370
2025-10-16 00:33:14.426 39502 DEBUG heat.engine.service [req-23154146-8c14-446d-850b-90bbde647ca3 - - - - -] Service 209642df-c93d-470b-b22a-d7078d1c9e6e is updated service_manage_report /usr/lib/python3/dist-packages/heat/engine/service.py:2370
2025-10-16 00:33:14.428 39503 DEBUG heat.engine.service [req-fdf8a7ba-b93c-4d2f-9055-41ba48a19b1a - - - - -] Service 359e75ef-8dd9-47a7-bc2b-df6d9aaa2ee1 is updated service_manage_report /usr/lib/python3/dist-packages/heat/engine/service.py:2370
2025-10-16 00:34:14.187 39501 DEBUG heat.engine.service [req-287f4dea-20e0-4b56-82ff-2ffa8b8d5c69 - - - - -] Service e2d003cf-8b45-450d-9439-d3477a4e0a9e is updated service_manage_report /usr/lib/python3/dist-packages/heat/engine/service.py:2370
2025-10-16 00:34:14.368 39500 DEBUG heat.engine.service [req-e5791783-cd58-4833-ad0d-71336320d941 - - - - -] Service 453c96bb-9227-46a5-9745-ec5d19c266c9 is updated service_manage_report /usr/lib/python3/dist-packages/heat/engine/service.py:2370
2025-10-16 00:34:14.422 39502 DEBUG heat.engine.service [req-e0d70a47-1c2d-408a-93db-1b92eb6fd773 - - - - -] Service 209642df-c93d-470b-b22a-d7078d1c9e6e is updated service_manage_report /usr/lib/python3/dist-packages/heat/engine/service.py:2370
2025-10-16 00:34:14.424 39503 DEBUG heat.engine.service [req-c412f903-a6a3-4d17-a9f2-2f4102d720e6 - - - - -] Service 359e75ef-8dd9-47a7-bc2b-df6d9aaa2ee1 is updated service_manage_report /usr/lib/python3/dist-packages/heat/engine/service.py:2370
2025-10-16 00:35:14.185 39501 DEBUG heat.engine.service [req-367b7061-da2a-45cc-9156-a5d9418766fd - - - - -] Service e2d003cf-8b45-450d-9439-d3477a4e0a9e is updated service_manage_report /usr/lib/python3/dist-packages/heat/engine/service.py:2370
2025-10-16 00:35:14.371 39500 DEBUG heat.engine.service [req-a826c4d3-1168-4a79-95d5-2843b2309cf4 - - - - -] Service 453c96bb-9227-46a5-9745-ec5d19c266c9 is updated service_manage_report /usr/lib/python3/dist-packages/heat/engine/service.py:2370
2025-10-16 00:35:14.415 39502 DEBUG heat.engine.service [req-7f0dc0de-7fc6-4e93-b3bd-f351ad2c8b7a - - - - -] Service 209642df-c93d-470b-b22a-d7078d1c9e6e is updated service_manage_report /usr/lib/python3/dist-packages/heat/engine/service.py:2370
2025-10-16 00:35:14.420 39503 DEBUG heat.engine.service [req-af6c0b68-5a56-4f6c-bd9b-54585325e1f7 - - - - -] Service 359e75ef-8dd9-47a7-bc2b-df6d9aaa2ee1 is updated service_manage_report /usr/lib/python3/dist-packages/heat/engine/service.py:2370
2025-10-16 00:36:14.179 39501 DEBUG heat.engine.service [req-5edb2cf4-f31b-4a8d-9e10-f1d95ecd3a61 - - - - -] Service e2d003cf-8b45-450d-9439-d3477a4e0a9e is updated service_manage_report /usr/lib/python3/dist-packages/heat/engine/service.py:2370
2025-10-16 00:36:14.376 39500 DEBUG heat.engine.service [req-89cb6713-9eb4-45f4-a297-cd27954532b3 - - - - -] Service 453c96bb-9227-46a5-9745-ec5d19c266c9 is updated service_manage_report /usr/lib/python3/dist-packages/heat/engine/service.py:2370
2025-10-16 00:36:14.422 39502 DEBUG heat.engine.service [req-4221e743-0e18-4e43-9ec0-d62c3c7df5c5 - - - - -] Service 209642df-c93d-470b-b22a-d7078d1c9e6e is updated service_manage_report /usr/lib/python3/dist-packages/heat/engine/service.py:2370
2025-10-16 00:36:14.425 39503 DEBUG heat.engine.service [req-7963cf4a-5ad5-4123-a918-420af64d915c - - - - -] Service 359e75ef-8dd9-47a7-bc2b-df6d9aaa2ee1 is updated service_manage_report /usr/lib/python3/dist-packages/heat/engine/service.py:2370
2025-10-16 00:37:14.182 39501 DEBUG heat.engine.service [req-bc92b13c-1f32-472a-b5d3-c7f5ba8d4959 - - - - -] Service e2d003cf-8b45-450d-9439-d3477a4e0a9e is updated service_manage_report /usr/lib/python3/dist-packages/heat/engine/service.py:2370
2025-10-16 00:37:14.383 39500 DEBUG heat.engine.service [req-f910cb9a-d421-4e7d-aac3-5cf76fa006fc - - - - -] Service 453c96bb-9227-46a5-9745-ec5d19c266c9 is updated service_manage_report /usr/lib/python3/dist-packages/heat/engine/service.py:2370
2025-10-16 00:37:14.416 39502 DEBUG heat.engine.service [req-9b5ef8b5-3acc-4f32-84b8-d0d59aac15d6 - - - - -] Service 209642df-c93d-470b-b22a-d7078d1c9e6e is updated service_manage_report /usr/lib/python3/dist-packages/heat/engine/service.py:2370
2025-10-16 00:37:14.430 39503 DEBUG heat.engine.service [req-66133846-c564-4fe8-ba4d-0fe8b9d7cf2f - - - - -] Service 359e75ef-8dd9-47a7-bc2b-df6d9aaa2ee1 is updated service_manage_report /usr/lib/python3/dist-packages/heat/engine/service.py:2370
2025-10-16 00:38:14.187 39501 DEBUG heat.engine.service [req-a573a2bb-367c-4e46-91d9-3a89c4cd90eb - - - - -] Service e2d003cf-8b45-450d-9439-d3477a4e0a9e is updated service_manage_report /usr/lib/python3/dist-packages/heat/engine/service.py:2370
2025-10-16 00:38:14.377 39500 DEBUG heat.engine.service [req-a65e24ae-2efb-47d0-931e-208cb1bb2cc6 - - - - -] Service 453c96bb-9227-46a5-9745-ec5d19c266c9 is updated service_manage_report /usr/lib/python3/dist-packages/heat/engine/service.py:2370
2025-10-16 00:38:14.421 39502 DEBUG heat.engine.service [req-be6518b8-56f6-4222-a751-24fda209c512 - - - - -] Service 209642df-c93d-470b-b22a-d7078d1c9e6e is updated service_manage_report /usr/lib/python3/dist-packages/heat/engine/service.py:2370
2025-10-16 00:38:14.434 39503 DEBUG heat.engine.service [req-31fc9396-98f4-4a18-bff5-4dc681c83062 - - - - -] Service 359e75ef-8dd9-47a7-bc2b-df6d9aaa2ee1 is updated service_manage_report /usr/lib/python3/dist-packages/heat/engine/service.py:2370
2025-10-16 00:39:14.190 39501 DEBUG heat.engine.service [req-4f388534-065d-4b71-88b1-67646144f5db - - - - -] Service e2d003cf-8b45-450d-9439-d3477a4e0a9e is updated service_manage_report /usr/lib/python3/dist-packages/heat/engine/service.py:2370
2025-10-16 00:39:14.381 39500 DEBUG heat.engine.service [req-e47fff58-759e-4663-8f17-a412bd6a1b27 - - - - -] Service 453c96bb-9227-46a5-9745-ec5d19c266c9 is updated service_manage_report /usr/lib/python3/dist-packages/heat/engine/service.py:2370
2025-10-16 00:39:14.424 39502 DEBUG heat.engine.service [req-93201182-a79c-459b-8f68-7f42be0a1021 - - - - -] Service 209642df-c93d-470b-b22a-d7078d1c9e6e is updated service_manage_report /usr/lib/python3/dist-packages/heat/engine/service.py:2370
2025-10-16 00:39:14.435 39503 DEBUG heat.engine.service [req-b71ecd2d-e970-4e34-b311-f863510079ae - - - - -] Service 359e75ef-8dd9-47a7-bc2b-df6d9aaa2ee1 is updated service_manage_report /usr/lib/python3/dist-packages/heat/engine/service.py:2370
2025-10-16 00:40:14.196 39501 DEBUG heat.engine.service [req-427bd63a-c047-492e-97e1-b3a0ce74d6f4 - - - - -] Service e2d003cf-8b45-450d-9439-d3477a4e0a9e is updated service_manage_report /usr/lib/python3/dist-packages/heat/engine/service.py:2370
2025-10-16 00:40:14.387 39500 DEBUG heat.engine.service [req-e7761353-ec3a-49aa-928f-d03c26b7f74e - - - - -] Service 453c96bb-9227-46a5-9745-ec5d19c266c9 is updated service_manage_report /usr/lib/python3/dist-packages/heat/engine/service.py:2370
2025-10-16 00:40:14.428 39502 DEBUG heat.engine.service [req-9e2f96fd-9e27-419c-a0e4-20509778ed13 - - - - -] Service 209642df-c93d-470b-b22a-d7078d1c9e6e is updated service_manage_report /usr/lib/python3/dist-packages/heat/engine/service.py:2370
2025-10-16 00:40:14.439 39503 DEBUG heat.engine.service [req-0af2b333-79d7-40f8-8136-6b0372ce204f - - - - -] Service 359e75ef-8dd9-47a7-bc2b-df6d9aaa2ee1 is updated service_manage_report /usr/lib/python3/dist-packages/heat/engine/service.py:2370
2025-10-16 00:41:14.190 39501 DEBUG heat.engine.service [req-43f22e32-9d2e-44a3-b512-94b21cdf63fe - - - - -] Service e2d003cf-8b45-450d-9439-d3477a4e0a9e is updated service_manage_report /usr/lib/python3/dist-packages/heat/engine/service.py:2370
2025-10-16 00:41:14.382 39500 DEBUG heat.engine.service [req-88119f51-b66f-4f0e-bb1d-2c179b01f48e - - - - -] Service 453c96bb-9227-46a5-9745-ec5d19c266c9 is updated service_manage_report /usr/lib/python3/dist-packages/heat/engine/service.py:2370
2025-10-16 00:41:14.433 39502 DEBUG heat.engine.service [req-20ceeb50-5f50-4e58-a347-13cb4e1aab90 - - - - -] Service 209642df-c93d-470b-b22a-d7078d1c9e6e is updated service_manage_report /usr/lib/python3/dist-packages/heat/engine/service.py:2370
2025-10-16 00:41:14.442 39503 DEBUG heat.engine.service [req-1f3f88b4-1e31-4c6c-ab12-4398071d6ac4 - - - - -] Service 359e75ef-8dd9-47a7-bc2b-df6d9aaa2ee1 is updated service_manage_report /usr/lib/python3/dist-packages/heat/engine/service.py:2370
2025-10-16 00:42:14.195 39501 DEBUG heat.engine.service [req-9efee601-d68b-4a57-9df4-e20b8c3b4368 - - - - -] Service e2d003cf-8b45-450d-9439-d3477a4e0a9e is updated service_manage_report /usr/lib/python3/dist-packages/heat/engine/service.py:2370
2025-10-16 00:42:14.387 39500 DEBUG heat.engine.service [req-fcda25dd-e232-4a7f-a847-3f77cc183bca - - - - -] Service 453c96bb-9227-46a5-9745-ec5d19c266c9 is updated service_manage_report /usr/lib/python3/dist-packages/heat/engine/service.py:2370
2025-10-16 00:42:14.438 39502 DEBUG heat.engine.service [req-927ad1ff-3574-4391-8fb4-82c3fc801a45 - - - - -] Service 209642df-c93d-470b-b22a-d7078d1c9e6e is updated service_manage_report /usr/lib/python3/dist-packages/heat/engine/service.py:2370
2025-10-16 00:42:14.446 39503 DEBUG heat.engine.service [req-655c8f23-0559-4ff3-bfd2-5b3d8d23faba - - - - -] Service 359e75ef-8dd9-47a7-bc2b-df6d9aaa2ee1 is updated service_manage_report /usr/lib/python3/dist-packages/heat/engine/service.py:2370
2025-10-16 00:43:14.198 39501 DEBUG heat.engine.service [req-e423a0d9-0f18-4b15-b758-f21aa86fb506 - - - - -] Service e2d003cf-8b45-450d-9439-d3477a4e0a9e is updated service_manage_report /usr/lib/python3/dist-packages/heat/engine/service.py:2370
2025-10-16 00:43:14.391 39500 DEBUG heat.engine.service [req-560dee1f-f638-41cf-96e5-17a35bb8d27b - - - - -] Service 453c96bb-9227-46a5-9745-ec5d19c266c9 is updated service_manage_report /usr/lib/python3/dist-packages/heat/engine/service.py:2370
2025-10-16 00:43:14.440 39502 DEBUG heat.engine.service [req-adafa6bf-0563-4c46-b05f-482b223c1096 - - - - -] Service 209642df-c93d-470b-b22a-d7078d1c9e6e is updated service_manage_report /usr/lib/python3/dist-packages/heat/engine/service.py:2370
2025-10-16 00:43:14.448 39503 DEBUG heat.engine.service [req-b6e23657-fbba-40ef-a985-289eb67f1208 - - - - -] Service 359e75ef-8dd9-47a7-bc2b-df6d9aaa2ee1 is updated service_manage_report /usr/lib/python3/dist-packages/heat/engine/service.py:2370
2025-10-16 00:44:14.202 39501 DEBUG heat.engine.service [req-2b6e65cd-e4be-4411-acde-6a40c241274a - - - - -] Service e2d003cf-8b45-450d-9439-d3477a4e0a9e is updated service_manage_report /usr/lib/python3/dist-packages/heat/engine/service.py:2370
2025-10-16 00:44:14.395 39500 DEBUG heat.engine.service [req-a32c424a-315c-4af8-a0a3-e0f20896a4b4 - - - - -] Service 453c96bb-9227-46a5-9745-ec5d19c266c9 is updated service_manage_report /usr/lib/python3/dist-packages/heat/engine/service.py:2370
2025-10-16 00:44:14.444 39502 DEBUG heat.engine.service [req-0d63a9e9-b0e1-4cc8-a34f-b67120332bc3 - - - - -] Service 209642df-c93d-470b-b22a-d7078d1c9e6e is updated service_manage_report /usr/lib/python3/dist-packages/heat/engine/service.py:2370
2025-10-16 00:44:14.451 39503 DEBUG heat.engine.service [req-a24f89b5-8b34-48f9-8e0d-7478882ea611 - - - - -] Service 359e75ef-8dd9-47a7-bc2b-df6d9aaa2ee1 is updated service_manage_report /usr/lib/python3/dist-packages/heat/engine/service.py:2370
2025-10-16 00:45:14.205 39501 DEBUG heat.engine.service [req-eacedced-10a2-4944-a72a-117838a414be - - - - -] Service e2d003cf-8b45-450d-9439-d3477a4e0a9e is updated service_manage_report /usr/lib/python3/dist-packages/heat/engine/service.py:2370
2025-10-16 00:45:14.397 39500 DEBUG heat.engine.service [req-4946f488-3d70-4d1d-96e7-3340a2354e54 - - - - -] Service 453c96bb-9227-46a5-9745-ec5d19c266c9 is updated service_manage_report /usr/lib/python3/dist-packages/heat/engine/service.py:2370
2025-10-16 00:45:14.450 39502 DEBUG heat.engine.service [req-3b282c51-9e53-460a-bd63-c921f9925ec4 - - - - -] Service 209642df-c93d-470b-b22a-d7078d1c9e6e is updated service_manage_report /usr/lib/python3/dist-packages/heat/engine/service.py:2370
2025-10-16 00:45:14.456 39503 DEBUG heat.engine.service [req-201b2120-98ec-4f92-9134-205bb323f647 - - - - -] Service 359e75ef-8dd9-47a7-bc2b-df6d9aaa2ee1 is updated service_manage_report /usr/lib/python3/dist-packages/heat/engine/service.py:2370
2025-10-16 00:46:14.208 39501 DEBUG heat.engine.service [req-5651ee90-1db5-40d0-a75c-812d32acacb8 - - - - -] Service e2d003cf-8b45-450d-9439-d3477a4e0a9e is updated service_manage_report /usr/lib/python3/dist-packages/heat/engine/service.py:2370
2025-10-16 00:46:14.401 39500 DEBUG heat.engine.service [req-d209d187-5336-4cfb-bb35-bc8d20f9c423 - - - - -] Service 453c96bb-9227-46a5-9745-ec5d19c266c9 is updated service_manage_report /usr/lib/python3/dist-packages/heat/engine/service.py:2370
2025-10-16 00:46:14.443 39502 DEBUG heat.engine.service [req-9fb2b13a-aca3-4845-85de-911b8c381e06 - - - - -] Service 209642df-c93d-470b-b22a-d7078d1c9e6e is updated service_manage_report /usr/lib/python3/dist-packages/heat/engine/service.py:2370
2025-10-16 00:46:14.458 39503 DEBUG heat.engine.service [req-7fb2a80c-bad4-4994-a7b7-342cd9920668 - - - - -] Service 359e75ef-8dd9-47a7-bc2b-df6d9aaa2ee1 is updated service_manage_report /usr/lib/python3/dist-packages/heat/engine/service.py:2370
2025-10-16 00:47:14.212 39501 DEBUG heat.engine.service [req-e5d6cd7e-cd3c-4264-8f68-acaaee573f1b - - - - -] Service e2d003cf-8b45-450d-9439-d3477a4e0a9e is updated service_manage_report /usr/lib/python3/dist-packages/heat/engine/service.py:2370
2025-10-16 00:47:14.404 39500 DEBUG heat.engine.service [req-7ee8f96e-424f-4c15-995d-8c06efaf8a7b - - - - -] Service 453c96bb-9227-46a5-9745-ec5d19c266c9 is updated service_manage_report /usr/lib/python3/dist-packages/heat/engine/service.py:2370
2025-10-16 00:47:14.449 39502 DEBUG heat.engine.service [req-5fd86e68-2be0-4e59-8100-f3eca43c1420 - - - - -] Service 209642df-c93d-470b-b22a-d7078d1c9e6e is updated service_manage_report /usr/lib/python3/dist-packages/heat/engine/service.py:2370
2025-10-16 00:47:14.460 39503 DEBUG heat.engine.service [req-0ba5f288-0d83-4042-8190-641e5b12503b - - - - -] Service 359e75ef-8dd9-47a7-bc2b-df6d9aaa2ee1 is updated service_manage_report /usr/lib/python3/dist-packages/heat/engine/service.py:2370
2025-10-16 00:48:14.215 39501 DEBUG heat.engine.service [req-540b2981-0717-475d-9b84-c6f269b5abf9 - - - - -] Service e2d003cf-8b45-450d-9439-d3477a4e0a9e is updated service_manage_report /usr/lib/python3/dist-packages/heat/engine/service.py:2370
2025-10-16 00:48:14.407 39500 DEBUG heat.engine.service [req-2f3b8366-2e39-459a-a3a4-eb9d6763dd87 - - - - -] Service 453c96bb-9227-46a5-9745-ec5d19c266c9 is updated service_manage_report /usr/lib/python3/dist-packages/heat/engine/service.py:2370
2025-10-16 00:48:14.453 39502 DEBUG heat.engine.service [req-04315508-d32f-4327-ba72-4bde035b0c3e - - - - -] Service 209642df-c93d-470b-b22a-d7078d1c9e6e is updated service_manage_report /usr/lib/python3/dist-packages/heat/engine/service.py:2370
2025-10-16 00:48:14.466 39503 DEBUG heat.engine.service [req-522e6ebc-6b33-4812-8843-ca4f059b818f - - - - -] Service 359e75ef-8dd9-47a7-bc2b-df6d9aaa2ee1 is updated service_manage_report /usr/lib/python3/dist-packages/heat/engine/service.py:2370
2025-10-16 00:49:14.220 39501 DEBUG heat.engine.service [req-4395b8e6-4222-4b27-b307-c3f1c28f44be - - - - -] Service e2d003cf-8b45-450d-9439-d3477a4e0a9e is updated service_manage_report /usr/lib/python3/dist-packages/heat/engine/service.py:2370
2025-10-16 00:49:14.414 39500 DEBUG heat.engine.service [req-169e7176-7825-4f3c-8db5-4c5b96241c42 - - - - -] Service 453c96bb-9227-46a5-9745-ec5d19c266c9 is updated service_manage_report /usr/lib/python3/dist-packages/heat/engine/service.py:2370
2025-10-16 00:49:14.457 39502 DEBUG heat.engine.service [req-529ea230-8682-42ea-993a-93b1aa36abcb - - - - -] Service 209642df-c93d-470b-b22a-d7078d1c9e6e is updated service_manage_report /usr/lib/python3/dist-packages/heat/engine/service.py:2370
2025-10-16 00:49:14.471 39503 DEBUG heat.engine.service [req-7afc9883-ab81-4134-a3ea-9ab42f0bc6da - - - - -] Service 359e75ef-8dd9-47a7-bc2b-df6d9aaa2ee1 is updated service_manage_report /usr/lib/python3/dist-packages/heat/engine/service.py:2370
2025-10-16 00:50:14.226 39501 DEBUG heat.engine.service [req-f85f488a-70c7-4c7f-8270-f26d44fd7fdc - - - - -] Service e2d003cf-8b45-450d-9439-d3477a4e0a9e is updated service_manage_report /usr/lib/python3/dist-packages/heat/engine/service.py:2370
2025-10-16 00:50:14.408 39500 DEBUG heat.engine.service [req-dab98cd7-685a-4b17-9635-6f17c74d4064 - - - - -] Service 453c96bb-9227-46a5-9745-ec5d19c266c9 is updated service_manage_report /usr/lib/python3/dist-packages/heat/engine/service.py:2370
2025-10-16 00:50:14.463 39502 DEBUG heat.engine.service [req-bf3fdc26-ef65-41a9-a2bd-021430afc25f - - - - -] Service 209642df-c93d-470b-b22a-d7078d1c9e6e is updated service_manage_report /usr/lib/python3/dist-packages/heat/engine/service.py:2370
2025-10-16 00:50:14.482 39503 DEBUG heat.engine.service [req-0ac3d200-08da-4a66-82dc-47d2f80f9a69 - - - - -] Service 359e75ef-8dd9-47a7-bc2b-df6d9aaa2ee1 is updated service_manage_report /usr/lib/python3/dist-packages/heat/engine/service.py:2370
2025-10-16 00:51:14.228 39501 DEBUG heat.engine.service [req-8f195969-b5b8-4d2d-9dc5-5d54b6bbe1dd - - - - -] Service e2d003cf-8b45-450d-9439-d3477a4e0a9e is updated service_manage_report /usr/lib/python3/dist-packages/heat/engine/service.py:2370
2025-10-16 00:51:14.413 39500 DEBUG heat.engine.service [req-c1fa5012-efae-4c81-a2e0-c9c488dde7a4 - - - - -] Service 453c96bb-9227-46a5-9745-ec5d19c266c9 is updated service_manage_report /usr/lib/python3/dist-packages/heat/engine/service.py:2370
2025-10-16 00:51:14.467 39502 DEBUG heat.engine.service [req-be7b2ae3-6baf-4ac4-a989-faf8ebfe7b1a - - - - -] Service 209642df-c93d-470b-b22a-d7078d1c9e6e is updated service_manage_report /usr/lib/python3/dist-packages/heat/engine/service.py:2370
2025-10-16 00:51:14.479 39503 DEBUG heat.engine.service [req-f6fee866-45ed-425c-98ae-af0e1ad7f71c - - - - -] Service 359e75ef-8dd9-47a7-bc2b-df6d9aaa2ee1 is updated service_manage_report /usr/lib/python3/dist-packages/heat/engine/service.py:2370
2025-10-16 00:52:14.222 39501 DEBUG heat.engine.service [req-1718734e-7962-4a53-bb17-771eeefefbba - - - - -] Service e2d003cf-8b45-450d-9439-d3477a4e0a9e is updated service_manage_report /usr/lib/python3/dist-packages/heat/engine/service.py:2370
2025-10-16 00:52:14.406 39500 DEBUG heat.engine.service [req-5f3eb6af-10f3-4d6f-ae36-1603139da1e6 - - - - -] Service 453c96bb-9227-46a5-9745-ec5d19c266c9 is updated service_manage_report /usr/lib/python3/dist-packages/heat/engine/service.py:2370
2025-10-16 00:52:14.470 39502 DEBUG heat.engine.service [req-f71efd19-32ae-43e2-b85a-c726e7478cf5 - - - - -] Service 209642df-c93d-470b-b22a-d7078d1c9e6e is updated service_manage_report /usr/lib/python3/dist-packages/heat/engine/service.py:2370
2025-10-16 00:52:14.472 39503 DEBUG heat.engine.service [req-8514be4e-a7c8-46a2-9fff-faec9b0d1aa9 - - - - -] Service 359e75ef-8dd9-47a7-bc2b-df6d9aaa2ee1 is updated service_manage_report /usr/lib/python3/dist-packages/heat/engine/service.py:2370
2025-10-16 00:53:14.230 39501 DEBUG heat.engine.service [req-1c70525a-0826-4739-9da6-fdb2330d44d3 - - - - -] Service e2d003cf-8b45-450d-9439-d3477a4e0a9e is updated service_manage_report /usr/lib/python3/dist-packages/heat/engine/service.py:2370
2025-10-16 00:53:14.410 39500 DEBUG heat.engine.service [req-133705c5-2861-4c7b-8946-088b80c42b08 - - - - -] Service 453c96bb-9227-46a5-9745-ec5d19c266c9 is updated service_manage_report /usr/lib/python3/dist-packages/heat/engine/service.py:2370
2025-10-16 00:53:14.474 39502 DEBUG heat.engine.service [req-1c772559-41df-47c4-b196-e9bd7ef16b93 - - - - -] Service 209642df-c93d-470b-b22a-d7078d1c9e6e is updated service_manage_report /usr/lib/python3/dist-packages/heat/engine/service.py:2370
2025-10-16 00:53:14.477 39503 DEBUG heat.engine.service [req-81e77d86-00b1-4db2-993a-ff41b585783d - - - - -] Service 359e75ef-8dd9-47a7-bc2b-df6d9aaa2ee1 is updated service_manage_report /usr/lib/python3/dist-packages/heat/engine/service.py:2370
2025-10-16 00:54:14.225 39501 DEBUG heat.engine.service [req-99124f28-81f8-4cb8-bc48-c4231f8a9de7 - - - - -] Service e2d003cf-8b45-450d-9439-d3477a4e0a9e is updated service_manage_report /usr/lib/python3/dist-packages/heat/engine/service.py:2370
2025-10-16 00:54:14.414 39500 DEBUG heat.engine.service [req-2ab7ab40-7011-4b96-8ec2-e913efc488c0 - - - - -] Service 453c96bb-9227-46a5-9745-ec5d19c266c9 is updated service_manage_report /usr/lib/python3/dist-packages/heat/engine/service.py:2370
2025-10-16 00:54:14.481 39502 DEBUG heat.engine.service [req-e1e1ce15-51cb-4f35-b7aa-f19b99d72b57 - - - - -] Service 209642df-c93d-470b-b22a-d7078d1c9e6e is updated service_manage_report /usr/lib/python3/dist-packages/heat/engine/service.py:2370
