2025-10-13 00:37:40.772 134627 DEBUG oslo_service.service [req-84c6a2f1-56ec-4cae-b460-07a950b49b95 - - - - -] barbican_service_user.collect_timing = False log_opt_values /usr/lib/python3/dist-packages/oslo_config/cfg.py:2609
2025-10-13 00:37:40.773 134627 DEBUG oslo_service.service [req-84c6a2f1-56ec-4cae-b460-07a950b49b95 - - - - -] barbican_service_user.insecure = False log_opt_values /usr/lib/python3/dist-packages/oslo_config/cfg.py:2609
2025-10-13 00:37:40.773 134627 DEBUG oslo_service.service [req-84c6a2f1-56ec-4cae-b460-07a950b49b95 - - - - -] barbican_service_user.keyfile = None log_opt_values /usr/lib/python3/dist-packages/oslo_config/cfg.py:2609
2025-10-13 00:37:40.773 134627 DEBUG oslo_service.service [req-84c6a2f1-56ec-4cae-b460-07a950b49b95 - - - - -] barbican_service_user.split_loggers = False log_opt_values /usr/lib/python3/dist-packages/oslo_config/cfg.py:2609
2025-10-13 00:37:40.773 134627 DEBUG oslo_service.service [req-84c6a2f1-56ec-4cae-b460-07a950b49b95 - - - - -] barbican_service_user.timeout = None log_opt_values /usr/lib/python3/dist-packages/oslo_config/cfg.py:2609
2025-10-13 00:37:40.774 134627 DEBUG oslo_service.service [req-84c6a2f1-56ec-4cae-b460-07a950b49b95 - - - - -] vault.approle_role_id = None log_opt_values /usr/lib/python3/dist-packages/oslo_config/cfg.py:2609
2025-10-13 00:37:40.774 134627 DEBUG oslo_service.service [req-84c6a2f1-56ec-4cae-b460-07a950b49b95 - - - - -] vault.approle_secret_id = None log_opt_values /usr/lib/python3/dist-packages/oslo_config/cfg.py:2609
2025-10-13 00:37:40.774 134627 DEBUG oslo_service.service [req-84c6a2f1-56ec-4cae-b460-07a950b49b95 - - - - -] vault.cafile = None log_opt_values /usr/lib/python3/dist-packages/oslo_config/cfg.py:2609
2025-10-13 00:37:40.774 134627 DEBUG oslo_service.service [req-84c6a2f1-56ec-4cae-b460-07a950b49b95 - - - - -] vault.certfile = None log_opt_values /usr/lib/python3/dist-packages/oslo_config/cfg.py:2609
2025-10-13 00:37:40.774 134627 DEBUG oslo_service.service [req-84c6a2f1-56ec-4cae-b460-07a950b49b95 - - - - -] vault.collect_timing = False log_opt_values /usr/lib/python3/dist-packages/oslo_config/cfg.py:2609
2025-10-13 00:37:40.775 134627 DEBUG oslo_service.service [req-84c6a2f1-56ec-4cae-b460-07a950b49b95 - - - - -] vault.insecure = False log_opt_values /usr/lib/python3/dist-packages/oslo_config/cfg.py:2609
2025-10-13 00:37:40.775 134627 DEBUG oslo_service.service [req-84c6a2f1-56ec-4cae-b460-07a950b49b95 - - - - -] vault.keyfile = None log_opt_values /usr/lib/python3/dist-packages/oslo_config/cfg.py:2609
2025-10-13 00:37:40.775 134627 DEBUG oslo_service.service [req-84c6a2f1-56ec-4cae-b460-07a950b49b95 - - - - -] vault.kv_mountpoint = secret log_opt_values /usr/lib/python3/dist-packages/oslo_config/cfg.py:2609
2025-10-13 00:37:40.775 134627 DEBUG oslo_service.service [req-84c6a2f1-56ec-4cae-b460-07a950b49b95 - - - - -] vault.kv_version = 2 log_opt_values /usr/lib/python3/dist-packages/oslo_config/cfg.py:2609
2025-10-13 00:37:40.775 134627 DEBUG oslo_service.service [req-84c6a2f1-56ec-4cae-b460-07a950b49b95 - - - - -] vault.namespace = None log_opt_values /usr/lib/python3/dist-packages/oslo_config/cfg.py:2609
2025-10-13 00:37:40.776 134627 DEBUG oslo_service.service [req-84c6a2f1-56ec-4cae-b460-07a950b49b95 - - - - -] vault.root_token_id = None log_opt_values /usr/lib/python3/dist-packages/oslo_config/cfg.py:2609
2025-10-13 00:37:40.776 134627 DEBUG oslo_service.service [req-84c6a2f1-56ec-4cae-b460-07a950b49b95 - - - - -] vault.split_loggers = False log_opt_values /usr/lib/python3/dist-packages/oslo_config/cfg.py:2609
2025-10-13 00:37:40.776 134627 DEBUG oslo_service.service [req-84c6a2f1-56ec-4cae-b460-07a950b49b95 - - - - -] vault.ssl_ca_crt_file = None log_opt_values /usr/lib/python3/dist-packages/oslo_config/cfg.py:2609
2025-10-13 00:37:40.776 134627 DEBUG oslo_service.service [req-84c6a2f1-56ec-4cae-b460-07a950b49b95 - - - - -] vault.timeout = None log_opt_values /usr/lib/python3/dist-packages/oslo_config/cfg.py:2609
2025-10-13 00:37:40.776 135760 DEBUG oslo_messaging._drivers.amqpdriver [-] Listener is running poll /usr/lib/python3/dist-packages/oslo_messaging/_drivers/amqpdriver.py:343
2025-10-13 00:37:40.776 134627 DEBUG oslo_service.service [req-84c6a2f1-56ec-4cae-b460-07a950b49b95 - - - - -] vault.use_ssl = False log_opt_values /usr/lib/python3/dist-packages/oslo_config/cfg.py:2609
2025-10-13 00:37:40.776 135760 DEBUG oslo_messaging._drivers.amqpdriver [-] AMQPListener connection consume poll /usr/lib/python3/dist-packages/oslo_messaging/_drivers/amqpdriver.py:357
2025-10-13 00:37:40.776 134627 DEBUG oslo_service.service [req-84c6a2f1-56ec-4cae-b460-07a950b49b95 - - - - -] vault.vault_url = http://127.0.0.1:8200 log_opt_values /usr/lib/python3/dist-packages/oslo_config/cfg.py:2609
2025-10-13 00:37:40.777 134627 DEBUG oslo_service.service [req-84c6a2f1-56ec-4cae-b460-07a950b49b95 - - - - -] keystone.cafile = None log_opt_values /usr/lib/python3/dist-packages/oslo_config/cfg.py:2609
2025-10-13 00:37:40.777 134627 DEBUG oslo_service.service [req-84c6a2f1-56ec-4cae-b460-07a950b49b95 - - - - -] keystone.certfile = None log_opt_values /usr/lib/python3/dist-packages/oslo_config/cfg.py:2609
2025-10-13 00:37:40.777 134627 DEBUG oslo_service.service [req-84c6a2f1-56ec-4cae-b460-07a950b49b95 - - - - -] keystone.collect_timing = False log_opt_values /usr/lib/python3/dist-packages/oslo_config/cfg.py:2609
2025-10-13 00:37:40.777 134627 DEBUG oslo_service.service [req-84c6a2f1-56ec-4cae-b460-07a950b49b95 - - - - -] keystone.connect_retries = None log_opt_values /usr/lib/python3/dist-packages/oslo_config/cfg.py:2609
2025-10-13 00:37:40.777 135761 DEBUG oslo_messaging._drivers.amqpdriver [-] Listener is running poll /usr/lib/python3/dist-packages/oslo_messaging/_drivers/amqpdriver.py:343
2025-10-13 00:37:40.777 134627 DEBUG oslo_service.service [req-84c6a2f1-56ec-4cae-b460-07a950b49b95 - - - - -] keystone.connect_retry_delay = None log_opt_values /usr/lib/python3/dist-packages/oslo_config/cfg.py:2609
2025-10-13 00:37:40.777 134627 DEBUG oslo_service.service [req-84c6a2f1-56ec-4cae-b460-07a950b49b95 - - - - -] keystone.endpoint_override = None log_opt_values /usr/lib/python3/dist-packages/oslo_config/cfg.py:2609
2025-10-13 00:37:40.777 135761 DEBUG oslo_messaging._drivers.amqpdriver [-] AMQPListener connection consume poll /usr/lib/python3/dist-packages/oslo_messaging/_drivers/amqpdriver.py:357
2025-10-13 00:37:40.777 135760 DEBUG nova.service [req-2ebe8368-9da4-4347-bc8e-4be5021b83fe - - - - -] Join ServiceGroup membership for this service scheduler start /usr/lib/python3/dist-packages/nova/service.py:199
2025-10-13 00:37:40.778 134627 DEBUG oslo_service.service [req-84c6a2f1-56ec-4cae-b460-07a950b49b95 - - - - -] keystone.insecure = False log_opt_values /usr/lib/python3/dist-packages/oslo_config/cfg.py:2609
2025-10-13 00:37:40.778 134627 DEBUG oslo_service.service [req-84c6a2f1-56ec-4cae-b460-07a950b49b95 - - - - -] keystone.keyfile = None log_opt_values /usr/lib/python3/dist-packages/oslo_config/cfg.py:2609
2025-10-13 00:37:40.778 134627 DEBUG oslo_service.service [req-84c6a2f1-56ec-4cae-b460-07a950b49b95 - - - - -] keystone.max_version = None log_opt_values /usr/lib/python3/dist-packages/oslo_config/cfg.py:2609
2025-10-13 00:37:40.778 135760 DEBUG nova.servicegroup.drivers.db [req-2ebe8368-9da4-4347-bc8e-4be5021b83fe - - - - -] DB_Driver: join new ServiceGroup member juju-f184ac-0-lxd-7 to the scheduler group, service = join /usr/lib/python3/dist-packages/nova/servicegroup/drivers/db.py:44
2025-10-13 00:37:40.778 134627 DEBUG oslo_service.service [req-84c6a2f1-56ec-4cae-b460-07a950b49b95 - - - - -] keystone.min_version = None log_opt_values /usr/lib/python3/dist-packages/oslo_config/cfg.py:2609
2025-10-13 00:37:40.778 134627 DEBUG oslo_service.service [req-84c6a2f1-56ec-4cae-b460-07a950b49b95 - - - - -] keystone.region_name = None log_opt_values /usr/lib/python3/dist-packages/oslo_config/cfg.py:2609
2025-10-13 00:37:40.778 134627 DEBUG oslo_service.service [req-84c6a2f1-56ec-4cae-b460-07a950b49b95 - - - - -] keystone.service_name = None log_opt_values /usr/lib/python3/dist-packages/oslo_config/cfg.py:2609
2025-10-13 00:37:40.779 134627 DEBUG oslo_service.service [req-84c6a2f1-56ec-4cae-b460-07a950b49b95 - - - - -] keystone.service_type = identity log_opt_values /usr/lib/python3/dist-packages/oslo_config/cfg.py:2609
2025-10-13 00:37:40.779 134627 DEBUG oslo_service.service [req-84c6a2f1-56ec-4cae-b460-07a950b49b95 - - - - -] keystone.split_loggers = False log_opt_values /usr/lib/python3/dist-packages/oslo_config/cfg.py:2609
2025-10-13 00:37:40.779 134627 DEBUG oslo_service.service [req-84c6a2f1-56ec-4cae-b460-07a950b49b95 - - - - -] keystone.status_code_retries = None log_opt_values /usr/lib/python3/dist-packages/oslo_config/cfg.py:2609
2025-10-13 00:37:40.779 135761 DEBUG nova.service [req-f0c74018-ce1f-4a1c-8e60-0fab96020449 - - - - -] Join ServiceGroup membership for this service scheduler start /usr/lib/python3/dist-packages/nova/service.py:199
2025-10-13 00:37:40.779 134627 DEBUG oslo_service.service [req-84c6a2f1-56ec-4cae-b460-07a950b49b95 - - - - -] keystone.status_code_retry_delay = None log_opt_values /usr/lib/python3/dist-packages/oslo_config/cfg.py:2609
2025-10-13 00:37:40.779 134627 DEBUG oslo_service.service [req-84c6a2f1-56ec-4cae-b460-07a950b49b95 - - - - -] keystone.timeout = None log_opt_values /usr/lib/python3/dist-packages/oslo_config/cfg.py:2609
2025-10-13 00:37:40.780 134627 DEBUG oslo_service.service [req-84c6a2f1-56ec-4cae-b460-07a950b49b95 - - - - -] keystone.valid_interfaces = ['internal', 'public'] log_opt_values /usr/lib/python3/dist-packages/oslo_config/cfg.py:2609
2025-10-13 00:37:40.779 135761 DEBUG nova.servicegroup.drivers.db [req-f0c74018-ce1f-4a1c-8e60-0fab96020449 - - - - -] DB_Driver: join new ServiceGroup member juju-f184ac-0-lxd-7 to the scheduler group, service = join /usr/lib/python3/dist-packages/nova/servicegroup/drivers/db.py:44
2025-10-13 00:37:40.780 134627 DEBUG oslo_service.service [req-84c6a2f1-56ec-4cae-b460-07a950b49b95 - - - - -] keystone.version = None log_opt_values /usr/lib/python3/dist-packages/oslo_config/cfg.py:2609
2025-10-13 00:37:40.780 134627 DEBUG oslo_service.service [req-84c6a2f1-56ec-4cae-b460-07a950b49b95 - - - - -] libvirt.connection_uri = log_opt_values /usr/lib/python3/dist-packages/oslo_config/cfg.py:2609
2025-10-13 00:37:40.780 134627 DEBUG oslo_service.service [req-84c6a2f1-56ec-4cae-b460-07a950b49b95 - - - - -] libvirt.cpu_mode = None log_opt_values /usr/lib/python3/dist-packages/oslo_config/cfg.py:2609
2025-10-13 00:37:40.781 134627 DEBUG oslo_service.service [req-84c6a2f1-56ec-4cae-b460-07a950b49b95 - - - - -] libvirt.cpu_model_extra_flags = [] log_opt_values /usr/lib/python3/dist-packages/oslo_config/cfg.py:2609
2025-10-13 00:37:40.781 134627 DEBUG oslo_service.service [req-84c6a2f1-56ec-4cae-b460-07a950b49b95 - - - - -] libvirt.cpu_models = [] log_opt_values /usr/lib/python3/dist-packages/oslo_config/cfg.py:2609
2025-10-13 00:37:40.781 134627 DEBUG oslo_service.service [req-84c6a2f1-56ec-4cae-b460-07a950b49b95 - - - - -] libvirt.device_detach_attempts = 8 log_opt_values /usr/lib/python3/dist-packages/oslo_config/cfg.py:2609
2025-10-13 00:37:40.781 134627 DEBUG oslo_service.service [req-84c6a2f1-56ec-4cae-b460-07a950b49b95 - - - - -] libvirt.device_detach_timeout = 20 log_opt_values /usr/lib/python3/dist-packages/oslo_config/cfg.py:2609
2025-10-13 00:37:40.781 134627 DEBUG oslo_service.service [req-84c6a2f1-56ec-4cae-b460-07a950b49b95 - - - - -] libvirt.disk_cachemodes = [] log_opt_values /usr/lib/python3/dist-packages/oslo_config/cfg.py:2609
2025-10-13 00:37:40.781 134627 DEBUG oslo_service.service [req-84c6a2f1-56ec-4cae-b460-07a950b49b95 - - - - -] libvirt.disk_prefix = None log_opt_values /usr/lib/python3/dist-packages/oslo_config/cfg.py:2609
2025-10-13 00:37:40.781 134627 DEBUG oslo_service.service [req-84c6a2f1-56ec-4cae-b460-07a950b49b95 - - - - -] libvirt.enabled_perf_events = [] log_opt_values /usr/lib/python3/dist-packages/oslo_config/cfg.py:2609
2025-10-13 00:37:40.782 134627 DEBUG oslo_service.service [req-84c6a2f1-56ec-4cae-b460-07a950b49b95 - - - - -] libvirt.file_backed_memory = 0 log_opt_values /usr/lib/python3/dist-packages/oslo_config/cfg.py:2609
2025-10-13 00:37:40.782 134627 DEBUG oslo_service.service [req-84c6a2f1-56ec-4cae-b460-07a950b49b95 - - - - -] libvirt.gid_maps = [] log_opt_values /usr/lib/python3/dist-packages/oslo_config/cfg.py:2609
2025-10-13 00:37:40.782 134627 DEBUG oslo_service.service [req-84c6a2f1-56ec-4cae-b460-07a950b49b95 - - - - -] libvirt.hw_disk_discard = None log_opt_values /usr/lib/python3/dist-packages/oslo_config/cfg.py:2609
2025-10-13 00:37:40.782 134627 DEBUG oslo_service.service [req-84c6a2f1-56ec-4cae-b460-07a950b49b95 - - - - -] libvirt.hw_machine_type = None log_opt_values /usr/lib/python3/dist-packages/oslo_config/cfg.py:2609
2025-10-13 00:37:40.782 134627 DEBUG oslo_service.service [req-84c6a2f1-56ec-4cae-b460-07a950b49b95 - - - - -] libvirt.images_rbd_ceph_conf = log_opt_values /usr/lib/python3/dist-packages/oslo_config/cfg.py:2609
2025-10-13 00:37:40.782 134627 DEBUG oslo_service.service [req-84c6a2f1-56ec-4cae-b460-07a950b49b95 - - - - -] libvirt.images_rbd_glance_copy_poll_interval = 15 log_opt_values /usr/lib/python3/dist-packages/oslo_config/cfg.py:2609
2025-10-13 00:37:40.783 134627 DEBUG oslo_service.service [req-84c6a2f1-56ec-4cae-b460-07a950b49b95 - - - - -] libvirt.images_rbd_glance_copy_timeout = 600 log_opt_values /usr/lib/python3/dist-packages/oslo_config/cfg.py:2609
2025-10-13 00:37:40.783 134627 DEBUG oslo_service.service [req-84c6a2f1-56ec-4cae-b460-07a950b49b95 - - - - -] libvirt.images_rbd_glance_store_name = log_opt_values /usr/lib/python3/dist-packages/oslo_config/cfg.py:2609
2025-10-13 00:37:40.783 135760 DEBUG oslo_messaging._drivers.amqpdriver [-] AMQPListener connection timeout poll /usr/lib/python3/dist-packages/oslo_messaging/_drivers/amqpdriver.py:360
2025-10-13 00:37:40.783 134627 DEBUG oslo_service.service [req-84c6a2f1-56ec-4cae-b460-07a950b49b95 - - - - -] libvirt.images_rbd_pool = rbd log_opt_values /usr/lib/python3/dist-packages/oslo_config/cfg.py:2609
2025-10-13 00:37:40.783 134627 DEBUG oslo_service.service [req-84c6a2f1-56ec-4cae-b460-07a950b49b95 - - - - -] libvirt.images_type = default log_opt_values /usr/lib/python3/dist-packages/oslo_config/cfg.py:2609
2025-10-13 00:37:40.783 134627 DEBUG oslo_service.service [req-84c6a2f1-56ec-4cae-b460-07a950b49b95 - - - - -] libvirt.images_volume_group = None log_opt_values /usr/lib/python3/dist-packages/oslo_config/cfg.py:2609
2025-10-13 00:37:40.784 134627 DEBUG oslo_service.service [req-84c6a2f1-56ec-4cae-b460-07a950b49b95 - - - - -] libvirt.inject_key = False log_opt_values /usr/lib/python3/dist-packages/oslo_config/cfg.py:2609
2025-10-13 00:37:40.784 134627 DEBUG oslo_service.service [req-84c6a2f1-56ec-4cae-b460-07a950b49b95 - - - - -] libvirt.inject_partition = -2 log_opt_values /usr/lib/python3/dist-packages/oslo_config/cfg.py:2609
2025-10-13 00:37:40.784 134627 DEBUG oslo_service.service [req-84c6a2f1-56ec-4cae-b460-07a950b49b95 - - - - -] libvirt.inject_password = False log_opt_values /usr/lib/python3/dist-packages/oslo_config/cfg.py:2609
2025-10-13 00:37:40.783 135760 DEBUG oslo_messaging._drivers.amqpdriver [-] Listener is running poll /usr/lib/python3/dist-packages/oslo_messaging/_drivers/amqpdriver.py:343
2025-10-13 00:37:40.784 134627 DEBUG oslo_service.service [req-84c6a2f1-56ec-4cae-b460-07a950b49b95 - - - - -] libvirt.iscsi_iface = None log_opt_values /usr/lib/python3/dist-packages/oslo_config/cfg.py:2609
2025-10-13 00:37:40.784 135760 DEBUG oslo_messaging._drivers.amqpdriver [-] AMQPListener connection consume poll /usr/lib/python3/dist-packages/oslo_messaging/_drivers/amqpdriver.py:357
2025-10-13 00:37:40.784 134627 DEBUG oslo_service.service [req-84c6a2f1-56ec-4cae-b460-07a950b49b95 - - - - -] libvirt.iser_use_multipath = False log_opt_values /usr/lib/python3/dist-packages/oslo_config/cfg.py:2609
2025-10-13 00:37:40.784 135761 DEBUG oslo_messaging._drivers.amqpdriver [-] AMQPListener connection timeout poll /usr/lib/python3/dist-packages/oslo_messaging/_drivers/amqpdriver.py:360
2025-10-13 00:37:40.785 134627 DEBUG oslo_service.service [req-84c6a2f1-56ec-4cae-b460-07a950b49b95 - - - - -] libvirt.live_migration_bandwidth = 0 log_opt_values /usr/lib/python3/dist-packages/oslo_config/cfg.py:2609
2025-10-13 00:37:40.785 134627 DEBUG oslo_service.service [req-84c6a2f1-56ec-4cae-b460-07a950b49b95 - - - - -] libvirt.live_migration_completion_timeout = 800 log_opt_values /usr/lib/python3/dist-packages/oslo_config/cfg.py:2609
2025-10-13 00:37:40.785 134627 DEBUG oslo_service.service [req-84c6a2f1-56ec-4cae-b460-07a950b49b95 - - - - -] libvirt.live_migration_downtime = 500 log_opt_values /usr/lib/python3/dist-packages/oslo_config/cfg.py:2609
2025-10-13 00:37:40.785 134627 DEBUG oslo_service.service [req-84c6a2f1-56ec-4cae-b460-07a950b49b95 - - - - -] libvirt.live_migration_downtime_delay = 75 log_opt_values /usr/lib/python3/dist-packages/oslo_config/cfg.py:2609
2025-10-13 00:37:40.785 134627 DEBUG oslo_service.service [req-84c6a2f1-56ec-4cae-b460-07a950b49b95 - - - - -] libvirt.live_migration_downtime_steps = 10 log_opt_values /usr/lib/python3/dist-packages/oslo_config/cfg.py:2609
2025-10-13 00:37:40.785 135761 DEBUG oslo_messaging._drivers.amqpdriver [-] Listener is running poll /usr/lib/python3/dist-packages/oslo_messaging/_drivers/amqpdriver.py:343
2025-10-13 00:37:40.785 135761 DEBUG oslo_messaging._drivers.amqpdriver [-] AMQPListener connection consume poll /usr/lib/python3/dist-packages/oslo_messaging/_drivers/amqpdriver.py:357
2025-10-13 00:37:40.785 134627 DEBUG oslo_service.service [req-84c6a2f1-56ec-4cae-b460-07a950b49b95 - - - - -] libvirt.live_migration_inbound_addr = None log_opt_values /usr/lib/python3/dist-packages/oslo_config/cfg.py:2609
2025-10-13 00:37:40.786 134627 DEBUG oslo_service.service [req-84c6a2f1-56ec-4cae-b460-07a950b49b95 - - - - -] libvirt.live_migration_permit_auto_converge = False log_opt_values /usr/lib/python3/dist-packages/oslo_config/cfg.py:2609
2025-10-13 00:37:40.786 134627 DEBUG oslo_service.service [req-84c6a2f1-56ec-4cae-b460-07a950b49b95 - - - - -] libvirt.live_migration_permit_post_copy = False log_opt_values /usr/lib/python3/dist-packages/oslo_config/cfg.py:2609
2025-10-13 00:37:40.786 135762 DEBUG oslo_messaging._drivers.amqpdriver [-] Listener is running poll /usr/lib/python3/dist-packages/oslo_messaging/_drivers/amqpdriver.py:343
2025-10-13 00:37:40.786 134627 DEBUG oslo_service.service [req-84c6a2f1-56ec-4cae-b460-07a950b49b95 - - - - -] libvirt.live_migration_scheme = None log_opt_values /usr/lib/python3/dist-packages/oslo_config/cfg.py:2609
2025-10-13 00:37:40.786 135762 DEBUG oslo_messaging._drivers.amqpdriver [-] AMQPListener connection consume poll /usr/lib/python3/dist-packages/oslo_messaging/_drivers/amqpdriver.py:357
2025-10-13 00:37:40.786 134627 DEBUG oslo_service.service [req-84c6a2f1-56ec-4cae-b460-07a950b49b95 - - - - -] libvirt.live_migration_timeout_action = abort log_opt_values /usr/lib/python3/dist-packages/oslo_config/cfg.py:2609
2025-10-13 00:37:40.786 134627 DEBUG oslo_service.service [req-84c6a2f1-56ec-4cae-b460-07a950b49b95 - - - - -] libvirt.live_migration_tunnelled = False log_opt_values /usr/lib/python3/dist-packages/oslo_config/cfg.py:2609
2025-10-13 00:37:40.786 134627 DEBUG oslo_service.service [req-84c6a2f1-56ec-4cae-b460-07a950b49b95 - - - - -] libvirt.live_migration_uri = None log_opt_values /usr/lib/python3/dist-packages/oslo_config/cfg.py:2609
2025-10-13 00:37:40.787 134627 DEBUG oslo_service.service [req-84c6a2f1-56ec-4cae-b460-07a950b49b95 - - - - -] libvirt.live_migration_with_native_tls = False log_opt_values /usr/lib/python3/dist-packages/oslo_config/cfg.py:2609
2025-10-13 00:37:40.787 134627 DEBUG oslo_service.service [req-84c6a2f1-56ec-4cae-b460-07a950b49b95 - - - - -] libvirt.max_queues = None log_opt_values /usr/lib/python3/dist-packages/oslo_config/cfg.py:2609
2025-10-13 00:37:40.787 135762 DEBUG nova.service [req-63b44ed6-26e8-46c4-9069-72379b207c6d - - - - -] Join ServiceGroup membership for this service scheduler start /usr/lib/python3/dist-packages/nova/service.py:199
2025-10-13 00:37:40.787 134627 DEBUG oslo_service.service [req-84c6a2f1-56ec-4cae-b460-07a950b49b95 - - - - -] libvirt.mem_stats_period_seconds = 10 log_opt_values /usr/lib/python3/dist-packages/oslo_config/cfg.py:2609
2025-10-13 00:37:40.787 135762 DEBUG nova.servicegroup.drivers.db [req-63b44ed6-26e8-46c4-9069-72379b207c6d - - - - -] DB_Driver: join new ServiceGroup member juju-f184ac-0-lxd-7 to the scheduler group, service = join /usr/lib/python3/dist-packages/nova/servicegroup/drivers/db.py:44
2025-10-13 00:37:40.787 134627 DEBUG oslo_service.service [req-84c6a2f1-56ec-4cae-b460-07a950b49b95 - - - - -] libvirt.nfs_mount_options = None log_opt_values /usr/lib/python3/dist-packages/oslo_config/cfg.py:2609
2025-10-13 00:37:40.787 134627 DEBUG oslo_service.service [req-84c6a2f1-56ec-4cae-b460-07a950b49b95 - - - - -] libvirt.nfs_mount_point_base = /var/lib/nova/mnt log_opt_values /usr/lib/python3/dist-packages/oslo_config/cfg.py:2609
2025-10-13 00:37:40.787 134627 DEBUG oslo_service.service [req-84c6a2f1-56ec-4cae-b460-07a950b49b95 - - - - -] libvirt.num_aoe_discover_tries = 3 log_opt_values /usr/lib/python3/dist-packages/oslo_config/cfg.py:2609
2025-10-13 00:37:40.788 134627 DEBUG oslo_service.service [req-84c6a2f1-56ec-4cae-b460-07a950b49b95 - - - - -] libvirt.num_iser_scan_tries = 5 log_opt_values /usr/lib/python3/dist-packages/oslo_config/cfg.py:2609
2025-10-13 00:37:40.788 134627 DEBUG oslo_service.service [req-84c6a2f1-56ec-4cae-b460-07a950b49b95 - - - - -] libvirt.num_memory_encrypted_guests = None log_opt_values /usr/lib/python3/dist-packages/oslo_config/cfg.py:2609
2025-10-13 00:37:40.788 134627 DEBUG oslo_service.service [req-84c6a2f1-56ec-4cae-b460-07a950b49b95 - - - - -] libvirt.num_nvme_discover_tries = 5 log_opt_values /usr/lib/python3/dist-packages/oslo_config/cfg.py:2609
2025-10-13 00:37:40.788 134627 DEBUG oslo_service.service [req-84c6a2f1-56ec-4cae-b460-07a950b49b95 - - - - -] libvirt.num_pcie_ports = 0 log_opt_values /usr/lib/python3/dist-packages/oslo_config/cfg.py:2609
2025-10-13 00:37:40.788 134627 DEBUG oslo_service.service [req-84c6a2f1-56ec-4cae-b460-07a950b49b95 - - - - -] libvirt.num_volume_scan_tries = 5 log_opt_values /usr/lib/python3/dist-packages/oslo_config/cfg.py:2609
2025-10-13 00:37:40.788 134627 DEBUG oslo_service.service [req-84c6a2f1-56ec-4cae-b460-07a950b49b95 - - - - -] libvirt.pmem_namespaces = [] log_opt_values /usr/lib/python3/dist-packages/oslo_config/cfg.py:2609
2025-10-13 00:37:40.789 134627 DEBUG oslo_service.service [req-84c6a2f1-56ec-4cae-b460-07a950b49b95 - - - - -] libvirt.quobyte_client_cfg = None log_opt_values /usr/lib/python3/dist-packages/oslo_config/cfg.py:2609
2025-10-13 00:37:40.789 134627 DEBUG oslo_service.service [req-84c6a2f1-56ec-4cae-b460-07a950b49b95 - - - - -] libvirt.quobyte_mount_point_base = /var/lib/nova/mnt log_opt_values /usr/lib/python3/dist-packages/oslo_config/cfg.py:2609
2025-10-13 00:37:40.789 134627 DEBUG oslo_service.service [req-84c6a2f1-56ec-4cae-b460-07a950b49b95 - - - - -] libvirt.rbd_connect_timeout = 5 log_opt_values /usr/lib/python3/dist-packages/oslo_config/cfg.py:2609
2025-10-13 00:37:40.789 134627 DEBUG oslo_service.service [req-84c6a2f1-56ec-4cae-b460-07a950b49b95 - - - - -] libvirt.rbd_destroy_volume_retries = 12 log_opt_values /usr/lib/python3/dist-packages/oslo_config/cfg.py:2609
2025-10-13 00:37:40.789 135762 DEBUG oslo_messaging._drivers.amqpdriver [-] AMQPListener connection timeout poll /usr/lib/python3/dist-packages/oslo_messaging/_drivers/amqpdriver.py:360
2025-10-13 00:37:40.789 134627 DEBUG oslo_service.service [req-84c6a2f1-56ec-4cae-b460-07a950b49b95 - - - - -] libvirt.rbd_destroy_volume_retry_interval = 5 log_opt_values /usr/lib/python3/dist-packages/oslo_config/cfg.py:2609
2025-10-13 00:37:40.789 135762 DEBUG oslo_messaging._drivers.amqpdriver [-] Listener is running poll /usr/lib/python3/dist-packages/oslo_messaging/_drivers/amqpdriver.py:343
2025-10-13 00:37:40.790 135762 DEBUG oslo_messaging._drivers.amqpdriver [-] AMQPListener connection consume poll /usr/lib/python3/dist-packages/oslo_messaging/_drivers/amqpdriver.py:357
2025-10-13 00:37:40.789 134627 DEBUG oslo_service.service [req-84c6a2f1-56ec-4cae-b460-07a950b49b95 - - - - -] libvirt.rbd_secret_uuid = None log_opt_values /usr/lib/python3/dist-packages/oslo_config/cfg.py:2609
2025-10-13 00:37:40.791 134627 DEBUG oslo_service.service [req-84c6a2f1-56ec-4cae-b460-07a950b49b95 - - - - -] libvirt.rbd_user = None log_opt_values /usr/lib/python3/dist-packages/oslo_config/cfg.py:2609
2025-10-13 00:37:40.791 134627 DEBUG oslo_service.service [req-84c6a2f1-56ec-4cae-b460-07a950b49b95 - - - - -] libvirt.realtime_scheduler_priority = 1 log_opt_values /usr/lib/python3/dist-packages/oslo_config/cfg.py:2609
2025-10-13 00:37:40.791 134627 DEBUG oslo_service.service [req-84c6a2f1-56ec-4cae-b460-07a950b49b95 - - - - -] libvirt.remote_filesystem_transport = ssh log_opt_values /usr/lib/python3/dist-packages/oslo_config/cfg.py:2609
2025-10-13 00:37:40.791 134627 DEBUG oslo_service.service [req-84c6a2f1-56ec-4cae-b460-07a950b49b95 - - - - -] libvirt.rescue_image_id = None log_opt_values /usr/lib/python3/dist-packages/oslo_config/cfg.py:2609
2025-10-13 00:37:40.791 134627 DEBUG oslo_service.service [req-84c6a2f1-56ec-4cae-b460-07a950b49b95 - - - - -] libvirt.rescue_kernel_id = None log_opt_values /usr/lib/python3/dist-packages/oslo_config/cfg.py:2609
2025-10-13 00:37:40.792 134627 DEBUG oslo_service.service [req-84c6a2f1-56ec-4cae-b460-07a950b49b95 - - - - -] libvirt.rescue_ramdisk_id = None log_opt_values /usr/lib/python3/dist-packages/oslo_config/cfg.py:2609
2025-10-13 00:37:40.792 134627 DEBUG oslo_service.service [req-84c6a2f1-56ec-4cae-b460-07a950b49b95 - - - - -] libvirt.rng_dev_path = /dev/urandom log_opt_values /usr/lib/python3/dist-packages/oslo_config/cfg.py:2609
2025-10-13 00:37:40.792 134627 DEBUG oslo_service.service [req-84c6a2f1-56ec-4cae-b460-07a950b49b95 - - - - -] libvirt.rx_queue_size = None log_opt_values /usr/lib/python3/dist-packages/oslo_config/cfg.py:2609
2025-10-13 00:37:40.792 134627 DEBUG oslo_service.service [req-84c6a2f1-56ec-4cae-b460-07a950b49b95 - - - - -] libvirt.smbfs_mount_options = log_opt_values /usr/lib/python3/dist-packages/oslo_config/cfg.py:2609
2025-10-13 00:37:40.792 134627 DEBUG oslo_service.service [req-84c6a2f1-56ec-4cae-b460-07a950b49b95 - - - - -] libvirt.smbfs_mount_point_base = /var/lib/nova/mnt log_opt_values /usr/lib/python3/dist-packages/oslo_config/cfg.py:2609
2025-10-13 00:37:40.792 134627 DEBUG oslo_service.service [req-84c6a2f1-56ec-4cae-b460-07a950b49b95 - - - - -] libvirt.snapshot_compression = False log_opt_values /usr/lib/python3/dist-packages/oslo_config/cfg.py:2609
2025-10-13 00:37:40.793 134627 DEBUG oslo_service.service [req-84c6a2f1-56ec-4cae-b460-07a950b49b95 - - - - -] libvirt.snapshot_image_format = None log_opt_values /usr/lib/python3/dist-packages/oslo_config/cfg.py:2609
2025-10-13 00:37:40.793 134627 DEBUG oslo_service.service [req-84c6a2f1-56ec-4cae-b460-07a950b49b95 - - - - -] libvirt.snapshots_directory = /var/lib/nova/instances/snapshots log_opt_values /usr/lib/python3/dist-packages/oslo_config/cfg.py:2609
2025-10-13 00:37:40.793 134627 DEBUG oslo_service.service [req-84c6a2f1-56ec-4cae-b460-07a950b49b95 - - - - -] libvirt.sparse_logical_volumes = False log_opt_values /usr/lib/python3/dist-packages/oslo_config/cfg.py:2609
2025-10-13 00:37:40.793 134627 DEBUG oslo_service.service [req-84c6a2f1-56ec-4cae-b460-07a950b49b95 - - - - -] libvirt.swtpm_enabled = False log_opt_values /usr/lib/python3/dist-packages/oslo_config/cfg.py:2609
2025-10-13 00:37:40.793 134627 DEBUG oslo_service.service [req-84c6a2f1-56ec-4cae-b460-07a950b49b95 - - - - -] libvirt.swtpm_group = tss log_opt_values /usr/lib/python3/dist-packages/oslo_config/cfg.py:2609
2025-10-13 00:37:40.794 134627 DEBUG oslo_service.service [req-84c6a2f1-56ec-4cae-b460-07a950b49b95 - - - - -] libvirt.swtpm_user = tss log_opt_values /usr/lib/python3/dist-packages/oslo_config/cfg.py:2609
2025-10-13 00:37:40.794 134627 DEBUG oslo_service.service [req-84c6a2f1-56ec-4cae-b460-07a950b49b95 - - - - -] libvirt.sysinfo_serial = unique log_opt_values /usr/lib/python3/dist-packages/oslo_config/cfg.py:2609
2025-10-13 00:37:40.794 134627 DEBUG oslo_service.service [req-84c6a2f1-56ec-4cae-b460-07a950b49b95 - - - - -] libvirt.tx_queue_size = None log_opt_values /usr/lib/python3/dist-packages/oslo_config/cfg.py:2609
2025-10-13 00:37:40.794 134627 DEBUG oslo_service.service [req-84c6a2f1-56ec-4cae-b460-07a950b49b95 - - - - -] libvirt.uid_maps = [] log_opt_values /usr/lib/python3/dist-packages/oslo_config/cfg.py:2609
2025-10-13 00:37:40.794 134627 DEBUG oslo_service.service [req-84c6a2f1-56ec-4cae-b460-07a950b49b95 - - - - -] libvirt.use_virtio_for_bridges = True log_opt_values /usr/lib/python3/dist-packages/oslo_config/cfg.py:2609
2025-10-13 00:37:40.795 134627 DEBUG oslo_service.service [req-84c6a2f1-56ec-4cae-b460-07a950b49b95 - - - - -] libvirt.virt_type = kvm log_opt_values /usr/lib/python3/dist-packages/oslo_config/cfg.py:2609
2025-10-13 00:37:40.795 134627 DEBUG oslo_service.service [req-84c6a2f1-56ec-4cae-b460-07a950b49b95 - - - - -] libvirt.volume_clear = zero log_opt_values /usr/lib/python3/dist-packages/oslo_config/cfg.py:2609
2025-10-13 00:37:40.795 134627 DEBUG oslo_service.service [req-84c6a2f1-56ec-4cae-b460-07a950b49b95 - - - - -] libvirt.volume_clear_size = 0 log_opt_values /usr/lib/python3/dist-packages/oslo_config/cfg.py:2609
2025-10-13 00:37:40.795 134627 DEBUG oslo_service.service [req-84c6a2f1-56ec-4cae-b460-07a950b49b95 - - - - -] libvirt.volume_use_multipath = False log_opt_values /usr/lib/python3/dist-packages/oslo_config/cfg.py:2609
2025-10-13 00:37:40.795 134627 DEBUG oslo_service.service [req-84c6a2f1-56ec-4cae-b460-07a950b49b95 - - - - -] libvirt.vzstorage_cache_path = None log_opt_values /usr/lib/python3/dist-packages/oslo_config/cfg.py:2609
2025-10-13 00:37:40.795 134627 DEBUG oslo_service.service [req-84c6a2f1-56ec-4cae-b460-07a950b49b95 - - - - -] libvirt.vzstorage_log_path = /var/log/vstorage/%(cluster_name)s/nova.log.gz log_opt_values /usr/lib/python3/dist-packages/oslo_config/cfg.py:2609
2025-10-13 00:37:40.796 134627 DEBUG oslo_service.service [req-84c6a2f1-56ec-4cae-b460-07a950b49b95 - - - - -] libvirt.vzstorage_mount_group = qemu log_opt_values /usr/lib/python3/dist-packages/oslo_config/cfg.py:2609
2025-10-13 00:37:40.796 134627 DEBUG oslo_service.service [req-84c6a2f1-56ec-4cae-b460-07a950b49b95 - - - - -] libvirt.vzstorage_mount_opts = [] log_opt_values /usr/lib/python3/dist-packages/oslo_config/cfg.py:2609
2025-10-13 00:37:40.796 134627 DEBUG oslo_service.service [req-84c6a2f1-56ec-4cae-b460-07a950b49b95 - - - - -] libvirt.vzstorage_mount_perms = 0770 log_opt_values /usr/lib/python3/dist-packages/oslo_config/cfg.py:2609
2025-10-13 00:37:40.796 134627 DEBUG oslo_service.service [req-84c6a2f1-56ec-4cae-b460-07a950b49b95 - - - - -] libvirt.vzstorage_mount_point_base = /var/lib/nova/mnt log_opt_values /usr/lib/python3/dist-packages/oslo_config/cfg.py:2609
2025-10-13 00:37:40.796 134627 DEBUG oslo_service.service [req-84c6a2f1-56ec-4cae-b460-07a950b49b95 - - - - -] libvirt.vzstorage_mount_user = stack log_opt_values /usr/lib/python3/dist-packages/oslo_config/cfg.py:2609
2025-10-13 00:37:40.796 134627 DEBUG oslo_service.service [req-84c6a2f1-56ec-4cae-b460-07a950b49b95 - - - - -] libvirt.wait_soft_reboot_seconds = 120 log_opt_values /usr/lib/python3/dist-packages/oslo_config/cfg.py:2609
2025-10-13 00:37:40.797 134627 DEBUG oslo_service.service [req-84c6a2f1-56ec-4cae-b460-07a950b49b95 - - - - -] neutron.auth_section = None log_opt_values /usr/lib/python3/dist-packages/oslo_config/cfg.py:2609
2025-10-13 00:37:40.796 135759 DEBUG oslo_messaging._drivers.amqpdriver [-] Listener is running poll /usr/lib/python3/dist-packages/oslo_messaging/_drivers/amqpdriver.py:343
2025-10-13 00:37:40.797 134627 DEBUG oslo_service.service [req-84c6a2f1-56ec-4cae-b460-07a950b49b95 - - - - -] neutron.auth_type = password log_opt_values /usr/lib/python3/dist-packages/oslo_config/cfg.py:2609
2025-10-13 00:37:40.797 135759 DEBUG oslo_messaging._drivers.amqpdriver [-] AMQPListener connection consume poll /usr/lib/python3/dist-packages/oslo_messaging/_drivers/amqpdriver.py:357
2025-10-13 00:37:40.797 134627 DEBUG oslo_service.service [req-84c6a2f1-56ec-4cae-b460-07a950b49b95 - - - - -] neutron.cafile = None log_opt_values /usr/lib/python3/dist-packages/oslo_config/cfg.py:2609
2025-10-13 00:37:40.797 134627 DEBUG oslo_service.service [req-84c6a2f1-56ec-4cae-b460-07a950b49b95 - - - - -] neutron.certfile = None log_opt_values /usr/lib/python3/dist-packages/oslo_config/cfg.py:2609
2025-10-13 00:37:40.798 134627 DEBUG oslo_service.service [req-84c6a2f1-56ec-4cae-b460-07a950b49b95 - - - - -] neutron.collect_timing = False log_opt_values /usr/lib/python3/dist-packages/oslo_config/cfg.py:2609
2025-10-13 00:37:40.798 134627 DEBUG oslo_service.service [req-84c6a2f1-56ec-4cae-b460-07a950b49b95 - - - - -] neutron.connect_retries = None log_opt_values /usr/lib/python3/dist-packages/oslo_config/cfg.py:2609
2025-10-13 00:37:40.798 134627 DEBUG oslo_service.service [req-84c6a2f1-56ec-4cae-b460-07a950b49b95 - - - - -] neutron.connect_retry_delay = None log_opt_values /usr/lib/python3/dist-packages/oslo_config/cfg.py:2609
2025-10-13 00:37:40.798 134627 DEBUG oslo_service.service [req-84c6a2f1-56ec-4cae-b460-07a950b49b95 - - - - -] neutron.default_floating_pool = nova log_opt_values /usr/lib/python3/dist-packages/oslo_config/cfg.py:2609
2025-10-13 00:37:40.798 134627 DEBUG oslo_service.service [req-84c6a2f1-56ec-4cae-b460-07a950b49b95 - - - - -] neutron.endpoint_override = None log_opt_values /usr/lib/python3/dist-packages/oslo_config/cfg.py:2609
2025-10-13 00:37:40.798 135759 DEBUG nova.service [req-39d01f5a-0e23-43e3-a020-12059291031f - - - - -] Join ServiceGroup membership for this service scheduler start /usr/lib/python3/dist-packages/nova/service.py:199
2025-10-13 00:37:40.798 134627 DEBUG oslo_service.service [req-84c6a2f1-56ec-4cae-b460-07a950b49b95 - - - - -] neutron.extension_sync_interval = 600 log_opt_values /usr/lib/python3/dist-packages/oslo_config/cfg.py:2609
2025-10-13 00:37:40.798 135759 DEBUG nova.servicegroup.drivers.db [req-39d01f5a-0e23-43e3-a020-12059291031f - - - - -] DB_Driver: join new ServiceGroup member juju-f184ac-0-lxd-7 to the scheduler group, service = join /usr/lib/python3/dist-packages/nova/servicegroup/drivers/db.py:44
2025-10-13 00:37:40.799 134627 DEBUG oslo_service.service [req-84c6a2f1-56ec-4cae-b460-07a950b49b95 - - - - -] neutron.http_retries = 3 log_opt_values /usr/lib/python3/dist-packages/oslo_config/cfg.py:2609
2025-10-13 00:37:40.799 134627 DEBUG oslo_service.service [req-84c6a2f1-56ec-4cae-b460-07a950b49b95 - - - - -] neutron.insecure = False log_opt_values /usr/lib/python3/dist-packages/oslo_config/cfg.py:2609
2025-10-13 00:37:40.799 134627 DEBUG oslo_service.service [req-84c6a2f1-56ec-4cae-b460-07a950b49b95 - - - - -] neutron.keyfile = None log_opt_values /usr/lib/python3/dist-packages/oslo_config/cfg.py:2609
2025-10-13 00:37:40.799 135759 DEBUG oslo_messaging._drivers.amqpdriver [-] AMQPListener connection timeout poll /usr/lib/python3/dist-packages/oslo_messaging/_drivers/amqpdriver.py:360
2025-10-13 00:37:40.799 134627 DEBUG oslo_service.service [req-84c6a2f1-56ec-4cae-b460-07a950b49b95 - - - - -] neutron.max_version = None log_opt_values /usr/lib/python3/dist-packages/oslo_config/cfg.py:2609
2025-10-13 00:37:40.799 135759 DEBUG oslo_messaging._drivers.amqpdriver [-] Listener is running poll /usr/lib/python3/dist-packages/oslo_messaging/_drivers/amqpdriver.py:343
2025-10-13 00:37:40.799 135759 DEBUG oslo_messaging._drivers.amqpdriver [-] AMQPListener connection consume poll /usr/lib/python3/dist-packages/oslo_messaging/_drivers/amqpdriver.py:357
2025-10-13 00:37:40.799 134627 DEBUG oslo_service.service [req-84c6a2f1-56ec-4cae-b460-07a950b49b95 - - - - -] neutron.metadata_proxy_shared_secret = **** log_opt_values /usr/lib/python3/dist-packages/oslo_config/cfg.py:2609
2025-10-13 00:37:40.799 134627 DEBUG oslo_service.service [req-84c6a2f1-56ec-4cae-b460-07a950b49b95 - - - - -] neutron.min_version = None log_opt_values /usr/lib/python3/dist-packages/oslo_config/cfg.py:2609
2025-10-13 00:37:40.800 134627 DEBUG oslo_service.service [req-84c6a2f1-56ec-4cae-b460-07a950b49b95 - - - - -] neutron.ovs_bridge = br-int log_opt_values /usr/lib/python3/dist-packages/oslo_config/cfg.py:2609
2025-10-13 00:37:40.800 134627 DEBUG oslo_service.service [req-84c6a2f1-56ec-4cae-b460-07a950b49b95 - - - - -] neutron.physnets = [] log_opt_values /usr/lib/python3/dist-packages/oslo_config/cfg.py:2609
2025-10-13 00:37:40.800 134627 DEBUG oslo_service.service [req-84c6a2f1-56ec-4cae-b460-07a950b49b95 - - - - -] neutron.region_name = RegionOne log_opt_values /usr/lib/python3/dist-packages/oslo_config/cfg.py:2609
2025-10-13 00:37:40.800 134627 DEBUG oslo_service.service [req-84c6a2f1-56ec-4cae-b460-07a950b49b95 - - - - -] neutron.service_metadata_proxy = True log_opt_values /usr/lib/python3/dist-packages/oslo_config/cfg.py:2609
2025-10-13 00:37:40.800 134627 DEBUG oslo_service.service [req-84c6a2f1-56ec-4cae-b460-07a950b49b95 - - - - -] neutron.service_name = None log_opt_values /usr/lib/python3/dist-packages/oslo_config/cfg.py:2609
2025-10-13 00:37:40.800 134627 DEBUG oslo_service.service [req-84c6a2f1-56ec-4cae-b460-07a950b49b95 - - - - -] neutron.service_type = network log_opt_values /usr/lib/python3/dist-packages/oslo_config/cfg.py:2609
2025-10-13 00:37:40.801 134627 DEBUG oslo_service.service [req-84c6a2f1-56ec-4cae-b460-07a950b49b95 - - - - -] neutron.split_loggers = False log_opt_values /usr/lib/python3/dist-packages/oslo_config/cfg.py:2609
2025-10-13 00:37:40.801 134627 DEBUG oslo_service.service [req-84c6a2f1-56ec-4cae-b460-07a950b49b95 - - - - -] neutron.status_code_retries = None log_opt_values /usr/lib/python3/dist-packages/oslo_config/cfg.py:2609
2025-10-13 00:37:40.801 134627 DEBUG oslo_service.service [req-84c6a2f1-56ec-4cae-b460-07a950b49b95 - - - - -] neutron.status_code_retry_delay = None log_opt_values /usr/lib/python3/dist-packages/oslo_config/cfg.py:2609
2025-10-13 00:37:40.801 134627 DEBUG oslo_service.service [req-84c6a2f1-56ec-4cae-b460-07a950b49b95 - - - - -] neutron.timeout = None log_opt_values /usr/lib/python3/dist-packages/oslo_config/cfg.py:2609
2025-10-13 00:37:40.801 134627 DEBUG oslo_service.service [req-84c6a2f1-56ec-4cae-b460-07a950b49b95 - - - - -] neutron.valid_interfaces = ['internal', 'public'] log_opt_values /usr/lib/python3/dist-packages/oslo_config/cfg.py:2609
2025-10-13 00:37:40.801 134627 DEBUG oslo_service.service [req-84c6a2f1-56ec-4cae-b460-07a950b49b95 - - - - -] neutron.version = None log_opt_values /usr/lib/python3/dist-packages/oslo_config/cfg.py:2609
2025-10-13 00:37:40.802 134627 DEBUG oslo_service.service [req-84c6a2f1-56ec-4cae-b460-07a950b49b95 - - - - -] notifications.bdms_in_notifications = False log_opt_values /usr/lib/python3/dist-packages/oslo_config/cfg.py:2609
2025-10-13 00:37:40.802 134627 DEBUG oslo_service.service [req-84c6a2f1-56ec-4cae-b460-07a950b49b95 - - - - -] notifications.default_level = INFO log_opt_values /usr/lib/python3/dist-packages/oslo_config/cfg.py:2609
2025-10-13 00:37:40.802 134627 DEBUG oslo_service.service [req-84c6a2f1-56ec-4cae-b460-07a950b49b95 - - - - -] notifications.notification_format = unversioned log_opt_values /usr/lib/python3/dist-packages/oslo_config/cfg.py:2609
2025-10-13 00:37:40.802 134627 DEBUG oslo_service.service [req-84c6a2f1-56ec-4cae-b460-07a950b49b95 - - - - -] notifications.notify_on_state_change = None log_opt_values /usr/lib/python3/dist-packages/oslo_config/cfg.py:2609
2025-10-13 00:37:40.802 134627 DEBUG oslo_service.service [req-84c6a2f1-56ec-4cae-b460-07a950b49b95 - - - - -] notifications.versioned_notifications_topics = ['versioned_notifications'] log_opt_values /usr/lib/python3/dist-packages/oslo_config/cfg.py:2609
2025-10-13 00:37:40.802 134627 DEBUG oslo_service.service [req-84c6a2f1-56ec-4cae-b460-07a950b49b95 - - - - -] pci.alias = [] log_opt_values /usr/lib/python3/dist-packages/oslo_config/cfg.py:2609
2025-10-13 00:37:40.803 134627 DEBUG oslo_service.service [req-84c6a2f1-56ec-4cae-b460-07a950b49b95 - - - - -] pci.passthrough_whitelist = [] log_opt_values /usr/lib/python3/dist-packages/oslo_config/cfg.py:2609
2025-10-13 00:37:40.803 134627 DEBUG oslo_service.service [req-84c6a2f1-56ec-4cae-b460-07a950b49b95 - - - - -] placement.auth_section = None log_opt_values /usr/lib/python3/dist-packages/oslo_config/cfg.py:2609
2025-10-13 00:37:40.803 134627 DEBUG oslo_service.service [req-84c6a2f1-56ec-4cae-b460-07a950b49b95 - - - - -] placement.auth_type = password log_opt_values /usr/lib/python3/dist-packages/oslo_config/cfg.py:2609
2025-10-13 00:37:40.803 134627 DEBUG oslo_service.service [req-84c6a2f1-56ec-4cae-b460-07a950b49b95 - - - - -] placement.auth_url = http://252.129.144.224:35357 log_opt_values /usr/lib/python3/dist-packages/oslo_config/cfg.py:2609
2025-10-13 00:37:40.803 134627 DEBUG oslo_service.service [req-84c6a2f1-56ec-4cae-b460-07a950b49b95 - - - - -] placement.cafile = None log_opt_values /usr/lib/python3/dist-packages/oslo_config/cfg.py:2609
2025-10-13 00:37:40.804 134627 DEBUG oslo_service.service [req-84c6a2f1-56ec-4cae-b460-07a950b49b95 - - - - -] placement.certfile = None log_opt_values /usr/lib/python3/dist-packages/oslo_config/cfg.py:2609
2025-10-13 00:37:40.804 134627 DEBUG oslo_service.service [req-84c6a2f1-56ec-4cae-b460-07a950b49b95 - - - - -] placement.collect_timing = False log_opt_values /usr/lib/python3/dist-packages/oslo_config/cfg.py:2609
2025-10-13 00:37:40.805 134627 DEBUG oslo_service.service [req-84c6a2f1-56ec-4cae-b460-07a950b49b95 - - - - -] placement.connect_retries = None log_opt_values /usr/lib/python3/dist-packages/oslo_config/cfg.py:2609
2025-10-13 00:37:40.806 134627 DEBUG oslo_service.service [req-84c6a2f1-56ec-4cae-b460-07a950b49b95 - - - - -] placement.connect_retry_delay = None log_opt_values /usr/lib/python3/dist-packages/oslo_config/cfg.py:2609
2025-10-13 00:37:40.806 134627 DEBUG oslo_service.service [req-84c6a2f1-56ec-4cae-b460-07a950b49b95 - - - - -] placement.default_domain_id = None log_opt_values /usr/lib/python3/dist-packages/oslo_config/cfg.py:2609
2025-10-13 00:37:40.806 134627 DEBUG oslo_service.service [req-84c6a2f1-56ec-4cae-b460-07a950b49b95 - - - - -] placement.default_domain_name = None log_opt_values /usr/lib/python3/dist-packages/oslo_config/cfg.py:2609
2025-10-13 00:37:40.806 134627 DEBUG oslo_service.service [req-84c6a2f1-56ec-4cae-b460-07a950b49b95 - - - - -] placement.domain_id = None log_opt_values /usr/lib/python3/dist-packages/oslo_config/cfg.py:2609
2025-10-13 00:37:40.807 134627 DEBUG oslo_service.service [req-84c6a2f1-56ec-4cae-b460-07a950b49b95 - - - - -] placement.domain_name = None log_opt_values /usr/lib/python3/dist-packages/oslo_config/cfg.py:2609
2025-10-13 00:37:40.808 134627 DEBUG oslo_service.service [req-84c6a2f1-56ec-4cae-b460-07a950b49b95 - - - - -] placement.endpoint_override = None log_opt_values /usr/lib/python3/dist-packages/oslo_config/cfg.py:2609
2025-10-13 00:37:40.808 134627 DEBUG oslo_service.service [req-84c6a2f1-56ec-4cae-b460-07a950b49b95 - - - - -] placement.insecure = False log_opt_values /usr/lib/python3/dist-packages/oslo_config/cfg.py:2609
2025-10-13 00:37:40.808 134627 DEBUG oslo_service.service [req-84c6a2f1-56ec-4cae-b460-07a950b49b95 - - - - -] placement.keyfile = None log_opt_values /usr/lib/python3/dist-packages/oslo_config/cfg.py:2609
2025-10-13 00:37:40.808 134627 DEBUG oslo_service.service [req-84c6a2f1-56ec-4cae-b460-07a950b49b95 - - - - -] placement.max_version = None log_opt_values /usr/lib/python3/dist-packages/oslo_config/cfg.py:2609
2025-10-13 00:37:40.809 134627 DEBUG oslo_service.service [req-84c6a2f1-56ec-4cae-b460-07a950b49b95 - - - - -] placement.min_version = None log_opt_values /usr/lib/python3/dist-packages/oslo_config/cfg.py:2609
2025-10-13 00:37:40.809 134627 DEBUG oslo_service.service [req-84c6a2f1-56ec-4cae-b460-07a950b49b95 - - - - -] placement.password = **** log_opt_values /usr/lib/python3/dist-packages/oslo_config/cfg.py:2609
2025-10-13 00:37:40.810 134627 DEBUG oslo_service.service [req-84c6a2f1-56ec-4cae-b460-07a950b49b95 - - - - -] placement.project_domain_id = None log_opt_values /usr/lib/python3/dist-packages/oslo_config/cfg.py:2609
2025-10-13 00:37:40.810 134627 DEBUG oslo_service.service [req-84c6a2f1-56ec-4cae-b460-07a950b49b95 - - - - -] placement.project_domain_name = service_domain log_opt_values /usr/lib/python3/dist-packages/oslo_config/cfg.py:2609
2025-10-13 00:37:40.811 134627 DEBUG oslo_service.service [req-84c6a2f1-56ec-4cae-b460-07a950b49b95 - - - - -] placement.project_id = None log_opt_values /usr/lib/python3/dist-packages/oslo_config/cfg.py:2609
2025-10-13 00:37:40.811 134627 DEBUG oslo_service.service [req-84c6a2f1-56ec-4cae-b460-07a950b49b95 - - - - -] placement.project_name = services log_opt_values /usr/lib/python3/dist-packages/oslo_config/cfg.py:2609
2025-10-13 00:37:40.811 134627 DEBUG oslo_service.service [req-84c6a2f1-56ec-4cae-b460-07a950b49b95 - - - - -] placement.region_name = RegionOne log_opt_values /usr/lib/python3/dist-packages/oslo_config/cfg.py:2609
2025-10-13 00:37:40.811 134627 DEBUG oslo_service.service [req-84c6a2f1-56ec-4cae-b460-07a950b49b95 - - - - -] placement.service_name = None log_opt_values /usr/lib/python3/dist-packages/oslo_config/cfg.py:2609
2025-10-13 00:37:40.812 134627 DEBUG oslo_service.service [req-84c6a2f1-56ec-4cae-b460-07a950b49b95 - - - - -] placement.service_type = placement log_opt_values /usr/lib/python3/dist-packages/oslo_config/cfg.py:2609
2025-10-13 00:37:40.812 134627 DEBUG oslo_service.service [req-84c6a2f1-56ec-4cae-b460-07a950b49b95 - - - - -] placement.split_loggers = False log_opt_values /usr/lib/python3/dist-packages/oslo_config/cfg.py:2609
2025-10-13 00:37:40.812 134627 DEBUG oslo_service.service [req-84c6a2f1-56ec-4cae-b460-07a950b49b95 - - - - -] placement.status_code_retries = None log_opt_values /usr/lib/python3/dist-packages/oslo_config/cfg.py:2609
2025-10-13 00:37:40.812 134627 DEBUG oslo_service.service [req-84c6a2f1-56ec-4cae-b460-07a950b49b95 - - - - -] placement.status_code_retry_delay = None log_opt_values /usr/lib/python3/dist-packages/oslo_config/cfg.py:2609
2025-10-13 00:37:40.813 134627 DEBUG oslo_service.service [req-84c6a2f1-56ec-4cae-b460-07a950b49b95 - - - - -] placement.system_scope = None log_opt_values /usr/lib/python3/dist-packages/oslo_config/cfg.py:2609
2025-10-13 00:37:40.814 134627 DEBUG oslo_service.service [req-84c6a2f1-56ec-4cae-b460-07a950b49b95 - - - - -] placement.timeout = None log_opt_values /usr/lib/python3/dist-packages/oslo_config/cfg.py:2609
2025-10-13 00:37:40.814 134627 DEBUG oslo_service.service [req-84c6a2f1-56ec-4cae-b460-07a950b49b95 - - - - -] placement.trust_id = None log_opt_values /usr/lib/python3/dist-packages/oslo_config/cfg.py:2609
2025-10-13 00:37:40.814 134627 DEBUG oslo_service.service [req-84c6a2f1-56ec-4cae-b460-07a950b49b95 - - - - -] placement.user_domain_id = None log_opt_values /usr/lib/python3/dist-packages/oslo_config/cfg.py:2609
2025-10-13 00:37:40.814 134627 DEBUG oslo_service.service [req-84c6a2f1-56ec-4cae-b460-07a950b49b95 - - - - -] placement.user_domain_name = service_domain log_opt_values /usr/lib/python3/dist-packages/oslo_config/cfg.py:2609
2025-10-13 00:37:40.815 134627 DEBUG oslo_service.service [req-84c6a2f1-56ec-4cae-b460-07a950b49b95 - - - - -] placement.user_id = None log_opt_values /usr/lib/python3/dist-packages/oslo_config/cfg.py:2609
2025-10-13 00:37:40.815 134627 DEBUG oslo_service.service [req-84c6a2f1-56ec-4cae-b460-07a950b49b95 - - - - -] placement.username = nova log_opt_values /usr/lib/python3/dist-packages/oslo_config/cfg.py:2609
2025-10-13 00:37:40.815 134627 DEBUG oslo_service.service [req-84c6a2f1-56ec-4cae-b460-07a950b49b95 - - - - -] placement.valid_interfaces = ['internal', 'public'] log_opt_values /usr/lib/python3/dist-packages/oslo_config/cfg.py:2609
2025-10-13 00:37:40.816 134627 DEBUG oslo_service.service [req-84c6a2f1-56ec-4cae-b460-07a950b49b95 - - - - -] placement.version = None log_opt_values /usr/lib/python3/dist-packages/oslo_config/cfg.py:2609
2025-10-13 00:37:40.816 134627 DEBUG oslo_service.service [req-84c6a2f1-56ec-4cae-b460-07a950b49b95 - - - - -] powervm.disk_driver = localdisk log_opt_values /usr/lib/python3/dist-packages/oslo_config/cfg.py:2609
2025-10-13 00:37:40.817 134627 DEBUG oslo_service.service [req-84c6a2f1-56ec-4cae-b460-07a950b49b95 - - - - -] powervm.proc_units_factor = 0.1 log_opt_values /usr/lib/python3/dist-packages/oslo_config/cfg.py:2609
2025-10-13 00:37:40.817 134627 DEBUG oslo_service.service [req-84c6a2f1-56ec-4cae-b460-07a950b49b95 - - - - -] powervm.volume_group_name = log_opt_values /usr/lib/python3/dist-packages/oslo_config/cfg.py:2609
2025-10-13 00:37:40.817 134627 DEBUG oslo_service.service [req-84c6a2f1-56ec-4cae-b460-07a950b49b95 - - - - -] quota.cores = 20 log_opt_values /usr/lib/python3/dist-packages/oslo_config/cfg.py:2609
2025-10-13 00:37:40.818 134627 DEBUG oslo_service.service [req-84c6a2f1-56ec-4cae-b460-07a950b49b95 - - - - -] quota.count_usage_from_placement = False log_opt_values /usr/lib/python3/dist-packages/oslo_config/cfg.py:2609
2025-10-13 00:37:40.818 134627 DEBUG oslo_service.service [req-84c6a2f1-56ec-4cae-b460-07a950b49b95 - - - - -] quota.driver = nova.quota.DbQuotaDriver log_opt_values /usr/lib/python3/dist-packages/oslo_config/cfg.py:2609
