2025-10-13 00:38:06.247 144676 DEBUG oslo_service.service [req-2db4a6ed-2095-481e-ac5c-a7b2ed522c29 - - - - -] running_deleted_instance_timeout = 0 log_opt_values /usr/lib/python3/dist-packages/oslo_config/cfg.py:2602
2025-10-13 00:38:06.248 144676 DEBUG oslo_service.service [req-2db4a6ed-2095-481e-ac5c-a7b2ed522c29 - - - - -] scheduler_instance_sync_interval = 120 log_opt_values /usr/lib/python3/dist-packages/oslo_config/cfg.py:2602
2025-10-13 00:38:06.248 144676 DEBUG oslo_service.service [req-2db4a6ed-2095-481e-ac5c-a7b2ed522c29 - - - - -] service_down_time = 60 log_opt_values /usr/lib/python3/dist-packages/oslo_config/cfg.py:2602
2025-10-13 00:38:06.248 144676 DEBUG oslo_service.service [req-2db4a6ed-2095-481e-ac5c-a7b2ed522c29 - - - - -] servicegroup_driver = db log_opt_values /usr/lib/python3/dist-packages/oslo_config/cfg.py:2602
2025-10-13 00:38:06.248 144676 DEBUG oslo_service.service [req-2db4a6ed-2095-481e-ac5c-a7b2ed522c29 - - - - -] shelved_offload_time = 0 log_opt_values /usr/lib/python3/dist-packages/oslo_config/cfg.py:2602
2025-10-13 00:38:06.248 144676 DEBUG oslo_service.service [req-2db4a6ed-2095-481e-ac5c-a7b2ed522c29 - - - - -] shelved_poll_interval = 3600 log_opt_values /usr/lib/python3/dist-packages/oslo_config/cfg.py:2602
2025-10-13 00:38:06.249 144676 DEBUG oslo_service.service [req-2db4a6ed-2095-481e-ac5c-a7b2ed522c29 - - - - -] shutdown_timeout = 60 log_opt_values /usr/lib/python3/dist-packages/oslo_config/cfg.py:2602
2025-10-13 00:38:06.250 144676 DEBUG oslo_service.service [req-2db4a6ed-2095-481e-ac5c-a7b2ed522c29 - - - - -] source_is_ipv6 = False log_opt_values /usr/lib/python3/dist-packages/oslo_config/cfg.py:2602
2025-10-13 00:38:06.250 144676 DEBUG oslo_service.service [req-2db4a6ed-2095-481e-ac5c-a7b2ed522c29 - - - - -] ssl_only = False log_opt_values /usr/lib/python3/dist-packages/oslo_config/cfg.py:2602
2025-10-13 00:38:06.251 144676 DEBUG oslo_service.service [req-2db4a6ed-2095-481e-ac5c-a7b2ed522c29 - - - - -] state_path = /var/lib/nova log_opt_values /usr/lib/python3/dist-packages/oslo_config/cfg.py:2602
2025-10-13 00:38:06.251 144676 DEBUG oslo_service.service [req-2db4a6ed-2095-481e-ac5c-a7b2ed522c29 - - - - -] sync_power_state_interval = 600 log_opt_values /usr/lib/python3/dist-packages/oslo_config/cfg.py:2602
2025-10-13 00:38:06.251 144676 DEBUG oslo_service.service [req-2db4a6ed-2095-481e-ac5c-a7b2ed522c29 - - - - -] sync_power_state_pool_size = 1000 log_opt_values /usr/lib/python3/dist-packages/oslo_config/cfg.py:2602
2025-10-13 00:38:06.251 144676 DEBUG oslo_service.service [req-2db4a6ed-2095-481e-ac5c-a7b2ed522c29 - - - - -] syslog_log_facility = LOG_USER log_opt_values /usr/lib/python3/dist-packages/oslo_config/cfg.py:2602
2025-10-13 00:38:06.252 144676 DEBUG oslo_service.service [req-2db4a6ed-2095-481e-ac5c-a7b2ed522c29 - - - - -] tempdir = None log_opt_values /usr/lib/python3/dist-packages/oslo_config/cfg.py:2602
2025-10-13 00:38:06.252 144676 DEBUG oslo_service.service [req-2db4a6ed-2095-481e-ac5c-a7b2ed522c29 - - - - -] timeout_nbd = 10 log_opt_values /usr/lib/python3/dist-packages/oslo_config/cfg.py:2602
2025-10-13 00:38:06.252 144676 DEBUG oslo_service.service [req-2db4a6ed-2095-481e-ac5c-a7b2ed522c29 - - - - -] transport_url = **** log_opt_values /usr/lib/python3/dist-packages/oslo_config/cfg.py:2602
2025-10-13 00:38:06.252 144676 DEBUG oslo_service.service [req-2db4a6ed-2095-481e-ac5c-a7b2ed522c29 - - - - -] update_resources_interval = 0 log_opt_values /usr/lib/python3/dist-packages/oslo_config/cfg.py:2602
2025-10-13 00:38:06.252 144676 DEBUG oslo_service.service [req-2db4a6ed-2095-481e-ac5c-a7b2ed522c29 - - - - -] use_cow_images = True log_opt_values /usr/lib/python3/dist-packages/oslo_config/cfg.py:2602
2025-10-13 00:38:06.252 144676 DEBUG oslo_service.service [req-2db4a6ed-2095-481e-ac5c-a7b2ed522c29 - - - - -] use_eventlog = False log_opt_values /usr/lib/python3/dist-packages/oslo_config/cfg.py:2602
2025-10-13 00:38:06.253 144676 DEBUG oslo_service.service [req-2db4a6ed-2095-481e-ac5c-a7b2ed522c29 - - - - -] use_journal = False log_opt_values /usr/lib/python3/dist-packages/oslo_config/cfg.py:2602
2025-10-13 00:38:06.253 144676 DEBUG oslo_service.service [req-2db4a6ed-2095-481e-ac5c-a7b2ed522c29 - - - - -] use_json = False log_opt_values /usr/lib/python3/dist-packages/oslo_config/cfg.py:2602
2025-10-13 00:38:06.253 144676 DEBUG oslo_service.service [req-2db4a6ed-2095-481e-ac5c-a7b2ed522c29 - - - - -] use_rootwrap_daemon = False log_opt_values /usr/lib/python3/dist-packages/oslo_config/cfg.py:2602
2025-10-13 00:38:06.253 144676 DEBUG oslo_service.service [req-2db4a6ed-2095-481e-ac5c-a7b2ed522c29 - - - - -] use_stderr = False log_opt_values /usr/lib/python3/dist-packages/oslo_config/cfg.py:2602
2025-10-13 00:38:06.253 144676 DEBUG oslo_service.service [req-2db4a6ed-2095-481e-ac5c-a7b2ed522c29 - - - - -] use_syslog = False log_opt_values /usr/lib/python3/dist-packages/oslo_config/cfg.py:2602
2025-10-13 00:38:06.254 144676 DEBUG oslo_service.service [req-2db4a6ed-2095-481e-ac5c-a7b2ed522c29 - - - - -] vcpu_pin_set = None log_opt_values /usr/lib/python3/dist-packages/oslo_config/cfg.py:2602
2025-10-13 00:38:06.254 144676 DEBUG oslo_service.service [req-2db4a6ed-2095-481e-ac5c-a7b2ed522c29 - - - - -] vif_plugging_is_fatal = True log_opt_values /usr/lib/python3/dist-packages/oslo_config/cfg.py:2602
2025-10-13 00:38:06.254 145045 DEBUG oslo_db.sqlalchemy.engines [req-066fbd32-db05-40df-b3a5-730548e6cacf - - - - -] MySQL server mode set to STRICT_TRANS_TABLES,STRICT_ALL_TABLES,NO_ZERO_IN_DATE,NO_ZERO_DATE,ERROR_FOR_DIVISION_BY_ZERO,TRADITIONAL,NO_ENGINE_SUBSTITUTION _check_effective_sql_mode /usr/lib/python3/dist-packages/oslo_db/sqlalchemy/engines.py:314
2025-10-13 00:38:06.254 144676 DEBUG oslo_service.service [req-2db4a6ed-2095-481e-ac5c-a7b2ed522c29 - - - - -] vif_plugging_timeout = 300 log_opt_values /usr/lib/python3/dist-packages/oslo_config/cfg.py:2602
2025-10-13 00:38:06.254 144676 DEBUG oslo_service.service [req-2db4a6ed-2095-481e-ac5c-a7b2ed522c29 - - - - -] virt_mkfs = [] log_opt_values /usr/lib/python3/dist-packages/oslo_config/cfg.py:2602
2025-10-13 00:38:06.255 144676 DEBUG oslo_service.service [req-2db4a6ed-2095-481e-ac5c-a7b2ed522c29 - - - - -] volume_usage_poll_interval = 0 log_opt_values /usr/lib/python3/dist-packages/oslo_config/cfg.py:2602
2025-10-13 00:38:06.255 144676 DEBUG oslo_service.service [req-2db4a6ed-2095-481e-ac5c-a7b2ed522c29 - - - - -] watch_log_file = False log_opt_values /usr/lib/python3/dist-packages/oslo_config/cfg.py:2602
2025-10-13 00:38:06.255 144676 DEBUG oslo_service.service [req-2db4a6ed-2095-481e-ac5c-a7b2ed522c29 - - - - -] web = /usr/share/spice-html5 log_opt_values /usr/lib/python3/dist-packages/oslo_config/cfg.py:2602
2025-10-13 00:38:06.256 144676 DEBUG oslo_service.service [req-2db4a6ed-2095-481e-ac5c-a7b2ed522c29 - - - - -] oslo_concurrency.disable_process_locking = False log_opt_values /usr/lib/python3/dist-packages/oslo_config/cfg.py:2609
2025-10-13 00:38:06.256 144676 DEBUG oslo_service.service [req-2db4a6ed-2095-481e-ac5c-a7b2ed522c29 - - - - -] oslo_concurrency.lock_path = /var/lock/nova log_opt_values /usr/lib/python3/dist-packages/oslo_config/cfg.py:2609
2025-10-13 00:38:06.256 145047 DEBUG nova.service [req-24be83c0-f1d2-4119-a37c-35748bbced2c - - - - -] Creating RPC server for service scheduler start /usr/lib/python3/dist-packages/nova/service.py:182
2025-10-13 00:38:06.256 144676 WARNING oslo_config.cfg [req-2db4a6ed-2095-481e-ac5c-a7b2ed522c29 - - - - -] Deprecated: Option "auth_strategy" from group "api" is deprecated for removal ( The only non-default choice, ``noauth2``, is for internal development and testing purposes only and should not be used in deployments. This option and its middleware, NoAuthMiddleware[V2_18], will be removed in a future release. ). Its value may be silently ignored in the future.
2025-10-13 00:38:06.257 144676 DEBUG oslo_service.service [req-2db4a6ed-2095-481e-ac5c-a7b2ed522c29 - - - - -] api.auth_strategy = keystone log_opt_values /usr/lib/python3/dist-packages/oslo_config/cfg.py:2609
2025-10-13 00:38:06.257 144676 DEBUG oslo_service.service [req-2db4a6ed-2095-481e-ac5c-a7b2ed522c29 - - - - -] api.compute_link_prefix = None log_opt_values /usr/lib/python3/dist-packages/oslo_config/cfg.py:2609
2025-10-13 00:38:06.257 144676 DEBUG oslo_service.service [req-2db4a6ed-2095-481e-ac5c-a7b2ed522c29 - - - - -] api.config_drive_skip_versions = 1.0 2007-01-19 2007-03-01 2007-08-29 2007-10-10 2007-12-15 2008-02-01 2008-09-01 log_opt_values /usr/lib/python3/dist-packages/oslo_config/cfg.py:2609
2025-10-13 00:38:06.258 144676 DEBUG oslo_service.service [req-2db4a6ed-2095-481e-ac5c-a7b2ed522c29 - - - - -] api.dhcp_domain = novalocal log_opt_values /usr/lib/python3/dist-packages/oslo_config/cfg.py:2609
2025-10-13 00:38:06.258 144676 DEBUG oslo_service.service [req-2db4a6ed-2095-481e-ac5c-a7b2ed522c29 - - - - -] api.enable_instance_password = True log_opt_values /usr/lib/python3/dist-packages/oslo_config/cfg.py:2609
2025-10-13 00:38:06.258 144676 DEBUG oslo_service.service [req-2db4a6ed-2095-481e-ac5c-a7b2ed522c29 - - - - -] api.glance_link_prefix = None log_opt_values /usr/lib/python3/dist-packages/oslo_config/cfg.py:2609
2025-10-13 00:38:06.259 144676 DEBUG oslo_service.service [req-2db4a6ed-2095-481e-ac5c-a7b2ed522c29 - - - - -] api.instance_list_cells_batch_fixed_size = 100 log_opt_values /usr/lib/python3/dist-packages/oslo_config/cfg.py:2609
2025-10-13 00:38:06.259 144676 DEBUG oslo_service.service [req-2db4a6ed-2095-481e-ac5c-a7b2ed522c29 - - - - -] api.instance_list_cells_batch_strategy = distributed log_opt_values /usr/lib/python3/dist-packages/oslo_config/cfg.py:2609
2025-10-13 00:38:06.259 144676 DEBUG oslo_service.service [req-2db4a6ed-2095-481e-ac5c-a7b2ed522c29 - - - - -] api.instance_list_per_project_cells = False log_opt_values /usr/lib/python3/dist-packages/oslo_config/cfg.py:2609
2025-10-13 00:38:06.260 144676 DEBUG oslo_service.service [req-2db4a6ed-2095-481e-ac5c-a7b2ed522c29 - - - - -] api.list_records_by_skipping_down_cells = True log_opt_values /usr/lib/python3/dist-packages/oslo_config/cfg.py:2609
2025-10-13 00:38:06.260 144676 DEBUG oslo_service.service [req-2db4a6ed-2095-481e-ac5c-a7b2ed522c29 - - - - -] api.local_metadata_per_cell = False log_opt_values /usr/lib/python3/dist-packages/oslo_config/cfg.py:2609
2025-10-13 00:38:06.260 144676 DEBUG oslo_service.service [req-2db4a6ed-2095-481e-ac5c-a7b2ed522c29 - - - - -] api.max_limit = 1000 log_opt_values /usr/lib/python3/dist-packages/oslo_config/cfg.py:2609
2025-10-13 00:38:06.261 144676 DEBUG oslo_service.service [req-2db4a6ed-2095-481e-ac5c-a7b2ed522c29 - - - - -] api.metadata_cache_expiration = 15 log_opt_values /usr/lib/python3/dist-packages/oslo_config/cfg.py:2609
2025-10-13 00:38:06.261 144676 DEBUG oslo_service.service [req-2db4a6ed-2095-481e-ac5c-a7b2ed522c29 - - - - -] api.neutron_default_tenant_id = default log_opt_values /usr/lib/python3/dist-packages/oslo_config/cfg.py:2609
2025-10-13 00:38:06.261 144676 DEBUG oslo_service.service [req-2db4a6ed-2095-481e-ac5c-a7b2ed522c29 - - - - -] api.use_forwarded_for = False log_opt_values /usr/lib/python3/dist-packages/oslo_config/cfg.py:2609
2025-10-13 00:38:06.261 144676 DEBUG oslo_service.service [req-2db4a6ed-2095-481e-ac5c-a7b2ed522c29 - - - - -] api.use_neutron_default_nets = False log_opt_values /usr/lib/python3/dist-packages/oslo_config/cfg.py:2609
2025-10-13 00:38:06.261 144676 DEBUG oslo_service.service [req-2db4a6ed-2095-481e-ac5c-a7b2ed522c29 - - - - -] api.vendordata_dynamic_connect_timeout = 5 log_opt_values /usr/lib/python3/dist-packages/oslo_config/cfg.py:2609
2025-10-13 00:38:06.262 144676 DEBUG oslo_service.service [req-2db4a6ed-2095-481e-ac5c-a7b2ed522c29 - - - - -] api.vendordata_dynamic_failure_fatal = False log_opt_values /usr/lib/python3/dist-packages/oslo_config/cfg.py:2609
2025-10-13 00:38:06.262 144676 DEBUG oslo_service.service [req-2db4a6ed-2095-481e-ac5c-a7b2ed522c29 - - - - -] api.vendordata_dynamic_read_timeout = 5 log_opt_values /usr/lib/python3/dist-packages/oslo_config/cfg.py:2609
2025-10-13 00:38:06.262 144676 DEBUG oslo_service.service [req-2db4a6ed-2095-481e-ac5c-a7b2ed522c29 - - - - -] api.vendordata_dynamic_ssl_certfile = log_opt_values /usr/lib/python3/dist-packages/oslo_config/cfg.py:2609
2025-10-13 00:38:06.262 144676 DEBUG oslo_service.service [req-2db4a6ed-2095-481e-ac5c-a7b2ed522c29 - - - - -] api.vendordata_dynamic_targets = [] log_opt_values /usr/lib/python3/dist-packages/oslo_config/cfg.py:2609
2025-10-13 00:38:06.262 144676 DEBUG oslo_service.service [req-2db4a6ed-2095-481e-ac5c-a7b2ed522c29 - - - - -] api.vendordata_jsonfile_path = None log_opt_values /usr/lib/python3/dist-packages/oslo_config/cfg.py:2609
2025-10-13 00:38:06.263 144676 DEBUG oslo_service.service [req-2db4a6ed-2095-481e-ac5c-a7b2ed522c29 - - - - -] api.vendordata_providers = ['StaticJSON'] log_opt_values /usr/lib/python3/dist-packages/oslo_config/cfg.py:2609
2025-10-13 00:38:06.263 144676 DEBUG oslo_service.service [req-2db4a6ed-2095-481e-ac5c-a7b2ed522c29 - - - - -] cache.backend = dogpile.cache.null log_opt_values /usr/lib/python3/dist-packages/oslo_config/cfg.py:2609
2025-10-13 00:38:06.263 144676 DEBUG oslo_service.service [req-2db4a6ed-2095-481e-ac5c-a7b2ed522c29 - - - - -] cache.backend_argument = **** log_opt_values /usr/lib/python3/dist-packages/oslo_config/cfg.py:2609
2025-10-13 00:38:06.263 144676 DEBUG oslo_service.service [req-2db4a6ed-2095-481e-ac5c-a7b2ed522c29 - - - - -] cache.config_prefix = cache.oslo log_opt_values /usr/lib/python3/dist-packages/oslo_config/cfg.py:2609
2025-10-13 00:38:06.263 144676 DEBUG oslo_service.service [req-2db4a6ed-2095-481e-ac5c-a7b2ed522c29 - - - - -] cache.debug_cache_backend = False log_opt_values /usr/lib/python3/dist-packages/oslo_config/cfg.py:2609
2025-10-13 00:38:06.264 144676 DEBUG oslo_service.service [req-2db4a6ed-2095-481e-ac5c-a7b2ed522c29 - - - - -] cache.enabled = False log_opt_values /usr/lib/python3/dist-packages/oslo_config/cfg.py:2609
2025-10-13 00:38:06.264 144676 DEBUG oslo_service.service [req-2db4a6ed-2095-481e-ac5c-a7b2ed522c29 - - - - -] cache.expiration_time = 600 log_opt_values /usr/lib/python3/dist-packages/oslo_config/cfg.py:2609
2025-10-13 00:38:06.264 144676 DEBUG oslo_service.service [req-2db4a6ed-2095-481e-ac5c-a7b2ed522c29 - - - - -] cache.memcache_dead_retry = 300 log_opt_values /usr/lib/python3/dist-packages/oslo_config/cfg.py:2609
2025-10-13 00:38:06.264 144676 DEBUG oslo_service.service [req-2db4a6ed-2095-481e-ac5c-a7b2ed522c29 - - - - -] cache.memcache_pool_connection_get_timeout = 10 log_opt_values /usr/lib/python3/dist-packages/oslo_config/cfg.py:2609
2025-10-13 00:38:06.265 144676 DEBUG oslo_service.service [req-2db4a6ed-2095-481e-ac5c-a7b2ed522c29 - - - - -] cache.memcache_pool_flush_on_reconnect = False log_opt_values /usr/lib/python3/dist-packages/oslo_config/cfg.py:2609
2025-10-13 00:38:06.265 144676 DEBUG oslo_service.service [req-2db4a6ed-2095-481e-ac5c-a7b2ed522c29 - - - - -] cache.memcache_pool_maxsize = 10 log_opt_values /usr/lib/python3/dist-packages/oslo_config/cfg.py:2609
2025-10-13 00:38:06.265 144676 DEBUG oslo_service.service [req-2db4a6ed-2095-481e-ac5c-a7b2ed522c29 - - - - -] cache.memcache_pool_unused_timeout = 60 log_opt_values /usr/lib/python3/dist-packages/oslo_config/cfg.py:2609
2025-10-13 00:38:06.266 144676 DEBUG oslo_service.service [req-2db4a6ed-2095-481e-ac5c-a7b2ed522c29 - - - - -] cache.memcache_servers = ['localhost:11211'] log_opt_values /usr/lib/python3/dist-packages/oslo_config/cfg.py:2609
2025-10-13 00:38:06.266 144676 DEBUG oslo_service.service [req-2db4a6ed-2095-481e-ac5c-a7b2ed522c29 - - - - -] cache.memcache_socket_timeout = 1.0 log_opt_values /usr/lib/python3/dist-packages/oslo_config/cfg.py:2609
2025-10-13 00:38:06.266 144676 DEBUG oslo_service.service [req-2db4a6ed-2095-481e-ac5c-a7b2ed522c29 - - - - -] cache.proxies = [] log_opt_values /usr/lib/python3/dist-packages/oslo_config/cfg.py:2609
2025-10-13 00:38:06.267 144676 DEBUG oslo_service.service [req-2db4a6ed-2095-481e-ac5c-a7b2ed522c29 - - - - -] cache.tls_allowed_ciphers = None log_opt_values /usr/lib/python3/dist-packages/oslo_config/cfg.py:2609
2025-10-13 00:38:06.267 144676 DEBUG oslo_service.service [req-2db4a6ed-2095-481e-ac5c-a7b2ed522c29 - - - - -] cache.tls_cafile = None log_opt_values /usr/lib/python3/dist-packages/oslo_config/cfg.py:2609
2025-10-13 00:38:06.267 144676 DEBUG oslo_service.service [req-2db4a6ed-2095-481e-ac5c-a7b2ed522c29 - - - - -] cache.tls_certfile = None log_opt_values /usr/lib/python3/dist-packages/oslo_config/cfg.py:2609
2025-10-13 00:38:06.268 144676 DEBUG oslo_service.service [req-2db4a6ed-2095-481e-ac5c-a7b2ed522c29 - - - - -] cache.tls_enabled = False log_opt_values /usr/lib/python3/dist-packages/oslo_config/cfg.py:2609
2025-10-13 00:38:06.268 145045 DEBUG nova.service [req-066fbd32-db05-40df-b3a5-730548e6cacf - - - - -] Creating RPC server for service scheduler start /usr/lib/python3/dist-packages/nova/service.py:182
2025-10-13 00:38:06.268 144676 DEBUG oslo_service.service [req-2db4a6ed-2095-481e-ac5c-a7b2ed522c29 - - - - -] cache.tls_keyfile = None log_opt_values /usr/lib/python3/dist-packages/oslo_config/cfg.py:2609
2025-10-13 00:38:06.268 144676 DEBUG oslo_service.service [req-2db4a6ed-2095-481e-ac5c-a7b2ed522c29 - - - - -] cinder.auth_section = None log_opt_values /usr/lib/python3/dist-packages/oslo_config/cfg.py:2609
2025-10-13 00:38:06.269 144676 DEBUG oslo_service.service [req-2db4a6ed-2095-481e-ac5c-a7b2ed522c29 - - - - -] cinder.auth_type = None log_opt_values /usr/lib/python3/dist-packages/oslo_config/cfg.py:2609
2025-10-13 00:38:06.269 144676 DEBUG oslo_service.service [req-2db4a6ed-2095-481e-ac5c-a7b2ed522c29 - - - - -] cinder.cafile = None log_opt_values /usr/lib/python3/dist-packages/oslo_config/cfg.py:2609
2025-10-13 00:38:06.269 144676 DEBUG oslo_service.service [req-2db4a6ed-2095-481e-ac5c-a7b2ed522c29 - - - - -] cinder.catalog_info = volumev3::publicURL log_opt_values /usr/lib/python3/dist-packages/oslo_config/cfg.py:2609
2025-10-13 00:38:06.269 144676 DEBUG oslo_service.service [req-2db4a6ed-2095-481e-ac5c-a7b2ed522c29 - - - - -] cinder.certfile = None log_opt_values /usr/lib/python3/dist-packages/oslo_config/cfg.py:2609
2025-10-13 00:38:06.270 144676 DEBUG oslo_service.service [req-2db4a6ed-2095-481e-ac5c-a7b2ed522c29 - - - - -] cinder.collect_timing = False log_opt_values /usr/lib/python3/dist-packages/oslo_config/cfg.py:2609
2025-10-13 00:38:06.271 144676 DEBUG oslo_service.service [req-2db4a6ed-2095-481e-ac5c-a7b2ed522c29 - - - - -] cinder.cross_az_attach = True log_opt_values /usr/lib/python3/dist-packages/oslo_config/cfg.py:2609
2025-10-13 00:38:06.271 144676 DEBUG oslo_service.service [req-2db4a6ed-2095-481e-ac5c-a7b2ed522c29 - - - - -] cinder.debug = False log_opt_values /usr/lib/python3/dist-packages/oslo_config/cfg.py:2609
2025-10-13 00:38:06.272 144676 DEBUG oslo_service.service [req-2db4a6ed-2095-481e-ac5c-a7b2ed522c29 - - - - -] cinder.endpoint_template = None log_opt_values /usr/lib/python3/dist-packages/oslo_config/cfg.py:2609
2025-10-13 00:38:06.273 144676 DEBUG oslo_service.service [req-2db4a6ed-2095-481e-ac5c-a7b2ed522c29 - - - - -] cinder.http_retries = 3 log_opt_values /usr/lib/python3/dist-packages/oslo_config/cfg.py:2609
2025-10-13 00:38:06.273 144676 DEBUG oslo_service.service [req-2db4a6ed-2095-481e-ac5c-a7b2ed522c29 - - - - -] cinder.insecure = False log_opt_values /usr/lib/python3/dist-packages/oslo_config/cfg.py:2609
2025-10-13 00:38:06.274 144676 DEBUG oslo_service.service [req-2db4a6ed-2095-481e-ac5c-a7b2ed522c29 - - - - -] cinder.keyfile = None log_opt_values /usr/lib/python3/dist-packages/oslo_config/cfg.py:2609
2025-10-13 00:38:06.274 144676 DEBUG oslo_service.service [req-2db4a6ed-2095-481e-ac5c-a7b2ed522c29 - - - - -] cinder.os_region_name = None log_opt_values /usr/lib/python3/dist-packages/oslo_config/cfg.py:2609
2025-10-13 00:38:06.274 144676 DEBUG oslo_service.service [req-2db4a6ed-2095-481e-ac5c-a7b2ed522c29 - - - - -] cinder.split_loggers = False log_opt_values /usr/lib/python3/dist-packages/oslo_config/cfg.py:2609
2025-10-13 00:38:06.274 144676 DEBUG oslo_service.service [req-2db4a6ed-2095-481e-ac5c-a7b2ed522c29 - - - - -] cinder.timeout = None log_opt_values /usr/lib/python3/dist-packages/oslo_config/cfg.py:2609
2025-10-13 00:38:06.275 144676 DEBUG oslo_service.service [req-2db4a6ed-2095-481e-ac5c-a7b2ed522c29 - - - - -] compute.consecutive_build_service_disable_threshold = 10 log_opt_values /usr/lib/python3/dist-packages/oslo_config/cfg.py:2609
2025-10-13 00:38:06.275 144676 DEBUG oslo_service.service [req-2db4a6ed-2095-481e-ac5c-a7b2ed522c29 - - - - -] compute.cpu_dedicated_set = None log_opt_values /usr/lib/python3/dist-packages/oslo_config/cfg.py:2609
2025-10-13 00:38:06.276 144676 DEBUG oslo_service.service [req-2db4a6ed-2095-481e-ac5c-a7b2ed522c29 - - - - -] compute.cpu_shared_set = None log_opt_values /usr/lib/python3/dist-packages/oslo_config/cfg.py:2609
2025-10-13 00:38:06.276 144676 DEBUG oslo_service.service [req-2db4a6ed-2095-481e-ac5c-a7b2ed522c29 - - - - -] compute.image_type_exclude_list = [] log_opt_values /usr/lib/python3/dist-packages/oslo_config/cfg.py:2609
2025-10-13 00:38:06.276 144676 DEBUG oslo_service.service [req-2db4a6ed-2095-481e-ac5c-a7b2ed522c29 - - - - -] compute.live_migration_wait_for_vif_plug = True log_opt_values /usr/lib/python3/dist-packages/oslo_config/cfg.py:2609
2025-10-13 00:38:06.277 144676 DEBUG oslo_service.service [req-2db4a6ed-2095-481e-ac5c-a7b2ed522c29 - - - - -] compute.max_concurrent_disk_ops = 0 log_opt_values /usr/lib/python3/dist-packages/oslo_config/cfg.py:2609
2025-10-13 00:38:06.277 144676 DEBUG oslo_service.service [req-2db4a6ed-2095-481e-ac5c-a7b2ed522c29 - - - - -] compute.max_disk_devices_to_attach = -1 log_opt_values /usr/lib/python3/dist-packages/oslo_config/cfg.py:2609
2025-10-13 00:38:06.277 144676 DEBUG oslo_service.service [req-2db4a6ed-2095-481e-ac5c-a7b2ed522c29 - - - - -] compute.packing_host_numa_cells_allocation_strategy = True log_opt_values /usr/lib/python3/dist-packages/oslo_config/cfg.py:2609
2025-10-13 00:38:06.277 144676 DEBUG oslo_service.service [req-2db4a6ed-2095-481e-ac5c-a7b2ed522c29 - - - - -] compute.provider_config_location = /etc/nova/provider_config/ log_opt_values /usr/lib/python3/dist-packages/oslo_config/cfg.py:2609
2025-10-13 00:38:06.279 144676 DEBUG oslo_service.service [req-2db4a6ed-2095-481e-ac5c-a7b2ed522c29 - - - - -] compute.resource_provider_association_refresh = 300 log_opt_values /usr/lib/python3/dist-packages/oslo_config/cfg.py:2609
2025-10-13 00:38:06.281 144676 DEBUG oslo_service.service [req-2db4a6ed-2095-481e-ac5c-a7b2ed522c29 - - - - -] compute.shutdown_retry_interval = 10 log_opt_values /usr/lib/python3/dist-packages/oslo_config/cfg.py:2609
2025-10-13 00:38:06.282 145047 DEBUG oslo_messaging._drivers.amqpdriver [-] Listener is running poll /usr/lib/python3/dist-packages/oslo_messaging/_drivers/amqpdriver.py:343
2025-10-13 00:38:06.282 144676 DEBUG oslo_service.service [req-2db4a6ed-2095-481e-ac5c-a7b2ed522c29 - - - - -] compute.vmdk_allowed_types = ['streamOptimized', 'monolithicSparse'] log_opt_values /usr/lib/python3/dist-packages/oslo_config/cfg.py:2609
2025-10-13 00:38:06.282 145047 DEBUG oslo_messaging._drivers.amqpdriver [-] AMQPListener connection consume poll /usr/lib/python3/dist-packages/oslo_messaging/_drivers/amqpdriver.py:357
2025-10-13 00:38:06.282 144676 DEBUG oslo_service.service [req-2db4a6ed-2095-481e-ac5c-a7b2ed522c29 - - - - -] conductor.workers = 4 log_opt_values /usr/lib/python3/dist-packages/oslo_config/cfg.py:2609
2025-10-13 00:38:06.283 145048 DEBUG nova.service [req-6c01a221-130e-48f8-84d9-6e5af654c5c1 - - - - -] Creating RPC server for service scheduler start /usr/lib/python3/dist-packages/nova/service.py:182
2025-10-13 00:38:06.283 144676 DEBUG oslo_service.service [req-2db4a6ed-2095-481e-ac5c-a7b2ed522c29 - - - - -] console.allowed_origins = [] log_opt_values /usr/lib/python3/dist-packages/oslo_config/cfg.py:2609
2025-10-13 00:38:06.283 145047 DEBUG nova.service [req-24be83c0-f1d2-4119-a37c-35748bbced2c - - - - -] Join ServiceGroup membership for this service scheduler start /usr/lib/python3/dist-packages/nova/service.py:199
2025-10-13 00:38:06.283 144676 DEBUG oslo_service.service [req-2db4a6ed-2095-481e-ac5c-a7b2ed522c29 - - - - -] console.ssl_ciphers = None log_opt_values /usr/lib/python3/dist-packages/oslo_config/cfg.py:2609
2025-10-13 00:38:06.283 145047 DEBUG nova.servicegroup.drivers.db [req-24be83c0-f1d2-4119-a37c-35748bbced2c - - - - -] DB_Driver: join new ServiceGroup member juju-f184ac-0-lxd-7 to the scheduler group, service = join /usr/lib/python3/dist-packages/nova/servicegroup/drivers/db.py:44
2025-10-13 00:38:06.283 144676 DEBUG oslo_service.service [req-2db4a6ed-2095-481e-ac5c-a7b2ed522c29 - - - - -] console.ssl_minimum_version = default log_opt_values /usr/lib/python3/dist-packages/oslo_config/cfg.py:2609
2025-10-13 00:38:06.283 144676 DEBUG oslo_service.service [req-2db4a6ed-2095-481e-ac5c-a7b2ed522c29 - - - - -] consoleauth.token_ttl = 600 log_opt_values /usr/lib/python3/dist-packages/oslo_config/cfg.py:2609
2025-10-13 00:38:06.284 144676 DEBUG oslo_service.service [req-2db4a6ed-2095-481e-ac5c-a7b2ed522c29 - - - - -] cyborg.cafile = None log_opt_values /usr/lib/python3/dist-packages/oslo_config/cfg.py:2609
2025-10-13 00:38:06.284 144676 DEBUG oslo_service.service [req-2db4a6ed-2095-481e-ac5c-a7b2ed522c29 - - - - -] cyborg.certfile = None log_opt_values /usr/lib/python3/dist-packages/oslo_config/cfg.py:2609
2025-10-13 00:38:06.284 144676 DEBUG oslo_service.service [req-2db4a6ed-2095-481e-ac5c-a7b2ed522c29 - - - - -] cyborg.collect_timing = False log_opt_values /usr/lib/python3/dist-packages/oslo_config/cfg.py:2609
2025-10-13 00:38:06.284 144676 DEBUG oslo_service.service [req-2db4a6ed-2095-481e-ac5c-a7b2ed522c29 - - - - -] cyborg.connect_retries = None log_opt_values /usr/lib/python3/dist-packages/oslo_config/cfg.py:2609
2025-10-13 00:38:06.284 144676 DEBUG oslo_service.service [req-2db4a6ed-2095-481e-ac5c-a7b2ed522c29 - - - - -] cyborg.connect_retry_delay = None log_opt_values /usr/lib/python3/dist-packages/oslo_config/cfg.py:2609
2025-10-13 00:38:06.285 144676 DEBUG oslo_service.service [req-2db4a6ed-2095-481e-ac5c-a7b2ed522c29 - - - - -] cyborg.endpoint_override = None log_opt_values /usr/lib/python3/dist-packages/oslo_config/cfg.py:2609
2025-10-13 00:38:06.285 144676 DEBUG oslo_service.service [req-2db4a6ed-2095-481e-ac5c-a7b2ed522c29 - - - - -] cyborg.insecure = False log_opt_values /usr/lib/python3/dist-packages/oslo_config/cfg.py:2609
2025-10-13 00:38:06.285 144676 DEBUG oslo_service.service [req-2db4a6ed-2095-481e-ac5c-a7b2ed522c29 - - - - -] cyborg.keyfile = None log_opt_values /usr/lib/python3/dist-packages/oslo_config/cfg.py:2609
2025-10-13 00:38:06.285 144676 DEBUG oslo_service.service [req-2db4a6ed-2095-481e-ac5c-a7b2ed522c29 - - - - -] cyborg.max_version = None log_opt_values /usr/lib/python3/dist-packages/oslo_config/cfg.py:2609
2025-10-13 00:38:06.285 145047 DEBUG oslo_messaging._drivers.amqpdriver [-] AMQPListener connection timeout poll /usr/lib/python3/dist-packages/oslo_messaging/_drivers/amqpdriver.py:360
2025-10-13 00:38:06.285 144676 DEBUG oslo_service.service [req-2db4a6ed-2095-481e-ac5c-a7b2ed522c29 - - - - -] cyborg.min_version = None log_opt_values /usr/lib/python3/dist-packages/oslo_config/cfg.py:2609
2025-10-13 00:38:06.286 145047 DEBUG oslo_messaging._drivers.amqpdriver [-] Listener is running poll /usr/lib/python3/dist-packages/oslo_messaging/_drivers/amqpdriver.py:343
2025-10-13 00:38:06.286 145047 DEBUG oslo_messaging._drivers.amqpdriver [-] AMQPListener connection consume poll /usr/lib/python3/dist-packages/oslo_messaging/_drivers/amqpdriver.py:357
2025-10-13 00:38:06.286 144676 DEBUG oslo_service.service [req-2db4a6ed-2095-481e-ac5c-a7b2ed522c29 - - - - -] cyborg.region_name = None log_opt_values /usr/lib/python3/dist-packages/oslo_config/cfg.py:2609
2025-10-13 00:38:06.286 145046 DEBUG oslo_messaging._drivers.amqpdriver [-] Listener is running poll /usr/lib/python3/dist-packages/oslo_messaging/_drivers/amqpdriver.py:343
2025-10-13 00:38:06.286 144676 DEBUG oslo_service.service [req-2db4a6ed-2095-481e-ac5c-a7b2ed522c29 - - - - -] cyborg.service_name = None log_opt_values /usr/lib/python3/dist-packages/oslo_config/cfg.py:2609
2025-10-13 00:38:06.286 145046 DEBUG oslo_messaging._drivers.amqpdriver [-] AMQPListener connection consume poll /usr/lib/python3/dist-packages/oslo_messaging/_drivers/amqpdriver.py:357
2025-10-13 00:38:06.286 144676 DEBUG oslo_service.service [req-2db4a6ed-2095-481e-ac5c-a7b2ed522c29 - - - - -] cyborg.service_type = accelerator log_opt_values /usr/lib/python3/dist-packages/oslo_config/cfg.py:2609
2025-10-13 00:38:06.286 144676 DEBUG oslo_service.service [req-2db4a6ed-2095-481e-ac5c-a7b2ed522c29 - - - - -] cyborg.split_loggers = False log_opt_values /usr/lib/python3/dist-packages/oslo_config/cfg.py:2609
2025-10-13 00:38:06.287 144676 DEBUG oslo_service.service [req-2db4a6ed-2095-481e-ac5c-a7b2ed522c29 - - - - -] cyborg.status_code_retries = None log_opt_values /usr/lib/python3/dist-packages/oslo_config/cfg.py:2609
2025-10-13 00:38:06.287 145046 DEBUG nova.service [req-f5d79821-6a7f-4a79-a491-1a4cb85abf52 - - - - -] Join ServiceGroup membership for this service scheduler start /usr/lib/python3/dist-packages/nova/service.py:199
2025-10-13 00:38:06.287 144676 DEBUG oslo_service.service [req-2db4a6ed-2095-481e-ac5c-a7b2ed522c29 - - - - -] cyborg.status_code_retry_delay = None log_opt_values /usr/lib/python3/dist-packages/oslo_config/cfg.py:2609
2025-10-13 00:38:06.287 145046 DEBUG nova.servicegroup.drivers.db [req-f5d79821-6a7f-4a79-a491-1a4cb85abf52 - - - - -] DB_Driver: join new ServiceGroup member juju-f184ac-0-lxd-7 to the scheduler group, service = join /usr/lib/python3/dist-packages/nova/servicegroup/drivers/db.py:44
2025-10-13 00:38:06.287 144676 DEBUG oslo_service.service [req-2db4a6ed-2095-481e-ac5c-a7b2ed522c29 - - - - -] cyborg.timeout = None log_opt_values /usr/lib/python3/dist-packages/oslo_config/cfg.py:2609
2025-10-13 00:38:06.287 144676 DEBUG oslo_service.service [req-2db4a6ed-2095-481e-ac5c-a7b2ed522c29 - - - - -] cyborg.valid_interfaces = ['internal', 'public'] log_opt_values /usr/lib/python3/dist-packages/oslo_config/cfg.py:2609
2025-10-13 00:38:06.288 144676 DEBUG oslo_service.service [req-2db4a6ed-2095-481e-ac5c-a7b2ed522c29 - - - - -] cyborg.version = None log_opt_values /usr/lib/python3/dist-packages/oslo_config/cfg.py:2609
2025-10-13 00:38:06.288 144676 DEBUG oslo_service.service [req-2db4a6ed-2095-481e-ac5c-a7b2ed522c29 - - - - -] database.backend = sqlalchemy log_opt_values /usr/lib/python3/dist-packages/oslo_config/cfg.py:2609
2025-10-13 00:38:06.288 144676 DEBUG oslo_service.service [req-2db4a6ed-2095-481e-ac5c-a7b2ed522c29 - - - - -] database.connection = **** log_opt_values /usr/lib/python3/dist-packages/oslo_config/cfg.py:2609
2025-10-13 00:38:06.288 144676 DEBUG oslo_service.service [req-2db4a6ed-2095-481e-ac5c-a7b2ed522c29 - - - - -] database.connection_debug = 0 log_opt_values /usr/lib/python3/dist-packages/oslo_config/cfg.py:2609
2025-10-13 00:38:06.288 144676 DEBUG oslo_service.service [req-2db4a6ed-2095-481e-ac5c-a7b2ed522c29 - - - - -] database.connection_parameters = log_opt_values /usr/lib/python3/dist-packages/oslo_config/cfg.py:2609
2025-10-13 00:38:06.289 144676 DEBUG oslo_service.service [req-2db4a6ed-2095-481e-ac5c-a7b2ed522c29 - - - - -] database.connection_recycle_time = 3600 log_opt_values /usr/lib/python3/dist-packages/oslo_config/cfg.py:2609
2025-10-13 00:38:06.289 144676 DEBUG oslo_service.service [req-2db4a6ed-2095-481e-ac5c-a7b2ed522c29 - - - - -] database.connection_trace = False log_opt_values /usr/lib/python3/dist-packages/oslo_config/cfg.py:2609
2025-10-13 00:38:06.289 144676 DEBUG oslo_service.service [req-2db4a6ed-2095-481e-ac5c-a7b2ed522c29 - - - - -] database.db_inc_retry_interval = True log_opt_values /usr/lib/python3/dist-packages/oslo_config/cfg.py:2609
2025-10-13 00:38:06.289 144676 DEBUG oslo_service.service [req-2db4a6ed-2095-481e-ac5c-a7b2ed522c29 - - - - -] database.db_max_retries = 20 log_opt_values /usr/lib/python3/dist-packages/oslo_config/cfg.py:2609
2025-10-13 00:38:06.289 145046 DEBUG oslo_messaging._drivers.amqpdriver [-] AMQPListener connection timeout poll /usr/lib/python3/dist-packages/oslo_messaging/_drivers/amqpdriver.py:360
2025-10-13 00:38:06.289 144676 DEBUG oslo_service.service [req-2db4a6ed-2095-481e-ac5c-a7b2ed522c29 - - - - -] database.db_max_retry_interval = 10 log_opt_values /usr/lib/python3/dist-packages/oslo_config/cfg.py:2609
2025-10-13 00:38:06.289 145046 DEBUG oslo_messaging._drivers.amqpdriver [-] Listener is running poll /usr/lib/python3/dist-packages/oslo_messaging/_drivers/amqpdriver.py:343
2025-10-13 00:38:06.289 144676 DEBUG oslo_service.service [req-2db4a6ed-2095-481e-ac5c-a7b2ed522c29 - - - - -] database.db_retry_interval = 1 log_opt_values /usr/lib/python3/dist-packages/oslo_config/cfg.py:2609
2025-10-13 00:38:06.290 145046 DEBUG oslo_messaging._drivers.amqpdriver [-] AMQPListener connection consume poll /usr/lib/python3/dist-packages/oslo_messaging/_drivers/amqpdriver.py:357
2025-10-13 00:38:06.290 144676 DEBUG oslo_service.service [req-2db4a6ed-2095-481e-ac5c-a7b2ed522c29 - - - - -] database.max_overflow = 50 log_opt_values /usr/lib/python3/dist-packages/oslo_config/cfg.py:2609
2025-10-13 00:38:06.290 144676 DEBUG oslo_service.service [req-2db4a6ed-2095-481e-ac5c-a7b2ed522c29 - - - - -] database.max_pool_size = 4 log_opt_values /usr/lib/python3/dist-packages/oslo_config/cfg.py:2609
2025-10-13 00:38:06.290 144676 DEBUG oslo_service.service [req-2db4a6ed-2095-481e-ac5c-a7b2ed522c29 - - - - -] database.max_retries = 10 log_opt_values /usr/lib/python3/dist-packages/oslo_config/cfg.py:2609
2025-10-13 00:38:06.291 144676 DEBUG oslo_service.service [req-2db4a6ed-2095-481e-ac5c-a7b2ed522c29 - - - - -] database.mysql_enable_ndb = False log_opt_values /usr/lib/python3/dist-packages/oslo_config/cfg.py:2609
2025-10-13 00:38:06.291 144676 DEBUG oslo_service.service [req-2db4a6ed-2095-481e-ac5c-a7b2ed522c29 - - - - -] database.mysql_sql_mode = TRADITIONAL log_opt_values /usr/lib/python3/dist-packages/oslo_config/cfg.py:2609
2025-10-13 00:38:06.291 144676 DEBUG oslo_service.service [req-2db4a6ed-2095-481e-ac5c-a7b2ed522c29 - - - - -] database.pool_timeout = None log_opt_values /usr/lib/python3/dist-packages/oslo_config/cfg.py:2609
2025-10-13 00:38:06.292 144676 DEBUG oslo_service.service [req-2db4a6ed-2095-481e-ac5c-a7b2ed522c29 - - - - -] database.retry_interval = 10 log_opt_values /usr/lib/python3/dist-packages/oslo_config/cfg.py:2609
2025-10-13 00:38:06.292 144676 DEBUG oslo_service.service [req-2db4a6ed-2095-481e-ac5c-a7b2ed522c29 - - - - -] database.slave_connection = **** log_opt_values /usr/lib/python3/dist-packages/oslo_config/cfg.py:2609
2025-10-13 00:38:06.292 144676 DEBUG oslo_service.service [req-2db4a6ed-2095-481e-ac5c-a7b2ed522c29 - - - - -] database.sqlite_synchronous = True log_opt_values /usr/lib/python3/dist-packages/oslo_config/cfg.py:2609
2025-10-13 00:38:06.292 144676 DEBUG oslo_service.service [req-2db4a6ed-2095-481e-ac5c-a7b2ed522c29 - - - - -] database.use_db_reconnect = False log_opt_values /usr/lib/python3/dist-packages/oslo_config/cfg.py:2609
2025-10-13 00:38:06.292 144676 DEBUG oslo_service.service [req-2db4a6ed-2095-481e-ac5c-a7b2ed522c29 - - - - -] api_database.backend = sqlalchemy log_opt_values /usr/lib/python3/dist-packages/oslo_config/cfg.py:2609
2025-10-13 00:38:06.293 144676 DEBUG oslo_service.service [req-2db4a6ed-2095-481e-ac5c-a7b2ed522c29 - - - - -] api_database.connection = **** log_opt_values /usr/lib/python3/dist-packages/oslo_config/cfg.py:2609
2025-10-13 00:38:06.293 144676 DEBUG oslo_service.service [req-2db4a6ed-2095-481e-ac5c-a7b2ed522c29 - - - - -] api_database.connection_debug = 0 log_opt_values /usr/lib/python3/dist-packages/oslo_config/cfg.py:2609
2025-10-13 00:38:06.293 144676 DEBUG oslo_service.service [req-2db4a6ed-2095-481e-ac5c-a7b2ed522c29 - - - - -] api_database.connection_parameters = log_opt_values /usr/lib/python3/dist-packages/oslo_config/cfg.py:2609
2025-10-13 00:38:06.293 144676 DEBUG oslo_service.service [req-2db4a6ed-2095-481e-ac5c-a7b2ed522c29 - - - - -] api_database.connection_recycle_time = 3600 log_opt_values /usr/lib/python3/dist-packages/oslo_config/cfg.py:2609
2025-10-13 00:38:06.294 144676 DEBUG oslo_service.service [req-2db4a6ed-2095-481e-ac5c-a7b2ed522c29 - - - - -] api_database.connection_trace = False log_opt_values /usr/lib/python3/dist-packages/oslo_config/cfg.py:2609
2025-10-13 00:38:06.294 144676 DEBUG oslo_service.service [req-2db4a6ed-2095-481e-ac5c-a7b2ed522c29 - - - - -] api_database.db_inc_retry_interval = True log_opt_values /usr/lib/python3/dist-packages/oslo_config/cfg.py:2609
2025-10-13 00:38:06.294 144676 DEBUG oslo_service.service [req-2db4a6ed-2095-481e-ac5c-a7b2ed522c29 - - - - -] api_database.db_max_retries = 20 log_opt_values /usr/lib/python3/dist-packages/oslo_config/cfg.py:2609
2025-10-13 00:38:06.294 144676 DEBUG oslo_service.service [req-2db4a6ed-2095-481e-ac5c-a7b2ed522c29 - - - - -] api_database.db_max_retry_interval = 10 log_opt_values /usr/lib/python3/dist-packages/oslo_config/cfg.py:2609
2025-10-13 00:38:06.295 144676 DEBUG oslo_service.service [req-2db4a6ed-2095-481e-ac5c-a7b2ed522c29 - - - - -] api_database.db_retry_interval = 1 log_opt_values /usr/lib/python3/dist-packages/oslo_config/cfg.py:2609
2025-10-13 00:38:06.295 144676 DEBUG oslo_service.service [req-2db4a6ed-2095-481e-ac5c-a7b2ed522c29 - - - - -] api_database.max_overflow = 50 log_opt_values /usr/lib/python3/dist-packages/oslo_config/cfg.py:2609
2025-10-13 00:38:06.296 144676 DEBUG oslo_service.service [req-2db4a6ed-2095-481e-ac5c-a7b2ed522c29 - - - - -] api_database.max_pool_size = 4 log_opt_values /usr/lib/python3/dist-packages/oslo_config/cfg.py:2609
2025-10-13 00:38:06.296 144676 DEBUG oslo_service.service [req-2db4a6ed-2095-481e-ac5c-a7b2ed522c29 - - - - -] api_database.max_retries = 10 log_opt_values /usr/lib/python3/dist-packages/oslo_config/cfg.py:2609
2025-10-13 00:38:06.296 144676 DEBUG oslo_service.service [req-2db4a6ed-2095-481e-ac5c-a7b2ed522c29 - - - - -] api_database.mysql_enable_ndb = False log_opt_values /usr/lib/python3/dist-packages/oslo_config/cfg.py:2609
2025-10-13 00:38:06.297 144676 DEBUG oslo_service.service [req-2db4a6ed-2095-481e-ac5c-a7b2ed522c29 - - - - -] api_database.mysql_sql_mode = TRADITIONAL log_opt_values /usr/lib/python3/dist-packages/oslo_config/cfg.py:2609
2025-10-13 00:38:06.299 144676 DEBUG oslo_service.service [req-2db4a6ed-2095-481e-ac5c-a7b2ed522c29 - - - - -] api_database.pool_timeout = None log_opt_values /usr/lib/python3/dist-packages/oslo_config/cfg.py:2609
2025-10-13 00:38:06.299 144676 DEBUG oslo_service.service [req-2db4a6ed-2095-481e-ac5c-a7b2ed522c29 - - - - -] api_database.retry_interval = 10 log_opt_values /usr/lib/python3/dist-packages/oslo_config/cfg.py:2609
2025-10-13 00:38:06.299 144676 DEBUG oslo_service.service [req-2db4a6ed-2095-481e-ac5c-a7b2ed522c29 - - - - -] api_database.slave_connection = **** log_opt_values /usr/lib/python3/dist-packages/oslo_config/cfg.py:2609
2025-10-13 00:38:06.299 145045 DEBUG oslo_messaging._drivers.amqpdriver [-] Listener is running poll /usr/lib/python3/dist-packages/oslo_messaging/_drivers/amqpdriver.py:343
2025-10-13 00:38:06.299 145045 DEBUG oslo_messaging._drivers.amqpdriver [-] AMQPListener connection consume poll /usr/lib/python3/dist-packages/oslo_messaging/_drivers/amqpdriver.py:357
2025-10-13 00:38:06.299 144676 DEBUG oslo_service.service [req-2db4a6ed-2095-481e-ac5c-a7b2ed522c29 - - - - -] api_database.sqlite_synchronous = True log_opt_values /usr/lib/python3/dist-packages/oslo_config/cfg.py:2609
2025-10-13 00:38:06.300 145045 DEBUG nova.service [req-066fbd32-db05-40df-b3a5-730548e6cacf - - - - -] Join ServiceGroup membership for this service scheduler start /usr/lib/python3/dist-packages/nova/service.py:199
2025-10-13 00:38:06.300 144676 DEBUG oslo_service.service [req-2db4a6ed-2095-481e-ac5c-a7b2ed522c29 - - - - -] devices.enabled_mdev_types = [] log_opt_values /usr/lib/python3/dist-packages/oslo_config/cfg.py:2609
2025-10-13 00:38:06.300 145045 DEBUG nova.servicegroup.drivers.db [req-066fbd32-db05-40df-b3a5-730548e6cacf - - - - -] DB_Driver: join new ServiceGroup member juju-f184ac-0-lxd-7 to the scheduler group, service = join /usr/lib/python3/dist-packages/nova/servicegroup/drivers/db.py:44
2025-10-13 00:38:06.301 144676 DEBUG oslo_service.service [req-2db4a6ed-2095-481e-ac5c-a7b2ed522c29 - - - - -] ephemeral_storage_encryption.cipher = aes-xts-plain64 log_opt_values /usr/lib/python3/dist-packages/oslo_config/cfg.py:2609
2025-10-13 00:38:06.301 144676 DEBUG oslo_service.service [req-2db4a6ed-2095-481e-ac5c-a7b2ed522c29 - - - - -] ephemeral_storage_encryption.enabled = False log_opt_values /usr/lib/python3/dist-packages/oslo_config/cfg.py:2609
2025-10-13 00:38:06.301 144676 DEBUG oslo_service.service [req-2db4a6ed-2095-481e-ac5c-a7b2ed522c29 - - - - -] ephemeral_storage_encryption.key_size = 512 log_opt_values /usr/lib/python3/dist-packages/oslo_config/cfg.py:2609
2025-10-13 00:38:06.302 144676 WARNING oslo_config.cfg [req-2db4a6ed-2095-481e-ac5c-a7b2ed522c29 - - - - -] Deprecated: Option "api_servers" from group "glance" is deprecated for removal ( Support for image service configuration via standard keystoneauth1 Adapter options was added in the 17.0.0 Queens release. The api_servers option was retained temporarily to allow consumers time to cut over to a real load balancing solution. ). Its value may be silently ignored in the future.
2025-10-13 00:38:06.302 144676 DEBUG oslo_service.service [req-2db4a6ed-2095-481e-ac5c-a7b2ed522c29 - - - - -] glance.api_servers = ['http://252.129.4.54:9292'] log_opt_values /usr/lib/python3/dist-packages/oslo_config/cfg.py:2609
2025-10-13 00:38:06.303 145045 DEBUG oslo_messaging._drivers.amqpdriver [-] AMQPListener connection timeout poll /usr/lib/python3/dist-packages/oslo_messaging/_drivers/amqpdriver.py:360
2025-10-13 00:38:06.303 145045 DEBUG oslo_messaging._drivers.amqpdriver [-] Listener is running poll /usr/lib/python3/dist-packages/oslo_messaging/_drivers/amqpdriver.py:343
2025-10-13 00:38:06.303 144676 DEBUG oslo_service.service [req-2db4a6ed-2095-481e-ac5c-a7b2ed522c29 - - - - -] glance.cafile = None log_opt_values /usr/lib/python3/dist-packages/oslo_config/cfg.py:2609
2025-10-13 00:38:06.303 145045 DEBUG oslo_messaging._drivers.amqpdriver [-] AMQPListener connection consume poll /usr/lib/python3/dist-packages/oslo_messaging/_drivers/amqpdriver.py:357
2025-10-13 00:38:06.303 144676 DEBUG oslo_service.service [req-2db4a6ed-2095-481e-ac5c-a7b2ed522c29 - - - - -] glance.certfile = None log_opt_values /usr/lib/python3/dist-packages/oslo_config/cfg.py:2609
2025-10-13 00:38:06.303 144676 DEBUG oslo_service.service [req-2db4a6ed-2095-481e-ac5c-a7b2ed522c29 - - - - -] glance.collect_timing = False log_opt_values /usr/lib/python3/dist-packages/oslo_config/cfg.py:2609
2025-10-13 00:38:06.304 144676 DEBUG oslo_service.service [req-2db4a6ed-2095-481e-ac5c-a7b2ed522c29 - - - - -] glance.connect_retries = None log_opt_values /usr/lib/python3/dist-packages/oslo_config/cfg.py:2609
2025-10-13 00:38:06.304 144676 DEBUG oslo_service.service [req-2db4a6ed-2095-481e-ac5c-a7b2ed522c29 - - - - -] glance.connect_retry_delay = None log_opt_values /usr/lib/python3/dist-packages/oslo_config/cfg.py:2609
2025-10-13 00:38:06.304 144676 DEBUG oslo_service.service [req-2db4a6ed-2095-481e-ac5c-a7b2ed522c29 - - - - -] glance.debug = False log_opt_values /usr/lib/python3/dist-packages/oslo_config/cfg.py:2609
2025-10-13 00:38:06.304 144676 DEBUG oslo_service.service [req-2db4a6ed-2095-481e-ac5c-a7b2ed522c29 - - - - -] glance.default_trusted_certificate_ids = [] log_opt_values /usr/lib/python3/dist-packages/oslo_config/cfg.py:2609
2025-10-13 00:38:06.305 144676 DEBUG oslo_service.service [req-2db4a6ed-2095-481e-ac5c-a7b2ed522c29 - - - - -] glance.enable_certificate_validation = False log_opt_values /usr/lib/python3/dist-packages/oslo_config/cfg.py:2609
2025-10-13 00:38:06.305 144676 DEBUG oslo_service.service [req-2db4a6ed-2095-481e-ac5c-a7b2ed522c29 - - - - -] glance.enable_rbd_download = False log_opt_values /usr/lib/python3/dist-packages/oslo_config/cfg.py:2609
2025-10-13 00:38:06.307 144676 DEBUG oslo_service.service [req-2db4a6ed-2095-481e-ac5c-a7b2ed522c29 - - - - -] glance.endpoint_override = None log_opt_values /usr/lib/python3/dist-packages/oslo_config/cfg.py:2609
2025-10-13 00:38:06.308 144676 DEBUG oslo_service.service [req-2db4a6ed-2095-481e-ac5c-a7b2ed522c29 - - - - -] glance.insecure = False log_opt_values /usr/lib/python3/dist-packages/oslo_config/cfg.py:2609
2025-10-13 00:38:06.308 144676 DEBUG oslo_service.service [req-2db4a6ed-2095-481e-ac5c-a7b2ed522c29 - - - - -] glance.keyfile = None log_opt_values /usr/lib/python3/dist-packages/oslo_config/cfg.py:2609
2025-10-13 00:38:06.308 144676 DEBUG oslo_service.service [req-2db4a6ed-2095-481e-ac5c-a7b2ed522c29 - - - - -] glance.max_version = None log_opt_values /usr/lib/python3/dist-packages/oslo_config/cfg.py:2609
2025-10-13 00:38:06.308 144676 DEBUG oslo_service.service [req-2db4a6ed-2095-481e-ac5c-a7b2ed522c29 - - - - -] glance.min_version = None log_opt_values /usr/lib/python3/dist-packages/oslo_config/cfg.py:2609
2025-10-13 00:38:06.308 145048 DEBUG oslo_messaging._drivers.amqpdriver [-] Listener is running poll /usr/lib/python3/dist-packages/oslo_messaging/_drivers/amqpdriver.py:343
2025-10-13 00:38:06.309 144676 DEBUG oslo_service.service [req-2db4a6ed-2095-481e-ac5c-a7b2ed522c29 - - - - -] glance.num_retries = 3 log_opt_values /usr/lib/python3/dist-packages/oslo_config/cfg.py:2609
2025-10-13 00:38:06.309 145048 DEBUG oslo_messaging._drivers.amqpdriver [-] AMQPListener connection consume poll /usr/lib/python3/dist-packages/oslo_messaging/_drivers/amqpdriver.py:357
2025-10-13 00:38:06.309 144676 DEBUG oslo_service.service [req-2db4a6ed-2095-481e-ac5c-a7b2ed522c29 - - - - -] glance.rbd_ceph_conf = log_opt_values /usr/lib/python3/dist-packages/oslo_config/cfg.py:2609
2025-10-13 00:38:06.309 144676 DEBUG oslo_service.service [req-2db4a6ed-2095-481e-ac5c-a7b2ed522c29 - - - - -] glance.rbd_connect_timeout = 5 log_opt_values /usr/lib/python3/dist-packages/oslo_config/cfg.py:2609
2025-10-13 00:38:06.309 144676 DEBUG oslo_service.service [req-2db4a6ed-2095-481e-ac5c-a7b2ed522c29 - - - - -] glance.rbd_pool = log_opt_values /usr/lib/python3/dist-packages/oslo_config/cfg.py:2609
2025-10-13 00:38:06.309 145048 DEBUG nova.service [req-6c01a221-130e-48f8-84d9-6e5af654c5c1 - - - - -] Join ServiceGroup membership for this service scheduler start /usr/lib/python3/dist-packages/nova/service.py:199
2025-10-13 00:38:06.310 144676 DEBUG oslo_service.service [req-2db4a6ed-2095-481e-ac5c-a7b2ed522c29 - - - - -] glance.rbd_user = log_opt_values /usr/lib/python3/dist-packages/oslo_config/cfg.py:2609
2025-10-13 00:38:06.310 144676 DEBUG oslo_service.service [req-2db4a6ed-2095-481e-ac5c-a7b2ed522c29 - - - - -] glance.region_name = None log_opt_values /usr/lib/python3/dist-packages/oslo_config/cfg.py:2609
2025-10-13 00:38:06.310 145048 DEBUG nova.servicegroup.drivers.db [req-6c01a221-130e-48f8-84d9-6e5af654c5c1 - - - - -] DB_Driver: join new ServiceGroup member juju-f184ac-0-lxd-7 to the scheduler group, service = join /usr/lib/python3/dist-packages/nova/servicegroup/drivers/db.py:44
2025-10-13 00:38:06.310 144676 DEBUG oslo_service.service [req-2db4a6ed-2095-481e-ac5c-a7b2ed522c29 - - - - -] glance.service_name = None log_opt_values /usr/lib/python3/dist-packages/oslo_config/cfg.py:2609
2025-10-13 00:38:06.310 144676 DEBUG oslo_service.service [req-2db4a6ed-2095-481e-ac5c-a7b2ed522c29 - - - - -] glance.service_type = image log_opt_values /usr/lib/python3/dist-packages/oslo_config/cfg.py:2609
2025-10-13 00:38:06.311 144676 DEBUG oslo_service.service [req-2db4a6ed-2095-481e-ac5c-a7b2ed522c29 - - - - -] glance.split_loggers = False log_opt_values /usr/lib/python3/dist-packages/oslo_config/cfg.py:2609
2025-10-13 00:38:06.311 144676 DEBUG oslo_service.service [req-2db4a6ed-2095-481e-ac5c-a7b2ed522c29 - - - - -] glance.status_code_retries = None log_opt_values /usr/lib/python3/dist-packages/oslo_config/cfg.py:2609
2025-10-13 00:38:06.311 144676 DEBUG oslo_service.service [req-2db4a6ed-2095-481e-ac5c-a7b2ed522c29 - - - - -] glance.status_code_retry_delay = None log_opt_values /usr/lib/python3/dist-packages/oslo_config/cfg.py:2609
2025-10-13 00:38:06.312 144676 DEBUG oslo_service.service [req-2db4a6ed-2095-481e-ac5c-a7b2ed522c29 - - - - -] glance.timeout = None log_opt_values /usr/lib/python3/dist-packages/oslo_config/cfg.py:2609
2025-10-13 00:38:06.312 144676 DEBUG oslo_service.service [req-2db4a6ed-2095-481e-ac5c-a7b2ed522c29 - - - - -] glance.valid_interfaces = ['internal', 'public'] log_opt_values /usr/lib/python3/dist-packages/oslo_config/cfg.py:2609
2025-10-13 00:38:06.312 144676 DEBUG oslo_service.service [req-2db4a6ed-2095-481e-ac5c-a7b2ed522c29 - - - - -] glance.verify_glance_signatures = False log_opt_values /usr/lib/python3/dist-packages/oslo_config/cfg.py:2609
2025-10-13 00:38:06.312 144676 DEBUG oslo_service.service [req-2db4a6ed-2095-481e-ac5c-a7b2ed522c29 - - - - -] glance.version = None log_opt_values /usr/lib/python3/dist-packages/oslo_config/cfg.py:2609
2025-10-13 00:38:06.312 145048 DEBUG oslo_messaging._drivers.amqpdriver [-] AMQPListener connection timeout poll /usr/lib/python3/dist-packages/oslo_messaging/_drivers/amqpdriver.py:360
2025-10-13 00:38:06.313 145048 DEBUG oslo_messaging._drivers.amqpdriver [-] Listener is running poll /usr/lib/python3/dist-packages/oslo_messaging/_drivers/amqpdriver.py:343
