2025-10-13 00:40:01.507 167394 DEBUG oslo_db.sqlalchemy.engines [req-26760163-de65-47c2-87ba-c26e106f85f3 - - - - -] MySQL server mode set to STRICT_TRANS_TABLES,STRICT_ALL_TABLES,NO_ZERO_IN_DATE,NO_ZERO_DATE,ERROR_FOR_DIVISION_BY_ZERO,TRADITIONAL,NO_ENGINE_SUBSTITUTION _check_effective_sql_mode /usr/lib/python3/dist-packages/oslo_db/sqlalchemy/engines.py:314
2025-10-13 00:40:01.508 167001 DEBUG oslo_service.service [req-fa190559-9115-461a-b321-4a3f80acf53c - - - - -] Started child 167397 _start_child /usr/lib/python3/dist-packages/oslo_service/service.py:575
2025-10-13 00:40:01.511 167001 DEBUG oslo_service.service [req-fa190559-9115-461a-b321-4a3f80acf53c - - - - -] Full set of CONF: wait /usr/lib/python3/dist-packages/oslo_service/service.py:649
2025-10-13 00:40:01.511 167001 DEBUG oslo_service.service [req-fa190559-9115-461a-b321-4a3f80acf53c - - - - -] ******************************************************************************** log_opt_values /usr/lib/python3/dist-packages/oslo_config/cfg.py:2589
2025-10-13 00:40:01.511 167001 DEBUG oslo_service.service [req-fa190559-9115-461a-b321-4a3f80acf53c - - - - -] Configuration options gathered from: log_opt_values /usr/lib/python3/dist-packages/oslo_config/cfg.py:2590
2025-10-13 00:40:01.511 167001 DEBUG oslo_service.service [req-fa190559-9115-461a-b321-4a3f80acf53c - - - - -] command line args: ['--config-file=/etc/nova/nova.conf', '--log-file=/var/log/nova/nova-scheduler.log'] log_opt_values /usr/lib/python3/dist-packages/oslo_config/cfg.py:2591
2025-10-13 00:40:01.512 167001 DEBUG oslo_service.service [req-fa190559-9115-461a-b321-4a3f80acf53c - - - - -] config files: ['/etc/nova/nova.conf'] log_opt_values /usr/lib/python3/dist-packages/oslo_config/cfg.py:2592
2025-10-13 00:40:01.512 167001 DEBUG oslo_service.service [req-fa190559-9115-461a-b321-4a3f80acf53c - - - - -] ================================================================================ log_opt_values /usr/lib/python3/dist-packages/oslo_config/cfg.py:2594
2025-10-13 00:40:01.512 167395 DEBUG oslo_db.sqlalchemy.engines [req-6673ef97-9030-4613-aaf1-37a01ef4713c - - - - -] MySQL server mode set to STRICT_TRANS_TABLES,STRICT_ALL_TABLES,NO_ZERO_IN_DATE,NO_ZERO_DATE,ERROR_FOR_DIVISION_BY_ZERO,TRADITIONAL,NO_ENGINE_SUBSTITUTION _check_effective_sql_mode /usr/lib/python3/dist-packages/oslo_db/sqlalchemy/engines.py:314
2025-10-13 00:40:01.512 167001 DEBUG oslo_service.service [req-fa190559-9115-461a-b321-4a3f80acf53c - - - - -] allow_resize_to_same_host = False log_opt_values /usr/lib/python3/dist-packages/oslo_config/cfg.py:2602
2025-10-13 00:40:01.513 167001 DEBUG oslo_service.service [req-fa190559-9115-461a-b321-4a3f80acf53c - - - - -] arq_binding_timeout = 300 log_opt_values /usr/lib/python3/dist-packages/oslo_config/cfg.py:2602
2025-10-13 00:40:01.513 167001 DEBUG oslo_service.service [req-fa190559-9115-461a-b321-4a3f80acf53c - - - - -] block_device_allocate_retries = 60 log_opt_values /usr/lib/python3/dist-packages/oslo_config/cfg.py:2602
2025-10-13 00:40:01.513 167001 DEBUG oslo_service.service [req-fa190559-9115-461a-b321-4a3f80acf53c - - - - -] block_device_allocate_retries_interval = 3 log_opt_values /usr/lib/python3/dist-packages/oslo_config/cfg.py:2602
2025-10-13 00:40:01.514 167001 DEBUG oslo_service.service [req-fa190559-9115-461a-b321-4a3f80acf53c - - - - -] cert = self.pem log_opt_values /usr/lib/python3/dist-packages/oslo_config/cfg.py:2602
2025-10-13 00:40:01.514 167397 INFO nova.service [-] Starting scheduler node (version 25.2.1)
2025-10-13 00:40:01.514 167001 DEBUG oslo_service.service [req-fa190559-9115-461a-b321-4a3f80acf53c - - - - -] compute_driver = libvirt.LibvirtDriver log_opt_values /usr/lib/python3/dist-packages/oslo_config/cfg.py:2602
2025-10-13 00:40:01.516 167001 DEBUG oslo_service.service [req-fa190559-9115-461a-b321-4a3f80acf53c - - - - -] compute_monitors = [] log_opt_values /usr/lib/python3/dist-packages/oslo_config/cfg.py:2602
2025-10-13 00:40:01.516 167001 DEBUG oslo_service.service [req-fa190559-9115-461a-b321-4a3f80acf53c - - - - -] config_dir = [] log_opt_values /usr/lib/python3/dist-packages/oslo_config/cfg.py:2602
2025-10-13 00:40:01.517 167001 DEBUG oslo_service.service [req-fa190559-9115-461a-b321-4a3f80acf53c - - - - -] config_drive_format = iso9660 log_opt_values /usr/lib/python3/dist-packages/oslo_config/cfg.py:2602
2025-10-13 00:40:01.519 167001 DEBUG oslo_service.service [req-fa190559-9115-461a-b321-4a3f80acf53c - - - - -] config_file = ['/etc/nova/nova.conf'] log_opt_values /usr/lib/python3/dist-packages/oslo_config/cfg.py:2602
2025-10-13 00:40:01.519 167001 DEBUG oslo_service.service [req-fa190559-9115-461a-b321-4a3f80acf53c - - - - -] config_source = [] log_opt_values /usr/lib/python3/dist-packages/oslo_config/cfg.py:2602
2025-10-13 00:40:01.519 167396 DEBUG oslo_db.sqlalchemy.engines [req-49f9e5cb-8392-4a76-a789-dbd76290487f - - - - -] MySQL server mode set to STRICT_TRANS_TABLES,STRICT_ALL_TABLES,NO_ZERO_IN_DATE,NO_ZERO_DATE,ERROR_FOR_DIVISION_BY_ZERO,TRADITIONAL,NO_ENGINE_SUBSTITUTION _check_effective_sql_mode /usr/lib/python3/dist-packages/oslo_db/sqlalchemy/engines.py:314
2025-10-13 00:40:01.519 167001 DEBUG oslo_service.service [req-fa190559-9115-461a-b321-4a3f80acf53c - - - - -] console_host = juju-f184ac-0-lxd-7 log_opt_values /usr/lib/python3/dist-packages/oslo_config/cfg.py:2602
2025-10-13 00:40:01.520 167001 DEBUG oslo_service.service [req-fa190559-9115-461a-b321-4a3f80acf53c - - - - -] control_exchange = nova log_opt_values /usr/lib/python3/dist-packages/oslo_config/cfg.py:2602
2025-10-13 00:40:01.520 167001 DEBUG oslo_service.service [req-fa190559-9115-461a-b321-4a3f80acf53c - - - - -] cpu_allocation_ratio = 2.0 log_opt_values /usr/lib/python3/dist-packages/oslo_config/cfg.py:2602
2025-10-13 00:40:01.520 167001 DEBUG oslo_service.service [req-fa190559-9115-461a-b321-4a3f80acf53c - - - - -] daemon = False log_opt_values /usr/lib/python3/dist-packages/oslo_config/cfg.py:2602
2025-10-13 00:40:01.521 167001 DEBUG oslo_service.service [req-fa190559-9115-461a-b321-4a3f80acf53c - - - - -] debug = True log_opt_values /usr/lib/python3/dist-packages/oslo_config/cfg.py:2602
2025-10-13 00:40:01.521 167001 DEBUG oslo_service.service [req-fa190559-9115-461a-b321-4a3f80acf53c - - - - -] default_access_ip_network_name = None log_opt_values /usr/lib/python3/dist-packages/oslo_config/cfg.py:2602
2025-10-13 00:40:01.521 167001 DEBUG oslo_service.service [req-fa190559-9115-461a-b321-4a3f80acf53c - - - - -] default_availability_zone = nova log_opt_values /usr/lib/python3/dist-packages/oslo_config/cfg.py:2602
2025-10-13 00:40:01.521 167001 DEBUG oslo_service.service [req-fa190559-9115-461a-b321-4a3f80acf53c - - - - -] default_ephemeral_format = None log_opt_values /usr/lib/python3/dist-packages/oslo_config/cfg.py:2602
2025-10-13 00:40:01.522 167001 DEBUG oslo_service.service [req-fa190559-9115-461a-b321-4a3f80acf53c - - - - -] default_log_levels = ['amqp=WARN', 'amqplib=WARN', 'boto=WARN', 'qpid=WARN', 'sqlalchemy=WARN', 'suds=INFO', 'oslo.messaging=INFO', 'oslo_messaging=DEBUG', 'iso8601=WARN', 'requests.packages.urllib3.connectionpool=WARN', 'urllib3.connectionpool=WARN', 'websocket=WARN', 'requests.packages.urllib3.util.retry=WARN', 'urllib3.util.retry=WARN', 'keystonemiddleware=WARN', 'routes.middleware=WARN', 'stevedore=WARN', 'taskflow=WARN', 'keystoneauth=WARN', 'oslo.cache=INFO', 'dogpile.core.dogpile=INFO', 'glanceclient=WARN', 'oslo.privsep.daemon=INFO'] log_opt_values /usr/lib/python3/dist-packages/oslo_config/cfg.py:2602
2025-10-13 00:40:01.522 167001 DEBUG oslo_service.service [req-fa190559-9115-461a-b321-4a3f80acf53c - - - - -] default_schedule_zone = None log_opt_values /usr/lib/python3/dist-packages/oslo_config/cfg.py:2602
2025-10-13 00:40:01.523 167001 DEBUG oslo_service.service [req-fa190559-9115-461a-b321-4a3f80acf53c - - - - -] disk_allocation_ratio = 1.0 log_opt_values /usr/lib/python3/dist-packages/oslo_config/cfg.py:2602
2025-10-13 00:40:01.523 167001 DEBUG oslo_service.service [req-fa190559-9115-461a-b321-4a3f80acf53c - - - - -] enable_new_services = True log_opt_values /usr/lib/python3/dist-packages/oslo_config/cfg.py:2602
2025-10-13 00:40:01.523 167001 DEBUG oslo_service.service [req-fa190559-9115-461a-b321-4a3f80acf53c - - - - -] enabled_apis = ['osapi_compute', 'metadata'] log_opt_values /usr/lib/python3/dist-packages/oslo_config/cfg.py:2602
2025-10-13 00:40:01.524 167001 DEBUG oslo_service.service [req-fa190559-9115-461a-b321-4a3f80acf53c - - - - -] enabled_ssl_apis = [] log_opt_values /usr/lib/python3/dist-packages/oslo_config/cfg.py:2602
2025-10-13 00:40:01.524 167001 DEBUG oslo_service.service [req-fa190559-9115-461a-b321-4a3f80acf53c - - - - -] fatal_deprecations = False log_opt_values /usr/lib/python3/dist-packages/oslo_config/cfg.py:2602
2025-10-13 00:40:01.524 167001 DEBUG oslo_service.service [req-fa190559-9115-461a-b321-4a3f80acf53c - - - - -] flat_injected = False log_opt_values /usr/lib/python3/dist-packages/oslo_config/cfg.py:2602
2025-10-13 00:40:01.524 167001 DEBUG oslo_service.service [req-fa190559-9115-461a-b321-4a3f80acf53c - - - - -] force_config_drive = False log_opt_values /usr/lib/python3/dist-packages/oslo_config/cfg.py:2602
2025-10-13 00:40:01.524 167001 DEBUG oslo_service.service [req-fa190559-9115-461a-b321-4a3f80acf53c - - - - -] force_raw_images = True log_opt_values /usr/lib/python3/dist-packages/oslo_config/cfg.py:2602
2025-10-13 00:40:01.524 167001 DEBUG oslo_service.service [req-fa190559-9115-461a-b321-4a3f80acf53c - - - - -] graceful_shutdown_timeout = 60 log_opt_values /usr/lib/python3/dist-packages/oslo_config/cfg.py:2602
2025-10-13 00:40:01.525 167001 DEBUG oslo_service.service [req-fa190559-9115-461a-b321-4a3f80acf53c - - - - -] heal_instance_info_cache_interval = 60 log_opt_values /usr/lib/python3/dist-packages/oslo_config/cfg.py:2602
2025-10-13 00:40:01.525 167001 DEBUG oslo_service.service [req-fa190559-9115-461a-b321-4a3f80acf53c - - - - -] host = juju-f184ac-0-lxd-7 log_opt_values /usr/lib/python3/dist-packages/oslo_config/cfg.py:2602
2025-10-13 00:40:01.525 167001 DEBUG oslo_service.service [req-fa190559-9115-461a-b321-4a3f80acf53c - - - - -] initial_cpu_allocation_ratio = 16.0 log_opt_values /usr/lib/python3/dist-packages/oslo_config/cfg.py:2602
2025-10-13 00:40:01.526 167001 DEBUG oslo_service.service [req-fa190559-9115-461a-b321-4a3f80acf53c - - - - -] initial_disk_allocation_ratio = 1.0 log_opt_values /usr/lib/python3/dist-packages/oslo_config/cfg.py:2602
2025-10-13 00:40:01.526 167001 DEBUG oslo_service.service [req-fa190559-9115-461a-b321-4a3f80acf53c - - - - -] initial_ram_allocation_ratio = 1.5 log_opt_values /usr/lib/python3/dist-packages/oslo_config/cfg.py:2602
2025-10-13 00:40:01.527 167001 DEBUG oslo_service.service [req-fa190559-9115-461a-b321-4a3f80acf53c - - - - -] injected_network_template = /usr/lib/python3/dist-packages/nova/virt/interfaces.template log_opt_values /usr/lib/python3/dist-packages/oslo_config/cfg.py:2602
2025-10-13 00:40:01.527 167001 DEBUG oslo_service.service [req-fa190559-9115-461a-b321-4a3f80acf53c - - - - -] instance_build_timeout = 0 log_opt_values /usr/lib/python3/dist-packages/oslo_config/cfg.py:2602
2025-10-13 00:40:01.527 167001 DEBUG oslo_service.service [req-fa190559-9115-461a-b321-4a3f80acf53c - - - - -] instance_delete_interval = 300 log_opt_values /usr/lib/python3/dist-packages/oslo_config/cfg.py:2602
2025-10-13 00:40:01.528 167001 DEBUG oslo_service.service [req-fa190559-9115-461a-b321-4a3f80acf53c - - - - -] instance_format = [instance: %(uuid)s] log_opt_values /usr/lib/python3/dist-packages/oslo_config/cfg.py:2602
2025-10-13 00:40:01.528 167001 DEBUG oslo_service.service [req-fa190559-9115-461a-b321-4a3f80acf53c - - - - -] instance_name_template = instance-%08x log_opt_values /usr/lib/python3/dist-packages/oslo_config/cfg.py:2602
2025-10-13 00:40:01.528 167001 DEBUG oslo_service.service [req-fa190559-9115-461a-b321-4a3f80acf53c - - - - -] instance_usage_audit = False log_opt_values /usr/lib/python3/dist-packages/oslo_config/cfg.py:2602
2025-10-13 00:40:01.529 167395 DEBUG nova.service [req-6673ef97-9030-4613-aaf1-37a01ef4713c - - - - -] Creating RPC server for service scheduler start /usr/lib/python3/dist-packages/nova/service.py:182
2025-10-13 00:40:01.529 167001 DEBUG oslo_service.service [req-fa190559-9115-461a-b321-4a3f80acf53c - - - - -] instance_usage_audit_period = month log_opt_values /usr/lib/python3/dist-packages/oslo_config/cfg.py:2602
2025-10-13 00:40:01.529 167001 DEBUG oslo_service.service [req-fa190559-9115-461a-b321-4a3f80acf53c - - - - -] instance_uuid_format = [instance: %(uuid)s] log_opt_values /usr/lib/python3/dist-packages/oslo_config/cfg.py:2602
2025-10-13 00:40:01.529 167001 DEBUG oslo_service.service [req-fa190559-9115-461a-b321-4a3f80acf53c - - - - -] instances_path = /var/lib/nova/instances log_opt_values /usr/lib/python3/dist-packages/oslo_config/cfg.py:2602
2025-10-13 00:40:01.529 167001 DEBUG oslo_service.service [req-fa190559-9115-461a-b321-4a3f80acf53c - - - - -] internal_service_availability_zone = internal log_opt_values /usr/lib/python3/dist-packages/oslo_config/cfg.py:2602
2025-10-13 00:40:01.530 167001 DEBUG oslo_service.service [req-fa190559-9115-461a-b321-4a3f80acf53c - - - - -] key = None log_opt_values /usr/lib/python3/dist-packages/oslo_config/cfg.py:2602
2025-10-13 00:40:01.530 167001 DEBUG oslo_service.service [req-fa190559-9115-461a-b321-4a3f80acf53c - - - - -] live_migration_retry_count = 30 log_opt_values /usr/lib/python3/dist-packages/oslo_config/cfg.py:2602
2025-10-13 00:40:01.530 167001 DEBUG oslo_service.service [req-fa190559-9115-461a-b321-4a3f80acf53c - - - - -] log_config_append = None log_opt_values /usr/lib/python3/dist-packages/oslo_config/cfg.py:2602
2025-10-13 00:40:01.530 167001 DEBUG oslo_service.service [req-fa190559-9115-461a-b321-4a3f80acf53c - - - - -] log_date_format = %Y-%m-%d %H:%M:%S log_opt_values /usr/lib/python3/dist-packages/oslo_config/cfg.py:2602
2025-10-13 00:40:01.530 167001 DEBUG oslo_service.service [req-fa190559-9115-461a-b321-4a3f80acf53c - - - - -] log_dir = /var/log/nova log_opt_values /usr/lib/python3/dist-packages/oslo_config/cfg.py:2602
2025-10-13 00:40:01.530 167394 DEBUG nova.service [req-26760163-de65-47c2-87ba-c26e106f85f3 - - - - -] Creating RPC server for service scheduler start /usr/lib/python3/dist-packages/nova/service.py:182
2025-10-13 00:40:01.531 167001 DEBUG oslo_service.service [req-fa190559-9115-461a-b321-4a3f80acf53c - - - - -] log_file = /var/log/nova/nova-scheduler.log log_opt_values /usr/lib/python3/dist-packages/oslo_config/cfg.py:2602
2025-10-13 00:40:01.531 167001 DEBUG oslo_service.service [req-fa190559-9115-461a-b321-4a3f80acf53c - - - - -] log_options = True log_opt_values /usr/lib/python3/dist-packages/oslo_config/cfg.py:2602
2025-10-13 00:40:01.531 167001 DEBUG oslo_service.service [req-fa190559-9115-461a-b321-4a3f80acf53c - - - - -] log_rotate_interval = 1 log_opt_values /usr/lib/python3/dist-packages/oslo_config/cfg.py:2602
2025-10-13 00:40:01.531 167001 DEBUG oslo_service.service [req-fa190559-9115-461a-b321-4a3f80acf53c - - - - -] log_rotate_interval_type = days log_opt_values /usr/lib/python3/dist-packages/oslo_config/cfg.py:2602
2025-10-13 00:40:01.531 167001 DEBUG oslo_service.service [req-fa190559-9115-461a-b321-4a3f80acf53c - - - - -] log_rotation_type = none log_opt_values /usr/lib/python3/dist-packages/oslo_config/cfg.py:2602
2025-10-13 00:40:01.531 167001 DEBUG oslo_service.service [req-fa190559-9115-461a-b321-4a3f80acf53c - - - - -] logging_context_format_string = %(asctime)s.%(msecs)03d %(process)d %(levelname)s %(name)s [%(request_id)s %(user_identity)s] %(instance)s%(message)s log_opt_values /usr/lib/python3/dist-packages/oslo_config/cfg.py:2602
2025-10-13 00:40:01.531 167001 DEBUG oslo_service.service [req-fa190559-9115-461a-b321-4a3f80acf53c - - - - -] logging_debug_format_suffix = %(funcName)s %(pathname)s:%(lineno)d log_opt_values /usr/lib/python3/dist-packages/oslo_config/cfg.py:2602
2025-10-13 00:40:01.532 167001 DEBUG oslo_service.service [req-fa190559-9115-461a-b321-4a3f80acf53c - - - - -] logging_default_format_string = %(asctime)s.%(msecs)03d %(process)d %(levelname)s %(name)s [-] %(instance)s%(message)s log_opt_values /usr/lib/python3/dist-packages/oslo_config/cfg.py:2602
2025-10-13 00:40:01.532 167001 DEBUG oslo_service.service [req-fa190559-9115-461a-b321-4a3f80acf53c - - - - -] logging_exception_prefix = %(asctime)s.%(msecs)03d %(process)d ERROR %(name)s %(instance)s log_opt_values /usr/lib/python3/dist-packages/oslo_config/cfg.py:2602
2025-10-13 00:40:01.532 167001 DEBUG oslo_service.service [req-fa190559-9115-461a-b321-4a3f80acf53c - - - - -] logging_user_identity_format = %(user)s %(project)s %(domain)s %(user_domain)s %(project_domain)s log_opt_values /usr/lib/python3/dist-packages/oslo_config/cfg.py:2602
2025-10-13 00:40:01.532 167001 DEBUG oslo_service.service [req-fa190559-9115-461a-b321-4a3f80acf53c - - - - -] long_rpc_timeout = 1800 log_opt_values /usr/lib/python3/dist-packages/oslo_config/cfg.py:2602
2025-10-13 00:40:01.532 167001 DEBUG oslo_service.service [req-fa190559-9115-461a-b321-4a3f80acf53c - - - - -] max_concurrent_builds = 10 log_opt_values /usr/lib/python3/dist-packages/oslo_config/cfg.py:2602
2025-10-13 00:40:01.532 167001 DEBUG oslo_service.service [req-fa190559-9115-461a-b321-4a3f80acf53c - - - - -] max_concurrent_live_migrations = 1 log_opt_values /usr/lib/python3/dist-packages/oslo_config/cfg.py:2602
2025-10-13 00:40:01.533 167001 DEBUG oslo_service.service [req-fa190559-9115-461a-b321-4a3f80acf53c - - - - -] max_concurrent_snapshots = 5 log_opt_values /usr/lib/python3/dist-packages/oslo_config/cfg.py:2602
2025-10-13 00:40:01.533 167001 DEBUG oslo_service.service [req-fa190559-9115-461a-b321-4a3f80acf53c - - - - -] max_local_block_devices = 3 log_opt_values /usr/lib/python3/dist-packages/oslo_config/cfg.py:2602
2025-10-13 00:40:01.533 167001 DEBUG oslo_service.service [req-fa190559-9115-461a-b321-4a3f80acf53c - - - - -] max_logfile_count = 30 log_opt_values /usr/lib/python3/dist-packages/oslo_config/cfg.py:2602
2025-10-13 00:40:01.534 167001 DEBUG oslo_service.service [req-fa190559-9115-461a-b321-4a3f80acf53c - - - - -] max_logfile_size_mb = 200 log_opt_values /usr/lib/python3/dist-packages/oslo_config/cfg.py:2602
2025-10-13 00:40:01.534 167001 DEBUG oslo_service.service [req-fa190559-9115-461a-b321-4a3f80acf53c - - - - -] maximum_instance_delete_attempts = 5 log_opt_values /usr/lib/python3/dist-packages/oslo_config/cfg.py:2602
2025-10-13 00:40:01.534 167001 DEBUG oslo_service.service [req-fa190559-9115-461a-b321-4a3f80acf53c - - - - -] metadata_listen = 0.0.0.0 log_opt_values /usr/lib/python3/dist-packages/oslo_config/cfg.py:2602
2025-10-13 00:40:01.534 167001 DEBUG oslo_service.service [req-fa190559-9115-461a-b321-4a3f80acf53c - - - - -] metadata_listen_port = 8765 log_opt_values /usr/lib/python3/dist-packages/oslo_config/cfg.py:2602
2025-10-13 00:40:01.534 167001 DEBUG oslo_service.service [req-fa190559-9115-461a-b321-4a3f80acf53c - - - - -] metadata_workers = None log_opt_values /usr/lib/python3/dist-packages/oslo_config/cfg.py:2602
2025-10-13 00:40:01.535 167001 DEBUG oslo_service.service [req-fa190559-9115-461a-b321-4a3f80acf53c - - - - -] migrate_max_retries = -1 log_opt_values /usr/lib/python3/dist-packages/oslo_config/cfg.py:2602
2025-10-13 00:40:01.535 167001 DEBUG oslo_service.service [req-fa190559-9115-461a-b321-4a3f80acf53c - - - - -] mkisofs_cmd = genisoimage log_opt_values /usr/lib/python3/dist-packages/oslo_config/cfg.py:2602
2025-10-13 00:40:01.535 167001 DEBUG oslo_service.service [req-fa190559-9115-461a-b321-4a3f80acf53c - - - - -] my_block_storage_ip = 252.129.40.94 log_opt_values /usr/lib/python3/dist-packages/oslo_config/cfg.py:2602
2025-10-13 00:40:01.535 167001 DEBUG oslo_service.service [req-fa190559-9115-461a-b321-4a3f80acf53c - - - - -] my_ip = 252.129.40.94 log_opt_values /usr/lib/python3/dist-packages/oslo_config/cfg.py:2602
2025-10-13 00:40:01.536 167001 DEBUG oslo_service.service [req-fa190559-9115-461a-b321-4a3f80acf53c - - - - -] network_allocate_retries = 0 log_opt_values /usr/lib/python3/dist-packages/oslo_config/cfg.py:2602
2025-10-13 00:40:01.536 167001 DEBUG oslo_service.service [req-fa190559-9115-461a-b321-4a3f80acf53c - - - - -] non_inheritable_image_properties = ['cache_in_nova', 'bittorrent'] log_opt_values /usr/lib/python3/dist-packages/oslo_config/cfg.py:2602
2025-10-13 00:40:01.536 167001 DEBUG oslo_service.service [req-fa190559-9115-461a-b321-4a3f80acf53c - - - - -] osapi_compute_listen = 0.0.0.0 log_opt_values /usr/lib/python3/dist-packages/oslo_config/cfg.py:2602
2025-10-13 00:40:01.536 167396 DEBUG nova.service [req-49f9e5cb-8392-4a76-a789-dbd76290487f - - - - -] Creating RPC server for service scheduler start /usr/lib/python3/dist-packages/nova/service.py:182
2025-10-13 00:40:01.536 167001 DEBUG oslo_service.service [req-fa190559-9115-461a-b321-4a3f80acf53c - - - - -] osapi_compute_listen_port = 8764 log_opt_values /usr/lib/python3/dist-packages/oslo_config/cfg.py:2602
2025-10-13 00:40:01.536 167001 DEBUG oslo_service.service [req-fa190559-9115-461a-b321-4a3f80acf53c - - - - -] osapi_compute_unique_server_name_scope = log_opt_values /usr/lib/python3/dist-packages/oslo_config/cfg.py:2602
2025-10-13 00:40:01.536 167001 DEBUG oslo_service.service [req-fa190559-9115-461a-b321-4a3f80acf53c - - - - -] osapi_compute_workers = 4 log_opt_values /usr/lib/python3/dist-packages/oslo_config/cfg.py:2602
2025-10-13 00:40:01.537 167001 DEBUG oslo_service.service [req-fa190559-9115-461a-b321-4a3f80acf53c - - - - -] password_length = 12 log_opt_values /usr/lib/python3/dist-packages/oslo_config/cfg.py:2602
2025-10-13 00:40:01.537 167001 DEBUG oslo_service.service [req-fa190559-9115-461a-b321-4a3f80acf53c - - - - -] periodic_enable = True log_opt_values /usr/lib/python3/dist-packages/oslo_config/cfg.py:2602
2025-10-13 00:40:01.537 167001 DEBUG oslo_service.service [req-fa190559-9115-461a-b321-4a3f80acf53c - - - - -] periodic_fuzzy_delay = 60 log_opt_values /usr/lib/python3/dist-packages/oslo_config/cfg.py:2602
2025-10-13 00:40:01.537 167001 DEBUG oslo_service.service [req-fa190559-9115-461a-b321-4a3f80acf53c - - - - -] pointer_model = usbtablet log_opt_values /usr/lib/python3/dist-packages/oslo_config/cfg.py:2602
2025-10-13 00:40:01.537 167001 DEBUG oslo_service.service [req-fa190559-9115-461a-b321-4a3f80acf53c - - - - -] preallocate_images = none log_opt_values /usr/lib/python3/dist-packages/oslo_config/cfg.py:2602
2025-10-13 00:40:01.537 167001 DEBUG oslo_service.service [req-fa190559-9115-461a-b321-4a3f80acf53c - - - - -] publish_errors = False log_opt_values /usr/lib/python3/dist-packages/oslo_config/cfg.py:2602
2025-10-13 00:40:01.537 167001 DEBUG oslo_service.service [req-fa190559-9115-461a-b321-4a3f80acf53c - - - - -] pybasedir = /usr/lib/python3/dist-packages log_opt_values /usr/lib/python3/dist-packages/oslo_config/cfg.py:2602
2025-10-13 00:40:01.538 167001 DEBUG oslo_service.service [req-fa190559-9115-461a-b321-4a3f80acf53c - - - - -] ram_allocation_ratio = 0.98 log_opt_values /usr/lib/python3/dist-packages/oslo_config/cfg.py:2602
2025-10-13 00:40:01.538 167001 DEBUG oslo_service.service [req-fa190559-9115-461a-b321-4a3f80acf53c - - - - -] rate_limit_burst = 0 log_opt_values /usr/lib/python3/dist-packages/oslo_config/cfg.py:2602
2025-10-13 00:40:01.538 167001 DEBUG oslo_service.service [req-fa190559-9115-461a-b321-4a3f80acf53c - - - - -] rate_limit_except_level = CRITICAL log_opt_values /usr/lib/python3/dist-packages/oslo_config/cfg.py:2602
2025-10-13 00:40:01.538 167001 DEBUG oslo_service.service [req-fa190559-9115-461a-b321-4a3f80acf53c - - - - -] rate_limit_interval = 0 log_opt_values /usr/lib/python3/dist-packages/oslo_config/cfg.py:2602
2025-10-13 00:40:01.538 167001 DEBUG oslo_service.service [req-fa190559-9115-461a-b321-4a3f80acf53c - - - - -] reboot_timeout = 0 log_opt_values /usr/lib/python3/dist-packages/oslo_config/cfg.py:2602
2025-10-13 00:40:01.539 167001 DEBUG oslo_service.service [req-fa190559-9115-461a-b321-4a3f80acf53c - - - - -] reclaim_instance_interval = 0 log_opt_values /usr/lib/python3/dist-packages/oslo_config/cfg.py:2602
2025-10-13 00:40:01.539 167001 DEBUG oslo_service.service [req-fa190559-9115-461a-b321-4a3f80acf53c - - - - -] record = None log_opt_values /usr/lib/python3/dist-packages/oslo_config/cfg.py:2602
2025-10-13 00:40:01.539 167001 DEBUG oslo_service.service [req-fa190559-9115-461a-b321-4a3f80acf53c - - - - -] report_interval = 10 log_opt_values /usr/lib/python3/dist-packages/oslo_config/cfg.py:2602
2025-10-13 00:40:01.539 167001 DEBUG oslo_service.service [req-fa190559-9115-461a-b321-4a3f80acf53c - - - - -] rescue_timeout = 0 log_opt_values /usr/lib/python3/dist-packages/oslo_config/cfg.py:2602
2025-10-13 00:40:01.539 167001 DEBUG oslo_service.service [req-fa190559-9115-461a-b321-4a3f80acf53c - - - - -] reserved_host_cpus = 0 log_opt_values /usr/lib/python3/dist-packages/oslo_config/cfg.py:2602
2025-10-13 00:40:01.539 167001 DEBUG oslo_service.service [req-fa190559-9115-461a-b321-4a3f80acf53c - - - - -] reserved_host_disk_mb = 0 log_opt_values /usr/lib/python3/dist-packages/oslo_config/cfg.py:2602
2025-10-13 00:40:01.539 167001 DEBUG oslo_service.service [req-fa190559-9115-461a-b321-4a3f80acf53c - - - - -] reserved_host_memory_mb = 512 log_opt_values /usr/lib/python3/dist-packages/oslo_config/cfg.py:2602
2025-10-13 00:40:01.540 167001 DEBUG oslo_service.service [req-fa190559-9115-461a-b321-4a3f80acf53c - - - - -] reserved_huge_pages = None log_opt_values /usr/lib/python3/dist-packages/oslo_config/cfg.py:2602
2025-10-13 00:40:01.540 167001 DEBUG oslo_service.service [req-fa190559-9115-461a-b321-4a3f80acf53c - - - - -] resize_confirm_window = 0 log_opt_values /usr/lib/python3/dist-packages/oslo_config/cfg.py:2602
2025-10-13 00:40:01.540 167001 DEBUG oslo_service.service [req-fa190559-9115-461a-b321-4a3f80acf53c - - - - -] resize_fs_using_block_device = False log_opt_values /usr/lib/python3/dist-packages/oslo_config/cfg.py:2602
2025-10-13 00:40:01.540 167001 DEBUG oslo_service.service [req-fa190559-9115-461a-b321-4a3f80acf53c - - - - -] resume_guests_state_on_host_boot = False log_opt_values /usr/lib/python3/dist-packages/oslo_config/cfg.py:2602
2025-10-13 00:40:01.540 167001 DEBUG oslo_service.service [req-fa190559-9115-461a-b321-4a3f80acf53c - - - - -] rootwrap_config = /etc/nova/rootwrap.conf log_opt_values /usr/lib/python3/dist-packages/oslo_config/cfg.py:2602
2025-10-13 00:40:01.540 167001 DEBUG oslo_service.service [req-fa190559-9115-461a-b321-4a3f80acf53c - - - - -] run_external_periodic_tasks = True log_opt_values /usr/lib/python3/dist-packages/oslo_config/cfg.py:2602
2025-10-13 00:40:01.541 167001 DEBUG oslo_service.service [req-fa190559-9115-461a-b321-4a3f80acf53c - - - - -] running_deleted_instance_action = reap log_opt_values /usr/lib/python3/dist-packages/oslo_config/cfg.py:2602
2025-10-13 00:40:01.541 167001 DEBUG oslo_service.service [req-fa190559-9115-461a-b321-4a3f80acf53c - - - - -] running_deleted_instance_poll_interval = 1800 log_opt_values /usr/lib/python3/dist-packages/oslo_config/cfg.py:2602
2025-10-13 00:40:01.541 167001 DEBUG oslo_service.service [req-fa190559-9115-461a-b321-4a3f80acf53c - - - - -] running_deleted_instance_timeout = 0 log_opt_values /usr/lib/python3/dist-packages/oslo_config/cfg.py:2602
2025-10-13 00:40:01.541 167001 DEBUG oslo_service.service [req-fa190559-9115-461a-b321-4a3f80acf53c - - - - -] scheduler_instance_sync_interval = 120 log_opt_values /usr/lib/python3/dist-packages/oslo_config/cfg.py:2602
2025-10-13 00:40:01.541 167001 DEBUG oslo_service.service [req-fa190559-9115-461a-b321-4a3f80acf53c - - - - -] service_down_time = 60 log_opt_values /usr/lib/python3/dist-packages/oslo_config/cfg.py:2602
2025-10-13 00:40:01.542 167001 DEBUG oslo_service.service [req-fa190559-9115-461a-b321-4a3f80acf53c - - - - -] servicegroup_driver = db log_opt_values /usr/lib/python3/dist-packages/oslo_config/cfg.py:2602
2025-10-13 00:40:01.542 167001 DEBUG oslo_service.service [req-fa190559-9115-461a-b321-4a3f80acf53c - - - - -] shelved_offload_time = 0 log_opt_values /usr/lib/python3/dist-packages/oslo_config/cfg.py:2602
2025-10-13 00:40:01.542 167001 DEBUG oslo_service.service [req-fa190559-9115-461a-b321-4a3f80acf53c - - - - -] shelved_poll_interval = 3600 log_opt_values /usr/lib/python3/dist-packages/oslo_config/cfg.py:2602
2025-10-13 00:40:01.542 167001 DEBUG oslo_service.service [req-fa190559-9115-461a-b321-4a3f80acf53c - - - - -] shutdown_timeout = 60 log_opt_values /usr/lib/python3/dist-packages/oslo_config/cfg.py:2602
2025-10-13 00:40:01.542 167001 DEBUG oslo_service.service [req-fa190559-9115-461a-b321-4a3f80acf53c - - - - -] source_is_ipv6 = False log_opt_values /usr/lib/python3/dist-packages/oslo_config/cfg.py:2602
2025-10-13 00:40:01.542 167001 DEBUG oslo_service.service [req-fa190559-9115-461a-b321-4a3f80acf53c - - - - -] ssl_only = False log_opt_values /usr/lib/python3/dist-packages/oslo_config/cfg.py:2602
2025-10-13 00:40:01.543 167001 DEBUG oslo_service.service [req-fa190559-9115-461a-b321-4a3f80acf53c - - - - -] state_path = /var/lib/nova log_opt_values /usr/lib/python3/dist-packages/oslo_config/cfg.py:2602
2025-10-13 00:40:01.543 167001 DEBUG oslo_service.service [req-fa190559-9115-461a-b321-4a3f80acf53c - - - - -] sync_power_state_interval = 600 log_opt_values /usr/lib/python3/dist-packages/oslo_config/cfg.py:2602
2025-10-13 00:40:01.543 167001 DEBUG oslo_service.service [req-fa190559-9115-461a-b321-4a3f80acf53c - - - - -] sync_power_state_pool_size = 1000 log_opt_values /usr/lib/python3/dist-packages/oslo_config/cfg.py:2602
2025-10-13 00:40:01.543 167001 DEBUG oslo_service.service [req-fa190559-9115-461a-b321-4a3f80acf53c - - - - -] syslog_log_facility = LOG_USER log_opt_values /usr/lib/python3/dist-packages/oslo_config/cfg.py:2602
2025-10-13 00:40:01.543 167001 DEBUG oslo_service.service [req-fa190559-9115-461a-b321-4a3f80acf53c - - - - -] tempdir = None log_opt_values /usr/lib/python3/dist-packages/oslo_config/cfg.py:2602
2025-10-13 00:40:01.543 167001 DEBUG oslo_service.service [req-fa190559-9115-461a-b321-4a3f80acf53c - - - - -] timeout_nbd = 10 log_opt_values /usr/lib/python3/dist-packages/oslo_config/cfg.py:2602
2025-10-13 00:40:01.544 167001 DEBUG oslo_service.service [req-fa190559-9115-461a-b321-4a3f80acf53c - - - - -] transport_url = **** log_opt_values /usr/lib/python3/dist-packages/oslo_config/cfg.py:2602
2025-10-13 00:40:01.544 167001 DEBUG oslo_service.service [req-fa190559-9115-461a-b321-4a3f80acf53c - - - - -] update_resources_interval = 0 log_opt_values /usr/lib/python3/dist-packages/oslo_config/cfg.py:2602
2025-10-13 00:40:01.544 167001 DEBUG oslo_service.service [req-fa190559-9115-461a-b321-4a3f80acf53c - - - - -] use_cow_images = True log_opt_values /usr/lib/python3/dist-packages/oslo_config/cfg.py:2602
2025-10-13 00:40:01.544 167001 DEBUG oslo_service.service [req-fa190559-9115-461a-b321-4a3f80acf53c - - - - -] use_eventlog = False log_opt_values /usr/lib/python3/dist-packages/oslo_config/cfg.py:2602
2025-10-13 00:40:01.544 167001 DEBUG oslo_service.service [req-fa190559-9115-461a-b321-4a3f80acf53c - - - - -] use_journal = False log_opt_values /usr/lib/python3/dist-packages/oslo_config/cfg.py:2602
2025-10-13 00:40:01.544 167001 DEBUG oslo_service.service [req-fa190559-9115-461a-b321-4a3f80acf53c - - - - -] use_json = False log_opt_values /usr/lib/python3/dist-packages/oslo_config/cfg.py:2602
2025-10-13 00:40:01.545 167001 DEBUG oslo_service.service [req-fa190559-9115-461a-b321-4a3f80acf53c - - - - -] use_rootwrap_daemon = False log_opt_values /usr/lib/python3/dist-packages/oslo_config/cfg.py:2602
2025-10-13 00:40:01.545 167001 DEBUG oslo_service.service [req-fa190559-9115-461a-b321-4a3f80acf53c - - - - -] use_stderr = False log_opt_values /usr/lib/python3/dist-packages/oslo_config/cfg.py:2602
2025-10-13 00:40:01.545 167001 DEBUG oslo_service.service [req-fa190559-9115-461a-b321-4a3f80acf53c - - - - -] use_syslog = False log_opt_values /usr/lib/python3/dist-packages/oslo_config/cfg.py:2602
2025-10-13 00:40:01.546 167001 DEBUG oslo_service.service [req-fa190559-9115-461a-b321-4a3f80acf53c - - - - -] vcpu_pin_set = None log_opt_values /usr/lib/python3/dist-packages/oslo_config/cfg.py:2602
2025-10-13 00:40:01.546 167001 DEBUG oslo_service.service [req-fa190559-9115-461a-b321-4a3f80acf53c - - - - -] vif_plugging_is_fatal = True log_opt_values /usr/lib/python3/dist-packages/oslo_config/cfg.py:2602
2025-10-13 00:40:01.546 167001 DEBUG oslo_service.service [req-fa190559-9115-461a-b321-4a3f80acf53c - - - - -] vif_plugging_timeout = 300 log_opt_values /usr/lib/python3/dist-packages/oslo_config/cfg.py:2602
2025-10-13 00:40:01.546 167001 DEBUG oslo_service.service [req-fa190559-9115-461a-b321-4a3f80acf53c - - - - -] virt_mkfs = [] log_opt_values /usr/lib/python3/dist-packages/oslo_config/cfg.py:2602
2025-10-13 00:40:01.547 167001 DEBUG oslo_service.service [req-fa190559-9115-461a-b321-4a3f80acf53c - - - - -] volume_usage_poll_interval = 0 log_opt_values /usr/lib/python3/dist-packages/oslo_config/cfg.py:2602
2025-10-13 00:40:01.547 167001 DEBUG oslo_service.service [req-fa190559-9115-461a-b321-4a3f80acf53c - - - - -] watch_log_file = False log_opt_values /usr/lib/python3/dist-packages/oslo_config/cfg.py:2602
2025-10-13 00:40:01.547 167001 DEBUG oslo_service.service [req-fa190559-9115-461a-b321-4a3f80acf53c - - - - -] web = /usr/share/spice-html5 log_opt_values /usr/lib/python3/dist-packages/oslo_config/cfg.py:2602
2025-10-13 00:40:01.548 167001 DEBUG oslo_service.service [req-fa190559-9115-461a-b321-4a3f80acf53c - - - - -] oslo_concurrency.disable_process_locking = False log_opt_values /usr/lib/python3/dist-packages/oslo_config/cfg.py:2609
2025-10-13 00:40:01.548 167001 DEBUG oslo_service.service [req-fa190559-9115-461a-b321-4a3f80acf53c - - - - -] oslo_concurrency.lock_path = /var/lock/nova log_opt_values /usr/lib/python3/dist-packages/oslo_config/cfg.py:2609
2025-10-13 00:40:01.548 167001 WARNING oslo_config.cfg [req-fa190559-9115-461a-b321-4a3f80acf53c - - - - -] Deprecated: Option "auth_strategy" from group "api" is deprecated for removal ( The only non-default choice, ``noauth2``, is for internal development and testing purposes only and should not be used in deployments. This option and its middleware, NoAuthMiddleware[V2_18], will be removed in a future release. ). Its value may be silently ignored in the future.
2025-10-13 00:40:01.549 167001 DEBUG oslo_service.service [req-fa190559-9115-461a-b321-4a3f80acf53c - - - - -] api.auth_strategy = keystone log_opt_values /usr/lib/python3/dist-packages/oslo_config/cfg.py:2609
2025-10-13 00:40:01.549 167001 DEBUG oslo_service.service [req-fa190559-9115-461a-b321-4a3f80acf53c - - - - -] api.compute_link_prefix = None log_opt_values /usr/lib/python3/dist-packages/oslo_config/cfg.py:2609
2025-10-13 00:40:01.549 167001 DEBUG oslo_service.service [req-fa190559-9115-461a-b321-4a3f80acf53c - - - - -] api.config_drive_skip_versions = 1.0 2007-01-19 2007-03-01 2007-08-29 2007-10-10 2007-12-15 2008-02-01 2008-09-01 log_opt_values /usr/lib/python3/dist-packages/oslo_config/cfg.py:2609
2025-10-13 00:40:01.550 167001 DEBUG oslo_service.service [req-fa190559-9115-461a-b321-4a3f80acf53c - - - - -] api.dhcp_domain = novalocal log_opt_values /usr/lib/python3/dist-packages/oslo_config/cfg.py:2609
2025-10-13 00:40:01.550 167001 DEBUG oslo_service.service [req-fa190559-9115-461a-b321-4a3f80acf53c - - - - -] api.enable_instance_password = True log_opt_values /usr/lib/python3/dist-packages/oslo_config/cfg.py:2609
2025-10-13 00:40:01.551 167001 DEBUG oslo_service.service [req-fa190559-9115-461a-b321-4a3f80acf53c - - - - -] api.glance_link_prefix = None log_opt_values /usr/lib/python3/dist-packages/oslo_config/cfg.py:2609
2025-10-13 00:40:01.551 167001 DEBUG oslo_service.service [req-fa190559-9115-461a-b321-4a3f80acf53c - - - - -] api.instance_list_cells_batch_fixed_size = 100 log_opt_values /usr/lib/python3/dist-packages/oslo_config/cfg.py:2609
2025-10-13 00:40:01.551 167001 DEBUG oslo_service.service [req-fa190559-9115-461a-b321-4a3f80acf53c - - - - -] api.instance_list_cells_batch_strategy = distributed log_opt_values /usr/lib/python3/dist-packages/oslo_config/cfg.py:2609
2025-10-13 00:40:01.552 167001 DEBUG oslo_service.service [req-fa190559-9115-461a-b321-4a3f80acf53c - - - - -] api.instance_list_per_project_cells = False log_opt_values /usr/lib/python3/dist-packages/oslo_config/cfg.py:2609
2025-10-13 00:40:01.552 167001 DEBUG oslo_service.service [req-fa190559-9115-461a-b321-4a3f80acf53c - - - - -] api.list_records_by_skipping_down_cells = True log_opt_values /usr/lib/python3/dist-packages/oslo_config/cfg.py:2609
2025-10-13 00:40:01.552 167001 DEBUG oslo_service.service [req-fa190559-9115-461a-b321-4a3f80acf53c - - - - -] api.local_metadata_per_cell = False log_opt_values /usr/lib/python3/dist-packages/oslo_config/cfg.py:2609
2025-10-13 00:40:01.553 167001 DEBUG oslo_service.service [req-fa190559-9115-461a-b321-4a3f80acf53c - - - - -] api.max_limit = 1000 log_opt_values /usr/lib/python3/dist-packages/oslo_config/cfg.py:2609
2025-10-13 00:40:01.553 167001 DEBUG oslo_service.service [req-fa190559-9115-461a-b321-4a3f80acf53c - - - - -] api.metadata_cache_expiration = 15 log_opt_values /usr/lib/python3/dist-packages/oslo_config/cfg.py:2609
2025-10-13 00:40:01.554 167001 DEBUG oslo_service.service [req-fa190559-9115-461a-b321-4a3f80acf53c - - - - -] api.neutron_default_tenant_id = default log_opt_values /usr/lib/python3/dist-packages/oslo_config/cfg.py:2609
2025-10-13 00:40:01.554 167001 DEBUG oslo_service.service [req-fa190559-9115-461a-b321-4a3f80acf53c - - - - -] api.use_forwarded_for = False log_opt_values /usr/lib/python3/dist-packages/oslo_config/cfg.py:2609
2025-10-13 00:40:01.554 167001 DEBUG oslo_service.service [req-fa190559-9115-461a-b321-4a3f80acf53c - - - - -] api.use_neutron_default_nets = False log_opt_values /usr/lib/python3/dist-packages/oslo_config/cfg.py:2609
2025-10-13 00:40:01.554 167001 DEBUG oslo_service.service [req-fa190559-9115-461a-b321-4a3f80acf53c - - - - -] api.vendordata_dynamic_connect_timeout = 5 log_opt_values /usr/lib/python3/dist-packages/oslo_config/cfg.py:2609
2025-10-13 00:40:01.554 167001 DEBUG oslo_service.service [req-fa190559-9115-461a-b321-4a3f80acf53c - - - - -] api.vendordata_dynamic_failure_fatal = False log_opt_values /usr/lib/python3/dist-packages/oslo_config/cfg.py:2609
2025-10-13 00:40:01.554 167397 DEBUG oslo_db.sqlalchemy.engines [req-7d26e2ae-bb81-4bfa-9a1d-ba5ea98f6f75 - - - - -] MySQL server mode set to STRICT_TRANS_TABLES,STRICT_ALL_TABLES,NO_ZERO_IN_DATE,NO_ZERO_DATE,ERROR_FOR_DIVISION_BY_ZERO,TRADITIONAL,NO_ENGINE_SUBSTITUTION _check_effective_sql_mode /usr/lib/python3/dist-packages/oslo_db/sqlalchemy/engines.py:314
2025-10-13 00:40:01.555 167001 DEBUG oslo_service.service [req-fa190559-9115-461a-b321-4a3f80acf53c - - - - -] api.vendordata_dynamic_read_timeout = 5 log_opt_values /usr/lib/python3/dist-packages/oslo_config/cfg.py:2609
2025-10-13 00:40:01.555 167001 DEBUG oslo_service.service [req-fa190559-9115-461a-b321-4a3f80acf53c - - - - -] api.vendordata_dynamic_ssl_certfile = log_opt_values /usr/lib/python3/dist-packages/oslo_config/cfg.py:2609
2025-10-13 00:40:01.555 167001 DEBUG oslo_service.service [req-fa190559-9115-461a-b321-4a3f80acf53c - - - - -] api.vendordata_dynamic_targets = [] log_opt_values /usr/lib/python3/dist-packages/oslo_config/cfg.py:2609
2025-10-13 00:40:01.555 167001 DEBUG oslo_service.service [req-fa190559-9115-461a-b321-4a3f80acf53c - - - - -] api.vendordata_jsonfile_path = None log_opt_values /usr/lib/python3/dist-packages/oslo_config/cfg.py:2609
2025-10-13 00:40:01.556 167001 DEBUG oslo_service.service [req-fa190559-9115-461a-b321-4a3f80acf53c - - - - -] api.vendordata_providers = ['StaticJSON'] log_opt_values /usr/lib/python3/dist-packages/oslo_config/cfg.py:2609
2025-10-13 00:40:01.556 167001 DEBUG oslo_service.service [req-fa190559-9115-461a-b321-4a3f80acf53c - - - - -] cache.backend = dogpile.cache.null log_opt_values /usr/lib/python3/dist-packages/oslo_config/cfg.py:2609
2025-10-13 00:40:01.556 167001 DEBUG oslo_service.service [req-fa190559-9115-461a-b321-4a3f80acf53c - - - - -] cache.backend_argument = **** log_opt_values /usr/lib/python3/dist-packages/oslo_config/cfg.py:2609
2025-10-13 00:40:01.556 167001 DEBUG oslo_service.service [req-fa190559-9115-461a-b321-4a3f80acf53c - - - - -] cache.config_prefix = cache.oslo log_opt_values /usr/lib/python3/dist-packages/oslo_config/cfg.py:2609
2025-10-13 00:40:01.557 167001 DEBUG oslo_service.service [req-fa190559-9115-461a-b321-4a3f80acf53c - - - - -] cache.debug_cache_backend = False log_opt_values /usr/lib/python3/dist-packages/oslo_config/cfg.py:2609
2025-10-13 00:40:01.557 167001 DEBUG oslo_service.service [req-fa190559-9115-461a-b321-4a3f80acf53c - - - - -] cache.enabled = False log_opt_values /usr/lib/python3/dist-packages/oslo_config/cfg.py:2609
2025-10-13 00:40:01.557 167001 DEBUG oslo_service.service [req-fa190559-9115-461a-b321-4a3f80acf53c - - - - -] cache.expiration_time = 600 log_opt_values /usr/lib/python3/dist-packages/oslo_config/cfg.py:2609
2025-10-13 00:40:01.557 167001 DEBUG oslo_service.service [req-fa190559-9115-461a-b321-4a3f80acf53c - - - - -] cache.memcache_dead_retry = 300 log_opt_values /usr/lib/python3/dist-packages/oslo_config/cfg.py:2609
2025-10-13 00:40:01.557 167001 DEBUG oslo_service.service [req-fa190559-9115-461a-b321-4a3f80acf53c - - - - -] cache.memcache_pool_connection_get_timeout = 10 log_opt_values /usr/lib/python3/dist-packages/oslo_config/cfg.py:2609
2025-10-13 00:40:01.560 167394 DEBUG oslo_messaging._drivers.amqpdriver [-] Listener is running poll /usr/lib/python3/dist-packages/oslo_messaging/_drivers/amqpdriver.py:343
2025-10-13 00:40:01.560 167394 DEBUG oslo_messaging._drivers.amqpdriver [-] AMQPListener connection consume poll /usr/lib/python3/dist-packages/oslo_messaging/_drivers/amqpdriver.py:357
2025-10-13 00:40:01.560 167396 DEBUG oslo_messaging._drivers.amqpdriver [-] Listener is running poll /usr/lib/python3/dist-packages/oslo_messaging/_drivers/amqpdriver.py:343
2025-10-13 00:40:01.561 167394 DEBUG nova.service [req-26760163-de65-47c2-87ba-c26e106f85f3 - - - - -] Join ServiceGroup membership for this service scheduler start /usr/lib/python3/dist-packages/nova/service.py:199
2025-10-13 00:40:01.561 167396 DEBUG oslo_messaging._drivers.amqpdriver [-] AMQPListener connection consume poll /usr/lib/python3/dist-packages/oslo_messaging/_drivers/amqpdriver.py:357
2025-10-13 00:40:01.558 167001 DEBUG oslo_service.service [req-fa190559-9115-461a-b321-4a3f80acf53c - - - - -] cache.memcache_pool_flush_on_reconnect = False log_opt_values /usr/lib/python3/dist-packages/oslo_config/cfg.py:2609
2025-10-13 00:40:01.561 167394 DEBUG nova.servicegroup.drivers.db [req-26760163-de65-47c2-87ba-c26e106f85f3 - - - - -] DB_Driver: join new ServiceGroup member juju-f184ac-0-lxd-7 to the scheduler group, service = join /usr/lib/python3/dist-packages/nova/servicegroup/drivers/db.py:44
2025-10-13 00:40:01.561 167001 DEBUG oslo_service.service [req-fa190559-9115-461a-b321-4a3f80acf53c - - - - -] cache.memcache_pool_maxsize = 10 log_opt_values /usr/lib/python3/dist-packages/oslo_config/cfg.py:2609
2025-10-13 00:40:01.562 167001 DEBUG oslo_service.service [req-fa190559-9115-461a-b321-4a3f80acf53c - - - - -] cache.memcache_pool_unused_timeout = 60 log_opt_values /usr/lib/python3/dist-packages/oslo_config/cfg.py:2609
2025-10-13 00:40:01.562 167001 DEBUG oslo_service.service [req-fa190559-9115-461a-b321-4a3f80acf53c - - - - -] cache.memcache_servers = ['localhost:11211'] log_opt_values /usr/lib/python3/dist-packages/oslo_config/cfg.py:2609
2025-10-13 00:40:01.562 167001 DEBUG oslo_service.service [req-fa190559-9115-461a-b321-4a3f80acf53c - - - - -] cache.memcache_socket_timeout = 1.0 log_opt_values /usr/lib/python3/dist-packages/oslo_config/cfg.py:2609
2025-10-13 00:40:01.562 167396 DEBUG nova.service [req-49f9e5cb-8392-4a76-a789-dbd76290487f - - - - -] Join ServiceGroup membership for this service scheduler start /usr/lib/python3/dist-packages/nova/service.py:199
2025-10-13 00:40:01.562 167001 DEBUG oslo_service.service [req-fa190559-9115-461a-b321-4a3f80acf53c - - - - -] cache.proxies = [] log_opt_values /usr/lib/python3/dist-packages/oslo_config/cfg.py:2609
2025-10-13 00:40:01.562 167395 DEBUG oslo_messaging._drivers.amqpdriver [-] Listener is running poll /usr/lib/python3/dist-packages/oslo_messaging/_drivers/amqpdriver.py:343
2025-10-13 00:40:01.563 167395 DEBUG oslo_messaging._drivers.amqpdriver [-] AMQPListener connection consume poll /usr/lib/python3/dist-packages/oslo_messaging/_drivers/amqpdriver.py:357
2025-10-13 00:40:01.563 167396 DEBUG nova.servicegroup.drivers.db [req-49f9e5cb-8392-4a76-a789-dbd76290487f - - - - -] DB_Driver: join new ServiceGroup member juju-f184ac-0-lxd-7 to the scheduler group, service = join /usr/lib/python3/dist-packages/nova/servicegroup/drivers/db.py:44
2025-10-13 00:40:01.563 167001 DEBUG oslo_service.service [req-fa190559-9115-461a-b321-4a3f80acf53c - - - - -] cache.tls_allowed_ciphers = None log_opt_values /usr/lib/python3/dist-packages/oslo_config/cfg.py:2609
2025-10-13 00:40:01.563 167001 DEBUG oslo_service.service [req-fa190559-9115-461a-b321-4a3f80acf53c - - - - -] cache.tls_cafile = None log_opt_values /usr/lib/python3/dist-packages/oslo_config/cfg.py:2609
2025-10-13 00:40:01.563 167001 DEBUG oslo_service.service [req-fa190559-9115-461a-b321-4a3f80acf53c - - - - -] cache.tls_certfile = None log_opt_values /usr/lib/python3/dist-packages/oslo_config/cfg.py:2609
2025-10-13 00:40:01.563 167394 DEBUG oslo_messaging._drivers.amqpdriver [-] AMQPListener connection timeout poll /usr/lib/python3/dist-packages/oslo_messaging/_drivers/amqpdriver.py:360
2025-10-13 00:40:01.564 167001 DEBUG oslo_service.service [req-fa190559-9115-461a-b321-4a3f80acf53c - - - - -] cache.tls_enabled = False log_opt_values /usr/lib/python3/dist-packages/oslo_config/cfg.py:2609
2025-10-13 00:40:01.564 167394 DEBUG oslo_messaging._drivers.amqpdriver [-] Listener is running poll /usr/lib/python3/dist-packages/oslo_messaging/_drivers/amqpdriver.py:343
2025-10-13 00:40:01.564 167001 DEBUG oslo_service.service [req-fa190559-9115-461a-b321-4a3f80acf53c - - - - -] cache.tls_keyfile = None log_opt_values /usr/lib/python3/dist-packages/oslo_config/cfg.py:2609
2025-10-13 00:40:01.564 167394 DEBUG oslo_messaging._drivers.amqpdriver [-] AMQPListener connection consume poll /usr/lib/python3/dist-packages/oslo_messaging/_drivers/amqpdriver.py:357
2025-10-13 00:40:01.563 167395 DEBUG nova.service [req-6673ef97-9030-4613-aaf1-37a01ef4713c - - - - -] Join ServiceGroup membership for this service scheduler start /usr/lib/python3/dist-packages/nova/service.py:199
2025-10-13 00:40:01.564 167001 DEBUG oslo_service.service [req-fa190559-9115-461a-b321-4a3f80acf53c - - - - -] cinder.auth_section = None log_opt_values /usr/lib/python3/dist-packages/oslo_config/cfg.py:2609
2025-10-13 00:40:01.564 167395 DEBUG nova.servicegroup.drivers.db [req-6673ef97-9030-4613-aaf1-37a01ef4713c - - - - -] DB_Driver: join new ServiceGroup member juju-f184ac-0-lxd-7 to the scheduler group, service = join /usr/lib/python3/dist-packages/nova/servicegroup/drivers/db.py:44
2025-10-13 00:40:01.564 167001 DEBUG oslo_service.service [req-fa190559-9115-461a-b321-4a3f80acf53c - - - - -] cinder.auth_type = None log_opt_values /usr/lib/python3/dist-packages/oslo_config/cfg.py:2609
2025-10-13 00:40:01.564 167001 DEBUG oslo_service.service [req-fa190559-9115-461a-b321-4a3f80acf53c - - - - -] cinder.cafile = None log_opt_values /usr/lib/python3/dist-packages/oslo_config/cfg.py:2609
2025-10-13 00:40:01.565 167001 DEBUG oslo_service.service [req-fa190559-9115-461a-b321-4a3f80acf53c - - - - -] cinder.catalog_info = volumev3::publicURL log_opt_values /usr/lib/python3/dist-packages/oslo_config/cfg.py:2609
2025-10-13 00:40:01.565 167001 DEBUG oslo_service.service [req-fa190559-9115-461a-b321-4a3f80acf53c - - - - -] cinder.certfile = None log_opt_values /usr/lib/python3/dist-packages/oslo_config/cfg.py:2609
2025-10-13 00:40:01.565 167001 DEBUG oslo_service.service [req-fa190559-9115-461a-b321-4a3f80acf53c - - - - -] cinder.collect_timing = False log_opt_values /usr/lib/python3/dist-packages/oslo_config/cfg.py:2609
2025-10-13 00:40:01.565 167396 DEBUG oslo_messaging._drivers.amqpdriver [-] AMQPListener connection timeout poll /usr/lib/python3/dist-packages/oslo_messaging/_drivers/amqpdriver.py:360
2025-10-13 00:40:01.566 167001 DEBUG oslo_service.service [req-fa190559-9115-461a-b321-4a3f80acf53c - - - - -] cinder.cross_az_attach = True log_opt_values /usr/lib/python3/dist-packages/oslo_config/cfg.py:2609
2025-10-13 00:40:01.566 167396 DEBUG oslo_messaging._drivers.amqpdriver [-] Listener is running poll /usr/lib/python3/dist-packages/oslo_messaging/_drivers/amqpdriver.py:343
2025-10-13 00:40:01.566 167001 DEBUG oslo_service.service [req-fa190559-9115-461a-b321-4a3f80acf53c - - - - -] cinder.debug = False log_opt_values /usr/lib/python3/dist-packages/oslo_config/cfg.py:2609
2025-10-13 00:40:01.566 167396 DEBUG oslo_messaging._drivers.amqpdriver [-] AMQPListener connection consume poll /usr/lib/python3/dist-packages/oslo_messaging/_drivers/amqpdriver.py:357
2025-10-13 00:40:01.566 167001 DEBUG oslo_service.service [req-fa190559-9115-461a-b321-4a3f80acf53c - - - - -] cinder.endpoint_template = None log_opt_values /usr/lib/python3/dist-packages/oslo_config/cfg.py:2609
2025-10-13 00:40:01.566 167001 DEBUG oslo_service.service [req-fa190559-9115-461a-b321-4a3f80acf53c - - - - -] cinder.http_retries = 3 log_opt_values /usr/lib/python3/dist-packages/oslo_config/cfg.py:2609
2025-10-13 00:40:01.566 167001 DEBUG oslo_service.service [req-fa190559-9115-461a-b321-4a3f80acf53c - - - - -] cinder.insecure = False log_opt_values /usr/lib/python3/dist-packages/oslo_config/cfg.py:2609
