2025-10-13 00:38:06.701 144743 DEBUG oslo_service.service [req-f213463e-5858-43d8-ba91-2511b3197666 - - - - -] reboot_timeout = 0 log_opt_values /usr/lib/python3/dist-packages/oslo_config/cfg.py:2602
2025-10-13 00:38:06.701 144743 DEBUG oslo_service.service [req-f213463e-5858-43d8-ba91-2511b3197666 - - - - -] reclaim_instance_interval = 0 log_opt_values /usr/lib/python3/dist-packages/oslo_config/cfg.py:2602
2025-10-13 00:38:06.701 144743 DEBUG oslo_service.service [req-f213463e-5858-43d8-ba91-2511b3197666 - - - - -] record = None log_opt_values /usr/lib/python3/dist-packages/oslo_config/cfg.py:2602
2025-10-13 00:38:06.702 144743 DEBUG oslo_service.service [req-f213463e-5858-43d8-ba91-2511b3197666 - - - - -] report_interval = 10 log_opt_values /usr/lib/python3/dist-packages/oslo_config/cfg.py:2602
2025-10-13 00:38:06.702 144743 DEBUG oslo_service.service [req-f213463e-5858-43d8-ba91-2511b3197666 - - - - -] rescue_timeout = 0 log_opt_values /usr/lib/python3/dist-packages/oslo_config/cfg.py:2602
2025-10-13 00:38:06.702 144743 DEBUG oslo_service.service [req-f213463e-5858-43d8-ba91-2511b3197666 - - - - -] reserved_host_cpus = 0 log_opt_values /usr/lib/python3/dist-packages/oslo_config/cfg.py:2602
2025-10-13 00:38:06.702 144743 DEBUG oslo_service.service [req-f213463e-5858-43d8-ba91-2511b3197666 - - - - -] reserved_host_disk_mb = 0 log_opt_values /usr/lib/python3/dist-packages/oslo_config/cfg.py:2602
2025-10-13 00:38:06.702 144743 DEBUG oslo_service.service [req-f213463e-5858-43d8-ba91-2511b3197666 - - - - -] reserved_host_memory_mb = 512 log_opt_values /usr/lib/python3/dist-packages/oslo_config/cfg.py:2602
2025-10-13 00:38:06.703 144743 DEBUG oslo_service.service [req-f213463e-5858-43d8-ba91-2511b3197666 - - - - -] reserved_huge_pages = None log_opt_values /usr/lib/python3/dist-packages/oslo_config/cfg.py:2602
2025-10-13 00:38:06.703 145056 DEBUG oslo_messaging._drivers.amqpdriver [-] Listener is running poll /usr/lib/python3/dist-packages/oslo_messaging/_drivers/amqpdriver.py:343
2025-10-13 00:38:06.703 144743 DEBUG oslo_service.service [req-f213463e-5858-43d8-ba91-2511b3197666 - - - - -] resize_confirm_window = 0 log_opt_values /usr/lib/python3/dist-packages/oslo_config/cfg.py:2602
2025-10-13 00:38:06.703 145056 DEBUG oslo_messaging._drivers.amqpdriver [-] AMQPListener connection consume poll /usr/lib/python3/dist-packages/oslo_messaging/_drivers/amqpdriver.py:357
2025-10-13 00:38:06.703 144743 DEBUG oslo_service.service [req-f213463e-5858-43d8-ba91-2511b3197666 - - - - -] resize_fs_using_block_device = False log_opt_values /usr/lib/python3/dist-packages/oslo_config/cfg.py:2602
2025-10-13 00:38:06.703 144743 DEBUG oslo_service.service [req-f213463e-5858-43d8-ba91-2511b3197666 - - - - -] resume_guests_state_on_host_boot = False log_opt_values /usr/lib/python3/dist-packages/oslo_config/cfg.py:2602
2025-10-13 00:38:06.703 144743 DEBUG oslo_service.service [req-f213463e-5858-43d8-ba91-2511b3197666 - - - - -] rootwrap_config = /etc/nova/rootwrap.conf log_opt_values /usr/lib/python3/dist-packages/oslo_config/cfg.py:2602
2025-10-13 00:38:06.704 144743 DEBUG oslo_service.service [req-f213463e-5858-43d8-ba91-2511b3197666 - - - - -] rpc_response_timeout = 60 log_opt_values /usr/lib/python3/dist-packages/oslo_config/cfg.py:2602
2025-10-13 00:38:06.704 144743 DEBUG oslo_service.service [req-f213463e-5858-43d8-ba91-2511b3197666 - - - - -] run_external_periodic_tasks = True log_opt_values /usr/lib/python3/dist-packages/oslo_config/cfg.py:2602
2025-10-13 00:38:06.704 144743 DEBUG oslo_service.service [req-f213463e-5858-43d8-ba91-2511b3197666 - - - - -] running_deleted_instance_action = reap log_opt_values /usr/lib/python3/dist-packages/oslo_config/cfg.py:2602
2025-10-13 00:38:06.704 144743 DEBUG oslo_service.service [req-f213463e-5858-43d8-ba91-2511b3197666 - - - - -] running_deleted_instance_poll_interval = 1800 log_opt_values /usr/lib/python3/dist-packages/oslo_config/cfg.py:2602
2025-10-13 00:38:06.704 145057 DEBUG nova.service [req-2bb9d090-1be9-4492-961a-b417e5b421cb - - - - -] Creating RPC server for service conductor start /usr/lib/python3/dist-packages/nova/service.py:182
2025-10-13 00:38:06.704 144743 DEBUG oslo_service.service [req-f213463e-5858-43d8-ba91-2511b3197666 - - - - -] running_deleted_instance_timeout = 0 log_opt_values /usr/lib/python3/dist-packages/oslo_config/cfg.py:2602
2025-10-13 00:38:06.705 144743 DEBUG oslo_service.service [req-f213463e-5858-43d8-ba91-2511b3197666 - - - - -] scheduler_instance_sync_interval = 120 log_opt_values /usr/lib/python3/dist-packages/oslo_config/cfg.py:2602
2025-10-13 00:38:06.705 144743 DEBUG oslo_service.service [req-f213463e-5858-43d8-ba91-2511b3197666 - - - - -] service_down_time = 60 log_opt_values /usr/lib/python3/dist-packages/oslo_config/cfg.py:2602
2025-10-13 00:38:06.705 144743 DEBUG oslo_service.service [req-f213463e-5858-43d8-ba91-2511b3197666 - - - - -] servicegroup_driver = db log_opt_values /usr/lib/python3/dist-packages/oslo_config/cfg.py:2602
2025-10-13 00:38:06.705 144743 DEBUG oslo_service.service [req-f213463e-5858-43d8-ba91-2511b3197666 - - - - -] shelved_offload_time = 0 log_opt_values /usr/lib/python3/dist-packages/oslo_config/cfg.py:2602
2025-10-13 00:38:06.705 144743 DEBUG oslo_service.service [req-f213463e-5858-43d8-ba91-2511b3197666 - - - - -] shelved_poll_interval = 3600 log_opt_values /usr/lib/python3/dist-packages/oslo_config/cfg.py:2602
2025-10-13 00:38:06.705 145056 DEBUG nova.service [req-3aa36af1-0f9e-4941-96a1-697b17546b01 - - - - -] Join ServiceGroup membership for this service conductor start /usr/lib/python3/dist-packages/nova/service.py:199
2025-10-13 00:38:06.706 144743 DEBUG oslo_service.service [req-f213463e-5858-43d8-ba91-2511b3197666 - - - - -] shutdown_timeout = 60 log_opt_values /usr/lib/python3/dist-packages/oslo_config/cfg.py:2602
2025-10-13 00:38:06.706 144743 DEBUG oslo_service.service [req-f213463e-5858-43d8-ba91-2511b3197666 - - - - -] source_is_ipv6 = False log_opt_values /usr/lib/python3/dist-packages/oslo_config/cfg.py:2602
2025-10-13 00:38:06.706 144743 DEBUG oslo_service.service [req-f213463e-5858-43d8-ba91-2511b3197666 - - - - -] ssl_only = False log_opt_values /usr/lib/python3/dist-packages/oslo_config/cfg.py:2602
2025-10-13 00:38:06.706 144743 DEBUG oslo_service.service [req-f213463e-5858-43d8-ba91-2511b3197666 - - - - -] state_path = /var/lib/nova log_opt_values /usr/lib/python3/dist-packages/oslo_config/cfg.py:2602
2025-10-13 00:38:06.706 144743 DEBUG oslo_service.service [req-f213463e-5858-43d8-ba91-2511b3197666 - - - - -] sync_power_state_interval = 600 log_opt_values /usr/lib/python3/dist-packages/oslo_config/cfg.py:2602
2025-10-13 00:38:06.707 144743 DEBUG oslo_service.service [req-f213463e-5858-43d8-ba91-2511b3197666 - - - - -] sync_power_state_pool_size = 1000 log_opt_values /usr/lib/python3/dist-packages/oslo_config/cfg.py:2602
2025-10-13 00:38:06.707 144743 DEBUG oslo_service.service [req-f213463e-5858-43d8-ba91-2511b3197666 - - - - -] syslog_log_facility = LOG_USER log_opt_values /usr/lib/python3/dist-packages/oslo_config/cfg.py:2602
2025-10-13 00:38:06.707 144743 DEBUG oslo_service.service [req-f213463e-5858-43d8-ba91-2511b3197666 - - - - -] tempdir = None log_opt_values /usr/lib/python3/dist-packages/oslo_config/cfg.py:2602
2025-10-13 00:38:06.706 145056 DEBUG nova.servicegroup.drivers.db [req-3aa36af1-0f9e-4941-96a1-697b17546b01 - - - - -] DB_Driver: join new ServiceGroup member juju-f184ac-0-lxd-7 to the conductor group, service = join /usr/lib/python3/dist-packages/nova/servicegroup/drivers/db.py:44
2025-10-13 00:38:06.707 144743 DEBUG oslo_service.service [req-f213463e-5858-43d8-ba91-2511b3197666 - - - - -] timeout_nbd = 10 log_opt_values /usr/lib/python3/dist-packages/oslo_config/cfg.py:2602
2025-10-13 00:38:06.707 144743 DEBUG oslo_service.service [req-f213463e-5858-43d8-ba91-2511b3197666 - - - - -] transport_url = **** log_opt_values /usr/lib/python3/dist-packages/oslo_config/cfg.py:2602
2025-10-13 00:38:06.707 144743 DEBUG oslo_service.service [req-f213463e-5858-43d8-ba91-2511b3197666 - - - - -] update_resources_interval = 0 log_opt_values /usr/lib/python3/dist-packages/oslo_config/cfg.py:2602
2025-10-13 00:38:06.708 144743 DEBUG oslo_service.service [req-f213463e-5858-43d8-ba91-2511b3197666 - - - - -] use_cow_images = True log_opt_values /usr/lib/python3/dist-packages/oslo_config/cfg.py:2602
2025-10-13 00:38:06.708 144743 DEBUG oslo_service.service [req-f213463e-5858-43d8-ba91-2511b3197666 - - - - -] use_eventlog = False log_opt_values /usr/lib/python3/dist-packages/oslo_config/cfg.py:2602
2025-10-13 00:38:06.708 144743 DEBUG oslo_service.service [req-f213463e-5858-43d8-ba91-2511b3197666 - - - - -] use_journal = False log_opt_values /usr/lib/python3/dist-packages/oslo_config/cfg.py:2602
2025-10-13 00:38:06.708 144743 DEBUG oslo_service.service [req-f213463e-5858-43d8-ba91-2511b3197666 - - - - -] use_json = False log_opt_values /usr/lib/python3/dist-packages/oslo_config/cfg.py:2602
2025-10-13 00:38:06.708 144743 DEBUG oslo_service.service [req-f213463e-5858-43d8-ba91-2511b3197666 - - - - -] use_rootwrap_daemon = False log_opt_values /usr/lib/python3/dist-packages/oslo_config/cfg.py:2602
2025-10-13 00:38:06.709 144743 DEBUG oslo_service.service [req-f213463e-5858-43d8-ba91-2511b3197666 - - - - -] use_stderr = False log_opt_values /usr/lib/python3/dist-packages/oslo_config/cfg.py:2602
2025-10-13 00:38:06.709 144743 DEBUG oslo_service.service [req-f213463e-5858-43d8-ba91-2511b3197666 - - - - -] use_syslog = False log_opt_values /usr/lib/python3/dist-packages/oslo_config/cfg.py:2602
2025-10-13 00:38:06.709 144743 DEBUG oslo_service.service [req-f213463e-5858-43d8-ba91-2511b3197666 - - - - -] vcpu_pin_set = None log_opt_values /usr/lib/python3/dist-packages/oslo_config/cfg.py:2602
2025-10-13 00:38:06.709 144743 DEBUG oslo_service.service [req-f213463e-5858-43d8-ba91-2511b3197666 - - - - -] vif_plugging_is_fatal = True log_opt_values /usr/lib/python3/dist-packages/oslo_config/cfg.py:2602
2025-10-13 00:38:06.710 144743 DEBUG oslo_service.service [req-f213463e-5858-43d8-ba91-2511b3197666 - - - - -] vif_plugging_timeout = 300 log_opt_values /usr/lib/python3/dist-packages/oslo_config/cfg.py:2602
2025-10-13 00:38:06.710 145058 DEBUG oslo_messaging._drivers.amqpdriver [-] Listener is running poll /usr/lib/python3/dist-packages/oslo_messaging/_drivers/amqpdriver.py:343
2025-10-13 00:38:06.710 144743 DEBUG oslo_service.service [req-f213463e-5858-43d8-ba91-2511b3197666 - - - - -] virt_mkfs = [] log_opt_values /usr/lib/python3/dist-packages/oslo_config/cfg.py:2602
2025-10-13 00:38:06.710 145058 DEBUG oslo_messaging._drivers.amqpdriver [-] AMQPListener connection consume poll /usr/lib/python3/dist-packages/oslo_messaging/_drivers/amqpdriver.py:357
2025-10-13 00:38:06.710 144743 DEBUG oslo_service.service [req-f213463e-5858-43d8-ba91-2511b3197666 - - - - -] volume_usage_poll_interval = 0 log_opt_values /usr/lib/python3/dist-packages/oslo_config/cfg.py:2602
2025-10-13 00:38:06.710 144743 DEBUG oslo_service.service [req-f213463e-5858-43d8-ba91-2511b3197666 - - - - -] watch_log_file = False log_opt_values /usr/lib/python3/dist-packages/oslo_config/cfg.py:2602
2025-10-13 00:38:06.710 145056 DEBUG oslo_messaging._drivers.amqpdriver [-] AMQPListener connection timeout poll /usr/lib/python3/dist-packages/oslo_messaging/_drivers/amqpdriver.py:360
2025-10-13 00:38:06.710 144743 DEBUG oslo_service.service [req-f213463e-5858-43d8-ba91-2511b3197666 - - - - -] web = /usr/share/spice-html5 log_opt_values /usr/lib/python3/dist-packages/oslo_config/cfg.py:2602
2025-10-13 00:38:06.711 145056 DEBUG oslo_messaging._drivers.amqpdriver [-] Listener is running poll /usr/lib/python3/dist-packages/oslo_messaging/_drivers/amqpdriver.py:343
2025-10-13 00:38:06.711 145058 DEBUG nova.service [req-fc6ce5cd-e3d6-4dec-b5f4-1228a617c59a - - - - -] Join ServiceGroup membership for this service conductor start /usr/lib/python3/dist-packages/nova/service.py:199
2025-10-13 00:38:06.711 144743 DEBUG oslo_service.service [req-f213463e-5858-43d8-ba91-2511b3197666 - - - - -] oslo_concurrency.disable_process_locking = False log_opt_values /usr/lib/python3/dist-packages/oslo_config/cfg.py:2609
2025-10-13 00:38:06.711 145056 DEBUG oslo_messaging._drivers.amqpdriver [-] AMQPListener connection consume poll /usr/lib/python3/dist-packages/oslo_messaging/_drivers/amqpdriver.py:357
2025-10-13 00:38:06.711 144743 DEBUG oslo_service.service [req-f213463e-5858-43d8-ba91-2511b3197666 - - - - -] oslo_concurrency.lock_path = /var/lock/nova log_opt_values /usr/lib/python3/dist-packages/oslo_config/cfg.py:2609
2025-10-13 00:38:06.711 144743 DEBUG oslo_service.service [req-f213463e-5858-43d8-ba91-2511b3197666 - - - - -] oslo_messaging_metrics.metrics_buffer_size = 1000 log_opt_values /usr/lib/python3/dist-packages/oslo_config/cfg.py:2609
2025-10-13 00:38:06.712 144743 DEBUG oslo_service.service [req-f213463e-5858-43d8-ba91-2511b3197666 - - - - -] oslo_messaging_metrics.metrics_enabled = False log_opt_values /usr/lib/python3/dist-packages/oslo_config/cfg.py:2609
2025-10-13 00:38:06.711 145058 DEBUG nova.servicegroup.drivers.db [req-fc6ce5cd-e3d6-4dec-b5f4-1228a617c59a - - - - -] DB_Driver: join new ServiceGroup member juju-f184ac-0-lxd-7 to the conductor group, service = join /usr/lib/python3/dist-packages/nova/servicegroup/drivers/db.py:44
2025-10-13 00:38:06.712 144743 DEBUG oslo_service.service [req-f213463e-5858-43d8-ba91-2511b3197666 - - - - -] oslo_messaging_metrics.metrics_process_name = log_opt_values /usr/lib/python3/dist-packages/oslo_config/cfg.py:2609
2025-10-13 00:38:06.712 144743 DEBUG oslo_service.service [req-f213463e-5858-43d8-ba91-2511b3197666 - - - - -] oslo_messaging_metrics.metrics_socket_file = /var/tmp/metrics_collector.sock log_opt_values /usr/lib/python3/dist-packages/oslo_config/cfg.py:2609
2025-10-13 00:38:06.712 144743 DEBUG oslo_service.service [req-f213463e-5858-43d8-ba91-2511b3197666 - - - - -] oslo_messaging_metrics.metrics_thread_stop_timeout = 10 log_opt_values /usr/lib/python3/dist-packages/oslo_config/cfg.py:2609
2025-10-13 00:38:06.713 144743 WARNING oslo_config.cfg [req-f213463e-5858-43d8-ba91-2511b3197666 - - - - -] Deprecated: Option "auth_strategy" from group "api" is deprecated for removal ( The only non-default choice, ``noauth2``, is for internal development and testing purposes only and should not be used in deployments. This option and its middleware, NoAuthMiddleware[V2_18], will be removed in a future release. ). Its value may be silently ignored in the future.
2025-10-13 00:38:06.713 144743 DEBUG oslo_service.service [req-f213463e-5858-43d8-ba91-2511b3197666 - - - - -] api.auth_strategy = keystone log_opt_values /usr/lib/python3/dist-packages/oslo_config/cfg.py:2609
2025-10-13 00:38:06.713 144743 DEBUG oslo_service.service [req-f213463e-5858-43d8-ba91-2511b3197666 - - - - -] api.compute_link_prefix = None log_opt_values /usr/lib/python3/dist-packages/oslo_config/cfg.py:2609
2025-10-13 00:38:06.713 144743 DEBUG oslo_service.service [req-f213463e-5858-43d8-ba91-2511b3197666 - - - - -] api.config_drive_skip_versions = 1.0 2007-01-19 2007-03-01 2007-08-29 2007-10-10 2007-12-15 2008-02-01 2008-09-01 log_opt_values /usr/lib/python3/dist-packages/oslo_config/cfg.py:2609
2025-10-13 00:38:06.714 144743 DEBUG oslo_service.service [req-f213463e-5858-43d8-ba91-2511b3197666 - - - - -] api.dhcp_domain = novalocal log_opt_values /usr/lib/python3/dist-packages/oslo_config/cfg.py:2609
2025-10-13 00:38:06.714 144743 DEBUG oslo_service.service [req-f213463e-5858-43d8-ba91-2511b3197666 - - - - -] api.enable_instance_password = True log_opt_values /usr/lib/python3/dist-packages/oslo_config/cfg.py:2609
2025-10-13 00:38:06.714 144743 DEBUG oslo_service.service [req-f213463e-5858-43d8-ba91-2511b3197666 - - - - -] api.glance_link_prefix = None log_opt_values /usr/lib/python3/dist-packages/oslo_config/cfg.py:2609
2025-10-13 00:38:06.714 145058 DEBUG oslo_messaging._drivers.amqpdriver [-] AMQPListener connection timeout poll /usr/lib/python3/dist-packages/oslo_messaging/_drivers/amqpdriver.py:360
2025-10-13 00:38:06.715 145058 DEBUG oslo_messaging._drivers.amqpdriver [-] Listener is running poll /usr/lib/python3/dist-packages/oslo_messaging/_drivers/amqpdriver.py:343
2025-10-13 00:38:06.715 144743 DEBUG oslo_service.service [req-f213463e-5858-43d8-ba91-2511b3197666 - - - - -] api.instance_list_cells_batch_fixed_size = 100 log_opt_values /usr/lib/python3/dist-packages/oslo_config/cfg.py:2609
2025-10-13 00:38:06.715 145058 DEBUG oslo_messaging._drivers.amqpdriver [-] AMQPListener connection consume poll /usr/lib/python3/dist-packages/oslo_messaging/_drivers/amqpdriver.py:357
2025-10-13 00:38:06.716 144743 DEBUG oslo_service.service [req-f213463e-5858-43d8-ba91-2511b3197666 - - - - -] api.instance_list_cells_batch_strategy = distributed log_opt_values /usr/lib/python3/dist-packages/oslo_config/cfg.py:2609
2025-10-13 00:38:06.716 144743 DEBUG oslo_service.service [req-f213463e-5858-43d8-ba91-2511b3197666 - - - - -] api.instance_list_per_project_cells = False log_opt_values /usr/lib/python3/dist-packages/oslo_config/cfg.py:2609
2025-10-13 00:38:06.716 144743 DEBUG oslo_service.service [req-f213463e-5858-43d8-ba91-2511b3197666 - - - - -] api.list_records_by_skipping_down_cells = True log_opt_values /usr/lib/python3/dist-packages/oslo_config/cfg.py:2609
2025-10-13 00:38:06.716 144743 DEBUG oslo_service.service [req-f213463e-5858-43d8-ba91-2511b3197666 - - - - -] api.local_metadata_per_cell = False log_opt_values /usr/lib/python3/dist-packages/oslo_config/cfg.py:2609
2025-10-13 00:38:06.716 144743 DEBUG oslo_service.service [req-f213463e-5858-43d8-ba91-2511b3197666 - - - - -] api.max_limit = 1000 log_opt_values /usr/lib/python3/dist-packages/oslo_config/cfg.py:2609
2025-10-13 00:38:06.717 144743 DEBUG oslo_service.service [req-f213463e-5858-43d8-ba91-2511b3197666 - - - - -] api.metadata_cache_expiration = 15 log_opt_values /usr/lib/python3/dist-packages/oslo_config/cfg.py:2609
2025-10-13 00:38:06.717 144743 DEBUG oslo_service.service [req-f213463e-5858-43d8-ba91-2511b3197666 - - - - -] api.neutron_default_tenant_id = default log_opt_values /usr/lib/python3/dist-packages/oslo_config/cfg.py:2609
2025-10-13 00:38:06.717 144743 DEBUG oslo_service.service [req-f213463e-5858-43d8-ba91-2511b3197666 - - - - -] api.use_forwarded_for = False log_opt_values /usr/lib/python3/dist-packages/oslo_config/cfg.py:2609
2025-10-13 00:38:06.717 144743 DEBUG oslo_service.service [req-f213463e-5858-43d8-ba91-2511b3197666 - - - - -] api.use_neutron_default_nets = False log_opt_values /usr/lib/python3/dist-packages/oslo_config/cfg.py:2609
2025-10-13 00:38:06.718 144743 DEBUG oslo_service.service [req-f213463e-5858-43d8-ba91-2511b3197666 - - - - -] api.vendordata_dynamic_connect_timeout = 5 log_opt_values /usr/lib/python3/dist-packages/oslo_config/cfg.py:2609
2025-10-13 00:38:06.718 144743 DEBUG oslo_service.service [req-f213463e-5858-43d8-ba91-2511b3197666 - - - - -] api.vendordata_dynamic_failure_fatal = False log_opt_values /usr/lib/python3/dist-packages/oslo_config/cfg.py:2609
2025-10-13 00:38:06.719 144743 DEBUG oslo_service.service [req-f213463e-5858-43d8-ba91-2511b3197666 - - - - -] api.vendordata_dynamic_read_timeout = 5 log_opt_values /usr/lib/python3/dist-packages/oslo_config/cfg.py:2609
2025-10-13 00:38:06.719 144743 DEBUG oslo_service.service [req-f213463e-5858-43d8-ba91-2511b3197666 - - - - -] api.vendordata_dynamic_ssl_certfile = log_opt_values /usr/lib/python3/dist-packages/oslo_config/cfg.py:2609
2025-10-13 00:38:06.719 144743 DEBUG oslo_service.service [req-f213463e-5858-43d8-ba91-2511b3197666 - - - - -] api.vendordata_dynamic_targets = [] log_opt_values /usr/lib/python3/dist-packages/oslo_config/cfg.py:2609
2025-10-13 00:38:06.719 144743 DEBUG oslo_service.service [req-f213463e-5858-43d8-ba91-2511b3197666 - - - - -] api.vendordata_jsonfile_path = None log_opt_values /usr/lib/python3/dist-packages/oslo_config/cfg.py:2609
2025-10-13 00:38:06.720 144743 DEBUG oslo_service.service [req-f213463e-5858-43d8-ba91-2511b3197666 - - - - -] api.vendordata_providers = ['StaticJSON'] log_opt_values /usr/lib/python3/dist-packages/oslo_config/cfg.py:2609
2025-10-13 00:38:06.721 144743 DEBUG oslo_service.service [req-f213463e-5858-43d8-ba91-2511b3197666 - - - - -] cache.backend = dogpile.cache.null log_opt_values /usr/lib/python3/dist-packages/oslo_config/cfg.py:2609
2025-10-13 00:38:06.721 144743 DEBUG oslo_service.service [req-f213463e-5858-43d8-ba91-2511b3197666 - - - - -] cache.backend_argument = **** log_opt_values /usr/lib/python3/dist-packages/oslo_config/cfg.py:2609
2025-10-13 00:38:06.721 144743 DEBUG oslo_service.service [req-f213463e-5858-43d8-ba91-2511b3197666 - - - - -] cache.config_prefix = cache.oslo log_opt_values /usr/lib/python3/dist-packages/oslo_config/cfg.py:2609
2025-10-13 00:38:06.722 144743 DEBUG oslo_service.service [req-f213463e-5858-43d8-ba91-2511b3197666 - - - - -] cache.debug_cache_backend = False log_opt_values /usr/lib/python3/dist-packages/oslo_config/cfg.py:2609
2025-10-13 00:38:06.722 144743 DEBUG oslo_service.service [req-f213463e-5858-43d8-ba91-2511b3197666 - - - - -] cache.enabled = False log_opt_values /usr/lib/python3/dist-packages/oslo_config/cfg.py:2609
2025-10-13 00:38:06.722 144743 DEBUG oslo_service.service [req-f213463e-5858-43d8-ba91-2511b3197666 - - - - -] cache.expiration_time = 600 log_opt_values /usr/lib/python3/dist-packages/oslo_config/cfg.py:2609
2025-10-13 00:38:06.722 144743 DEBUG oslo_service.service [req-f213463e-5858-43d8-ba91-2511b3197666 - - - - -] cache.memcache_dead_retry = 300 log_opt_values /usr/lib/python3/dist-packages/oslo_config/cfg.py:2609
2025-10-13 00:38:06.723 144743 DEBUG oslo_service.service [req-f213463e-5858-43d8-ba91-2511b3197666 - - - - -] cache.memcache_pool_connection_get_timeout = 10 log_opt_values /usr/lib/python3/dist-packages/oslo_config/cfg.py:2609
2025-10-13 00:38:06.723 144743 DEBUG oslo_service.service [req-f213463e-5858-43d8-ba91-2511b3197666 - - - - -] cache.memcache_pool_flush_on_reconnect = False log_opt_values /usr/lib/python3/dist-packages/oslo_config/cfg.py:2609
2025-10-13 00:38:06.723 144743 DEBUG oslo_service.service [req-f213463e-5858-43d8-ba91-2511b3197666 - - - - -] cache.memcache_pool_maxsize = 10 log_opt_values /usr/lib/python3/dist-packages/oslo_config/cfg.py:2609
2025-10-13 00:38:06.723 144743 DEBUG oslo_service.service [req-f213463e-5858-43d8-ba91-2511b3197666 - - - - -] cache.memcache_pool_unused_timeout = 60 log_opt_values /usr/lib/python3/dist-packages/oslo_config/cfg.py:2609
2025-10-13 00:38:06.724 144743 DEBUG oslo_service.service [req-f213463e-5858-43d8-ba91-2511b3197666 - - - - -] cache.memcache_servers = ['localhost:11211'] log_opt_values /usr/lib/python3/dist-packages/oslo_config/cfg.py:2609
2025-10-13 00:38:06.724 144743 DEBUG oslo_service.service [req-f213463e-5858-43d8-ba91-2511b3197666 - - - - -] cache.memcache_socket_timeout = 1.0 log_opt_values /usr/lib/python3/dist-packages/oslo_config/cfg.py:2609
2025-10-13 00:38:06.724 144743 DEBUG oslo_service.service [req-f213463e-5858-43d8-ba91-2511b3197666 - - - - -] cache.proxies = [] log_opt_values /usr/lib/python3/dist-packages/oslo_config/cfg.py:2609
2025-10-13 00:38:06.724 144743 DEBUG oslo_service.service [req-f213463e-5858-43d8-ba91-2511b3197666 - - - - -] cache.tls_allowed_ciphers = None log_opt_values /usr/lib/python3/dist-packages/oslo_config/cfg.py:2609
2025-10-13 00:38:06.725 144743 DEBUG oslo_service.service [req-f213463e-5858-43d8-ba91-2511b3197666 - - - - -] cache.tls_cafile = None log_opt_values /usr/lib/python3/dist-packages/oslo_config/cfg.py:2609
2025-10-13 00:38:06.725 144743 DEBUG oslo_service.service [req-f213463e-5858-43d8-ba91-2511b3197666 - - - - -] cache.tls_certfile = None log_opt_values /usr/lib/python3/dist-packages/oslo_config/cfg.py:2609
2025-10-13 00:38:06.725 144743 DEBUG oslo_service.service [req-f213463e-5858-43d8-ba91-2511b3197666 - - - - -] cache.tls_enabled = False log_opt_values /usr/lib/python3/dist-packages/oslo_config/cfg.py:2609
2025-10-13 00:38:06.725 144743 DEBUG oslo_service.service [req-f213463e-5858-43d8-ba91-2511b3197666 - - - - -] cache.tls_keyfile = None log_opt_values /usr/lib/python3/dist-packages/oslo_config/cfg.py:2609
2025-10-13 00:38:06.726 144743 DEBUG oslo_service.service [req-f213463e-5858-43d8-ba91-2511b3197666 - - - - -] cinder.auth_section = None log_opt_values /usr/lib/python3/dist-packages/oslo_config/cfg.py:2609
2025-10-13 00:38:06.726 144743 DEBUG oslo_service.service [req-f213463e-5858-43d8-ba91-2511b3197666 - - - - -] cinder.auth_type = None log_opt_values /usr/lib/python3/dist-packages/oslo_config/cfg.py:2609
2025-10-13 00:38:06.726 144743 DEBUG oslo_service.service [req-f213463e-5858-43d8-ba91-2511b3197666 - - - - -] cinder.cafile = None log_opt_values /usr/lib/python3/dist-packages/oslo_config/cfg.py:2609
2025-10-13 00:38:06.726 144743 DEBUG oslo_service.service [req-f213463e-5858-43d8-ba91-2511b3197666 - - - - -] cinder.catalog_info = volumev3::publicURL log_opt_values /usr/lib/python3/dist-packages/oslo_config/cfg.py:2609
2025-10-13 00:38:06.726 145057 DEBUG oslo_messaging._drivers.amqpdriver [-] Listener is running poll /usr/lib/python3/dist-packages/oslo_messaging/_drivers/amqpdriver.py:343
2025-10-13 00:38:06.727 144743 DEBUG oslo_service.service [req-f213463e-5858-43d8-ba91-2511b3197666 - - - - -] cinder.certfile = None log_opt_values /usr/lib/python3/dist-packages/oslo_config/cfg.py:2609
2025-10-13 00:38:06.727 145057 DEBUG oslo_messaging._drivers.amqpdriver [-] AMQPListener connection consume poll /usr/lib/python3/dist-packages/oslo_messaging/_drivers/amqpdriver.py:357
2025-10-13 00:38:06.727 144743 DEBUG oslo_service.service [req-f213463e-5858-43d8-ba91-2511b3197666 - - - - -] cinder.collect_timing = False log_opt_values /usr/lib/python3/dist-packages/oslo_config/cfg.py:2609
2025-10-13 00:38:06.727 144743 DEBUG oslo_service.service [req-f213463e-5858-43d8-ba91-2511b3197666 - - - - -] cinder.cross_az_attach = True log_opt_values /usr/lib/python3/dist-packages/oslo_config/cfg.py:2609
2025-10-13 00:38:06.727 144743 DEBUG oslo_service.service [req-f213463e-5858-43d8-ba91-2511b3197666 - - - - -] cinder.debug = False log_opt_values /usr/lib/python3/dist-packages/oslo_config/cfg.py:2609
2025-10-13 00:38:06.727 144743 DEBUG oslo_service.service [req-f213463e-5858-43d8-ba91-2511b3197666 - - - - -] cinder.endpoint_template = None log_opt_values /usr/lib/python3/dist-packages/oslo_config/cfg.py:2609
2025-10-13 00:38:06.727 145057 DEBUG nova.service [req-2bb9d090-1be9-4492-961a-b417e5b421cb - - - - -] Join ServiceGroup membership for this service conductor start /usr/lib/python3/dist-packages/nova/service.py:199
2025-10-13 00:38:06.728 144743 DEBUG oslo_service.service [req-f213463e-5858-43d8-ba91-2511b3197666 - - - - -] cinder.http_retries = 3 log_opt_values /usr/lib/python3/dist-packages/oslo_config/cfg.py:2609
2025-10-13 00:38:06.728 145057 DEBUG nova.servicegroup.drivers.db [req-2bb9d090-1be9-4492-961a-b417e5b421cb - - - - -] DB_Driver: join new ServiceGroup member juju-f184ac-0-lxd-7 to the conductor group, service = join /usr/lib/python3/dist-packages/nova/servicegroup/drivers/db.py:44
2025-10-13 00:38:06.728 144743 DEBUG oslo_service.service [req-f213463e-5858-43d8-ba91-2511b3197666 - - - - -] cinder.insecure = False log_opt_values /usr/lib/python3/dist-packages/oslo_config/cfg.py:2609
2025-10-13 00:38:06.728 144743 DEBUG oslo_service.service [req-f213463e-5858-43d8-ba91-2511b3197666 - - - - -] cinder.keyfile = None log_opt_values /usr/lib/python3/dist-packages/oslo_config/cfg.py:2609
2025-10-13 00:38:06.728 144743 DEBUG oslo_service.service [req-f213463e-5858-43d8-ba91-2511b3197666 - - - - -] cinder.os_region_name = None log_opt_values /usr/lib/python3/dist-packages/oslo_config/cfg.py:2609
2025-10-13 00:38:06.728 144743 DEBUG oslo_service.service [req-f213463e-5858-43d8-ba91-2511b3197666 - - - - -] cinder.split_loggers = False log_opt_values /usr/lib/python3/dist-packages/oslo_config/cfg.py:2609
2025-10-13 00:38:06.729 144743 DEBUG oslo_service.service [req-f213463e-5858-43d8-ba91-2511b3197666 - - - - -] cinder.timeout = None log_opt_values /usr/lib/python3/dist-packages/oslo_config/cfg.py:2609
2025-10-13 00:38:06.729 144743 DEBUG oslo_service.service [req-f213463e-5858-43d8-ba91-2511b3197666 - - - - -] compute.consecutive_build_service_disable_threshold = 10 log_opt_values /usr/lib/python3/dist-packages/oslo_config/cfg.py:2609
2025-10-13 00:38:06.729 144743 DEBUG oslo_service.service [req-f213463e-5858-43d8-ba91-2511b3197666 - - - - -] compute.cpu_dedicated_set = None log_opt_values /usr/lib/python3/dist-packages/oslo_config/cfg.py:2609
2025-10-13 00:38:06.730 144743 DEBUG oslo_service.service [req-f213463e-5858-43d8-ba91-2511b3197666 - - - - -] compute.cpu_shared_set = None log_opt_values /usr/lib/python3/dist-packages/oslo_config/cfg.py:2609
2025-10-13 00:38:06.730 145057 DEBUG oslo_messaging._drivers.amqpdriver [-] AMQPListener connection timeout poll /usr/lib/python3/dist-packages/oslo_messaging/_drivers/amqpdriver.py:360
2025-10-13 00:38:06.730 144743 DEBUG oslo_service.service [req-f213463e-5858-43d8-ba91-2511b3197666 - - - - -] compute.image_type_exclude_list = [] log_opt_values /usr/lib/python3/dist-packages/oslo_config/cfg.py:2609
2025-10-13 00:38:06.730 145057 DEBUG oslo_messaging._drivers.amqpdriver [-] Listener is running poll /usr/lib/python3/dist-packages/oslo_messaging/_drivers/amqpdriver.py:343
2025-10-13 00:38:06.730 145057 DEBUG oslo_messaging._drivers.amqpdriver [-] AMQPListener connection consume poll /usr/lib/python3/dist-packages/oslo_messaging/_drivers/amqpdriver.py:357
2025-10-13 00:38:06.730 144743 DEBUG oslo_service.service [req-f213463e-5858-43d8-ba91-2511b3197666 - - - - -] compute.live_migration_wait_for_vif_plug = True log_opt_values /usr/lib/python3/dist-packages/oslo_config/cfg.py:2609
2025-10-13 00:38:06.730 144743 DEBUG oslo_service.service [req-f213463e-5858-43d8-ba91-2511b3197666 - - - - -] compute.max_concurrent_disk_ops = 0 log_opt_values /usr/lib/python3/dist-packages/oslo_config/cfg.py:2609
2025-10-13 00:38:06.730 144743 DEBUG oslo_service.service [req-f213463e-5858-43d8-ba91-2511b3197666 - - - - -] compute.max_disk_devices_to_attach = -1 log_opt_values /usr/lib/python3/dist-packages/oslo_config/cfg.py:2609
2025-10-13 00:38:06.731 144743 DEBUG oslo_service.service [req-f213463e-5858-43d8-ba91-2511b3197666 - - - - -] compute.packing_host_numa_cells_allocation_strategy = True log_opt_values /usr/lib/python3/dist-packages/oslo_config/cfg.py:2609
2025-10-13 00:38:06.731 144743 DEBUG oslo_service.service [req-f213463e-5858-43d8-ba91-2511b3197666 - - - - -] compute.provider_config_location = /etc/nova/provider_config/ log_opt_values /usr/lib/python3/dist-packages/oslo_config/cfg.py:2609
2025-10-13 00:38:06.731 144743 DEBUG oslo_service.service [req-f213463e-5858-43d8-ba91-2511b3197666 - - - - -] compute.resource_provider_association_refresh = 300 log_opt_values /usr/lib/python3/dist-packages/oslo_config/cfg.py:2609
2025-10-13 00:38:06.731 144743 DEBUG oslo_service.service [req-f213463e-5858-43d8-ba91-2511b3197666 - - - - -] compute.shutdown_retry_interval = 10 log_opt_values /usr/lib/python3/dist-packages/oslo_config/cfg.py:2609
2025-10-13 00:38:06.732 144743 DEBUG oslo_service.service [req-f213463e-5858-43d8-ba91-2511b3197666 - - - - -] compute.vmdk_allowed_types = ['streamOptimized', 'monolithicSparse'] log_opt_values /usr/lib/python3/dist-packages/oslo_config/cfg.py:2609
2025-10-13 00:38:06.732 144743 DEBUG oslo_service.service [req-f213463e-5858-43d8-ba91-2511b3197666 - - - - -] conductor.workers = 4 log_opt_values /usr/lib/python3/dist-packages/oslo_config/cfg.py:2609
2025-10-13 00:38:06.732 144743 DEBUG oslo_service.service [req-f213463e-5858-43d8-ba91-2511b3197666 - - - - -] console.allowed_origins = [] log_opt_values /usr/lib/python3/dist-packages/oslo_config/cfg.py:2609
2025-10-13 00:38:06.732 144743 DEBUG oslo_service.service [req-f213463e-5858-43d8-ba91-2511b3197666 - - - - -] console.ssl_ciphers = None log_opt_values /usr/lib/python3/dist-packages/oslo_config/cfg.py:2609
2025-10-13 00:38:06.732 144743 DEBUG oslo_service.service [req-f213463e-5858-43d8-ba91-2511b3197666 - - - - -] console.ssl_minimum_version = default log_opt_values /usr/lib/python3/dist-packages/oslo_config/cfg.py:2609
2025-10-13 00:38:06.733 144743 DEBUG oslo_service.service [req-f213463e-5858-43d8-ba91-2511b3197666 - - - - -] consoleauth.token_ttl = 600 log_opt_values /usr/lib/python3/dist-packages/oslo_config/cfg.py:2609
2025-10-13 00:38:06.733 144743 DEBUG oslo_service.service [req-f213463e-5858-43d8-ba91-2511b3197666 - - - - -] cyborg.cafile = None log_opt_values /usr/lib/python3/dist-packages/oslo_config/cfg.py:2609
2025-10-13 00:38:06.733 144743 DEBUG oslo_service.service [req-f213463e-5858-43d8-ba91-2511b3197666 - - - - -] cyborg.certfile = None log_opt_values /usr/lib/python3/dist-packages/oslo_config/cfg.py:2609
2025-10-13 00:38:06.733 144743 DEBUG oslo_service.service [req-f213463e-5858-43d8-ba91-2511b3197666 - - - - -] cyborg.collect_timing = False log_opt_values /usr/lib/python3/dist-packages/oslo_config/cfg.py:2609
2025-10-13 00:38:06.734 144743 DEBUG oslo_service.service [req-f213463e-5858-43d8-ba91-2511b3197666 - - - - -] cyborg.connect_retries = None log_opt_values /usr/lib/python3/dist-packages/oslo_config/cfg.py:2609
2025-10-13 00:38:06.734 144743 DEBUG oslo_service.service [req-f213463e-5858-43d8-ba91-2511b3197666 - - - - -] cyborg.connect_retry_delay = None log_opt_values /usr/lib/python3/dist-packages/oslo_config/cfg.py:2609
2025-10-13 00:38:06.734 144743 DEBUG oslo_service.service [req-f213463e-5858-43d8-ba91-2511b3197666 - - - - -] cyborg.endpoint_override = None log_opt_values /usr/lib/python3/dist-packages/oslo_config/cfg.py:2609
2025-10-13 00:38:06.735 144743 DEBUG oslo_service.service [req-f213463e-5858-43d8-ba91-2511b3197666 - - - - -] cyborg.insecure = False log_opt_values /usr/lib/python3/dist-packages/oslo_config/cfg.py:2609
2025-10-13 00:38:06.735 144743 DEBUG oslo_service.service [req-f213463e-5858-43d8-ba91-2511b3197666 - - - - -] cyborg.keyfile = None log_opt_values /usr/lib/python3/dist-packages/oslo_config/cfg.py:2609
2025-10-13 00:38:06.735 144743 DEBUG oslo_service.service [req-f213463e-5858-43d8-ba91-2511b3197666 - - - - -] cyborg.max_version = None log_opt_values /usr/lib/python3/dist-packages/oslo_config/cfg.py:2609
2025-10-13 00:38:06.736 144743 DEBUG oslo_service.service [req-f213463e-5858-43d8-ba91-2511b3197666 - - - - -] cyborg.min_version = None log_opt_values /usr/lib/python3/dist-packages/oslo_config/cfg.py:2609
2025-10-13 00:38:06.736 144743 DEBUG oslo_service.service [req-f213463e-5858-43d8-ba91-2511b3197666 - - - - -] cyborg.region_name = None log_opt_values /usr/lib/python3/dist-packages/oslo_config/cfg.py:2609
2025-10-13 00:38:06.736 144743 DEBUG oslo_service.service [req-f213463e-5858-43d8-ba91-2511b3197666 - - - - -] cyborg.service_name = None log_opt_values /usr/lib/python3/dist-packages/oslo_config/cfg.py:2609
2025-10-13 00:38:06.736 144743 DEBUG oslo_service.service [req-f213463e-5858-43d8-ba91-2511b3197666 - - - - -] cyborg.service_type = accelerator log_opt_values /usr/lib/python3/dist-packages/oslo_config/cfg.py:2609
2025-10-13 00:38:06.736 144743 DEBUG oslo_service.service [req-f213463e-5858-43d8-ba91-2511b3197666 - - - - -] cyborg.split_loggers = False log_opt_values /usr/lib/python3/dist-packages/oslo_config/cfg.py:2609
2025-10-13 00:38:06.737 144743 DEBUG oslo_service.service [req-f213463e-5858-43d8-ba91-2511b3197666 - - - - -] cyborg.status_code_retries = None log_opt_values /usr/lib/python3/dist-packages/oslo_config/cfg.py:2609
2025-10-13 00:38:06.737 144743 DEBUG oslo_service.service [req-f213463e-5858-43d8-ba91-2511b3197666 - - - - -] cyborg.status_code_retry_delay = None log_opt_values /usr/lib/python3/dist-packages/oslo_config/cfg.py:2609
2025-10-13 00:38:06.737 144743 DEBUG oslo_service.service [req-f213463e-5858-43d8-ba91-2511b3197666 - - - - -] cyborg.timeout = None log_opt_values /usr/lib/python3/dist-packages/oslo_config/cfg.py:2609
2025-10-13 00:38:06.737 144743 DEBUG oslo_service.service [req-f213463e-5858-43d8-ba91-2511b3197666 - - - - -] cyborg.valid_interfaces = ['internal', 'public'] log_opt_values /usr/lib/python3/dist-packages/oslo_config/cfg.py:2609
2025-10-13 00:38:06.738 144743 DEBUG oslo_service.service [req-f213463e-5858-43d8-ba91-2511b3197666 - - - - -] cyborg.version = None log_opt_values /usr/lib/python3/dist-packages/oslo_config/cfg.py:2609
2025-10-13 00:38:06.738 144743 DEBUG oslo_service.service [req-f213463e-5858-43d8-ba91-2511b3197666 - - - - -] database.backend = sqlalchemy log_opt_values /usr/lib/python3/dist-packages/oslo_config/cfg.py:2609
2025-10-13 00:38:06.738 144743 DEBUG oslo_service.service [req-f213463e-5858-43d8-ba91-2511b3197666 - - - - -] database.connection = **** log_opt_values /usr/lib/python3/dist-packages/oslo_config/cfg.py:2609
2025-10-13 00:38:06.738 144743 DEBUG oslo_service.service [req-f213463e-5858-43d8-ba91-2511b3197666 - - - - -] database.connection_debug = 0 log_opt_values /usr/lib/python3/dist-packages/oslo_config/cfg.py:2609
2025-10-13 00:38:06.738 144743 DEBUG oslo_service.service [req-f213463e-5858-43d8-ba91-2511b3197666 - - - - -] database.connection_parameters = log_opt_values /usr/lib/python3/dist-packages/oslo_config/cfg.py:2609
2025-10-13 00:38:06.739 144743 DEBUG oslo_service.service [req-f213463e-5858-43d8-ba91-2511b3197666 - - - - -] database.connection_recycle_time = 3600 log_opt_values /usr/lib/python3/dist-packages/oslo_config/cfg.py:2609
2025-10-13 00:38:06.740 144743 DEBUG oslo_service.service [req-f213463e-5858-43d8-ba91-2511b3197666 - - - - -] database.connection_trace = False log_opt_values /usr/lib/python3/dist-packages/oslo_config/cfg.py:2609
2025-10-13 00:38:06.740 144743 DEBUG oslo_service.service [req-f213463e-5858-43d8-ba91-2511b3197666 - - - - -] database.db_inc_retry_interval = True log_opt_values /usr/lib/python3/dist-packages/oslo_config/cfg.py:2609
2025-10-13 00:38:06.740 144743 DEBUG oslo_service.service [req-f213463e-5858-43d8-ba91-2511b3197666 - - - - -] database.db_max_retries = 20 log_opt_values /usr/lib/python3/dist-packages/oslo_config/cfg.py:2609
2025-10-13 00:38:06.740 144743 DEBUG oslo_service.service [req-f213463e-5858-43d8-ba91-2511b3197666 - - - - -] database.db_max_retry_interval = 10 log_opt_values /usr/lib/python3/dist-packages/oslo_config/cfg.py:2609
2025-10-13 00:38:06.740 144743 DEBUG oslo_service.service [req-f213463e-5858-43d8-ba91-2511b3197666 - - - - -] database.db_retry_interval = 1 log_opt_values /usr/lib/python3/dist-packages/oslo_config/cfg.py:2609
2025-10-13 00:38:06.741 144743 DEBUG oslo_service.service [req-f213463e-5858-43d8-ba91-2511b3197666 - - - - -] database.max_overflow = 50 log_opt_values /usr/lib/python3/dist-packages/oslo_config/cfg.py:2609
2025-10-13 00:38:06.741 144743 DEBUG oslo_service.service [req-f213463e-5858-43d8-ba91-2511b3197666 - - - - -] database.max_pool_size = 4 log_opt_values /usr/lib/python3/dist-packages/oslo_config/cfg.py:2609
2025-10-13 00:38:06.741 144743 DEBUG oslo_service.service [req-f213463e-5858-43d8-ba91-2511b3197666 - - - - -] database.max_retries = 10 log_opt_values /usr/lib/python3/dist-packages/oslo_config/cfg.py:2609
2025-10-13 00:38:06.741 144743 DEBUG oslo_service.service [req-f213463e-5858-43d8-ba91-2511b3197666 - - - - -] database.mysql_enable_ndb = False log_opt_values /usr/lib/python3/dist-packages/oslo_config/cfg.py:2609
2025-10-13 00:38:06.742 144743 DEBUG oslo_service.service [req-f213463e-5858-43d8-ba91-2511b3197666 - - - - -] database.mysql_sql_mode = TRADITIONAL log_opt_values /usr/lib/python3/dist-packages/oslo_config/cfg.py:2609
2025-10-13 00:38:06.742 144743 DEBUG oslo_service.service [req-f213463e-5858-43d8-ba91-2511b3197666 - - - - -] database.pool_timeout = None log_opt_values /usr/lib/python3/dist-packages/oslo_config/cfg.py:2609
2025-10-13 00:38:06.742 144743 DEBUG oslo_service.service [req-f213463e-5858-43d8-ba91-2511b3197666 - - - - -] database.retry_interval = 10 log_opt_values /usr/lib/python3/dist-packages/oslo_config/cfg.py:2609
2025-10-13 00:38:06.742 144743 DEBUG oslo_service.service [req-f213463e-5858-43d8-ba91-2511b3197666 - - - - -] database.slave_connection = **** log_opt_values /usr/lib/python3/dist-packages/oslo_config/cfg.py:2609
2025-10-13 00:38:06.742 144743 DEBUG oslo_service.service [req-f213463e-5858-43d8-ba91-2511b3197666 - - - - -] database.sqlite_synchronous = True log_opt_values /usr/lib/python3/dist-packages/oslo_config/cfg.py:2609
2025-10-13 00:38:06.742 145059 DEBUG oslo_messaging._drivers.amqpdriver [-] Listener is running poll /usr/lib/python3/dist-packages/oslo_messaging/_drivers/amqpdriver.py:343
2025-10-13 00:38:06.743 144743 DEBUG oslo_service.service [req-f213463e-5858-43d8-ba91-2511b3197666 - - - - -] database.use_db_reconnect = False log_opt_values /usr/lib/python3/dist-packages/oslo_config/cfg.py:2609
2025-10-13 00:38:06.743 145059 DEBUG oslo_messaging._drivers.amqpdriver [-] AMQPListener connection consume poll /usr/lib/python3/dist-packages/oslo_messaging/_drivers/amqpdriver.py:357
2025-10-13 00:38:06.743 144743 DEBUG oslo_service.service [req-f213463e-5858-43d8-ba91-2511b3197666 - - - - -] api_database.backend = sqlalchemy log_opt_values /usr/lib/python3/dist-packages/oslo_config/cfg.py:2609
2025-10-13 00:38:06.743 144743 DEBUG oslo_service.service [req-f213463e-5858-43d8-ba91-2511b3197666 - - - - -] api_database.connection = **** log_opt_values /usr/lib/python3/dist-packages/oslo_config/cfg.py:2609
2025-10-13 00:38:06.743 145059 DEBUG nova.service [req-ae730f0e-5c53-495c-8d56-f8addabdf52b - - - - -] Join ServiceGroup membership for this service conductor start /usr/lib/python3/dist-packages/nova/service.py:199
2025-10-13 00:38:06.743 144743 DEBUG oslo_service.service [req-f213463e-5858-43d8-ba91-2511b3197666 - - - - -] api_database.connection_debug = 0 log_opt_values /usr/lib/python3/dist-packages/oslo_config/cfg.py:2609
2025-10-13 00:38:06.744 144743 DEBUG oslo_service.service [req-f213463e-5858-43d8-ba91-2511b3197666 - - - - -] api_database.connection_parameters = log_opt_values /usr/lib/python3/dist-packages/oslo_config/cfg.py:2609
2025-10-13 00:38:06.744 145059 DEBUG nova.servicegroup.drivers.db [req-ae730f0e-5c53-495c-8d56-f8addabdf52b - - - - -] DB_Driver: join new ServiceGroup member juju-f184ac-0-lxd-7 to the conductor group, service = join /usr/lib/python3/dist-packages/nova/servicegroup/drivers/db.py:44
2025-10-13 00:38:06.744 144743 DEBUG oslo_service.service [req-f213463e-5858-43d8-ba91-2511b3197666 - - - - -] api_database.connection_recycle_time = 3600 log_opt_values /usr/lib/python3/dist-packages/oslo_config/cfg.py:2609
2025-10-13 00:38:06.744 144743 DEBUG oslo_service.service [req-f213463e-5858-43d8-ba91-2511b3197666 - - - - -] api_database.connection_trace = False log_opt_values /usr/lib/python3/dist-packages/oslo_config/cfg.py:2609
2025-10-13 00:38:06.744 144743 DEBUG oslo_service.service [req-f213463e-5858-43d8-ba91-2511b3197666 - - - - -] api_database.db_inc_retry_interval = True log_opt_values /usr/lib/python3/dist-packages/oslo_config/cfg.py:2609
2025-10-13 00:38:06.745 144743 DEBUG oslo_service.service [req-f213463e-5858-43d8-ba91-2511b3197666 - - - - -] api_database.db_max_retries = 20 log_opt_values /usr/lib/python3/dist-packages/oslo_config/cfg.py:2609
2025-10-13 00:38:06.745 144743 DEBUG oslo_service.service [req-f213463e-5858-43d8-ba91-2511b3197666 - - - - -] api_database.db_max_retry_interval = 10 log_opt_values /usr/lib/python3/dist-packages/oslo_config/cfg.py:2609
2025-10-13 00:38:06.745 144743 DEBUG oslo_service.service [req-f213463e-5858-43d8-ba91-2511b3197666 - - - - -] api_database.db_retry_interval = 1 log_opt_values /usr/lib/python3/dist-packages/oslo_config/cfg.py:2609
2025-10-13 00:38:06.745 144743 DEBUG oslo_service.service [req-f213463e-5858-43d8-ba91-2511b3197666 - - - - -] api_database.max_overflow = 50 log_opt_values /usr/lib/python3/dist-packages/oslo_config/cfg.py:2609
2025-10-13 00:38:06.746 144743 DEBUG oslo_service.service [req-f213463e-5858-43d8-ba91-2511b3197666 - - - - -] api_database.max_pool_size = 4 log_opt_values /usr/lib/python3/dist-packages/oslo_config/cfg.py:2609
2025-10-13 00:38:06.746 144743 DEBUG oslo_service.service [req-f213463e-5858-43d8-ba91-2511b3197666 - - - - -] api_database.max_retries = 10 log_opt_values /usr/lib/python3/dist-packages/oslo_config/cfg.py:2609
2025-10-13 00:38:06.746 145059 DEBUG oslo_messaging._drivers.amqpdriver [-] AMQPListener connection timeout poll /usr/lib/python3/dist-packages/oslo_messaging/_drivers/amqpdriver.py:360
2025-10-13 00:38:06.746 144743 DEBUG oslo_service.service [req-f213463e-5858-43d8-ba91-2511b3197666 - - - - -] api_database.mysql_enable_ndb = False log_opt_values /usr/lib/python3/dist-packages/oslo_config/cfg.py:2609
2025-10-13 00:38:06.746 145059 DEBUG oslo_messaging._drivers.amqpdriver [-] Listener is running poll /usr/lib/python3/dist-packages/oslo_messaging/_drivers/amqpdriver.py:343
2025-10-13 00:38:06.746 144743 DEBUG oslo_service.service [req-f213463e-5858-43d8-ba91-2511b3197666 - - - - -] api_database.mysql_sql_mode = TRADITIONAL log_opt_values /usr/lib/python3/dist-packages/oslo_config/cfg.py:2609
2025-10-13 00:38:06.746 145059 DEBUG oslo_messaging._drivers.amqpdriver [-] AMQPListener connection consume poll /usr/lib/python3/dist-packages/oslo_messaging/_drivers/amqpdriver.py:357
2025-10-13 00:38:06.746 144743 DEBUG oslo_service.service [req-f213463e-5858-43d8-ba91-2511b3197666 - - - - -] api_database.pool_timeout = None log_opt_values /usr/lib/python3/dist-packages/oslo_config/cfg.py:2609
2025-10-13 00:38:06.747 144743 DEBUG oslo_service.service [req-f213463e-5858-43d8-ba91-2511b3197666 - - - - -] api_database.retry_interval = 10 log_opt_values /usr/lib/python3/dist-packages/oslo_config/cfg.py:2609
2025-10-13 00:38:06.747 144743 DEBUG oslo_service.service [req-f213463e-5858-43d8-ba91-2511b3197666 - - - - -] api_database.slave_connection = **** log_opt_values /usr/lib/python3/dist-packages/oslo_config/cfg.py:2609
2025-10-13 00:38:06.747 144743 DEBUG oslo_service.service [req-f213463e-5858-43d8-ba91-2511b3197666 - - - - -] api_database.sqlite_synchronous = True log_opt_values /usr/lib/python3/dist-packages/oslo_config/cfg.py:2609
2025-10-13 00:38:06.747 144743 DEBUG oslo_service.service [req-f213463e-5858-43d8-ba91-2511b3197666 - - - - -] devices.enabled_mdev_types = [] log_opt_values /usr/lib/python3/dist-packages/oslo_config/cfg.py:2609
2025-10-13 00:38:06.748 144743 DEBUG oslo_service.service [req-f213463e-5858-43d8-ba91-2511b3197666 - - - - -] ephemeral_storage_encryption.cipher = aes-xts-plain64 log_opt_values /usr/lib/python3/dist-packages/oslo_config/cfg.py:2609
2025-10-13 00:38:06.748 144743 DEBUG oslo_service.service [req-f213463e-5858-43d8-ba91-2511b3197666 - - - - -] ephemeral_storage_encryption.enabled = False log_opt_values /usr/lib/python3/dist-packages/oslo_config/cfg.py:2609
2025-10-13 00:38:06.748 144743 DEBUG oslo_service.service [req-f213463e-5858-43d8-ba91-2511b3197666 - - - - -] ephemeral_storage_encryption.key_size = 512 log_opt_values /usr/lib/python3/dist-packages/oslo_config/cfg.py:2609
2025-10-13 00:38:06.748 144743 WARNING oslo_config.cfg [req-f213463e-5858-43d8-ba91-2511b3197666 - - - - -] Deprecated: Option "api_servers" from group "glance" is deprecated for removal ( Support for image service configuration via standard keystoneauth1 Adapter options was added in the 17.0.0 Queens release. The api_servers option was retained temporarily to allow consumers time to cut over to a real load balancing solution. ). Its value may be silently ignored in the future.
2025-10-13 00:38:06.748 144743 DEBUG oslo_service.service [req-f213463e-5858-43d8-ba91-2511b3197666 - - - - -] glance.api_servers = ['http://252.129.4.54:9292'] log_opt_values /usr/lib/python3/dist-packages/oslo_config/cfg.py:2609
2025-10-13 00:38:06.749 144743 DEBUG oslo_service.service [req-f213463e-5858-43d8-ba91-2511b3197666 - - - - -] glance.cafile = None log_opt_values /usr/lib/python3/dist-packages/oslo_config/cfg.py:2609
2025-10-13 00:38:06.749 144743 DEBUG oslo_service.service [req-f213463e-5858-43d8-ba91-2511b3197666 - - - - -] glance.certfile = None log_opt_values /usr/lib/python3/dist-packages/oslo_config/cfg.py:2609
2025-10-13 00:38:06.749 144743 DEBUG oslo_service.service [req-f213463e-5858-43d8-ba91-2511b3197666 - - - - -] glance.collect_timing = False log_opt_values /usr/lib/python3/dist-packages/oslo_config/cfg.py:2609
2025-10-13 00:38:06.749 144743 DEBUG oslo_service.service [req-f213463e-5858-43d8-ba91-2511b3197666 - - - - -] glance.connect_retries = None log_opt_values /usr/lib/python3/dist-packages/oslo_config/cfg.py:2609
2025-10-13 00:38:06.750 144743 DEBUG oslo_service.service [req-f213463e-5858-43d8-ba91-2511b3197666 - - - - -] glance.connect_retry_delay = None log_opt_values /usr/lib/python3/dist-packages/oslo_config/cfg.py:2609
2025-10-13 00:38:06.750 144743 DEBUG oslo_service.service [req-f213463e-5858-43d8-ba91-2511b3197666 - - - - -] glance.debug = False log_opt_values /usr/lib/python3/dist-packages/oslo_config/cfg.py:2609
2025-10-13 00:38:06.750 144743 DEBUG oslo_service.service [req-f213463e-5858-43d8-ba91-2511b3197666 - - - - -] glance.default_trusted_certificate_ids = [] log_opt_values /usr/lib/python3/dist-packages/oslo_config/cfg.py:2609
2025-10-13 00:38:06.750 144743 DEBUG oslo_service.service [req-f213463e-5858-43d8-ba91-2511b3197666 - - - - -] glance.enable_certificate_validation = False log_opt_values /usr/lib/python3/dist-packages/oslo_config/cfg.py:2609
2025-10-13 00:38:06.750 144743 DEBUG oslo_service.service [req-f213463e-5858-43d8-ba91-2511b3197666 - - - - -] glance.enable_rbd_download = False log_opt_values /usr/lib/python3/dist-packages/oslo_config/cfg.py:2609
