2025-10-13 00:40:01.990 167007 DEBUG oslo_service.service [req-541ebe2d-3cc8-4bc8-9b20-b545715ce6df - - - - -] max_concurrent_snapshots = 5 log_opt_values /usr/lib/python3/dist-packages/oslo_config/cfg.py:2602
2025-10-13 00:40:01.990 167007 DEBUG oslo_service.service [req-541ebe2d-3cc8-4bc8-9b20-b545715ce6df - - - - -] max_local_block_devices = 3 log_opt_values /usr/lib/python3/dist-packages/oslo_config/cfg.py:2602
2025-10-13 00:40:01.990 167007 DEBUG oslo_service.service [req-541ebe2d-3cc8-4bc8-9b20-b545715ce6df - - - - -] max_logfile_count = 30 log_opt_values /usr/lib/python3/dist-packages/oslo_config/cfg.py:2602
2025-10-13 00:40:01.990 167007 DEBUG oslo_service.service [req-541ebe2d-3cc8-4bc8-9b20-b545715ce6df - - - - -] max_logfile_size_mb = 200 log_opt_values /usr/lib/python3/dist-packages/oslo_config/cfg.py:2602
2025-10-13 00:40:01.990 167007 DEBUG oslo_service.service [req-541ebe2d-3cc8-4bc8-9b20-b545715ce6df - - - - -] maximum_instance_delete_attempts = 5 log_opt_values /usr/lib/python3/dist-packages/oslo_config/cfg.py:2602
2025-10-13 00:40:01.990 167007 DEBUG oslo_service.service [req-541ebe2d-3cc8-4bc8-9b20-b545715ce6df - - - - -] metadata_listen = 0.0.0.0 log_opt_values /usr/lib/python3/dist-packages/oslo_config/cfg.py:2602
2025-10-13 00:40:01.991 167007 DEBUG oslo_service.service [req-541ebe2d-3cc8-4bc8-9b20-b545715ce6df - - - - -] metadata_listen_port = 8765 log_opt_values /usr/lib/python3/dist-packages/oslo_config/cfg.py:2602
2025-10-13 00:40:01.991 167007 DEBUG oslo_service.service [req-541ebe2d-3cc8-4bc8-9b20-b545715ce6df - - - - -] metadata_workers = None log_opt_values /usr/lib/python3/dist-packages/oslo_config/cfg.py:2602
2025-10-13 00:40:01.991 167007 DEBUG oslo_service.service [req-541ebe2d-3cc8-4bc8-9b20-b545715ce6df - - - - -] migrate_max_retries = -1 log_opt_values /usr/lib/python3/dist-packages/oslo_config/cfg.py:2602
2025-10-13 00:40:01.991 167007 DEBUG oslo_service.service [req-541ebe2d-3cc8-4bc8-9b20-b545715ce6df - - - - -] mkisofs_cmd = genisoimage log_opt_values /usr/lib/python3/dist-packages/oslo_config/cfg.py:2602
2025-10-13 00:40:01.992 167007 DEBUG oslo_service.service [req-541ebe2d-3cc8-4bc8-9b20-b545715ce6df - - - - -] my_block_storage_ip = 252.129.40.94 log_opt_values /usr/lib/python3/dist-packages/oslo_config/cfg.py:2602
2025-10-13 00:40:01.992 167007 DEBUG oslo_service.service [req-541ebe2d-3cc8-4bc8-9b20-b545715ce6df - - - - -] my_ip = 252.129.40.94 log_opt_values /usr/lib/python3/dist-packages/oslo_config/cfg.py:2602
2025-10-13 00:40:01.992 167007 DEBUG oslo_service.service [req-541ebe2d-3cc8-4bc8-9b20-b545715ce6df - - - - -] network_allocate_retries = 0 log_opt_values /usr/lib/python3/dist-packages/oslo_config/cfg.py:2602
2025-10-13 00:40:01.992 167404 DEBUG nova.service [req-91248c32-cdd0-4eea-bffe-6ec4ab439dba - - - - -] Creating RPC server for service conductor start /usr/lib/python3/dist-packages/nova/service.py:182
2025-10-13 00:40:01.992 167007 DEBUG oslo_service.service [req-541ebe2d-3cc8-4bc8-9b20-b545715ce6df - - - - -] non_inheritable_image_properties = ['cache_in_nova', 'bittorrent'] log_opt_values /usr/lib/python3/dist-packages/oslo_config/cfg.py:2602
2025-10-13 00:40:01.992 167007 DEBUG oslo_service.service [req-541ebe2d-3cc8-4bc8-9b20-b545715ce6df - - - - -] osapi_compute_listen = 0.0.0.0 log_opt_values /usr/lib/python3/dist-packages/oslo_config/cfg.py:2602
2025-10-13 00:40:01.992 167007 DEBUG oslo_service.service [req-541ebe2d-3cc8-4bc8-9b20-b545715ce6df - - - - -] osapi_compute_listen_port = 8764 log_opt_values /usr/lib/python3/dist-packages/oslo_config/cfg.py:2602
2025-10-13 00:40:01.993 167007 DEBUG oslo_service.service [req-541ebe2d-3cc8-4bc8-9b20-b545715ce6df - - - - -] osapi_compute_unique_server_name_scope = log_opt_values /usr/lib/python3/dist-packages/oslo_config/cfg.py:2602
2025-10-13 00:40:01.993 167007 DEBUG oslo_service.service [req-541ebe2d-3cc8-4bc8-9b20-b545715ce6df - - - - -] osapi_compute_workers = 4 log_opt_values /usr/lib/python3/dist-packages/oslo_config/cfg.py:2602
2025-10-13 00:40:01.993 167007 DEBUG oslo_service.service [req-541ebe2d-3cc8-4bc8-9b20-b545715ce6df - - - - -] password_length = 12 log_opt_values /usr/lib/python3/dist-packages/oslo_config/cfg.py:2602
2025-10-13 00:40:01.993 167007 DEBUG oslo_service.service [req-541ebe2d-3cc8-4bc8-9b20-b545715ce6df - - - - -] periodic_enable = True log_opt_values /usr/lib/python3/dist-packages/oslo_config/cfg.py:2602
2025-10-13 00:40:01.993 167007 DEBUG oslo_service.service [req-541ebe2d-3cc8-4bc8-9b20-b545715ce6df - - - - -] periodic_fuzzy_delay = 60 log_opt_values /usr/lib/python3/dist-packages/oslo_config/cfg.py:2602
2025-10-13 00:40:01.994 167007 DEBUG oslo_service.service [req-541ebe2d-3cc8-4bc8-9b20-b545715ce6df - - - - -] pointer_model = usbtablet log_opt_values /usr/lib/python3/dist-packages/oslo_config/cfg.py:2602
2025-10-13 00:40:01.994 167007 DEBUG oslo_service.service [req-541ebe2d-3cc8-4bc8-9b20-b545715ce6df - - - - -] preallocate_images = none log_opt_values /usr/lib/python3/dist-packages/oslo_config/cfg.py:2602
2025-10-13 00:40:01.995 167007 DEBUG oslo_service.service [req-541ebe2d-3cc8-4bc8-9b20-b545715ce6df - - - - -] publish_errors = False log_opt_values /usr/lib/python3/dist-packages/oslo_config/cfg.py:2602
2025-10-13 00:40:01.995 167007 DEBUG oslo_service.service [req-541ebe2d-3cc8-4bc8-9b20-b545715ce6df - - - - -] pybasedir = /usr/lib/python3/dist-packages log_opt_values /usr/lib/python3/dist-packages/oslo_config/cfg.py:2602
2025-10-13 00:40:01.995 167007 DEBUG oslo_service.service [req-541ebe2d-3cc8-4bc8-9b20-b545715ce6df - - - - -] ram_allocation_ratio = 0.98 log_opt_values /usr/lib/python3/dist-packages/oslo_config/cfg.py:2602
2025-10-13 00:40:01.995 167007 DEBUG oslo_service.service [req-541ebe2d-3cc8-4bc8-9b20-b545715ce6df - - - - -] rate_limit_burst = 0 log_opt_values /usr/lib/python3/dist-packages/oslo_config/cfg.py:2602
2025-10-13 00:40:01.995 167007 DEBUG oslo_service.service [req-541ebe2d-3cc8-4bc8-9b20-b545715ce6df - - - - -] rate_limit_except_level = CRITICAL log_opt_values /usr/lib/python3/dist-packages/oslo_config/cfg.py:2602
2025-10-13 00:40:01.996 167007 DEBUG oslo_service.service [req-541ebe2d-3cc8-4bc8-9b20-b545715ce6df - - - - -] rate_limit_interval = 0 log_opt_values /usr/lib/python3/dist-packages/oslo_config/cfg.py:2602
2025-10-13 00:40:01.996 167007 DEBUG oslo_service.service [req-541ebe2d-3cc8-4bc8-9b20-b545715ce6df - - - - -] reboot_timeout = 0 log_opt_values /usr/lib/python3/dist-packages/oslo_config/cfg.py:2602
2025-10-13 00:40:01.996 167007 DEBUG oslo_service.service [req-541ebe2d-3cc8-4bc8-9b20-b545715ce6df - - - - -] reclaim_instance_interval = 0 log_opt_values /usr/lib/python3/dist-packages/oslo_config/cfg.py:2602
2025-10-13 00:40:01.997 167007 DEBUG oslo_service.service [req-541ebe2d-3cc8-4bc8-9b20-b545715ce6df - - - - -] record = None log_opt_values /usr/lib/python3/dist-packages/oslo_config/cfg.py:2602
2025-10-13 00:40:01.997 167007 DEBUG oslo_service.service [req-541ebe2d-3cc8-4bc8-9b20-b545715ce6df - - - - -] report_interval = 10 log_opt_values /usr/lib/python3/dist-packages/oslo_config/cfg.py:2602
2025-10-13 00:40:01.997 167007 DEBUG oslo_service.service [req-541ebe2d-3cc8-4bc8-9b20-b545715ce6df - - - - -] rescue_timeout = 0 log_opt_values /usr/lib/python3/dist-packages/oslo_config/cfg.py:2602
2025-10-13 00:40:01.997 167406 DEBUG nova.service [req-4a260a27-4e0b-404a-982a-a4136eba145e - - - - -] Creating RPC server for service conductor start /usr/lib/python3/dist-packages/nova/service.py:182
2025-10-13 00:40:01.997 167007 DEBUG oslo_service.service [req-541ebe2d-3cc8-4bc8-9b20-b545715ce6df - - - - -] reserved_host_cpus = 0 log_opt_values /usr/lib/python3/dist-packages/oslo_config/cfg.py:2602
2025-10-13 00:40:01.997 167007 DEBUG oslo_service.service [req-541ebe2d-3cc8-4bc8-9b20-b545715ce6df - - - - -] reserved_host_disk_mb = 0 log_opt_values /usr/lib/python3/dist-packages/oslo_config/cfg.py:2602
2025-10-13 00:40:01.997 167007 DEBUG oslo_service.service [req-541ebe2d-3cc8-4bc8-9b20-b545715ce6df - - - - -] reserved_host_memory_mb = 512 log_opt_values /usr/lib/python3/dist-packages/oslo_config/cfg.py:2602
2025-10-13 00:40:01.998 167007 DEBUG oslo_service.service [req-541ebe2d-3cc8-4bc8-9b20-b545715ce6df - - - - -] reserved_huge_pages = None log_opt_values /usr/lib/python3/dist-packages/oslo_config/cfg.py:2602
2025-10-13 00:40:01.997 167405 DEBUG nova.service [req-08936acf-9606-457f-a3fd-401d9671c12d - - - - -] Creating RPC server for service conductor start /usr/lib/python3/dist-packages/nova/service.py:182
2025-10-13 00:40:01.998 167007 DEBUG oslo_service.service [req-541ebe2d-3cc8-4bc8-9b20-b545715ce6df - - - - -] resize_confirm_window = 0 log_opt_values /usr/lib/python3/dist-packages/oslo_config/cfg.py:2602
2025-10-13 00:40:01.998 167007 DEBUG oslo_service.service [req-541ebe2d-3cc8-4bc8-9b20-b545715ce6df - - - - -] resize_fs_using_block_device = False log_opt_values /usr/lib/python3/dist-packages/oslo_config/cfg.py:2602
2025-10-13 00:40:01.998 167007 DEBUG oslo_service.service [req-541ebe2d-3cc8-4bc8-9b20-b545715ce6df - - - - -] resume_guests_state_on_host_boot = False log_opt_values /usr/lib/python3/dist-packages/oslo_config/cfg.py:2602
2025-10-13 00:40:01.998 167007 DEBUG oslo_service.service [req-541ebe2d-3cc8-4bc8-9b20-b545715ce6df - - - - -] rootwrap_config = /etc/nova/rootwrap.conf log_opt_values /usr/lib/python3/dist-packages/oslo_config/cfg.py:2602
2025-10-13 00:40:01.998 167007 DEBUG oslo_service.service [req-541ebe2d-3cc8-4bc8-9b20-b545715ce6df - - - - -] rpc_response_timeout = 60 log_opt_values /usr/lib/python3/dist-packages/oslo_config/cfg.py:2602
2025-10-13 00:40:01.999 167007 DEBUG oslo_service.service [req-541ebe2d-3cc8-4bc8-9b20-b545715ce6df - - - - -] run_external_periodic_tasks = True log_opt_values /usr/lib/python3/dist-packages/oslo_config/cfg.py:2602
2025-10-13 00:40:01.999 167007 DEBUG oslo_service.service [req-541ebe2d-3cc8-4bc8-9b20-b545715ce6df - - - - -] running_deleted_instance_action = reap log_opt_values /usr/lib/python3/dist-packages/oslo_config/cfg.py:2602
2025-10-13 00:40:01.999 167007 DEBUG oslo_service.service [req-541ebe2d-3cc8-4bc8-9b20-b545715ce6df - - - - -] running_deleted_instance_poll_interval = 1800 log_opt_values /usr/lib/python3/dist-packages/oslo_config/cfg.py:2602
2025-10-13 00:40:01.999 167007 DEBUG oslo_service.service [req-541ebe2d-3cc8-4bc8-9b20-b545715ce6df - - - - -] running_deleted_instance_timeout = 0 log_opt_values /usr/lib/python3/dist-packages/oslo_config/cfg.py:2602
2025-10-13 00:40:01.999 167007 DEBUG oslo_service.service [req-541ebe2d-3cc8-4bc8-9b20-b545715ce6df - - - - -] scheduler_instance_sync_interval = 120 log_opt_values /usr/lib/python3/dist-packages/oslo_config/cfg.py:2602
2025-10-13 00:40:01.999 167007 DEBUG oslo_service.service [req-541ebe2d-3cc8-4bc8-9b20-b545715ce6df - - - - -] service_down_time = 60 log_opt_values /usr/lib/python3/dist-packages/oslo_config/cfg.py:2602
2025-10-13 00:40:02.000 167007 DEBUG oslo_service.service [req-541ebe2d-3cc8-4bc8-9b20-b545715ce6df - - - - -] servicegroup_driver = db log_opt_values /usr/lib/python3/dist-packages/oslo_config/cfg.py:2602
2025-10-13 00:40:02.000 167007 DEBUG oslo_service.service [req-541ebe2d-3cc8-4bc8-9b20-b545715ce6df - - - - -] shelved_offload_time = 0 log_opt_values /usr/lib/python3/dist-packages/oslo_config/cfg.py:2602
2025-10-13 00:40:02.000 167007 DEBUG oslo_service.service [req-541ebe2d-3cc8-4bc8-9b20-b545715ce6df - - - - -] shelved_poll_interval = 3600 log_opt_values /usr/lib/python3/dist-packages/oslo_config/cfg.py:2602
2025-10-13 00:40:02.000 167007 DEBUG oslo_service.service [req-541ebe2d-3cc8-4bc8-9b20-b545715ce6df - - - - -] shutdown_timeout = 60 log_opt_values /usr/lib/python3/dist-packages/oslo_config/cfg.py:2602
2025-10-13 00:40:02.000 167007 DEBUG oslo_service.service [req-541ebe2d-3cc8-4bc8-9b20-b545715ce6df - - - - -] source_is_ipv6 = False log_opt_values /usr/lib/python3/dist-packages/oslo_config/cfg.py:2602
2025-10-13 00:40:02.001 167007 DEBUG oslo_service.service [req-541ebe2d-3cc8-4bc8-9b20-b545715ce6df - - - - -] ssl_only = False log_opt_values /usr/lib/python3/dist-packages/oslo_config/cfg.py:2602
2025-10-13 00:40:02.001 167007 DEBUG oslo_service.service [req-541ebe2d-3cc8-4bc8-9b20-b545715ce6df - - - - -] state_path = /var/lib/nova log_opt_values /usr/lib/python3/dist-packages/oslo_config/cfg.py:2602
2025-10-13 00:40:02.001 167007 DEBUG oslo_service.service [req-541ebe2d-3cc8-4bc8-9b20-b545715ce6df - - - - -] sync_power_state_interval = 600 log_opt_values /usr/lib/python3/dist-packages/oslo_config/cfg.py:2602
2025-10-13 00:40:02.001 167007 DEBUG oslo_service.service [req-541ebe2d-3cc8-4bc8-9b20-b545715ce6df - - - - -] sync_power_state_pool_size = 1000 log_opt_values /usr/lib/python3/dist-packages/oslo_config/cfg.py:2602
2025-10-13 00:40:02.001 167007 DEBUG oslo_service.service [req-541ebe2d-3cc8-4bc8-9b20-b545715ce6df - - - - -] syslog_log_facility = LOG_USER log_opt_values /usr/lib/python3/dist-packages/oslo_config/cfg.py:2602
2025-10-13 00:40:02.001 167007 DEBUG oslo_service.service [req-541ebe2d-3cc8-4bc8-9b20-b545715ce6df - - - - -] tempdir = None log_opt_values /usr/lib/python3/dist-packages/oslo_config/cfg.py:2602
2025-10-13 00:40:02.002 167007 DEBUG oslo_service.service [req-541ebe2d-3cc8-4bc8-9b20-b545715ce6df - - - - -] timeout_nbd = 10 log_opt_values /usr/lib/python3/dist-packages/oslo_config/cfg.py:2602
2025-10-13 00:40:02.002 167007 DEBUG oslo_service.service [req-541ebe2d-3cc8-4bc8-9b20-b545715ce6df - - - - -] transport_url = **** log_opt_values /usr/lib/python3/dist-packages/oslo_config/cfg.py:2602
2025-10-13 00:40:02.002 167007 DEBUG oslo_service.service [req-541ebe2d-3cc8-4bc8-9b20-b545715ce6df - - - - -] update_resources_interval = 0 log_opt_values /usr/lib/python3/dist-packages/oslo_config/cfg.py:2602
2025-10-13 00:40:02.002 167007 DEBUG oslo_service.service [req-541ebe2d-3cc8-4bc8-9b20-b545715ce6df - - - - -] use_cow_images = True log_opt_values /usr/lib/python3/dist-packages/oslo_config/cfg.py:2602
2025-10-13 00:40:02.002 167007 DEBUG oslo_service.service [req-541ebe2d-3cc8-4bc8-9b20-b545715ce6df - - - - -] use_eventlog = False log_opt_values /usr/lib/python3/dist-packages/oslo_config/cfg.py:2602
2025-10-13 00:40:02.002 167007 DEBUG oslo_service.service [req-541ebe2d-3cc8-4bc8-9b20-b545715ce6df - - - - -] use_journal = False log_opt_values /usr/lib/python3/dist-packages/oslo_config/cfg.py:2602
2025-10-13 00:40:02.003 167007 DEBUG oslo_service.service [req-541ebe2d-3cc8-4bc8-9b20-b545715ce6df - - - - -] use_json = False log_opt_values /usr/lib/python3/dist-packages/oslo_config/cfg.py:2602
2025-10-13 00:40:02.003 167007 DEBUG oslo_service.service [req-541ebe2d-3cc8-4bc8-9b20-b545715ce6df - - - - -] use_rootwrap_daemon = False log_opt_values /usr/lib/python3/dist-packages/oslo_config/cfg.py:2602
2025-10-13 00:40:02.003 167007 DEBUG oslo_service.service [req-541ebe2d-3cc8-4bc8-9b20-b545715ce6df - - - - -] use_stderr = False log_opt_values /usr/lib/python3/dist-packages/oslo_config/cfg.py:2602
2025-10-13 00:40:02.003 167007 DEBUG oslo_service.service [req-541ebe2d-3cc8-4bc8-9b20-b545715ce6df - - - - -] use_syslog = False log_opt_values /usr/lib/python3/dist-packages/oslo_config/cfg.py:2602
2025-10-13 00:40:02.003 167007 DEBUG oslo_service.service [req-541ebe2d-3cc8-4bc8-9b20-b545715ce6df - - - - -] vcpu_pin_set = None log_opt_values /usr/lib/python3/dist-packages/oslo_config/cfg.py:2602
2025-10-13 00:40:02.003 167007 DEBUG oslo_service.service [req-541ebe2d-3cc8-4bc8-9b20-b545715ce6df - - - - -] vif_plugging_is_fatal = True log_opt_values /usr/lib/python3/dist-packages/oslo_config/cfg.py:2602
2025-10-13 00:40:02.004 167007 DEBUG oslo_service.service [req-541ebe2d-3cc8-4bc8-9b20-b545715ce6df - - - - -] vif_plugging_timeout = 300 log_opt_values /usr/lib/python3/dist-packages/oslo_config/cfg.py:2602
2025-10-13 00:40:02.004 167007 DEBUG oslo_service.service [req-541ebe2d-3cc8-4bc8-9b20-b545715ce6df - - - - -] virt_mkfs = [] log_opt_values /usr/lib/python3/dist-packages/oslo_config/cfg.py:2602
2025-10-13 00:40:02.004 167007 DEBUG oslo_service.service [req-541ebe2d-3cc8-4bc8-9b20-b545715ce6df - - - - -] volume_usage_poll_interval = 0 log_opt_values /usr/lib/python3/dist-packages/oslo_config/cfg.py:2602
2025-10-13 00:40:02.004 167007 DEBUG oslo_service.service [req-541ebe2d-3cc8-4bc8-9b20-b545715ce6df - - - - -] watch_log_file = False log_opt_values /usr/lib/python3/dist-packages/oslo_config/cfg.py:2602
2025-10-13 00:40:02.004 167007 DEBUG oslo_service.service [req-541ebe2d-3cc8-4bc8-9b20-b545715ce6df - - - - -] web = /usr/share/spice-html5 log_opt_values /usr/lib/python3/dist-packages/oslo_config/cfg.py:2602
2025-10-13 00:40:02.004 167007 DEBUG oslo_service.service [req-541ebe2d-3cc8-4bc8-9b20-b545715ce6df - - - - -] oslo_concurrency.disable_process_locking = False log_opt_values /usr/lib/python3/dist-packages/oslo_config/cfg.py:2609
2025-10-13 00:40:02.005 167007 DEBUG oslo_service.service [req-541ebe2d-3cc8-4bc8-9b20-b545715ce6df - - - - -] oslo_concurrency.lock_path = /var/lock/nova log_opt_values /usr/lib/python3/dist-packages/oslo_config/cfg.py:2609
2025-10-13 00:40:02.005 167007 DEBUG oslo_service.service [req-541ebe2d-3cc8-4bc8-9b20-b545715ce6df - - - - -] oslo_messaging_metrics.metrics_buffer_size = 1000 log_opt_values /usr/lib/python3/dist-packages/oslo_config/cfg.py:2609
2025-10-13 00:40:02.005 167007 DEBUG oslo_service.service [req-541ebe2d-3cc8-4bc8-9b20-b545715ce6df - - - - -] oslo_messaging_metrics.metrics_enabled = False log_opt_values /usr/lib/python3/dist-packages/oslo_config/cfg.py:2609
2025-10-13 00:40:02.005 167403 DEBUG oslo_db.sqlalchemy.engines [req-833a108f-722f-4b4a-8b8a-8c57b97a9ffc - - - - -] MySQL server mode set to STRICT_TRANS_TABLES,STRICT_ALL_TABLES,NO_ZERO_IN_DATE,NO_ZERO_DATE,ERROR_FOR_DIVISION_BY_ZERO,TRADITIONAL,NO_ENGINE_SUBSTITUTION _check_effective_sql_mode /usr/lib/python3/dist-packages/oslo_db/sqlalchemy/engines.py:314
2025-10-13 00:40:02.005 167007 DEBUG oslo_service.service [req-541ebe2d-3cc8-4bc8-9b20-b545715ce6df - - - - -] oslo_messaging_metrics.metrics_process_name = log_opt_values /usr/lib/python3/dist-packages/oslo_config/cfg.py:2609
2025-10-13 00:40:02.005 167007 DEBUG oslo_service.service [req-541ebe2d-3cc8-4bc8-9b20-b545715ce6df - - - - -] oslo_messaging_metrics.metrics_socket_file = /var/tmp/metrics_collector.sock log_opt_values /usr/lib/python3/dist-packages/oslo_config/cfg.py:2609
2025-10-13 00:40:02.006 167007 DEBUG oslo_service.service [req-541ebe2d-3cc8-4bc8-9b20-b545715ce6df - - - - -] oslo_messaging_metrics.metrics_thread_stop_timeout = 10 log_opt_values /usr/lib/python3/dist-packages/oslo_config/cfg.py:2609
2025-10-13 00:40:02.006 167007 WARNING oslo_config.cfg [req-541ebe2d-3cc8-4bc8-9b20-b545715ce6df - - - - -] Deprecated: Option "auth_strategy" from group "api" is deprecated for removal ( The only non-default choice, ``noauth2``, is for internal development and testing purposes only and should not be used in deployments. This option and its middleware, NoAuthMiddleware[V2_18], will be removed in a future release. ). Its value may be silently ignored in the future.
2025-10-13 00:40:02.007 167007 DEBUG oslo_service.service [req-541ebe2d-3cc8-4bc8-9b20-b545715ce6df - - - - -] api.auth_strategy = keystone log_opt_values /usr/lib/python3/dist-packages/oslo_config/cfg.py:2609
2025-10-13 00:40:02.007 167007 DEBUG oslo_service.service [req-541ebe2d-3cc8-4bc8-9b20-b545715ce6df - - - - -] api.compute_link_prefix = None log_opt_values /usr/lib/python3/dist-packages/oslo_config/cfg.py:2609
2025-10-13 00:40:02.008 167007 DEBUG oslo_service.service [req-541ebe2d-3cc8-4bc8-9b20-b545715ce6df - - - - -] api.config_drive_skip_versions = 1.0 2007-01-19 2007-03-01 2007-08-29 2007-10-10 2007-12-15 2008-02-01 2008-09-01 log_opt_values /usr/lib/python3/dist-packages/oslo_config/cfg.py:2609
2025-10-13 00:40:02.008 167007 DEBUG oslo_service.service [req-541ebe2d-3cc8-4bc8-9b20-b545715ce6df - - - - -] api.dhcp_domain = novalocal log_opt_values /usr/lib/python3/dist-packages/oslo_config/cfg.py:2609
2025-10-13 00:40:02.008 167007 DEBUG oslo_service.service [req-541ebe2d-3cc8-4bc8-9b20-b545715ce6df - - - - -] api.enable_instance_password = True log_opt_values /usr/lib/python3/dist-packages/oslo_config/cfg.py:2609
2025-10-13 00:40:02.008 167007 DEBUG oslo_service.service [req-541ebe2d-3cc8-4bc8-9b20-b545715ce6df - - - - -] api.glance_link_prefix = None log_opt_values /usr/lib/python3/dist-packages/oslo_config/cfg.py:2609
2025-10-13 00:40:02.009 167007 DEBUG oslo_service.service [req-541ebe2d-3cc8-4bc8-9b20-b545715ce6df - - - - -] api.instance_list_cells_batch_fixed_size = 100 log_opt_values /usr/lib/python3/dist-packages/oslo_config/cfg.py:2609
2025-10-13 00:40:02.009 167007 DEBUG oslo_service.service [req-541ebe2d-3cc8-4bc8-9b20-b545715ce6df - - - - -] api.instance_list_cells_batch_strategy = distributed log_opt_values /usr/lib/python3/dist-packages/oslo_config/cfg.py:2609
2025-10-13 00:40:02.009 167007 DEBUG oslo_service.service [req-541ebe2d-3cc8-4bc8-9b20-b545715ce6df - - - - -] api.instance_list_per_project_cells = False log_opt_values /usr/lib/python3/dist-packages/oslo_config/cfg.py:2609
2025-10-13 00:40:02.009 167007 DEBUG oslo_service.service [req-541ebe2d-3cc8-4bc8-9b20-b545715ce6df - - - - -] api.list_records_by_skipping_down_cells = True log_opt_values /usr/lib/python3/dist-packages/oslo_config/cfg.py:2609
2025-10-13 00:40:02.009 167007 DEBUG oslo_service.service [req-541ebe2d-3cc8-4bc8-9b20-b545715ce6df - - - - -] api.local_metadata_per_cell = False log_opt_values /usr/lib/python3/dist-packages/oslo_config/cfg.py:2609
2025-10-13 00:40:02.010 167007 DEBUG oslo_service.service [req-541ebe2d-3cc8-4bc8-9b20-b545715ce6df - - - - -] api.max_limit = 1000 log_opt_values /usr/lib/python3/dist-packages/oslo_config/cfg.py:2609
2025-10-13 00:40:02.010 167007 DEBUG oslo_service.service [req-541ebe2d-3cc8-4bc8-9b20-b545715ce6df - - - - -] api.metadata_cache_expiration = 15 log_opt_values /usr/lib/python3/dist-packages/oslo_config/cfg.py:2609
2025-10-13 00:40:02.010 167007 DEBUG oslo_service.service [req-541ebe2d-3cc8-4bc8-9b20-b545715ce6df - - - - -] api.neutron_default_tenant_id = default log_opt_values /usr/lib/python3/dist-packages/oslo_config/cfg.py:2609
2025-10-13 00:40:02.010 167007 DEBUG oslo_service.service [req-541ebe2d-3cc8-4bc8-9b20-b545715ce6df - - - - -] api.use_forwarded_for = False log_opt_values /usr/lib/python3/dist-packages/oslo_config/cfg.py:2609
2025-10-13 00:40:02.010 167007 DEBUG oslo_service.service [req-541ebe2d-3cc8-4bc8-9b20-b545715ce6df - - - - -] api.use_neutron_default_nets = False log_opt_values /usr/lib/python3/dist-packages/oslo_config/cfg.py:2609
2025-10-13 00:40:02.011 167007 DEBUG oslo_service.service [req-541ebe2d-3cc8-4bc8-9b20-b545715ce6df - - - - -] api.vendordata_dynamic_connect_timeout = 5 log_opt_values /usr/lib/python3/dist-packages/oslo_config/cfg.py:2609
2025-10-13 00:40:02.011 167007 DEBUG oslo_service.service [req-541ebe2d-3cc8-4bc8-9b20-b545715ce6df - - - - -] api.vendordata_dynamic_failure_fatal = False log_opt_values /usr/lib/python3/dist-packages/oslo_config/cfg.py:2609
2025-10-13 00:40:02.011 167007 DEBUG oslo_service.service [req-541ebe2d-3cc8-4bc8-9b20-b545715ce6df - - - - -] api.vendordata_dynamic_read_timeout = 5 log_opt_values /usr/lib/python3/dist-packages/oslo_config/cfg.py:2609
2025-10-13 00:40:02.011 167007 DEBUG oslo_service.service [req-541ebe2d-3cc8-4bc8-9b20-b545715ce6df - - - - -] api.vendordata_dynamic_ssl_certfile = log_opt_values /usr/lib/python3/dist-packages/oslo_config/cfg.py:2609
2025-10-13 00:40:02.012 167007 DEBUG oslo_service.service [req-541ebe2d-3cc8-4bc8-9b20-b545715ce6df - - - - -] api.vendordata_dynamic_targets = [] log_opt_values /usr/lib/python3/dist-packages/oslo_config/cfg.py:2609
2025-10-13 00:40:02.012 167007 DEBUG oslo_service.service [req-541ebe2d-3cc8-4bc8-9b20-b545715ce6df - - - - -] api.vendordata_jsonfile_path = None log_opt_values /usr/lib/python3/dist-packages/oslo_config/cfg.py:2609
2025-10-13 00:40:02.012 167007 DEBUG oslo_service.service [req-541ebe2d-3cc8-4bc8-9b20-b545715ce6df - - - - -] api.vendordata_providers = ['StaticJSON'] log_opt_values /usr/lib/python3/dist-packages/oslo_config/cfg.py:2609
2025-10-13 00:40:02.012 167007 DEBUG oslo_service.service [req-541ebe2d-3cc8-4bc8-9b20-b545715ce6df - - - - -] cache.backend = dogpile.cache.null log_opt_values /usr/lib/python3/dist-packages/oslo_config/cfg.py:2609
2025-10-13 00:40:02.012 167007 DEBUG oslo_service.service [req-541ebe2d-3cc8-4bc8-9b20-b545715ce6df - - - - -] cache.backend_argument = **** log_opt_values /usr/lib/python3/dist-packages/oslo_config/cfg.py:2609
2025-10-13 00:40:02.013 167007 DEBUG oslo_service.service [req-541ebe2d-3cc8-4bc8-9b20-b545715ce6df - - - - -] cache.config_prefix = cache.oslo log_opt_values /usr/lib/python3/dist-packages/oslo_config/cfg.py:2609
2025-10-13 00:40:02.014 167007 DEBUG oslo_service.service [req-541ebe2d-3cc8-4bc8-9b20-b545715ce6df - - - - -] cache.debug_cache_backend = False log_opt_values /usr/lib/python3/dist-packages/oslo_config/cfg.py:2609
2025-10-13 00:40:02.014 167007 DEBUG oslo_service.service [req-541ebe2d-3cc8-4bc8-9b20-b545715ce6df - - - - -] cache.enabled = False log_opt_values /usr/lib/python3/dist-packages/oslo_config/cfg.py:2609
2025-10-13 00:40:02.015 167007 DEBUG oslo_service.service [req-541ebe2d-3cc8-4bc8-9b20-b545715ce6df - - - - -] cache.expiration_time = 600 log_opt_values /usr/lib/python3/dist-packages/oslo_config/cfg.py:2609
2025-10-13 00:40:02.015 167007 DEBUG oslo_service.service [req-541ebe2d-3cc8-4bc8-9b20-b545715ce6df - - - - -] cache.memcache_dead_retry = 300 log_opt_values /usr/lib/python3/dist-packages/oslo_config/cfg.py:2609
2025-10-13 00:40:02.015 167007 DEBUG oslo_service.service [req-541ebe2d-3cc8-4bc8-9b20-b545715ce6df - - - - -] cache.memcache_pool_connection_get_timeout = 10 log_opt_values /usr/lib/python3/dist-packages/oslo_config/cfg.py:2609
2025-10-13 00:40:02.016 167007 DEBUG oslo_service.service [req-541ebe2d-3cc8-4bc8-9b20-b545715ce6df - - - - -] cache.memcache_pool_flush_on_reconnect = False log_opt_values /usr/lib/python3/dist-packages/oslo_config/cfg.py:2609
2025-10-13 00:40:02.016 167007 DEBUG oslo_service.service [req-541ebe2d-3cc8-4bc8-9b20-b545715ce6df - - - - -] cache.memcache_pool_maxsize = 10 log_opt_values /usr/lib/python3/dist-packages/oslo_config/cfg.py:2609
2025-10-13 00:40:02.016 167007 DEBUG oslo_service.service [req-541ebe2d-3cc8-4bc8-9b20-b545715ce6df - - - - -] cache.memcache_pool_unused_timeout = 60 log_opt_values /usr/lib/python3/dist-packages/oslo_config/cfg.py:2609
2025-10-13 00:40:02.017 167007 DEBUG oslo_service.service [req-541ebe2d-3cc8-4bc8-9b20-b545715ce6df - - - - -] cache.memcache_servers = ['localhost:11211'] log_opt_values /usr/lib/python3/dist-packages/oslo_config/cfg.py:2609
2025-10-13 00:40:02.017 167007 DEBUG oslo_service.service [req-541ebe2d-3cc8-4bc8-9b20-b545715ce6df - - - - -] cache.memcache_socket_timeout = 1.0 log_opt_values /usr/lib/python3/dist-packages/oslo_config/cfg.py:2609
2025-10-13 00:40:02.017 167007 DEBUG oslo_service.service [req-541ebe2d-3cc8-4bc8-9b20-b545715ce6df - - - - -] cache.proxies = [] log_opt_values /usr/lib/python3/dist-packages/oslo_config/cfg.py:2609
2025-10-13 00:40:02.018 167007 DEBUG oslo_service.service [req-541ebe2d-3cc8-4bc8-9b20-b545715ce6df - - - - -] cache.tls_allowed_ciphers = None log_opt_values /usr/lib/python3/dist-packages/oslo_config/cfg.py:2609
2025-10-13 00:40:02.018 167007 DEBUG oslo_service.service [req-541ebe2d-3cc8-4bc8-9b20-b545715ce6df - - - - -] cache.tls_cafile = None log_opt_values /usr/lib/python3/dist-packages/oslo_config/cfg.py:2609
2025-10-13 00:40:02.019 167007 DEBUG oslo_service.service [req-541ebe2d-3cc8-4bc8-9b20-b545715ce6df - - - - -] cache.tls_certfile = None log_opt_values /usr/lib/python3/dist-packages/oslo_config/cfg.py:2609
2025-10-13 00:40:02.019 167007 DEBUG oslo_service.service [req-541ebe2d-3cc8-4bc8-9b20-b545715ce6df - - - - -] cache.tls_enabled = False log_opt_values /usr/lib/python3/dist-packages/oslo_config/cfg.py:2609
2025-10-13 00:40:02.019 167007 DEBUG oslo_service.service [req-541ebe2d-3cc8-4bc8-9b20-b545715ce6df - - - - -] cache.tls_keyfile = None log_opt_values /usr/lib/python3/dist-packages/oslo_config/cfg.py:2609
2025-10-13 00:40:02.020 167007 DEBUG oslo_service.service [req-541ebe2d-3cc8-4bc8-9b20-b545715ce6df - - - - -] cinder.auth_section = None log_opt_values /usr/lib/python3/dist-packages/oslo_config/cfg.py:2609
2025-10-13 00:40:02.020 167007 DEBUG oslo_service.service [req-541ebe2d-3cc8-4bc8-9b20-b545715ce6df - - - - -] cinder.auth_type = None log_opt_values /usr/lib/python3/dist-packages/oslo_config/cfg.py:2609
2025-10-13 00:40:02.025 167403 DEBUG nova.service [req-833a108f-722f-4b4a-8b8a-8c57b97a9ffc - - - - -] Creating RPC server for service conductor start /usr/lib/python3/dist-packages/nova/service.py:182
2025-10-13 00:40:02.023 167007 DEBUG oslo_service.service [req-541ebe2d-3cc8-4bc8-9b20-b545715ce6df - - - - -] cinder.cafile = None log_opt_values /usr/lib/python3/dist-packages/oslo_config/cfg.py:2609
2025-10-13 00:40:02.026 167007 DEBUG oslo_service.service [req-541ebe2d-3cc8-4bc8-9b20-b545715ce6df - - - - -] cinder.catalog_info = volumev3::publicURL log_opt_values /usr/lib/python3/dist-packages/oslo_config/cfg.py:2609
2025-10-13 00:40:02.026 167404 DEBUG oslo_messaging._drivers.amqpdriver [-] Listener is running poll /usr/lib/python3/dist-packages/oslo_messaging/_drivers/amqpdriver.py:343
2025-10-13 00:40:02.026 167007 DEBUG oslo_service.service [req-541ebe2d-3cc8-4bc8-9b20-b545715ce6df - - - - -] cinder.certfile = None log_opt_values /usr/lib/python3/dist-packages/oslo_config/cfg.py:2609
2025-10-13 00:40:02.026 167405 DEBUG oslo_messaging._drivers.amqpdriver [-] Listener is running poll /usr/lib/python3/dist-packages/oslo_messaging/_drivers/amqpdriver.py:343
2025-10-13 00:40:02.026 167404 DEBUG oslo_messaging._drivers.amqpdriver [-] AMQPListener connection consume poll /usr/lib/python3/dist-packages/oslo_messaging/_drivers/amqpdriver.py:357
2025-10-13 00:40:02.026 167405 DEBUG oslo_messaging._drivers.amqpdriver [-] AMQPListener connection consume poll /usr/lib/python3/dist-packages/oslo_messaging/_drivers/amqpdriver.py:357
2025-10-13 00:40:02.026 167007 DEBUG oslo_service.service [req-541ebe2d-3cc8-4bc8-9b20-b545715ce6df - - - - -] cinder.collect_timing = False log_opt_values /usr/lib/python3/dist-packages/oslo_config/cfg.py:2609
2025-10-13 00:40:02.027 167007 DEBUG oslo_service.service [req-541ebe2d-3cc8-4bc8-9b20-b545715ce6df - - - - -] cinder.cross_az_attach = True log_opt_values /usr/lib/python3/dist-packages/oslo_config/cfg.py:2609
2025-10-13 00:40:02.027 167007 DEBUG oslo_service.service [req-541ebe2d-3cc8-4bc8-9b20-b545715ce6df - - - - -] cinder.debug = False log_opt_values /usr/lib/python3/dist-packages/oslo_config/cfg.py:2609
2025-10-13 00:40:02.027 167405 DEBUG nova.service [req-08936acf-9606-457f-a3fd-401d9671c12d - - - - -] Join ServiceGroup membership for this service conductor start /usr/lib/python3/dist-packages/nova/service.py:199
2025-10-13 00:40:02.027 167405 DEBUG nova.servicegroup.drivers.db [req-08936acf-9606-457f-a3fd-401d9671c12d - - - - -] DB_Driver: join new ServiceGroup member juju-f184ac-0-lxd-7 to the conductor group, service = join /usr/lib/python3/dist-packages/nova/servicegroup/drivers/db.py:44
2025-10-13 00:40:02.028 167007 DEBUG oslo_service.service [req-541ebe2d-3cc8-4bc8-9b20-b545715ce6df - - - - -] cinder.endpoint_template = None log_opt_values /usr/lib/python3/dist-packages/oslo_config/cfg.py:2609
2025-10-13 00:40:02.028 167007 DEBUG oslo_service.service [req-541ebe2d-3cc8-4bc8-9b20-b545715ce6df - - - - -] cinder.http_retries = 3 log_opt_values /usr/lib/python3/dist-packages/oslo_config/cfg.py:2609
2025-10-13 00:40:02.029 167405 DEBUG oslo_messaging._drivers.amqpdriver [-] received message msg_id: 18ce865582354a78b65bfba37056fd6b reply to reply_8c3674d31e804e828c9569be14956f7b __call__ /usr/lib/python3/dist-packages/oslo_messaging/_drivers/amqpdriver.py:320
2025-10-13 00:40:02.029 167007 DEBUG oslo_service.service [req-541ebe2d-3cc8-4bc8-9b20-b545715ce6df - - - - -] cinder.insecure = False log_opt_values /usr/lib/python3/dist-packages/oslo_config/cfg.py:2609
2025-10-13 00:40:02.029 167007 DEBUG oslo_service.service [req-541ebe2d-3cc8-4bc8-9b20-b545715ce6df - - - - -] cinder.keyfile = None log_opt_values /usr/lib/python3/dist-packages/oslo_config/cfg.py:2609
2025-10-13 00:40:02.030 167007 DEBUG oslo_service.service [req-541ebe2d-3cc8-4bc8-9b20-b545715ce6df - - - - -] cinder.os_region_name = None log_opt_values /usr/lib/python3/dist-packages/oslo_config/cfg.py:2609
2025-10-13 00:40:02.031 167405 DEBUG oslo_messaging._drivers.amqpdriver [-] AMQPListener connection timeout poll /usr/lib/python3/dist-packages/oslo_messaging/_drivers/amqpdriver.py:360
2025-10-13 00:40:02.031 167405 DEBUG oslo_messaging._drivers.amqpdriver [-] Listener is running poll /usr/lib/python3/dist-packages/oslo_messaging/_drivers/amqpdriver.py:343
2025-10-13 00:40:02.031 167405 DEBUG oslo_messaging._drivers.amqpdriver [-] Poll the incoming message with unique_id: 13d862b46111420e9911d722035cb97d poll /usr/lib/python3/dist-packages/oslo_messaging/_drivers/amqpdriver.py:346
2025-10-13 00:40:02.031 167405 DEBUG oslo_messaging._drivers.amqpdriver [-] Listener is running poll /usr/lib/python3/dist-packages/oslo_messaging/_drivers/amqpdriver.py:343
2025-10-13 00:40:02.031 167007 DEBUG oslo_service.service [req-541ebe2d-3cc8-4bc8-9b20-b545715ce6df - - - - -] cinder.split_loggers = False log_opt_values /usr/lib/python3/dist-packages/oslo_config/cfg.py:2609
2025-10-13 00:40:02.029 167404 DEBUG nova.service [req-91248c32-cdd0-4eea-bffe-6ec4ab439dba - - - - -] Join ServiceGroup membership for this service conductor start /usr/lib/python3/dist-packages/nova/service.py:199
2025-10-13 00:40:02.031 167405 DEBUG oslo_messaging._drivers.amqpdriver [-] AMQPListener connection consume poll /usr/lib/python3/dist-packages/oslo_messaging/_drivers/amqpdriver.py:357
2025-10-13 00:40:02.032 167404 DEBUG nova.servicegroup.drivers.db [req-91248c32-cdd0-4eea-bffe-6ec4ab439dba - - - - -] DB_Driver: join new ServiceGroup member juju-f184ac-0-lxd-7 to the conductor group, service = join /usr/lib/python3/dist-packages/nova/servicegroup/drivers/db.py:44
2025-10-13 00:40:02.032 167007 DEBUG oslo_service.service [req-541ebe2d-3cc8-4bc8-9b20-b545715ce6df - - - - -] cinder.timeout = None log_opt_values /usr/lib/python3/dist-packages/oslo_config/cfg.py:2609
2025-10-13 00:40:02.032 167007 DEBUG oslo_service.service [req-541ebe2d-3cc8-4bc8-9b20-b545715ce6df - - - - -] compute.consecutive_build_service_disable_threshold = 10 log_opt_values /usr/lib/python3/dist-packages/oslo_config/cfg.py:2609
2025-10-13 00:40:02.032 167404 DEBUG oslo_messaging._drivers.amqpdriver [-] AMQPListener connection timeout poll /usr/lib/python3/dist-packages/oslo_messaging/_drivers/amqpdriver.py:360
2025-10-13 00:40:02.032 167007 DEBUG oslo_service.service [req-541ebe2d-3cc8-4bc8-9b20-b545715ce6df - - - - -] compute.cpu_dedicated_set = None log_opt_values /usr/lib/python3/dist-packages/oslo_config/cfg.py:2609
2025-10-13 00:40:02.033 167404 DEBUG oslo_messaging._drivers.amqpdriver [-] Listener is running poll /usr/lib/python3/dist-packages/oslo_messaging/_drivers/amqpdriver.py:343
2025-10-13 00:40:02.033 167007 DEBUG oslo_service.service [req-541ebe2d-3cc8-4bc8-9b20-b545715ce6df - - - - -] compute.cpu_shared_set = None log_opt_values /usr/lib/python3/dist-packages/oslo_config/cfg.py:2609
2025-10-13 00:40:02.033 167404 DEBUG oslo_messaging._drivers.amqpdriver [-] AMQPListener connection consume poll /usr/lib/python3/dist-packages/oslo_messaging/_drivers/amqpdriver.py:357
2025-10-13 00:40:02.033 167007 DEBUG oslo_service.service [req-541ebe2d-3cc8-4bc8-9b20-b545715ce6df - - - - -] compute.image_type_exclude_list = [] log_opt_values /usr/lib/python3/dist-packages/oslo_config/cfg.py:2609
2025-10-13 00:40:02.033 167007 DEBUG oslo_service.service [req-541ebe2d-3cc8-4bc8-9b20-b545715ce6df - - - - -] compute.live_migration_wait_for_vif_plug = True log_opt_values /usr/lib/python3/dist-packages/oslo_config/cfg.py:2609
2025-10-13 00:40:02.033 167007 DEBUG oslo_service.service [req-541ebe2d-3cc8-4bc8-9b20-b545715ce6df - - - - -] compute.max_concurrent_disk_ops = 0 log_opt_values /usr/lib/python3/dist-packages/oslo_config/cfg.py:2609
2025-10-13 00:40:02.033 167007 DEBUG oslo_service.service [req-541ebe2d-3cc8-4bc8-9b20-b545715ce6df - - - - -] compute.max_disk_devices_to_attach = -1 log_opt_values /usr/lib/python3/dist-packages/oslo_config/cfg.py:2609
2025-10-13 00:40:02.033 167007 DEBUG oslo_service.service [req-541ebe2d-3cc8-4bc8-9b20-b545715ce6df - - - - -] compute.packing_host_numa_cells_allocation_strategy = True log_opt_values /usr/lib/python3/dist-packages/oslo_config/cfg.py:2609
2025-10-13 00:40:02.034 167007 DEBUG oslo_service.service [req-541ebe2d-3cc8-4bc8-9b20-b545715ce6df - - - - -] compute.provider_config_location = /etc/nova/provider_config/ log_opt_values /usr/lib/python3/dist-packages/oslo_config/cfg.py:2609
2025-10-13 00:40:02.034 167007 DEBUG oslo_service.service [req-541ebe2d-3cc8-4bc8-9b20-b545715ce6df - - - - -] compute.resource_provider_association_refresh = 300 log_opt_values /usr/lib/python3/dist-packages/oslo_config/cfg.py:2609
2025-10-13 00:40:02.034 167007 DEBUG oslo_service.service [req-541ebe2d-3cc8-4bc8-9b20-b545715ce6df - - - - -] compute.shutdown_retry_interval = 10 log_opt_values /usr/lib/python3/dist-packages/oslo_config/cfg.py:2609
2025-10-13 00:40:02.034 167007 DEBUG oslo_service.service [req-541ebe2d-3cc8-4bc8-9b20-b545715ce6df - - - - -] compute.vmdk_allowed_types = ['streamOptimized', 'monolithicSparse'] log_opt_values /usr/lib/python3/dist-packages/oslo_config/cfg.py:2609
2025-10-13 00:40:02.034 167007 DEBUG oslo_service.service [req-541ebe2d-3cc8-4bc8-9b20-b545715ce6df - - - - -] conductor.workers = 4 log_opt_values /usr/lib/python3/dist-packages/oslo_config/cfg.py:2609
2025-10-13 00:40:02.035 167007 DEBUG oslo_service.service [req-541ebe2d-3cc8-4bc8-9b20-b545715ce6df - - - - -] console.allowed_origins = [] log_opt_values /usr/lib/python3/dist-packages/oslo_config/cfg.py:2609
2025-10-13 00:40:02.035 167007 DEBUG oslo_service.service [req-541ebe2d-3cc8-4bc8-9b20-b545715ce6df - - - - -] console.ssl_ciphers = None log_opt_values /usr/lib/python3/dist-packages/oslo_config/cfg.py:2609
2025-10-13 00:40:02.035 167007 DEBUG oslo_service.service [req-541ebe2d-3cc8-4bc8-9b20-b545715ce6df - - - - -] console.ssl_minimum_version = default log_opt_values /usr/lib/python3/dist-packages/oslo_config/cfg.py:2609
2025-10-13 00:40:02.035 167007 DEBUG oslo_service.service [req-541ebe2d-3cc8-4bc8-9b20-b545715ce6df - - - - -] consoleauth.token_ttl = 600 log_opt_values /usr/lib/python3/dist-packages/oslo_config/cfg.py:2609
2025-10-13 00:40:02.036 167007 DEBUG oslo_service.service [req-541ebe2d-3cc8-4bc8-9b20-b545715ce6df - - - - -] cyborg.cafile = None log_opt_values /usr/lib/python3/dist-packages/oslo_config/cfg.py:2609
2025-10-13 00:40:02.036 167007 DEBUG oslo_service.service [req-541ebe2d-3cc8-4bc8-9b20-b545715ce6df - - - - -] cyborg.certfile = None log_opt_values /usr/lib/python3/dist-packages/oslo_config/cfg.py:2609
2025-10-13 00:40:02.036 167007 DEBUG oslo_service.service [req-541ebe2d-3cc8-4bc8-9b20-b545715ce6df - - - - -] cyborg.collect_timing = False log_opt_values /usr/lib/python3/dist-packages/oslo_config/cfg.py:2609
2025-10-13 00:40:02.037 167007 DEBUG oslo_service.service [req-541ebe2d-3cc8-4bc8-9b20-b545715ce6df - - - - -] cyborg.connect_retries = None log_opt_values /usr/lib/python3/dist-packages/oslo_config/cfg.py:2609
2025-10-13 00:40:02.037 167007 DEBUG oslo_service.service [req-541ebe2d-3cc8-4bc8-9b20-b545715ce6df - - - - -] cyborg.connect_retry_delay = None log_opt_values /usr/lib/python3/dist-packages/oslo_config/cfg.py:2609
2025-10-13 00:40:02.037 167406 DEBUG oslo_messaging._drivers.amqpdriver [-] Listener is running poll /usr/lib/python3/dist-packages/oslo_messaging/_drivers/amqpdriver.py:343
2025-10-13 00:40:02.037 167406 DEBUG oslo_messaging._drivers.amqpdriver [-] AMQPListener connection consume poll /usr/lib/python3/dist-packages/oslo_messaging/_drivers/amqpdriver.py:357
2025-10-13 00:40:02.037 167007 DEBUG oslo_service.service [req-541ebe2d-3cc8-4bc8-9b20-b545715ce6df - - - - -] cyborg.endpoint_override = None log_opt_values /usr/lib/python3/dist-packages/oslo_config/cfg.py:2609
2025-10-13 00:40:02.038 167406 DEBUG nova.service [req-4a260a27-4e0b-404a-982a-a4136eba145e - - - - -] Join ServiceGroup membership for this service conductor start /usr/lib/python3/dist-packages/nova/service.py:199
2025-10-13 00:40:02.037 167007 DEBUG oslo_service.service [req-541ebe2d-3cc8-4bc8-9b20-b545715ce6df - - - - -] cyborg.insecure = False log_opt_values /usr/lib/python3/dist-packages/oslo_config/cfg.py:2609
2025-10-13 00:40:02.038 167406 DEBUG nova.servicegroup.drivers.db [req-4a260a27-4e0b-404a-982a-a4136eba145e - - - - -] DB_Driver: join new ServiceGroup member juju-f184ac-0-lxd-7 to the conductor group, service = join /usr/lib/python3/dist-packages/nova/servicegroup/drivers/db.py:44
2025-10-13 00:40:02.038 167007 DEBUG oslo_service.service [req-541ebe2d-3cc8-4bc8-9b20-b545715ce6df - - - - -] cyborg.keyfile = None log_opt_values /usr/lib/python3/dist-packages/oslo_config/cfg.py:2609
2025-10-13 00:40:02.038 167007 DEBUG oslo_service.service [req-541ebe2d-3cc8-4bc8-9b20-b545715ce6df - - - - -] cyborg.max_version = None log_opt_values /usr/lib/python3/dist-packages/oslo_config/cfg.py:2609
2025-10-13 00:40:02.039 167007 DEBUG oslo_service.service [req-541ebe2d-3cc8-4bc8-9b20-b545715ce6df - - - - -] cyborg.min_version = None log_opt_values /usr/lib/python3/dist-packages/oslo_config/cfg.py:2609
2025-10-13 00:40:02.039 167007 DEBUG oslo_service.service [req-541ebe2d-3cc8-4bc8-9b20-b545715ce6df - - - - -] cyborg.region_name = None log_opt_values /usr/lib/python3/dist-packages/oslo_config/cfg.py:2609
2025-10-13 00:40:02.039 167007 DEBUG oslo_service.service [req-541ebe2d-3cc8-4bc8-9b20-b545715ce6df - - - - -] cyborg.service_name = None log_opt_values /usr/lib/python3/dist-packages/oslo_config/cfg.py:2609
2025-10-13 00:40:02.039 167007 DEBUG oslo_service.service [req-541ebe2d-3cc8-4bc8-9b20-b545715ce6df - - - - -] cyborg.service_type = accelerator log_opt_values /usr/lib/python3/dist-packages/oslo_config/cfg.py:2609
2025-10-13 00:40:02.040 167007 DEBUG oslo_service.service [req-541ebe2d-3cc8-4bc8-9b20-b545715ce6df - - - - -] cyborg.split_loggers = False log_opt_values /usr/lib/python3/dist-packages/oslo_config/cfg.py:2609
2025-10-13 00:40:02.040 167007 DEBUG oslo_service.service [req-541ebe2d-3cc8-4bc8-9b20-b545715ce6df - - - - -] cyborg.status_code_retries = None log_opt_values /usr/lib/python3/dist-packages/oslo_config/cfg.py:2609
2025-10-13 00:40:02.040 167007 DEBUG oslo_service.service [req-541ebe2d-3cc8-4bc8-9b20-b545715ce6df - - - - -] cyborg.status_code_retry_delay = None log_opt_values /usr/lib/python3/dist-packages/oslo_config/cfg.py:2609
2025-10-13 00:40:02.040 167007 DEBUG oslo_service.service [req-541ebe2d-3cc8-4bc8-9b20-b545715ce6df - - - - -] cyborg.timeout = None log_opt_values /usr/lib/python3/dist-packages/oslo_config/cfg.py:2609
2025-10-13 00:40:02.040 167007 DEBUG oslo_service.service [req-541ebe2d-3cc8-4bc8-9b20-b545715ce6df - - - - -] cyborg.valid_interfaces = ['internal', 'public'] log_opt_values /usr/lib/python3/dist-packages/oslo_config/cfg.py:2609
2025-10-13 00:40:02.041 167007 DEBUG oslo_service.service [req-541ebe2d-3cc8-4bc8-9b20-b545715ce6df - - - - -] cyborg.version = None log_opt_values /usr/lib/python3/dist-packages/oslo_config/cfg.py:2609
2025-10-13 00:40:02.041 167007 DEBUG oslo_service.service [req-541ebe2d-3cc8-4bc8-9b20-b545715ce6df - - - - -] database.backend = sqlalchemy log_opt_values /usr/lib/python3/dist-packages/oslo_config/cfg.py:2609
2025-10-13 00:40:02.041 167007 DEBUG oslo_service.service [req-541ebe2d-3cc8-4bc8-9b20-b545715ce6df - - - - -] database.connection = **** log_opt_values /usr/lib/python3/dist-packages/oslo_config/cfg.py:2609
2025-10-13 00:40:02.041 167007 DEBUG oslo_service.service [req-541ebe2d-3cc8-4bc8-9b20-b545715ce6df - - - - -] database.connection_debug = 0 log_opt_values /usr/lib/python3/dist-packages/oslo_config/cfg.py:2609
2025-10-13 00:40:02.041 167007 DEBUG oslo_service.service [req-541ebe2d-3cc8-4bc8-9b20-b545715ce6df - - - - -] database.connection_parameters = log_opt_values /usr/lib/python3/dist-packages/oslo_config/cfg.py:2609
2025-10-13 00:40:02.041 167007 DEBUG oslo_service.service [req-541ebe2d-3cc8-4bc8-9b20-b545715ce6df - - - - -] database.connection_recycle_time = 3600 log_opt_values /usr/lib/python3/dist-packages/oslo_config/cfg.py:2609
2025-10-13 00:40:02.042 167007 DEBUG oslo_service.service [req-541ebe2d-3cc8-4bc8-9b20-b545715ce6df - - - - -] database.connection_trace = False log_opt_values /usr/lib/python3/dist-packages/oslo_config/cfg.py:2609
2025-10-13 00:40:02.042 167007 DEBUG oslo_service.service [req-541ebe2d-3cc8-4bc8-9b20-b545715ce6df - - - - -] database.db_inc_retry_interval = True log_opt_values /usr/lib/python3/dist-packages/oslo_config/cfg.py:2609
2025-10-13 00:40:02.042 167007 DEBUG oslo_service.service [req-541ebe2d-3cc8-4bc8-9b20-b545715ce6df - - - - -] database.db_max_retries = 20 log_opt_values /usr/lib/python3/dist-packages/oslo_config/cfg.py:2609
2025-10-13 00:40:02.042 167007 DEBUG oslo_service.service [req-541ebe2d-3cc8-4bc8-9b20-b545715ce6df - - - - -] database.db_max_retry_interval = 10 log_opt_values /usr/lib/python3/dist-packages/oslo_config/cfg.py:2609
2025-10-13 00:40:02.042 167007 DEBUG oslo_service.service [req-541ebe2d-3cc8-4bc8-9b20-b545715ce6df - - - - -] database.db_retry_interval = 1 log_opt_values /usr/lib/python3/dist-packages/oslo_config/cfg.py:2609
2025-10-13 00:40:02.042 167007 DEBUG oslo_service.service [req-541ebe2d-3cc8-4bc8-9b20-b545715ce6df - - - - -] database.max_overflow = 50 log_opt_values /usr/lib/python3/dist-packages/oslo_config/cfg.py:2609
2025-10-13 00:40:02.043 167007 DEBUG oslo_service.service [req-541ebe2d-3cc8-4bc8-9b20-b545715ce6df - - - - -] database.max_pool_size = 4 log_opt_values /usr/lib/python3/dist-packages/oslo_config/cfg.py:2609
2025-10-13 00:40:02.043 167007 DEBUG oslo_service.service [req-541ebe2d-3cc8-4bc8-9b20-b545715ce6df - - - - -] database.max_retries = 10 log_opt_values /usr/lib/python3/dist-packages/oslo_config/cfg.py:2609
2025-10-13 00:40:02.043 167007 DEBUG oslo_service.service [req-541ebe2d-3cc8-4bc8-9b20-b545715ce6df - - - - -] database.mysql_enable_ndb = False log_opt_values /usr/lib/python3/dist-packages/oslo_config/cfg.py:2609
2025-10-13 00:40:02.044 167007 DEBUG oslo_service.service [req-541ebe2d-3cc8-4bc8-9b20-b545715ce6df - - - - -] database.mysql_sql_mode = TRADITIONAL log_opt_values /usr/lib/python3/dist-packages/oslo_config/cfg.py:2609
2025-10-13 00:40:02.044 167007 DEBUG oslo_service.service [req-541ebe2d-3cc8-4bc8-9b20-b545715ce6df - - - - -] database.pool_timeout = None log_opt_values /usr/lib/python3/dist-packages/oslo_config/cfg.py:2609
2025-10-13 00:40:02.044 167007 DEBUG oslo_service.service [req-541ebe2d-3cc8-4bc8-9b20-b545715ce6df - - - - -] database.retry_interval = 10 log_opt_values /usr/lib/python3/dist-packages/oslo_config/cfg.py:2609
2025-10-13 00:40:02.044 167007 DEBUG oslo_service.service [req-541ebe2d-3cc8-4bc8-9b20-b545715ce6df - - - - -] database.slave_connection = **** log_opt_values /usr/lib/python3/dist-packages/oslo_config/cfg.py:2609
2025-10-13 00:40:02.044 167007 DEBUG oslo_service.service [req-541ebe2d-3cc8-4bc8-9b20-b545715ce6df - - - - -] database.sqlite_synchronous = True log_opt_values /usr/lib/python3/dist-packages/oslo_config/cfg.py:2609
2025-10-13 00:40:02.045 167007 DEBUG oslo_service.service [req-541ebe2d-3cc8-4bc8-9b20-b545715ce6df - - - - -] database.use_db_reconnect = False log_opt_values /usr/lib/python3/dist-packages/oslo_config/cfg.py:2609
2025-10-13 00:40:02.045 167406 DEBUG oslo_messaging._drivers.amqpdriver [-] AMQPListener connection timeout poll /usr/lib/python3/dist-packages/oslo_messaging/_drivers/amqpdriver.py:360
2025-10-13 00:40:02.045 167007 DEBUG oslo_service.service [req-541ebe2d-3cc8-4bc8-9b20-b545715ce6df - - - - -] api_database.backend = sqlalchemy log_opt_values /usr/lib/python3/dist-packages/oslo_config/cfg.py:2609
2025-10-13 00:40:02.045 167406 DEBUG oslo_messaging._drivers.amqpdriver [-] Listener is running poll /usr/lib/python3/dist-packages/oslo_messaging/_drivers/amqpdriver.py:343
2025-10-13 00:40:02.045 167007 DEBUG oslo_service.service [req-541ebe2d-3cc8-4bc8-9b20-b545715ce6df - - - - -] api_database.connection = **** log_opt_values /usr/lib/python3/dist-packages/oslo_config/cfg.py:2609
2025-10-13 00:40:02.045 167406 DEBUG oslo_messaging._drivers.amqpdriver [-] AMQPListener connection consume poll /usr/lib/python3/dist-packages/oslo_messaging/_drivers/amqpdriver.py:357
2025-10-13 00:40:02.045 167007 DEBUG oslo_service.service [req-541ebe2d-3cc8-4bc8-9b20-b545715ce6df - - - - -] api_database.connection_debug = 0 log_opt_values /usr/lib/python3/dist-packages/oslo_config/cfg.py:2609
2025-10-13 00:40:02.045 167007 DEBUG oslo_service.service [req-541ebe2d-3cc8-4bc8-9b20-b545715ce6df - - - - -] api_database.connection_parameters = log_opt_values /usr/lib/python3/dist-packages/oslo_config/cfg.py:2609
2025-10-13 00:40:02.045 167007 DEBUG oslo_service.service [req-541ebe2d-3cc8-4bc8-9b20-b545715ce6df - - - - -] api_database.connection_recycle_time = 3600 log_opt_values /usr/lib/python3/dist-packages/oslo_config/cfg.py:2609
2025-10-13 00:40:02.046 167007 DEBUG oslo_service.service [req-541ebe2d-3cc8-4bc8-9b20-b545715ce6df - - - - -] api_database.connection_trace = False log_opt_values /usr/lib/python3/dist-packages/oslo_config/cfg.py:2609
