2025-10-09 00:40:15.381 148632 DEBUG oslo_service.service [req-538111ab-c7a8-402d-86d1-4b83f3e878f4 - - - - -] glance.min_version = None log_opt_values /usr/lib/python3/dist-packages/oslo_config/cfg.py:2609
2025-10-09 00:40:15.381 148632 DEBUG oslo_service.service [req-538111ab-c7a8-402d-86d1-4b83f3e878f4 - - - - -] glance.num_retries = 3 log_opt_values /usr/lib/python3/dist-packages/oslo_config/cfg.py:2609
2025-10-09 00:40:15.382 148632 DEBUG oslo_service.service [req-538111ab-c7a8-402d-86d1-4b83f3e878f4 - - - - -] glance.rbd_ceph_conf = log_opt_values /usr/lib/python3/dist-packages/oslo_config/cfg.py:2609
2025-10-09 00:40:15.382 148632 DEBUG oslo_service.service [req-538111ab-c7a8-402d-86d1-4b83f3e878f4 - - - - -] glance.rbd_connect_timeout = 5 log_opt_values /usr/lib/python3/dist-packages/oslo_config/cfg.py:2609
2025-10-09 00:40:15.382 148632 DEBUG oslo_service.service [req-538111ab-c7a8-402d-86d1-4b83f3e878f4 - - - - -] glance.rbd_pool = log_opt_values /usr/lib/python3/dist-packages/oslo_config/cfg.py:2609
2025-10-09 00:40:15.382 148632 DEBUG oslo_service.service [req-538111ab-c7a8-402d-86d1-4b83f3e878f4 - - - - -] glance.rbd_user = log_opt_values /usr/lib/python3/dist-packages/oslo_config/cfg.py:2609
2025-10-09 00:40:15.382 148632 DEBUG oslo_service.service [req-538111ab-c7a8-402d-86d1-4b83f3e878f4 - - - - -] glance.region_name = None log_opt_values /usr/lib/python3/dist-packages/oslo_config/cfg.py:2609
2025-10-09 00:40:15.382 148632 DEBUG oslo_service.service [req-538111ab-c7a8-402d-86d1-4b83f3e878f4 - - - - -] glance.service_name = None log_opt_values /usr/lib/python3/dist-packages/oslo_config/cfg.py:2609
2025-10-09 00:40:15.383 148632 DEBUG oslo_service.service [req-538111ab-c7a8-402d-86d1-4b83f3e878f4 - - - - -] glance.service_type = image log_opt_values /usr/lib/python3/dist-packages/oslo_config/cfg.py:2609
2025-10-09 00:40:15.383 148632 DEBUG oslo_service.service [req-538111ab-c7a8-402d-86d1-4b83f3e878f4 - - - - -] glance.split_loggers = False log_opt_values /usr/lib/python3/dist-packages/oslo_config/cfg.py:2609
2025-10-09 00:40:15.383 148632 DEBUG oslo_service.service [req-538111ab-c7a8-402d-86d1-4b83f3e878f4 - - - - -] glance.status_code_retries = None log_opt_values /usr/lib/python3/dist-packages/oslo_config/cfg.py:2609
2025-10-09 00:40:15.383 148632 DEBUG oslo_service.service [req-538111ab-c7a8-402d-86d1-4b83f3e878f4 - - - - -] glance.status_code_retry_delay = None log_opt_values /usr/lib/python3/dist-packages/oslo_config/cfg.py:2609
2025-10-09 00:40:15.383 148632 DEBUG oslo_service.service [req-538111ab-c7a8-402d-86d1-4b83f3e878f4 - - - - -] glance.timeout = None log_opt_values /usr/lib/python3/dist-packages/oslo_config/cfg.py:2609
2025-10-09 00:40:15.383 148632 DEBUG oslo_service.service [req-538111ab-c7a8-402d-86d1-4b83f3e878f4 - - - - -] glance.valid_interfaces = ['internal', 'public'] log_opt_values /usr/lib/python3/dist-packages/oslo_config/cfg.py:2609
2025-10-09 00:40:15.384 148632 DEBUG oslo_service.service [req-538111ab-c7a8-402d-86d1-4b83f3e878f4 - - - - -] glance.verify_glance_signatures = False log_opt_values /usr/lib/python3/dist-packages/oslo_config/cfg.py:2609
2025-10-09 00:40:15.384 148632 DEBUG oslo_service.service [req-538111ab-c7a8-402d-86d1-4b83f3e878f4 - - - - -] glance.version = None log_opt_values /usr/lib/python3/dist-packages/oslo_config/cfg.py:2609
2025-10-09 00:40:15.384 148632 DEBUG oslo_service.service [req-538111ab-c7a8-402d-86d1-4b83f3e878f4 - - - - -] guestfs.debug = False log_opt_values /usr/lib/python3/dist-packages/oslo_config/cfg.py:2609
2025-10-09 00:40:15.384 149764 DEBUG nova.service [req-635a6f63-8eba-4ae0-8cca-f8f88a7c9a61 - - - - -] Join ServiceGroup membership for this service scheduler start /usr/lib/python3/dist-packages/nova/service.py:199
2025-10-09 00:40:15.384 148632 DEBUG oslo_service.service [req-538111ab-c7a8-402d-86d1-4b83f3e878f4 - - - - -] hyperv.config_drive_cdrom = False log_opt_values /usr/lib/python3/dist-packages/oslo_config/cfg.py:2609
2025-10-09 00:40:15.385 148632 DEBUG oslo_service.service [req-538111ab-c7a8-402d-86d1-4b83f3e878f4 - - - - -] hyperv.config_drive_inject_password = False log_opt_values /usr/lib/python3/dist-packages/oslo_config/cfg.py:2609
2025-10-09 00:40:15.385 149764 DEBUG nova.servicegroup.drivers.db [req-635a6f63-8eba-4ae0-8cca-f8f88a7c9a61 - - - - -] DB_Driver: join new ServiceGroup member juju-dab6fa-0-lxd-7 to the scheduler group, service = join /usr/lib/python3/dist-packages/nova/servicegroup/drivers/db.py:44
2025-10-09 00:40:15.385 148632 DEBUG oslo_service.service [req-538111ab-c7a8-402d-86d1-4b83f3e878f4 - - - - -] hyperv.dynamic_memory_ratio = 1.0 log_opt_values /usr/lib/python3/dist-packages/oslo_config/cfg.py:2609
2025-10-09 00:40:15.385 148632 DEBUG oslo_service.service [req-538111ab-c7a8-402d-86d1-4b83f3e878f4 - - - - -] hyperv.enable_instance_metrics_collection = False log_opt_values /usr/lib/python3/dist-packages/oslo_config/cfg.py:2609
2025-10-09 00:40:15.385 149764 DEBUG oslo_messaging._drivers.amqpdriver [-] AMQPListener connection timeout poll /usr/lib/python3/dist-packages/oslo_messaging/_drivers/amqpdriver.py:360
2025-10-09 00:40:15.385 148632 DEBUG oslo_service.service [req-538111ab-c7a8-402d-86d1-4b83f3e878f4 - - - - -] hyperv.enable_remotefx = False log_opt_values /usr/lib/python3/dist-packages/oslo_config/cfg.py:2609
2025-10-09 00:40:15.385 149764 DEBUG oslo_messaging._drivers.amqpdriver [-] Listener is running poll /usr/lib/python3/dist-packages/oslo_messaging/_drivers/amqpdriver.py:343
2025-10-09 00:40:15.385 148632 DEBUG oslo_service.service [req-538111ab-c7a8-402d-86d1-4b83f3e878f4 - - - - -] hyperv.instances_path_share = log_opt_values /usr/lib/python3/dist-packages/oslo_config/cfg.py:2609
2025-10-09 00:40:15.386 148632 DEBUG oslo_service.service [req-538111ab-c7a8-402d-86d1-4b83f3e878f4 - - - - -] hyperv.iscsi_initiator_list = [] log_opt_values /usr/lib/python3/dist-packages/oslo_config/cfg.py:2609
2025-10-09 00:40:15.386 148632 DEBUG oslo_service.service [req-538111ab-c7a8-402d-86d1-4b83f3e878f4 - - - - -] hyperv.limit_cpu_features = False log_opt_values /usr/lib/python3/dist-packages/oslo_config/cfg.py:2609
2025-10-09 00:40:15.386 148632 DEBUG oslo_service.service [req-538111ab-c7a8-402d-86d1-4b83f3e878f4 - - - - -] hyperv.mounted_disk_query_retry_count = 10 log_opt_values /usr/lib/python3/dist-packages/oslo_config/cfg.py:2609
2025-10-09 00:40:15.386 148632 DEBUG oslo_service.service [req-538111ab-c7a8-402d-86d1-4b83f3e878f4 - - - - -] hyperv.mounted_disk_query_retry_interval = 5 log_opt_values /usr/lib/python3/dist-packages/oslo_config/cfg.py:2609
2025-10-09 00:40:15.385 149764 DEBUG oslo_messaging._drivers.amqpdriver [-] AMQPListener connection consume poll /usr/lib/python3/dist-packages/oslo_messaging/_drivers/amqpdriver.py:357
2025-10-09 00:40:15.387 148632 DEBUG oslo_service.service [req-538111ab-c7a8-402d-86d1-4b83f3e878f4 - - - - -] hyperv.power_state_check_timeframe = 60 log_opt_values /usr/lib/python3/dist-packages/oslo_config/cfg.py:2609
2025-10-09 00:40:15.388 148632 DEBUG oslo_service.service [req-538111ab-c7a8-402d-86d1-4b83f3e878f4 - - - - -] hyperv.power_state_event_polling_interval = 2 log_opt_values /usr/lib/python3/dist-packages/oslo_config/cfg.py:2609
2025-10-09 00:40:15.388 148632 DEBUG oslo_service.service [req-538111ab-c7a8-402d-86d1-4b83f3e878f4 - - - - -] hyperv.qemu_img_cmd = qemu-img.exe log_opt_values /usr/lib/python3/dist-packages/oslo_config/cfg.py:2609
2025-10-09 00:40:15.388 148632 DEBUG oslo_service.service [req-538111ab-c7a8-402d-86d1-4b83f3e878f4 - - - - -] hyperv.use_multipath_io = False log_opt_values /usr/lib/python3/dist-packages/oslo_config/cfg.py:2609
2025-10-09 00:40:15.389 148632 DEBUG oslo_service.service [req-538111ab-c7a8-402d-86d1-4b83f3e878f4 - - - - -] hyperv.volume_attach_retry_count = 10 log_opt_values /usr/lib/python3/dist-packages/oslo_config/cfg.py:2609
2025-10-09 00:40:15.389 148632 DEBUG oslo_service.service [req-538111ab-c7a8-402d-86d1-4b83f3e878f4 - - - - -] hyperv.volume_attach_retry_interval = 5 log_opt_values /usr/lib/python3/dist-packages/oslo_config/cfg.py:2609
2025-10-09 00:40:15.389 148632 DEBUG oslo_service.service [req-538111ab-c7a8-402d-86d1-4b83f3e878f4 - - - - -] hyperv.vswitch_name = None log_opt_values /usr/lib/python3/dist-packages/oslo_config/cfg.py:2609
2025-10-09 00:40:15.389 148632 DEBUG oslo_service.service [req-538111ab-c7a8-402d-86d1-4b83f3e878f4 - - - - -] hyperv.wait_soft_reboot_seconds = 60 log_opt_values /usr/lib/python3/dist-packages/oslo_config/cfg.py:2609
2025-10-09 00:40:15.390 148632 DEBUG oslo_service.service [req-538111ab-c7a8-402d-86d1-4b83f3e878f4 - - - - -] mks.enabled = False log_opt_values /usr/lib/python3/dist-packages/oslo_config/cfg.py:2609
2025-10-09 00:40:15.390 148632 DEBUG oslo_service.service [req-538111ab-c7a8-402d-86d1-4b83f3e878f4 - - - - -] mks.mksproxy_base_url = http://127.0.0.1:6090/ log_opt_values /usr/lib/python3/dist-packages/oslo_config/cfg.py:2609
2025-10-09 00:40:15.390 148632 DEBUG oslo_service.service [req-538111ab-c7a8-402d-86d1-4b83f3e878f4 - - - - -] image_cache.manager_interval = 2400 log_opt_values /usr/lib/python3/dist-packages/oslo_config/cfg.py:2609
2025-10-09 00:40:15.391 148632 DEBUG oslo_service.service [req-538111ab-c7a8-402d-86d1-4b83f3e878f4 - - - - -] image_cache.precache_concurrency = 1 log_opt_values /usr/lib/python3/dist-packages/oslo_config/cfg.py:2609
2025-10-09 00:40:15.391 148632 DEBUG oslo_service.service [req-538111ab-c7a8-402d-86d1-4b83f3e878f4 - - - - -] image_cache.remove_unused_base_images = True log_opt_values /usr/lib/python3/dist-packages/oslo_config/cfg.py:2609
2025-10-09 00:40:15.391 148632 DEBUG oslo_service.service [req-538111ab-c7a8-402d-86d1-4b83f3e878f4 - - - - -] image_cache.remove_unused_original_minimum_age_seconds = 86400 log_opt_values /usr/lib/python3/dist-packages/oslo_config/cfg.py:2609
2025-10-09 00:40:15.391 148632 DEBUG oslo_service.service [req-538111ab-c7a8-402d-86d1-4b83f3e878f4 - - - - -] image_cache.remove_unused_resized_minimum_age_seconds = 3600 log_opt_values /usr/lib/python3/dist-packages/oslo_config/cfg.py:2609
2025-10-09 00:40:15.392 148632 DEBUG oslo_service.service [req-538111ab-c7a8-402d-86d1-4b83f3e878f4 - - - - -] image_cache.subdirectory_name = _base log_opt_values /usr/lib/python3/dist-packages/oslo_config/cfg.py:2609
2025-10-09 00:40:15.392 148632 DEBUG oslo_service.service [req-538111ab-c7a8-402d-86d1-4b83f3e878f4 - - - - -] ironic.api_max_retries = 60 log_opt_values /usr/lib/python3/dist-packages/oslo_config/cfg.py:2609
2025-10-09 00:40:15.392 148632 DEBUG oslo_service.service [req-538111ab-c7a8-402d-86d1-4b83f3e878f4 - - - - -] ironic.api_retry_interval = 2 log_opt_values /usr/lib/python3/dist-packages/oslo_config/cfg.py:2609
2025-10-09 00:40:15.392 148632 DEBUG oslo_service.service [req-538111ab-c7a8-402d-86d1-4b83f3e878f4 - - - - -] ironic.auth_section = None log_opt_values /usr/lib/python3/dist-packages/oslo_config/cfg.py:2609
2025-10-09 00:40:15.393 148632 DEBUG oslo_service.service [req-538111ab-c7a8-402d-86d1-4b83f3e878f4 - - - - -] ironic.auth_type = None log_opt_values /usr/lib/python3/dist-packages/oslo_config/cfg.py:2609
2025-10-09 00:40:15.393 148632 DEBUG oslo_service.service [req-538111ab-c7a8-402d-86d1-4b83f3e878f4 - - - - -] ironic.cafile = None log_opt_values /usr/lib/python3/dist-packages/oslo_config/cfg.py:2609
2025-10-09 00:40:15.393 148632 DEBUG oslo_service.service [req-538111ab-c7a8-402d-86d1-4b83f3e878f4 - - - - -] ironic.certfile = None log_opt_values /usr/lib/python3/dist-packages/oslo_config/cfg.py:2609
2025-10-09 00:40:15.394 148632 DEBUG oslo_service.service [req-538111ab-c7a8-402d-86d1-4b83f3e878f4 - - - - -] ironic.collect_timing = False log_opt_values /usr/lib/python3/dist-packages/oslo_config/cfg.py:2609
2025-10-09 00:40:15.394 148632 DEBUG oslo_service.service [req-538111ab-c7a8-402d-86d1-4b83f3e878f4 - - - - -] ironic.connect_retries = None log_opt_values /usr/lib/python3/dist-packages/oslo_config/cfg.py:2609
2025-10-09 00:40:15.394 148632 DEBUG oslo_service.service [req-538111ab-c7a8-402d-86d1-4b83f3e878f4 - - - - -] ironic.connect_retry_delay = None log_opt_values /usr/lib/python3/dist-packages/oslo_config/cfg.py:2609
2025-10-09 00:40:15.394 148632 DEBUG oslo_service.service [req-538111ab-c7a8-402d-86d1-4b83f3e878f4 - - - - -] ironic.endpoint_override = None log_opt_values /usr/lib/python3/dist-packages/oslo_config/cfg.py:2609
2025-10-09 00:40:15.394 149765 DEBUG oslo_messaging._drivers.amqpdriver [-] Listener is running poll /usr/lib/python3/dist-packages/oslo_messaging/_drivers/amqpdriver.py:343
2025-10-09 00:40:15.394 149766 DEBUG oslo_messaging._drivers.amqpdriver [-] Listener is running poll /usr/lib/python3/dist-packages/oslo_messaging/_drivers/amqpdriver.py:343
2025-10-09 00:40:15.394 148632 DEBUG oslo_service.service [req-538111ab-c7a8-402d-86d1-4b83f3e878f4 - - - - -] ironic.insecure = False log_opt_values /usr/lib/python3/dist-packages/oslo_config/cfg.py:2609
2025-10-09 00:40:15.395 149766 DEBUG oslo_messaging._drivers.amqpdriver [-] AMQPListener connection consume poll /usr/lib/python3/dist-packages/oslo_messaging/_drivers/amqpdriver.py:357
2025-10-09 00:40:15.395 149765 DEBUG oslo_messaging._drivers.amqpdriver [-] AMQPListener connection consume poll /usr/lib/python3/dist-packages/oslo_messaging/_drivers/amqpdriver.py:357
2025-10-09 00:40:15.395 148632 DEBUG oslo_service.service [req-538111ab-c7a8-402d-86d1-4b83f3e878f4 - - - - -] ironic.keyfile = None log_opt_values /usr/lib/python3/dist-packages/oslo_config/cfg.py:2609
2025-10-09 00:40:15.395 148632 DEBUG oslo_service.service [req-538111ab-c7a8-402d-86d1-4b83f3e878f4 - - - - -] ironic.max_version = None log_opt_values /usr/lib/python3/dist-packages/oslo_config/cfg.py:2609
2025-10-09 00:40:15.395 148632 DEBUG oslo_service.service [req-538111ab-c7a8-402d-86d1-4b83f3e878f4 - - - - -] ironic.min_version = None log_opt_values /usr/lib/python3/dist-packages/oslo_config/cfg.py:2609
2025-10-09 00:40:15.395 148632 DEBUG oslo_service.service [req-538111ab-c7a8-402d-86d1-4b83f3e878f4 - - - - -] ironic.partition_key = None log_opt_values /usr/lib/python3/dist-packages/oslo_config/cfg.py:2609
2025-10-09 00:40:15.395 149766 DEBUG nova.service [req-a302b9c8-9e58-42cb-bd5f-317e12cd9d50 - - - - -] Join ServiceGroup membership for this service scheduler start /usr/lib/python3/dist-packages/nova/service.py:199
2025-10-09 00:40:15.395 149765 DEBUG nova.service [req-780ee095-7c52-4138-9ca1-acdab1e2e8a2 - - - - -] Join ServiceGroup membership for this service scheduler start /usr/lib/python3/dist-packages/nova/service.py:199
2025-10-09 00:40:15.395 148632 DEBUG oslo_service.service [req-538111ab-c7a8-402d-86d1-4b83f3e878f4 - - - - -] ironic.peer_list = [] log_opt_values /usr/lib/python3/dist-packages/oslo_config/cfg.py:2609
2025-10-09 00:40:15.395 149766 DEBUG nova.servicegroup.drivers.db [req-a302b9c8-9e58-42cb-bd5f-317e12cd9d50 - - - - -] DB_Driver: join new ServiceGroup member juju-dab6fa-0-lxd-7 to the scheduler group, service = join /usr/lib/python3/dist-packages/nova/servicegroup/drivers/db.py:44
2025-10-09 00:40:15.396 148632 DEBUG oslo_service.service [req-538111ab-c7a8-402d-86d1-4b83f3e878f4 - - - - -] ironic.region_name = None log_opt_values /usr/lib/python3/dist-packages/oslo_config/cfg.py:2609
2025-10-09 00:40:15.396 149765 DEBUG nova.servicegroup.drivers.db [req-780ee095-7c52-4138-9ca1-acdab1e2e8a2 - - - - -] DB_Driver: join new ServiceGroup member juju-dab6fa-0-lxd-7 to the scheduler group, service = join /usr/lib/python3/dist-packages/nova/servicegroup/drivers/db.py:44
2025-10-09 00:40:15.396 148632 DEBUG oslo_service.service [req-538111ab-c7a8-402d-86d1-4b83f3e878f4 - - - - -] ironic.serial_console_state_timeout = 10 log_opt_values /usr/lib/python3/dist-packages/oslo_config/cfg.py:2609
2025-10-09 00:40:15.396 148632 DEBUG oslo_service.service [req-538111ab-c7a8-402d-86d1-4b83f3e878f4 - - - - -] ironic.service_name = None log_opt_values /usr/lib/python3/dist-packages/oslo_config/cfg.py:2609
2025-10-09 00:40:15.396 148632 DEBUG oslo_service.service [req-538111ab-c7a8-402d-86d1-4b83f3e878f4 - - - - -] ironic.service_type = baremetal log_opt_values /usr/lib/python3/dist-packages/oslo_config/cfg.py:2609
2025-10-09 00:40:15.396 148632 DEBUG oslo_service.service [req-538111ab-c7a8-402d-86d1-4b83f3e878f4 - - - - -] ironic.split_loggers = False log_opt_values /usr/lib/python3/dist-packages/oslo_config/cfg.py:2609
2025-10-09 00:40:15.397 148632 DEBUG oslo_service.service [req-538111ab-c7a8-402d-86d1-4b83f3e878f4 - - - - -] ironic.status_code_retries = None log_opt_values /usr/lib/python3/dist-packages/oslo_config/cfg.py:2609
2025-10-09 00:40:15.397 148632 DEBUG oslo_service.service [req-538111ab-c7a8-402d-86d1-4b83f3e878f4 - - - - -] ironic.status_code_retry_delay = None log_opt_values /usr/lib/python3/dist-packages/oslo_config/cfg.py:2609
2025-10-09 00:40:15.397 148632 DEBUG oslo_service.service [req-538111ab-c7a8-402d-86d1-4b83f3e878f4 - - - - -] ironic.timeout = None log_opt_values /usr/lib/python3/dist-packages/oslo_config/cfg.py:2609
2025-10-09 00:40:15.397 148632 DEBUG oslo_service.service [req-538111ab-c7a8-402d-86d1-4b83f3e878f4 - - - - -] ironic.valid_interfaces = ['internal', 'public'] log_opt_values /usr/lib/python3/dist-packages/oslo_config/cfg.py:2609
2025-10-09 00:40:15.397 148632 DEBUG oslo_service.service [req-538111ab-c7a8-402d-86d1-4b83f3e878f4 - - - - -] ironic.version = None log_opt_values /usr/lib/python3/dist-packages/oslo_config/cfg.py:2609
2025-10-09 00:40:15.397 148632 DEBUG oslo_service.service [req-538111ab-c7a8-402d-86d1-4b83f3e878f4 - - - - -] key_manager.backend = barbican log_opt_values /usr/lib/python3/dist-packages/oslo_config/cfg.py:2609
2025-10-09 00:40:15.398 148632 DEBUG oslo_service.service [req-538111ab-c7a8-402d-86d1-4b83f3e878f4 - - - - -] key_manager.fixed_key = **** log_opt_values /usr/lib/python3/dist-packages/oslo_config/cfg.py:2609
2025-10-09 00:40:15.398 149766 DEBUG oslo_messaging._drivers.amqpdriver [-] AMQPListener connection timeout poll /usr/lib/python3/dist-packages/oslo_messaging/_drivers/amqpdriver.py:360
2025-10-09 00:40:15.398 149766 DEBUG oslo_messaging._drivers.amqpdriver [-] Listener is running poll /usr/lib/python3/dist-packages/oslo_messaging/_drivers/amqpdriver.py:343
2025-10-09 00:40:15.398 148632 DEBUG oslo_service.service [req-538111ab-c7a8-402d-86d1-4b83f3e878f4 - - - - -] barbican.auth_endpoint = http://localhost/identity/v3 log_opt_values /usr/lib/python3/dist-packages/oslo_config/cfg.py:2609
2025-10-09 00:40:15.398 149766 DEBUG oslo_messaging._drivers.amqpdriver [-] AMQPListener connection consume poll /usr/lib/python3/dist-packages/oslo_messaging/_drivers/amqpdriver.py:357
2025-10-09 00:40:15.398 149765 DEBUG oslo_messaging._drivers.amqpdriver [-] AMQPListener connection timeout poll /usr/lib/python3/dist-packages/oslo_messaging/_drivers/amqpdriver.py:360
2025-10-09 00:40:15.398 148632 DEBUG oslo_service.service [req-538111ab-c7a8-402d-86d1-4b83f3e878f4 - - - - -] barbican.barbican_api_version = None log_opt_values /usr/lib/python3/dist-packages/oslo_config/cfg.py:2609
2025-10-09 00:40:15.398 149765 DEBUG oslo_messaging._drivers.amqpdriver [-] Listener is running poll /usr/lib/python3/dist-packages/oslo_messaging/_drivers/amqpdriver.py:343
2025-10-09 00:40:15.398 148632 DEBUG oslo_service.service [req-538111ab-c7a8-402d-86d1-4b83f3e878f4 - - - - -] barbican.barbican_endpoint = None log_opt_values /usr/lib/python3/dist-packages/oslo_config/cfg.py:2609
2025-10-09 00:40:15.398 149765 DEBUG oslo_messaging._drivers.amqpdriver [-] AMQPListener connection consume poll /usr/lib/python3/dist-packages/oslo_messaging/_drivers/amqpdriver.py:357
2025-10-09 00:40:15.398 149767 DEBUG oslo_messaging._drivers.amqpdriver [-] Listener is running poll /usr/lib/python3/dist-packages/oslo_messaging/_drivers/amqpdriver.py:343
2025-10-09 00:40:15.398 148632 DEBUG oslo_service.service [req-538111ab-c7a8-402d-86d1-4b83f3e878f4 - - - - -] barbican.barbican_endpoint_type = public log_opt_values /usr/lib/python3/dist-packages/oslo_config/cfg.py:2609
2025-10-09 00:40:15.399 149767 DEBUG oslo_messaging._drivers.amqpdriver [-] AMQPListener connection consume poll /usr/lib/python3/dist-packages/oslo_messaging/_drivers/amqpdriver.py:357
2025-10-09 00:40:15.399 148632 DEBUG oslo_service.service [req-538111ab-c7a8-402d-86d1-4b83f3e878f4 - - - - -] barbican.barbican_region_name = None log_opt_values /usr/lib/python3/dist-packages/oslo_config/cfg.py:2609
2025-10-09 00:40:15.399 148632 DEBUG oslo_service.service [req-538111ab-c7a8-402d-86d1-4b83f3e878f4 - - - - -] barbican.cafile = None log_opt_values /usr/lib/python3/dist-packages/oslo_config/cfg.py:2609
2025-10-09 00:40:15.399 148632 DEBUG oslo_service.service [req-538111ab-c7a8-402d-86d1-4b83f3e878f4 - - - - -] barbican.certfile = None log_opt_values /usr/lib/python3/dist-packages/oslo_config/cfg.py:2609
2025-10-09 00:40:15.399 148632 DEBUG oslo_service.service [req-538111ab-c7a8-402d-86d1-4b83f3e878f4 - - - - -] barbican.collect_timing = False log_opt_values /usr/lib/python3/dist-packages/oslo_config/cfg.py:2609
2025-10-09 00:40:15.399 148632 DEBUG oslo_service.service [req-538111ab-c7a8-402d-86d1-4b83f3e878f4 - - - - -] barbican.insecure = False log_opt_values /usr/lib/python3/dist-packages/oslo_config/cfg.py:2609
2025-10-09 00:40:15.400 148632 DEBUG oslo_service.service [req-538111ab-c7a8-402d-86d1-4b83f3e878f4 - - - - -] barbican.keyfile = None log_opt_values /usr/lib/python3/dist-packages/oslo_config/cfg.py:2609
2025-10-09 00:40:15.400 148632 DEBUG oslo_service.service [req-538111ab-c7a8-402d-86d1-4b83f3e878f4 - - - - -] barbican.number_of_retries = 60 log_opt_values /usr/lib/python3/dist-packages/oslo_config/cfg.py:2609
2025-10-09 00:40:15.400 148632 DEBUG oslo_service.service [req-538111ab-c7a8-402d-86d1-4b83f3e878f4 - - - - -] barbican.retry_delay = 1 log_opt_values /usr/lib/python3/dist-packages/oslo_config/cfg.py:2609
2025-10-09 00:40:15.400 149767 DEBUG nova.service [req-e0b6ac1e-37cc-4947-ad35-4d76be2bdfdb - - - - -] Join ServiceGroup membership for this service scheduler start /usr/lib/python3/dist-packages/nova/service.py:199
2025-10-09 00:40:15.400 148632 DEBUG oslo_service.service [req-538111ab-c7a8-402d-86d1-4b83f3e878f4 - - - - -] barbican.send_service_user_token = False log_opt_values /usr/lib/python3/dist-packages/oslo_config/cfg.py:2609
2025-10-09 00:40:15.400 148632 DEBUG oslo_service.service [req-538111ab-c7a8-402d-86d1-4b83f3e878f4 - - - - -] barbican.split_loggers = False log_opt_values /usr/lib/python3/dist-packages/oslo_config/cfg.py:2609
2025-10-09 00:40:15.400 149767 DEBUG nova.servicegroup.drivers.db [req-e0b6ac1e-37cc-4947-ad35-4d76be2bdfdb - - - - -] DB_Driver: join new ServiceGroup member juju-dab6fa-0-lxd-7 to the scheduler group, service = join /usr/lib/python3/dist-packages/nova/servicegroup/drivers/db.py:44
2025-10-09 00:40:15.401 148632 DEBUG oslo_service.service [req-538111ab-c7a8-402d-86d1-4b83f3e878f4 - - - - -] barbican.timeout = None log_opt_values /usr/lib/python3/dist-packages/oslo_config/cfg.py:2609
2025-10-09 00:40:15.401 148632 DEBUG oslo_service.service [req-538111ab-c7a8-402d-86d1-4b83f3e878f4 - - - - -] barbican.verify_ssl = True log_opt_values /usr/lib/python3/dist-packages/oslo_config/cfg.py:2609
2025-10-09 00:40:15.401 148632 DEBUG oslo_service.service [req-538111ab-c7a8-402d-86d1-4b83f3e878f4 - - - - -] barbican.verify_ssl_path = None log_opt_values /usr/lib/python3/dist-packages/oslo_config/cfg.py:2609
2025-10-09 00:40:15.401 148632 DEBUG oslo_service.service [req-538111ab-c7a8-402d-86d1-4b83f3e878f4 - - - - -] barbican_service_user.auth_section = None log_opt_values /usr/lib/python3/dist-packages/oslo_config/cfg.py:2609
2025-10-09 00:40:15.401 148632 DEBUG oslo_service.service [req-538111ab-c7a8-402d-86d1-4b83f3e878f4 - - - - -] barbican_service_user.auth_type = None log_opt_values /usr/lib/python3/dist-packages/oslo_config/cfg.py:2609
2025-10-09 00:40:15.401 148632 DEBUG oslo_service.service [req-538111ab-c7a8-402d-86d1-4b83f3e878f4 - - - - -] barbican_service_user.cafile = None log_opt_values /usr/lib/python3/dist-packages/oslo_config/cfg.py:2609
2025-10-09 00:40:15.402 148632 DEBUG oslo_service.service [req-538111ab-c7a8-402d-86d1-4b83f3e878f4 - - - - -] barbican_service_user.certfile = None log_opt_values /usr/lib/python3/dist-packages/oslo_config/cfg.py:2609
2025-10-09 00:40:15.402 148632 DEBUG oslo_service.service [req-538111ab-c7a8-402d-86d1-4b83f3e878f4 - - - - -] barbican_service_user.collect_timing = False log_opt_values /usr/lib/python3/dist-packages/oslo_config/cfg.py:2609
2025-10-09 00:40:15.402 149767 DEBUG oslo_messaging._drivers.amqpdriver [-] AMQPListener connection timeout poll /usr/lib/python3/dist-packages/oslo_messaging/_drivers/amqpdriver.py:360
2025-10-09 00:40:15.402 149767 DEBUG oslo_messaging._drivers.amqpdriver [-] Listener is running poll /usr/lib/python3/dist-packages/oslo_messaging/_drivers/amqpdriver.py:343
2025-10-09 00:40:15.402 148632 DEBUG oslo_service.service [req-538111ab-c7a8-402d-86d1-4b83f3e878f4 - - - - -] barbican_service_user.insecure = False log_opt_values /usr/lib/python3/dist-packages/oslo_config/cfg.py:2609
2025-10-09 00:40:15.402 149767 DEBUG oslo_messaging._drivers.amqpdriver [-] AMQPListener connection consume poll /usr/lib/python3/dist-packages/oslo_messaging/_drivers/amqpdriver.py:357
2025-10-09 00:40:15.402 148632 DEBUG oslo_service.service [req-538111ab-c7a8-402d-86d1-4b83f3e878f4 - - - - -] barbican_service_user.keyfile = None log_opt_values /usr/lib/python3/dist-packages/oslo_config/cfg.py:2609
2025-10-09 00:40:15.402 148632 DEBUG oslo_service.service [req-538111ab-c7a8-402d-86d1-4b83f3e878f4 - - - - -] barbican_service_user.split_loggers = False log_opt_values /usr/lib/python3/dist-packages/oslo_config/cfg.py:2609
2025-10-09 00:40:15.403 148632 DEBUG oslo_service.service [req-538111ab-c7a8-402d-86d1-4b83f3e878f4 - - - - -] barbican_service_user.timeout = None log_opt_values /usr/lib/python3/dist-packages/oslo_config/cfg.py:2609
2025-10-09 00:40:15.403 148632 DEBUG oslo_service.service [req-538111ab-c7a8-402d-86d1-4b83f3e878f4 - - - - -] vault.approle_role_id = None log_opt_values /usr/lib/python3/dist-packages/oslo_config/cfg.py:2609
2025-10-09 00:40:15.403 148632 DEBUG oslo_service.service [req-538111ab-c7a8-402d-86d1-4b83f3e878f4 - - - - -] vault.approle_secret_id = None log_opt_values /usr/lib/python3/dist-packages/oslo_config/cfg.py:2609
2025-10-09 00:40:15.403 148632 DEBUG oslo_service.service [req-538111ab-c7a8-402d-86d1-4b83f3e878f4 - - - - -] vault.cafile = None log_opt_values /usr/lib/python3/dist-packages/oslo_config/cfg.py:2609
2025-10-09 00:40:15.403 148632 DEBUG oslo_service.service [req-538111ab-c7a8-402d-86d1-4b83f3e878f4 - - - - -] vault.certfile = None log_opt_values /usr/lib/python3/dist-packages/oslo_config/cfg.py:2609
2025-10-09 00:40:15.403 148632 DEBUG oslo_service.service [req-538111ab-c7a8-402d-86d1-4b83f3e878f4 - - - - -] vault.collect_timing = False log_opt_values /usr/lib/python3/dist-packages/oslo_config/cfg.py:2609
2025-10-09 00:40:15.404 148632 DEBUG oslo_service.service [req-538111ab-c7a8-402d-86d1-4b83f3e878f4 - - - - -] vault.insecure = False log_opt_values /usr/lib/python3/dist-packages/oslo_config/cfg.py:2609
2025-10-09 00:40:15.404 148632 DEBUG oslo_service.service [req-538111ab-c7a8-402d-86d1-4b83f3e878f4 - - - - -] vault.keyfile = None log_opt_values /usr/lib/python3/dist-packages/oslo_config/cfg.py:2609
2025-10-09 00:40:15.404 148632 DEBUG oslo_service.service [req-538111ab-c7a8-402d-86d1-4b83f3e878f4 - - - - -] vault.kv_mountpoint = secret log_opt_values /usr/lib/python3/dist-packages/oslo_config/cfg.py:2609
2025-10-09 00:40:15.404 148632 DEBUG oslo_service.service [req-538111ab-c7a8-402d-86d1-4b83f3e878f4 - - - - -] vault.kv_version = 2 log_opt_values /usr/lib/python3/dist-packages/oslo_config/cfg.py:2609
2025-10-09 00:40:15.404 148632 DEBUG oslo_service.service [req-538111ab-c7a8-402d-86d1-4b83f3e878f4 - - - - -] vault.namespace = None log_opt_values /usr/lib/python3/dist-packages/oslo_config/cfg.py:2609
2025-10-09 00:40:15.405 148632 DEBUG oslo_service.service [req-538111ab-c7a8-402d-86d1-4b83f3e878f4 - - - - -] vault.root_token_id = None log_opt_values /usr/lib/python3/dist-packages/oslo_config/cfg.py:2609
2025-10-09 00:40:15.405 148632 DEBUG oslo_service.service [req-538111ab-c7a8-402d-86d1-4b83f3e878f4 - - - - -] vault.split_loggers = False log_opt_values /usr/lib/python3/dist-packages/oslo_config/cfg.py:2609
2025-10-09 00:40:15.405 148632 DEBUG oslo_service.service [req-538111ab-c7a8-402d-86d1-4b83f3e878f4 - - - - -] vault.ssl_ca_crt_file = None log_opt_values /usr/lib/python3/dist-packages/oslo_config/cfg.py:2609
2025-10-09 00:40:15.405 148632 DEBUG oslo_service.service [req-538111ab-c7a8-402d-86d1-4b83f3e878f4 - - - - -] vault.timeout = None log_opt_values /usr/lib/python3/dist-packages/oslo_config/cfg.py:2609
2025-10-09 00:40:15.405 148632 DEBUG oslo_service.service [req-538111ab-c7a8-402d-86d1-4b83f3e878f4 - - - - -] vault.use_ssl = False log_opt_values /usr/lib/python3/dist-packages/oslo_config/cfg.py:2609
2025-10-09 00:40:15.406 148632 DEBUG oslo_service.service [req-538111ab-c7a8-402d-86d1-4b83f3e878f4 - - - - -] vault.vault_url = http://127.0.0.1:8200 log_opt_values /usr/lib/python3/dist-packages/oslo_config/cfg.py:2609
2025-10-09 00:40:15.406 148632 DEBUG oslo_service.service [req-538111ab-c7a8-402d-86d1-4b83f3e878f4 - - - - -] keystone.cafile = None log_opt_values /usr/lib/python3/dist-packages/oslo_config/cfg.py:2609
2025-10-09 00:40:15.406 148632 DEBUG oslo_service.service [req-538111ab-c7a8-402d-86d1-4b83f3e878f4 - - - - -] keystone.certfile = None log_opt_values /usr/lib/python3/dist-packages/oslo_config/cfg.py:2609
2025-10-09 00:40:15.406 148632 DEBUG oslo_service.service [req-538111ab-c7a8-402d-86d1-4b83f3e878f4 - - - - -] keystone.collect_timing = False log_opt_values /usr/lib/python3/dist-packages/oslo_config/cfg.py:2609
2025-10-09 00:40:15.406 148632 DEBUG oslo_service.service [req-538111ab-c7a8-402d-86d1-4b83f3e878f4 - - - - -] keystone.connect_retries = None log_opt_values /usr/lib/python3/dist-packages/oslo_config/cfg.py:2609
2025-10-09 00:40:15.406 148632 DEBUG oslo_service.service [req-538111ab-c7a8-402d-86d1-4b83f3e878f4 - - - - -] keystone.connect_retry_delay = None log_opt_values /usr/lib/python3/dist-packages/oslo_config/cfg.py:2609
2025-10-09 00:40:15.407 148632 DEBUG oslo_service.service [req-538111ab-c7a8-402d-86d1-4b83f3e878f4 - - - - -] keystone.endpoint_override = None log_opt_values /usr/lib/python3/dist-packages/oslo_config/cfg.py:2609
2025-10-09 00:40:15.407 148632 DEBUG oslo_service.service [req-538111ab-c7a8-402d-86d1-4b83f3e878f4 - - - - -] keystone.insecure = False log_opt_values /usr/lib/python3/dist-packages/oslo_config/cfg.py:2609
2025-10-09 00:40:15.407 148632 DEBUG oslo_service.service [req-538111ab-c7a8-402d-86d1-4b83f3e878f4 - - - - -] keystone.keyfile = None log_opt_values /usr/lib/python3/dist-packages/oslo_config/cfg.py:2609
2025-10-09 00:40:15.407 148632 DEBUG oslo_service.service [req-538111ab-c7a8-402d-86d1-4b83f3e878f4 - - - - -] keystone.max_version = None log_opt_values /usr/lib/python3/dist-packages/oslo_config/cfg.py:2609
2025-10-09 00:40:15.407 148632 DEBUG oslo_service.service [req-538111ab-c7a8-402d-86d1-4b83f3e878f4 - - - - -] keystone.min_version = None log_opt_values /usr/lib/python3/dist-packages/oslo_config/cfg.py:2609
2025-10-09 00:40:15.407 148632 DEBUG oslo_service.service [req-538111ab-c7a8-402d-86d1-4b83f3e878f4 - - - - -] keystone.region_name = None log_opt_values /usr/lib/python3/dist-packages/oslo_config/cfg.py:2609
2025-10-09 00:40:15.408 148632 DEBUG oslo_service.service [req-538111ab-c7a8-402d-86d1-4b83f3e878f4 - - - - -] keystone.service_name = None log_opt_values /usr/lib/python3/dist-packages/oslo_config/cfg.py:2609
2025-10-09 00:40:15.408 148632 DEBUG oslo_service.service [req-538111ab-c7a8-402d-86d1-4b83f3e878f4 - - - - -] keystone.service_type = identity log_opt_values /usr/lib/python3/dist-packages/oslo_config/cfg.py:2609
2025-10-09 00:40:15.408 148632 DEBUG oslo_service.service [req-538111ab-c7a8-402d-86d1-4b83f3e878f4 - - - - -] keystone.split_loggers = False log_opt_values /usr/lib/python3/dist-packages/oslo_config/cfg.py:2609
2025-10-09 00:40:15.408 148632 DEBUG oslo_service.service [req-538111ab-c7a8-402d-86d1-4b83f3e878f4 - - - - -] keystone.status_code_retries = None log_opt_values /usr/lib/python3/dist-packages/oslo_config/cfg.py:2609
2025-10-09 00:40:15.408 148632 DEBUG oslo_service.service [req-538111ab-c7a8-402d-86d1-4b83f3e878f4 - - - - -] keystone.status_code_retry_delay = None log_opt_values /usr/lib/python3/dist-packages/oslo_config/cfg.py:2609
2025-10-09 00:40:15.409 148632 DEBUG oslo_service.service [req-538111ab-c7a8-402d-86d1-4b83f3e878f4 - - - - -] keystone.timeout = None log_opt_values /usr/lib/python3/dist-packages/oslo_config/cfg.py:2609
2025-10-09 00:40:15.409 148632 DEBUG oslo_service.service [req-538111ab-c7a8-402d-86d1-4b83f3e878f4 - - - - -] keystone.valid_interfaces = ['internal', 'public'] log_opt_values /usr/lib/python3/dist-packages/oslo_config/cfg.py:2609
2025-10-09 00:40:15.409 148632 DEBUG oslo_service.service [req-538111ab-c7a8-402d-86d1-4b83f3e878f4 - - - - -] keystone.version = None log_opt_values /usr/lib/python3/dist-packages/oslo_config/cfg.py:2609
2025-10-09 00:40:15.409 148632 DEBUG oslo_service.service [req-538111ab-c7a8-402d-86d1-4b83f3e878f4 - - - - -] libvirt.connection_uri = log_opt_values /usr/lib/python3/dist-packages/oslo_config/cfg.py:2609
2025-10-09 00:40:15.409 148632 DEBUG oslo_service.service [req-538111ab-c7a8-402d-86d1-4b83f3e878f4 - - - - -] libvirt.cpu_mode = None log_opt_values /usr/lib/python3/dist-packages/oslo_config/cfg.py:2609
2025-10-09 00:40:15.409 148632 DEBUG oslo_service.service [req-538111ab-c7a8-402d-86d1-4b83f3e878f4 - - - - -] libvirt.cpu_model_extra_flags = [] log_opt_values /usr/lib/python3/dist-packages/oslo_config/cfg.py:2609
2025-10-09 00:40:15.410 148632 DEBUG oslo_service.service [req-538111ab-c7a8-402d-86d1-4b83f3e878f4 - - - - -] libvirt.cpu_models = [] log_opt_values /usr/lib/python3/dist-packages/oslo_config/cfg.py:2609
2025-10-09 00:40:15.410 148632 DEBUG oslo_service.service [req-538111ab-c7a8-402d-86d1-4b83f3e878f4 - - - - -] libvirt.device_detach_attempts = 8 log_opt_values /usr/lib/python3/dist-packages/oslo_config/cfg.py:2609
2025-10-09 00:40:15.410 148632 DEBUG oslo_service.service [req-538111ab-c7a8-402d-86d1-4b83f3e878f4 - - - - -] libvirt.device_detach_timeout = 20 log_opt_values /usr/lib/python3/dist-packages/oslo_config/cfg.py:2609
2025-10-09 00:40:15.410 148632 DEBUG oslo_service.service [req-538111ab-c7a8-402d-86d1-4b83f3e878f4 - - - - -] libvirt.disk_cachemodes = [] log_opt_values /usr/lib/python3/dist-packages/oslo_config/cfg.py:2609
2025-10-09 00:40:15.410 148632 DEBUG oslo_service.service [req-538111ab-c7a8-402d-86d1-4b83f3e878f4 - - - - -] libvirt.disk_prefix = None log_opt_values /usr/lib/python3/dist-packages/oslo_config/cfg.py:2609
2025-10-09 00:40:15.410 148632 DEBUG oslo_service.service [req-538111ab-c7a8-402d-86d1-4b83f3e878f4 - - - - -] libvirt.enabled_perf_events = [] log_opt_values /usr/lib/python3/dist-packages/oslo_config/cfg.py:2609
2025-10-09 00:40:15.411 148632 DEBUG oslo_service.service [req-538111ab-c7a8-402d-86d1-4b83f3e878f4 - - - - -] libvirt.file_backed_memory = 0 log_opt_values /usr/lib/python3/dist-packages/oslo_config/cfg.py:2609
2025-10-09 00:40:15.411 148632 DEBUG oslo_service.service [req-538111ab-c7a8-402d-86d1-4b83f3e878f4 - - - - -] libvirt.gid_maps = [] log_opt_values /usr/lib/python3/dist-packages/oslo_config/cfg.py:2609
2025-10-09 00:40:15.411 148632 DEBUG oslo_service.service [req-538111ab-c7a8-402d-86d1-4b83f3e878f4 - - - - -] libvirt.hw_disk_discard = None log_opt_values /usr/lib/python3/dist-packages/oslo_config/cfg.py:2609
2025-10-09 00:40:15.411 148632 DEBUG oslo_service.service [req-538111ab-c7a8-402d-86d1-4b83f3e878f4 - - - - -] libvirt.hw_machine_type = None log_opt_values /usr/lib/python3/dist-packages/oslo_config/cfg.py:2609
2025-10-09 00:40:15.411 148632 DEBUG oslo_service.service [req-538111ab-c7a8-402d-86d1-4b83f3e878f4 - - - - -] libvirt.images_rbd_ceph_conf = log_opt_values /usr/lib/python3/dist-packages/oslo_config/cfg.py:2609
2025-10-09 00:40:15.412 148632 DEBUG oslo_service.service [req-538111ab-c7a8-402d-86d1-4b83f3e878f4 - - - - -] libvirt.images_rbd_glance_copy_poll_interval = 15 log_opt_values /usr/lib/python3/dist-packages/oslo_config/cfg.py:2609
2025-10-09 00:40:15.412 148632 DEBUG oslo_service.service [req-538111ab-c7a8-402d-86d1-4b83f3e878f4 - - - - -] libvirt.images_rbd_glance_copy_timeout = 600 log_opt_values /usr/lib/python3/dist-packages/oslo_config/cfg.py:2609
2025-10-09 00:40:15.412 148632 DEBUG oslo_service.service [req-538111ab-c7a8-402d-86d1-4b83f3e878f4 - - - - -] libvirt.images_rbd_glance_store_name = log_opt_values /usr/lib/python3/dist-packages/oslo_config/cfg.py:2609
2025-10-09 00:40:15.412 148632 DEBUG oslo_service.service [req-538111ab-c7a8-402d-86d1-4b83f3e878f4 - - - - -] libvirt.images_rbd_pool = rbd log_opt_values /usr/lib/python3/dist-packages/oslo_config/cfg.py:2609
2025-10-09 00:40:15.412 148632 DEBUG oslo_service.service [req-538111ab-c7a8-402d-86d1-4b83f3e878f4 - - - - -] libvirt.images_type = default log_opt_values /usr/lib/python3/dist-packages/oslo_config/cfg.py:2609
2025-10-09 00:40:15.413 148632 DEBUG oslo_service.service [req-538111ab-c7a8-402d-86d1-4b83f3e878f4 - - - - -] libvirt.images_volume_group = None log_opt_values /usr/lib/python3/dist-packages/oslo_config/cfg.py:2609
2025-10-09 00:40:15.413 148632 DEBUG oslo_service.service [req-538111ab-c7a8-402d-86d1-4b83f3e878f4 - - - - -] libvirt.inject_key = False log_opt_values /usr/lib/python3/dist-packages/oslo_config/cfg.py:2609
2025-10-09 00:40:15.413 148632 DEBUG oslo_service.service [req-538111ab-c7a8-402d-86d1-4b83f3e878f4 - - - - -] libvirt.inject_partition = -2 log_opt_values /usr/lib/python3/dist-packages/oslo_config/cfg.py:2609
2025-10-09 00:40:15.413 148632 DEBUG oslo_service.service [req-538111ab-c7a8-402d-86d1-4b83f3e878f4 - - - - -] libvirt.inject_password = False log_opt_values /usr/lib/python3/dist-packages/oslo_config/cfg.py:2609
2025-10-09 00:40:15.413 148632 DEBUG oslo_service.service [req-538111ab-c7a8-402d-86d1-4b83f3e878f4 - - - - -] libvirt.iscsi_iface = None log_opt_values /usr/lib/python3/dist-packages/oslo_config/cfg.py:2609
2025-10-09 00:40:15.413 148632 DEBUG oslo_service.service [req-538111ab-c7a8-402d-86d1-4b83f3e878f4 - - - - -] libvirt.iser_use_multipath = False log_opt_values /usr/lib/python3/dist-packages/oslo_config/cfg.py:2609
2025-10-09 00:40:15.414 148632 DEBUG oslo_service.service [req-538111ab-c7a8-402d-86d1-4b83f3e878f4 - - - - -] libvirt.live_migration_bandwidth = 0 log_opt_values /usr/lib/python3/dist-packages/oslo_config/cfg.py:2609
2025-10-09 00:40:15.414 148632 DEBUG oslo_service.service [req-538111ab-c7a8-402d-86d1-4b83f3e878f4 - - - - -] libvirt.live_migration_completion_timeout = 800 log_opt_values /usr/lib/python3/dist-packages/oslo_config/cfg.py:2609
2025-10-09 00:40:15.414 148632 DEBUG oslo_service.service [req-538111ab-c7a8-402d-86d1-4b83f3e878f4 - - - - -] libvirt.live_migration_downtime = 500 log_opt_values /usr/lib/python3/dist-packages/oslo_config/cfg.py:2609
2025-10-09 00:40:15.414 148632 DEBUG oslo_service.service [req-538111ab-c7a8-402d-86d1-4b83f3e878f4 - - - - -] libvirt.live_migration_downtime_delay = 75 log_opt_values /usr/lib/python3/dist-packages/oslo_config/cfg.py:2609
2025-10-09 00:40:15.414 148632 DEBUG oslo_service.service [req-538111ab-c7a8-402d-86d1-4b83f3e878f4 - - - - -] libvirt.live_migration_downtime_steps = 10 log_opt_values /usr/lib/python3/dist-packages/oslo_config/cfg.py:2609
2025-10-09 00:40:15.415 148632 DEBUG oslo_service.service [req-538111ab-c7a8-402d-86d1-4b83f3e878f4 - - - - -] libvirt.live_migration_inbound_addr = None log_opt_values /usr/lib/python3/dist-packages/oslo_config/cfg.py:2609
2025-10-09 00:40:15.415 148632 DEBUG oslo_service.service [req-538111ab-c7a8-402d-86d1-4b83f3e878f4 - - - - -] libvirt.live_migration_permit_auto_converge = False log_opt_values /usr/lib/python3/dist-packages/oslo_config/cfg.py:2609
2025-10-09 00:40:15.415 148632 DEBUG oslo_service.service [req-538111ab-c7a8-402d-86d1-4b83f3e878f4 - - - - -] libvirt.live_migration_permit_post_copy = False log_opt_values /usr/lib/python3/dist-packages/oslo_config/cfg.py:2609
2025-10-09 00:40:15.415 148632 DEBUG oslo_service.service [req-538111ab-c7a8-402d-86d1-4b83f3e878f4 - - - - -] libvirt.live_migration_scheme = None log_opt_values /usr/lib/python3/dist-packages/oslo_config/cfg.py:2609
2025-10-09 00:40:15.415 148632 DEBUG oslo_service.service [req-538111ab-c7a8-402d-86d1-4b83f3e878f4 - - - - -] libvirt.live_migration_timeout_action = abort log_opt_values /usr/lib/python3/dist-packages/oslo_config/cfg.py:2609
2025-10-09 00:40:15.416 148632 DEBUG oslo_service.service [req-538111ab-c7a8-402d-86d1-4b83f3e878f4 - - - - -] libvirt.live_migration_tunnelled = False log_opt_values /usr/lib/python3/dist-packages/oslo_config/cfg.py:2609
2025-10-09 00:40:15.416 148632 DEBUG oslo_service.service [req-538111ab-c7a8-402d-86d1-4b83f3e878f4 - - - - -] libvirt.live_migration_uri = None log_opt_values /usr/lib/python3/dist-packages/oslo_config/cfg.py:2609
2025-10-09 00:40:15.416 148632 DEBUG oslo_service.service [req-538111ab-c7a8-402d-86d1-4b83f3e878f4 - - - - -] libvirt.live_migration_with_native_tls = False log_opt_values /usr/lib/python3/dist-packages/oslo_config/cfg.py:2609
2025-10-09 00:40:15.416 148632 DEBUG oslo_service.service [req-538111ab-c7a8-402d-86d1-4b83f3e878f4 - - - - -] libvirt.max_queues = None log_opt_values /usr/lib/python3/dist-packages/oslo_config/cfg.py:2609
2025-10-09 00:40:15.416 148632 DEBUG oslo_service.service [req-538111ab-c7a8-402d-86d1-4b83f3e878f4 - - - - -] libvirt.mem_stats_period_seconds = 10 log_opt_values /usr/lib/python3/dist-packages/oslo_config/cfg.py:2609
2025-10-09 00:40:15.417 148632 DEBUG oslo_service.service [req-538111ab-c7a8-402d-86d1-4b83f3e878f4 - - - - -] libvirt.nfs_mount_options = None log_opt_values /usr/lib/python3/dist-packages/oslo_config/cfg.py:2609
2025-10-09 00:40:15.417 148632 DEBUG oslo_service.service [req-538111ab-c7a8-402d-86d1-4b83f3e878f4 - - - - -] libvirt.nfs_mount_point_base = /var/lib/nova/mnt log_opt_values /usr/lib/python3/dist-packages/oslo_config/cfg.py:2609
2025-10-09 00:40:15.417 148632 DEBUG oslo_service.service [req-538111ab-c7a8-402d-86d1-4b83f3e878f4 - - - - -] libvirt.num_aoe_discover_tries = 3 log_opt_values /usr/lib/python3/dist-packages/oslo_config/cfg.py:2609
2025-10-09 00:40:15.417 148632 DEBUG oslo_service.service [req-538111ab-c7a8-402d-86d1-4b83f3e878f4 - - - - -] libvirt.num_iser_scan_tries = 5 log_opt_values /usr/lib/python3/dist-packages/oslo_config/cfg.py:2609
2025-10-09 00:40:15.417 148632 DEBUG oslo_service.service [req-538111ab-c7a8-402d-86d1-4b83f3e878f4 - - - - -] libvirt.num_memory_encrypted_guests = None log_opt_values /usr/lib/python3/dist-packages/oslo_config/cfg.py:2609
2025-10-09 00:40:15.417 148632 DEBUG oslo_service.service [req-538111ab-c7a8-402d-86d1-4b83f3e878f4 - - - - -] libvirt.num_nvme_discover_tries = 5 log_opt_values /usr/lib/python3/dist-packages/oslo_config/cfg.py:2609
2025-10-09 00:40:15.418 148632 DEBUG oslo_service.service [req-538111ab-c7a8-402d-86d1-4b83f3e878f4 - - - - -] libvirt.num_pcie_ports = 0 log_opt_values /usr/lib/python3/dist-packages/oslo_config/cfg.py:2609
2025-10-09 00:40:15.418 148632 DEBUG oslo_service.service [req-538111ab-c7a8-402d-86d1-4b83f3e878f4 - - - - -] libvirt.num_volume_scan_tries = 5 log_opt_values /usr/lib/python3/dist-packages/oslo_config/cfg.py:2609
2025-10-09 00:40:15.418 148632 DEBUG oslo_service.service [req-538111ab-c7a8-402d-86d1-4b83f3e878f4 - - - - -] libvirt.pmem_namespaces = [] log_opt_values /usr/lib/python3/dist-packages/oslo_config/cfg.py:2609
2025-10-09 00:40:15.418 148632 DEBUG oslo_service.service [req-538111ab-c7a8-402d-86d1-4b83f3e878f4 - - - - -] libvirt.quobyte_client_cfg = None log_opt_values /usr/lib/python3/dist-packages/oslo_config/cfg.py:2609
2025-10-09 00:40:15.418 148632 DEBUG oslo_service.service [req-538111ab-c7a8-402d-86d1-4b83f3e878f4 - - - - -] libvirt.quobyte_mount_point_base = /var/lib/nova/mnt log_opt_values /usr/lib/python3/dist-packages/oslo_config/cfg.py:2609
2025-10-09 00:40:15.419 148632 DEBUG oslo_service.service [req-538111ab-c7a8-402d-86d1-4b83f3e878f4 - - - - -] libvirt.rbd_connect_timeout = 5 log_opt_values /usr/lib/python3/dist-packages/oslo_config/cfg.py:2609
2025-10-09 00:40:15.419 148632 DEBUG oslo_service.service [req-538111ab-c7a8-402d-86d1-4b83f3e878f4 - - - - -] libvirt.rbd_destroy_volume_retries = 12 log_opt_values /usr/lib/python3/dist-packages/oslo_config/cfg.py:2609
2025-10-09 00:40:15.419 148632 DEBUG oslo_service.service [req-538111ab-c7a8-402d-86d1-4b83f3e878f4 - - - - -] libvirt.rbd_destroy_volume_retry_interval = 5 log_opt_values /usr/lib/python3/dist-packages/oslo_config/cfg.py:2609
2025-10-09 00:40:15.419 148632 DEBUG oslo_service.service [req-538111ab-c7a8-402d-86d1-4b83f3e878f4 - - - - -] libvirt.rbd_secret_uuid = None log_opt_values /usr/lib/python3/dist-packages/oslo_config/cfg.py:2609
2025-10-09 00:40:15.419 148632 DEBUG oslo_service.service [req-538111ab-c7a8-402d-86d1-4b83f3e878f4 - - - - -] libvirt.rbd_user = None log_opt_values /usr/lib/python3/dist-packages/oslo_config/cfg.py:2609
2025-10-09 00:40:15.419 148632 DEBUG oslo_service.service [req-538111ab-c7a8-402d-86d1-4b83f3e878f4 - - - - -] libvirt.realtime_scheduler_priority = 1 log_opt_values /usr/lib/python3/dist-packages/oslo_config/cfg.py:2609
2025-10-09 00:40:15.420 148632 DEBUG oslo_service.service [req-538111ab-c7a8-402d-86d1-4b83f3e878f4 - - - - -] libvirt.remote_filesystem_transport = ssh log_opt_values /usr/lib/python3/dist-packages/oslo_config/cfg.py:2609
2025-10-09 00:40:15.420 148632 DEBUG oslo_service.service [req-538111ab-c7a8-402d-86d1-4b83f3e878f4 - - - - -] libvirt.rescue_image_id = None log_opt_values /usr/lib/python3/dist-packages/oslo_config/cfg.py:2609
2025-10-09 00:40:15.420 148632 DEBUG oslo_service.service [req-538111ab-c7a8-402d-86d1-4b83f3e878f4 - - - - -] libvirt.rescue_kernel_id = None log_opt_values /usr/lib/python3/dist-packages/oslo_config/cfg.py:2609
2025-10-09 00:40:15.420 148632 DEBUG oslo_service.service [req-538111ab-c7a8-402d-86d1-4b83f3e878f4 - - - - -] libvirt.rescue_ramdisk_id = None log_opt_values /usr/lib/python3/dist-packages/oslo_config/cfg.py:2609
2025-10-09 00:40:15.420 148632 DEBUG oslo_service.service [req-538111ab-c7a8-402d-86d1-4b83f3e878f4 - - - - -] libvirt.rng_dev_path = /dev/urandom log_opt_values /usr/lib/python3/dist-packages/oslo_config/cfg.py:2609
2025-10-09 00:40:15.420 148632 DEBUG oslo_service.service [req-538111ab-c7a8-402d-86d1-4b83f3e878f4 - - - - -] libvirt.rx_queue_size = None log_opt_values /usr/lib/python3/dist-packages/oslo_config/cfg.py:2609
2025-10-09 00:40:15.421 148632 DEBUG oslo_service.service [req-538111ab-c7a8-402d-86d1-4b83f3e878f4 - - - - -] libvirt.smbfs_mount_options = log_opt_values /usr/lib/python3/dist-packages/oslo_config/cfg.py:2609
2025-10-09 00:40:15.421 148632 DEBUG oslo_service.service [req-538111ab-c7a8-402d-86d1-4b83f3e878f4 - - - - -] libvirt.smbfs_mount_point_base = /var/lib/nova/mnt log_opt_values /usr/lib/python3/dist-packages/oslo_config/cfg.py:2609
2025-10-09 00:40:15.421 148632 DEBUG oslo_service.service [req-538111ab-c7a8-402d-86d1-4b83f3e878f4 - - - - -] libvirt.snapshot_compression = False log_opt_values /usr/lib/python3/dist-packages/oslo_config/cfg.py:2609
2025-10-09 00:40:15.421 148632 DEBUG oslo_service.service [req-538111ab-c7a8-402d-86d1-4b83f3e878f4 - - - - -] libvirt.snapshot_image_format = None log_opt_values /usr/lib/python3/dist-packages/oslo_config/cfg.py:2609
2025-10-09 00:40:15.421 148632 DEBUG oslo_service.service [req-538111ab-c7a8-402d-86d1-4b83f3e878f4 - - - - -] libvirt.snapshots_directory = /var/lib/nova/instances/snapshots log_opt_values /usr/lib/python3/dist-packages/oslo_config/cfg.py:2609
2025-10-09 00:40:15.422 148632 DEBUG oslo_service.service [req-538111ab-c7a8-402d-86d1-4b83f3e878f4 - - - - -] libvirt.sparse_logical_volumes = False log_opt_values /usr/lib/python3/dist-packages/oslo_config/cfg.py:2609
2025-10-09 00:40:15.422 148632 DEBUG oslo_service.service [req-538111ab-c7a8-402d-86d1-4b83f3e878f4 - - - - -] libvirt.swtpm_enabled = False log_opt_values /usr/lib/python3/dist-packages/oslo_config/cfg.py:2609
2025-10-09 00:40:15.422 148632 DEBUG oslo_service.service [req-538111ab-c7a8-402d-86d1-4b83f3e878f4 - - - - -] libvirt.swtpm_group = tss log_opt_values /usr/lib/python3/dist-packages/oslo_config/cfg.py:2609
2025-10-09 00:40:15.422 148632 DEBUG oslo_service.service [req-538111ab-c7a8-402d-86d1-4b83f3e878f4 - - - - -] libvirt.swtpm_user = tss log_opt_values /usr/lib/python3/dist-packages/oslo_config/cfg.py:2609
2025-10-09 00:40:15.422 148632 DEBUG oslo_service.service [req-538111ab-c7a8-402d-86d1-4b83f3e878f4 - - - - -] libvirt.sysinfo_serial = unique log_opt_values /usr/lib/python3/dist-packages/oslo_config/cfg.py:2609
2025-10-09 00:40:15.422 148632 DEBUG oslo_service.service [req-538111ab-c7a8-402d-86d1-4b83f3e878f4 - - - - -] libvirt.tx_queue_size = None log_opt_values /usr/lib/python3/dist-packages/oslo_config/cfg.py:2609
2025-10-09 00:40:15.423 148632 DEBUG oslo_service.service [req-538111ab-c7a8-402d-86d1-4b83f3e878f4 - - - - -] libvirt.uid_maps = [] log_opt_values /usr/lib/python3/dist-packages/oslo_config/cfg.py:2609
2025-10-09 00:40:15.423 148632 DEBUG oslo_service.service [req-538111ab-c7a8-402d-86d1-4b83f3e878f4 - - - - -] libvirt.use_virtio_for_bridges = True log_opt_values /usr/lib/python3/dist-packages/oslo_config/cfg.py:2609
