2025-10-09 00:41:48.868 149764 DEBUG oslo_messaging._drivers.amqpdriver [-] received message with unique_id: 492b4b9b05174c0590ce4e42ed5a6596 __call__ /usr/lib/python3/dist-packages/oslo_messaging/_drivers/amqpdriver.py:324
2025-10-09 00:41:48.868 149766 DEBUG oslo_messaging._drivers.amqpdriver [-] Listener is running poll /usr/lib/python3/dist-packages/oslo_messaging/_drivers/amqpdriver.py:343
2025-10-09 00:41:48.868 149765 DEBUG oslo_messaging._drivers.amqpdriver [-] Listener is running poll /usr/lib/python3/dist-packages/oslo_messaging/_drivers/amqpdriver.py:343
2025-10-09 00:41:48.868 149764 DEBUG oslo_messaging._drivers.amqpdriver [-] Listener is running poll /usr/lib/python3/dist-packages/oslo_messaging/_drivers/amqpdriver.py:343
2025-10-09 00:41:48.869 149766 DEBUG oslo_messaging._drivers.amqpdriver [-] Poll the incoming message with unique_id: 492b4b9b05174c0590ce4e42ed5a6596 poll /usr/lib/python3/dist-packages/oslo_messaging/_drivers/amqpdriver.py:346
2025-10-09 00:41:48.868 149767 DEBUG oslo_messaging._drivers.amqpdriver [-] Listener is running poll /usr/lib/python3/dist-packages/oslo_messaging/_drivers/amqpdriver.py:343
2025-10-09 00:41:48.869 149764 DEBUG oslo_messaging._drivers.amqpdriver [-] Poll the incoming message with unique_id: 492b4b9b05174c0590ce4e42ed5a6596 poll /usr/lib/python3/dist-packages/oslo_messaging/_drivers/amqpdriver.py:346
2025-10-09 00:41:48.869 149765 DEBUG oslo_messaging._drivers.amqpdriver [-] Poll the incoming message with unique_id: 492b4b9b05174c0590ce4e42ed5a6596 poll /usr/lib/python3/dist-packages/oslo_messaging/_drivers/amqpdriver.py:346
2025-10-09 00:41:48.869 149767 DEBUG oslo_messaging._drivers.amqpdriver [-] Poll the incoming message with unique_id: 492b4b9b05174c0590ce4e42ed5a6596 poll /usr/lib/python3/dist-packages/oslo_messaging/_drivers/amqpdriver.py:346
2025-10-09 00:41:48.869 149766 DEBUG oslo_messaging._drivers.amqpdriver [-] Listener is running poll /usr/lib/python3/dist-packages/oslo_messaging/_drivers/amqpdriver.py:343
2025-10-09 00:41:48.869 149765 DEBUG oslo_messaging._drivers.amqpdriver [-] Listener is running poll /usr/lib/python3/dist-packages/oslo_messaging/_drivers/amqpdriver.py:343
2025-10-09 00:41:48.869 149766 DEBUG oslo_messaging._drivers.amqpdriver [-] AMQPListener connection consume poll /usr/lib/python3/dist-packages/oslo_messaging/_drivers/amqpdriver.py:357
2025-10-09 00:41:48.869 149764 DEBUG oslo_messaging._drivers.amqpdriver [-] Listener is running poll /usr/lib/python3/dist-packages/oslo_messaging/_drivers/amqpdriver.py:343
2025-10-09 00:41:48.869 149765 DEBUG oslo_messaging._drivers.amqpdriver [-] AMQPListener connection consume poll /usr/lib/python3/dist-packages/oslo_messaging/_drivers/amqpdriver.py:357
2025-10-09 00:41:48.869 149764 DEBUG oslo_messaging._drivers.amqpdriver [-] AMQPListener connection consume poll /usr/lib/python3/dist-packages/oslo_messaging/_drivers/amqpdriver.py:357
2025-10-09 00:41:48.869 149767 DEBUG oslo_messaging._drivers.amqpdriver [-] Listener is running poll /usr/lib/python3/dist-packages/oslo_messaging/_drivers/amqpdriver.py:343
2025-10-09 00:41:48.869 149767 DEBUG oslo_messaging._drivers.amqpdriver [-] AMQPListener connection consume poll /usr/lib/python3/dist-packages/oslo_messaging/_drivers/amqpdriver.py:357
2025-10-09 00:41:48.870 149766 DEBUG oslo_concurrency.lockutils [req-faf92ca5-5e6f-47e1-a8fd-d9e2441a6962 - - - - -] Lock "host_instance" acquired by "nova.scheduler.host_manager.HostManager.sync_instance_info" :: waited 0.000s inner /usr/lib/python3/dist-packages/oslo_concurrency/lockutils.py:386
2025-10-09 00:41:48.870 149765 DEBUG oslo_concurrency.lockutils [req-faf92ca5-5e6f-47e1-a8fd-d9e2441a6962 - - - - -] Lock "host_instance" acquired by "nova.scheduler.host_manager.HostManager.sync_instance_info" :: waited 0.000s inner /usr/lib/python3/dist-packages/oslo_concurrency/lockutils.py:386
2025-10-09 00:41:48.870 149764 DEBUG oslo_concurrency.lockutils [req-faf92ca5-5e6f-47e1-a8fd-d9e2441a6962 - - - - -] Lock "host_instance" acquired by "nova.scheduler.host_manager.HostManager.sync_instance_info" :: waited 0.000s inner /usr/lib/python3/dist-packages/oslo_concurrency/lockutils.py:386
2025-10-09 00:41:48.870 149767 DEBUG oslo_concurrency.lockutils [req-faf92ca5-5e6f-47e1-a8fd-d9e2441a6962 - - - - -] Lock "host_instance" acquired by "nova.scheduler.host_manager.HostManager.sync_instance_info" :: waited 0.000s inner /usr/lib/python3/dist-packages/oslo_concurrency/lockutils.py:386
2025-10-09 00:41:48.871 149766 DEBUG oslo_messaging._drivers.amqpdriver [-] AMQPListener connection timeout poll /usr/lib/python3/dist-packages/oslo_messaging/_drivers/amqpdriver.py:360
2025-10-09 00:41:48.872 149766 DEBUG oslo_messaging._drivers.amqpdriver [-] Listener is running poll /usr/lib/python3/dist-packages/oslo_messaging/_drivers/amqpdriver.py:343
2025-10-09 00:41:48.872 149766 DEBUG oslo_messaging._drivers.amqpdriver [-] AMQPListener connection consume poll /usr/lib/python3/dist-packages/oslo_messaging/_drivers/amqpdriver.py:357
2025-10-09 00:41:48.872 149764 DEBUG oslo_messaging._drivers.amqpdriver [-] AMQPListener connection timeout poll /usr/lib/python3/dist-packages/oslo_messaging/_drivers/amqpdriver.py:360
2025-10-09 00:41:48.872 149764 DEBUG oslo_messaging._drivers.amqpdriver [-] Listener is running poll /usr/lib/python3/dist-packages/oslo_messaging/_drivers/amqpdriver.py:343
2025-10-09 00:41:48.872 149764 DEBUG oslo_messaging._drivers.amqpdriver [-] AMQPListener connection consume poll /usr/lib/python3/dist-packages/oslo_messaging/_drivers/amqpdriver.py:357
2025-10-09 00:41:48.872 149767 DEBUG oslo_messaging._drivers.amqpdriver [-] AMQPListener connection timeout poll /usr/lib/python3/dist-packages/oslo_messaging/_drivers/amqpdriver.py:360
2025-10-09 00:41:48.873 149767 DEBUG oslo_messaging._drivers.amqpdriver [-] Listener is running poll /usr/lib/python3/dist-packages/oslo_messaging/_drivers/amqpdriver.py:343
2025-10-09 00:41:48.873 149767 DEBUG oslo_messaging._drivers.amqpdriver [-] AMQPListener connection consume poll /usr/lib/python3/dist-packages/oslo_messaging/_drivers/amqpdriver.py:357
2025-10-09 00:41:48.873 149765 DEBUG oslo_messaging._drivers.amqpdriver [-] AMQPListener connection timeout poll /usr/lib/python3/dist-packages/oslo_messaging/_drivers/amqpdriver.py:360
2025-10-09 00:41:48.873 149765 DEBUG oslo_messaging._drivers.amqpdriver [-] Listener is running poll /usr/lib/python3/dist-packages/oslo_messaging/_drivers/amqpdriver.py:343
2025-10-09 00:41:48.873 149765 DEBUG oslo_messaging._drivers.amqpdriver [-] AMQPListener connection consume poll /usr/lib/python3/dist-packages/oslo_messaging/_drivers/amqpdriver.py:357
2025-10-09 00:41:48.877 149767 DEBUG oslo_concurrency.lockutils [req-faf92ca5-5e6f-47e1-a8fd-d9e2441a6962 - - - - -] Lock "16db7880-419d-4f4b-b913-5eb49e12086d" acquired by "nova.context.set_target_cell..get_or_set_cached_cell_and_set_connections" :: waited 0.000s inner /usr/lib/python3/dist-packages/oslo_concurrency/lockutils.py:386
2025-10-09 00:41:48.877 149767 DEBUG oslo_concurrency.lockutils [req-faf92ca5-5e6f-47e1-a8fd-d9e2441a6962 - - - - -] Lock "16db7880-419d-4f4b-b913-5eb49e12086d" "released" by "nova.context.set_target_cell..get_or_set_cached_cell_and_set_connections" :: held 0.000s inner /usr/lib/python3/dist-packages/oslo_concurrency/lockutils.py:400
2025-10-09 00:41:48.880 149764 DEBUG oslo_concurrency.lockutils [req-faf92ca5-5e6f-47e1-a8fd-d9e2441a6962 - - - - -] Lock "16db7880-419d-4f4b-b913-5eb49e12086d" acquired by "nova.context.set_target_cell..get_or_set_cached_cell_and_set_connections" :: waited 0.000s inner /usr/lib/python3/dist-packages/oslo_concurrency/lockutils.py:386
2025-10-09 00:41:48.881 149764 DEBUG oslo_concurrency.lockutils [req-faf92ca5-5e6f-47e1-a8fd-d9e2441a6962 - - - - -] Lock "16db7880-419d-4f4b-b913-5eb49e12086d" "released" by "nova.context.set_target_cell..get_or_set_cached_cell_and_set_connections" :: held 0.000s inner /usr/lib/python3/dist-packages/oslo_concurrency/lockutils.py:400
2025-10-09 00:41:48.883 149767 INFO nova.scheduler.host_manager [req-faf92ca5-5e6f-47e1-a8fd-d9e2441a6962 - - - - -] Received a sync request from an unknown host 'cn-jenkins-deploy-platform-juju-os-585-1'. Re-created its InstanceList.
2025-10-09 00:41:48.883 149767 DEBUG oslo_concurrency.lockutils [req-faf92ca5-5e6f-47e1-a8fd-d9e2441a6962 - - - - -] Lock "host_instance" "released" by "nova.scheduler.host_manager.HostManager.sync_instance_info" :: held 0.013s inner /usr/lib/python3/dist-packages/oslo_concurrency/lockutils.py:400
2025-10-09 00:41:48.884 149766 DEBUG oslo_concurrency.lockutils [req-faf92ca5-5e6f-47e1-a8fd-d9e2441a6962 - - - - -] Lock "16db7880-419d-4f4b-b913-5eb49e12086d" acquired by "nova.context.set_target_cell..get_or_set_cached_cell_and_set_connections" :: waited 0.000s inner /usr/lib/python3/dist-packages/oslo_concurrency/lockutils.py:386
2025-10-09 00:41:48.884 149766 DEBUG oslo_concurrency.lockutils [req-faf92ca5-5e6f-47e1-a8fd-d9e2441a6962 - - - - -] Lock "16db7880-419d-4f4b-b913-5eb49e12086d" "released" by "nova.context.set_target_cell..get_or_set_cached_cell_and_set_connections" :: held 0.001s inner /usr/lib/python3/dist-packages/oslo_concurrency/lockutils.py:400
2025-10-09 00:41:48.884 149765 DEBUG oslo_concurrency.lockutils [req-faf92ca5-5e6f-47e1-a8fd-d9e2441a6962 - - - - -] Lock "16db7880-419d-4f4b-b913-5eb49e12086d" acquired by "nova.context.set_target_cell..get_or_set_cached_cell_and_set_connections" :: waited 0.000s inner /usr/lib/python3/dist-packages/oslo_concurrency/lockutils.py:386
2025-10-09 00:41:48.885 149764 INFO nova.scheduler.host_manager [req-faf92ca5-5e6f-47e1-a8fd-d9e2441a6962 - - - - -] Received a sync request from an unknown host 'cn-jenkins-deploy-platform-juju-os-585-1'. Re-created its InstanceList.
2025-10-09 00:41:48.885 149765 DEBUG oslo_concurrency.lockutils [req-faf92ca5-5e6f-47e1-a8fd-d9e2441a6962 - - - - -] Lock "16db7880-419d-4f4b-b913-5eb49e12086d" "released" by "nova.context.set_target_cell..get_or_set_cached_cell_and_set_connections" :: held 0.001s inner /usr/lib/python3/dist-packages/oslo_concurrency/lockutils.py:400
2025-10-09 00:41:48.885 149764 DEBUG oslo_concurrency.lockutils [req-faf92ca5-5e6f-47e1-a8fd-d9e2441a6962 - - - - -] Lock "host_instance" "released" by "nova.scheduler.host_manager.HostManager.sync_instance_info" :: held 0.015s inner /usr/lib/python3/dist-packages/oslo_concurrency/lockutils.py:400
2025-10-09 00:41:48.889 149765 INFO nova.scheduler.host_manager [req-faf92ca5-5e6f-47e1-a8fd-d9e2441a6962 - - - - -] Received a sync request from an unknown host 'cn-jenkins-deploy-platform-juju-os-585-1'. Re-created its InstanceList.
2025-10-09 00:41:48.889 149766 INFO nova.scheduler.host_manager [req-faf92ca5-5e6f-47e1-a8fd-d9e2441a6962 - - - - -] Received a sync request from an unknown host 'cn-jenkins-deploy-platform-juju-os-585-1'. Re-created its InstanceList.
2025-10-09 00:41:48.889 149765 DEBUG oslo_concurrency.lockutils [req-faf92ca5-5e6f-47e1-a8fd-d9e2441a6962 - - - - -] Lock "host_instance" "released" by "nova.scheduler.host_manager.HostManager.sync_instance_info" :: held 0.020s inner /usr/lib/python3/dist-packages/oslo_concurrency/lockutils.py:400
2025-10-09 00:41:48.890 149766 DEBUG oslo_concurrency.lockutils [req-faf92ca5-5e6f-47e1-a8fd-d9e2441a6962 - - - - -] Lock "host_instance" "released" by "nova.scheduler.host_manager.HostManager.sync_instance_info" :: held 0.020s inner /usr/lib/python3/dist-packages/oslo_concurrency/lockutils.py:400
2025-10-09 00:41:49.447 149766 DEBUG oslo_service.periodic_task [req-61f446b7-708a-49d7-b2e5-e12ff3d4599f - - - - -] Running periodic task SchedulerManager._discover_hosts_in_cells run_periodic_tasks /usr/lib/python3/dist-packages/oslo_service/periodic_task.py:210
2025-10-09 00:41:49.452 149766 DEBUG oslo_concurrency.lockutils [req-b06670f1-b79b-46af-bfb9-183983c1a97a - - - - -] Lock "16db7880-419d-4f4b-b913-5eb49e12086d" acquired by "nova.context.set_target_cell..get_or_set_cached_cell_and_set_connections" :: waited 0.000s inner /usr/lib/python3/dist-packages/oslo_concurrency/lockutils.py:386
2025-10-09 00:41:49.452 149766 DEBUG oslo_concurrency.lockutils [req-b06670f1-b79b-46af-bfb9-183983c1a97a - - - - -] Lock "16db7880-419d-4f4b-b913-5eb49e12086d" "released" by "nova.context.set_target_cell..get_or_set_cached_cell_and_set_connections" :: held 0.000s inner /usr/lib/python3/dist-packages/oslo_concurrency/lockutils.py:400
2025-10-09 00:41:49.873 149766 DEBUG oslo_messaging._drivers.amqpdriver [-] AMQPListener connection timeout poll /usr/lib/python3/dist-packages/oslo_messaging/_drivers/amqpdriver.py:360
2025-10-09 00:41:49.873 149764 DEBUG oslo_messaging._drivers.amqpdriver [-] AMQPListener connection timeout poll /usr/lib/python3/dist-packages/oslo_messaging/_drivers/amqpdriver.py:360
2025-10-09 00:41:49.873 149766 DEBUG oslo_messaging._drivers.amqpdriver [-] Listener is running poll /usr/lib/python3/dist-packages/oslo_messaging/_drivers/amqpdriver.py:343
2025-10-09 00:41:49.873 149764 DEBUG oslo_messaging._drivers.amqpdriver [-] Listener is running poll /usr/lib/python3/dist-packages/oslo_messaging/_drivers/amqpdriver.py:343
2025-10-09 00:41:49.874 149766 DEBUG oslo_messaging._drivers.amqpdriver [-] AMQPListener connection consume poll /usr/lib/python3/dist-packages/oslo_messaging/_drivers/amqpdriver.py:357
2025-10-09 00:41:49.874 149764 DEBUG oslo_messaging._drivers.amqpdriver [-] AMQPListener connection consume poll /usr/lib/python3/dist-packages/oslo_messaging/_drivers/amqpdriver.py:357
2025-10-09 00:41:49.875 149767 DEBUG oslo_messaging._drivers.amqpdriver [-] AMQPListener connection timeout poll /usr/lib/python3/dist-packages/oslo_messaging/_drivers/amqpdriver.py:360
2025-10-09 00:41:49.875 149767 DEBUG oslo_messaging._drivers.amqpdriver [-] Listener is running poll /usr/lib/python3/dist-packages/oslo_messaging/_drivers/amqpdriver.py:343
2025-10-09 00:41:49.875 149765 DEBUG oslo_messaging._drivers.amqpdriver [-] AMQPListener connection timeout poll /usr/lib/python3/dist-packages/oslo_messaging/_drivers/amqpdriver.py:360
2025-10-09 00:41:49.875 149767 DEBUG oslo_messaging._drivers.amqpdriver [-] AMQPListener connection consume poll /usr/lib/python3/dist-packages/oslo_messaging/_drivers/amqpdriver.py:357
2025-10-09 00:41:49.875 149765 DEBUG oslo_messaging._drivers.amqpdriver [-] Listener is running poll /usr/lib/python3/dist-packages/oslo_messaging/_drivers/amqpdriver.py:343
2025-10-09 00:41:49.876 149765 DEBUG oslo_messaging._drivers.amqpdriver [-] AMQPListener connection consume poll /usr/lib/python3/dist-packages/oslo_messaging/_drivers/amqpdriver.py:357
2025-10-09 00:41:51.876 149764 DEBUG oslo_messaging._drivers.amqpdriver [-] AMQPListener connection timeout poll /usr/lib/python3/dist-packages/oslo_messaging/_drivers/amqpdriver.py:360
2025-10-09 00:41:51.877 149766 DEBUG oslo_messaging._drivers.amqpdriver [-] AMQPListener connection timeout poll /usr/lib/python3/dist-packages/oslo_messaging/_drivers/amqpdriver.py:360
2025-10-09 00:41:51.877 149764 DEBUG oslo_messaging._drivers.amqpdriver [-] Listener is running poll /usr/lib/python3/dist-packages/oslo_messaging/_drivers/amqpdriver.py:343
2025-10-09 00:41:51.877 149764 DEBUG oslo_messaging._drivers.amqpdriver [-] AMQPListener connection consume poll /usr/lib/python3/dist-packages/oslo_messaging/_drivers/amqpdriver.py:357
2025-10-09 00:41:51.877 149766 DEBUG oslo_messaging._drivers.amqpdriver [-] Listener is running poll /usr/lib/python3/dist-packages/oslo_messaging/_drivers/amqpdriver.py:343
2025-10-09 00:41:51.877 149766 DEBUG oslo_messaging._drivers.amqpdriver [-] AMQPListener connection consume poll /usr/lib/python3/dist-packages/oslo_messaging/_drivers/amqpdriver.py:357
2025-10-09 00:41:51.878 149767 DEBUG oslo_messaging._drivers.amqpdriver [-] AMQPListener connection timeout poll /usr/lib/python3/dist-packages/oslo_messaging/_drivers/amqpdriver.py:360
2025-10-09 00:41:51.878 149767 DEBUG oslo_messaging._drivers.amqpdriver [-] Listener is running poll /usr/lib/python3/dist-packages/oslo_messaging/_drivers/amqpdriver.py:343
2025-10-09 00:41:51.878 149767 DEBUG oslo_messaging._drivers.amqpdriver [-] AMQPListener connection consume poll /usr/lib/python3/dist-packages/oslo_messaging/_drivers/amqpdriver.py:357
2025-10-09 00:41:51.878 149765 DEBUG oslo_messaging._drivers.amqpdriver [-] AMQPListener connection timeout poll /usr/lib/python3/dist-packages/oslo_messaging/_drivers/amqpdriver.py:360
2025-10-09 00:41:51.879 149765 DEBUG oslo_messaging._drivers.amqpdriver [-] Listener is running poll /usr/lib/python3/dist-packages/oslo_messaging/_drivers/amqpdriver.py:343
2025-10-09 00:41:51.879 149765 DEBUG oslo_messaging._drivers.amqpdriver [-] AMQPListener connection consume poll /usr/lib/python3/dist-packages/oslo_messaging/_drivers/amqpdriver.py:357
2025-10-09 00:41:55.404 149767 DEBUG oslo_service.periodic_task [req-5e406c0d-7c52-4eb0-8156-6d18f8107c14 - - - - -] Running periodic task SchedulerManager._discover_hosts_in_cells run_periodic_tasks /usr/lib/python3/dist-packages/oslo_service/periodic_task.py:210
2025-10-09 00:41:55.409 149767 DEBUG oslo_concurrency.lockutils [req-46e9de61-1fdd-49a3-88be-45d287777ef7 - - - - -] Lock "16db7880-419d-4f4b-b913-5eb49e12086d" acquired by "nova.context.set_target_cell..get_or_set_cached_cell_and_set_connections" :: waited 0.000s inner /usr/lib/python3/dist-packages/oslo_concurrency/lockutils.py:386
2025-10-09 00:41:55.409 149767 DEBUG oslo_concurrency.lockutils [req-46e9de61-1fdd-49a3-88be-45d287777ef7 - - - - -] Lock "16db7880-419d-4f4b-b913-5eb49e12086d" "released" by "nova.context.set_target_cell..get_or_set_cached_cell_and_set_connections" :: held 0.000s inner /usr/lib/python3/dist-packages/oslo_concurrency/lockutils.py:400
2025-10-09 00:41:55.880 149767 DEBUG oslo_messaging._drivers.amqpdriver [-] AMQPListener connection timeout poll /usr/lib/python3/dist-packages/oslo_messaging/_drivers/amqpdriver.py:360
2025-10-09 00:41:55.880 149767 DEBUG oslo_messaging._drivers.amqpdriver [-] Listener is running poll /usr/lib/python3/dist-packages/oslo_messaging/_drivers/amqpdriver.py:343
2025-10-09 00:41:55.880 149767 DEBUG oslo_messaging._drivers.amqpdriver [-] AMQPListener connection consume poll /usr/lib/python3/dist-packages/oslo_messaging/_drivers/amqpdriver.py:357
2025-10-09 00:41:55.880 149764 DEBUG oslo_messaging._drivers.amqpdriver [-] AMQPListener connection timeout poll /usr/lib/python3/dist-packages/oslo_messaging/_drivers/amqpdriver.py:360
2025-10-09 00:41:55.881 149764 DEBUG oslo_messaging._drivers.amqpdriver [-] Listener is running poll /usr/lib/python3/dist-packages/oslo_messaging/_drivers/amqpdriver.py:343
2025-10-09 00:41:55.881 149764 DEBUG oslo_messaging._drivers.amqpdriver [-] AMQPListener connection consume poll /usr/lib/python3/dist-packages/oslo_messaging/_drivers/amqpdriver.py:357
2025-10-09 00:41:55.882 149766 DEBUG oslo_messaging._drivers.amqpdriver [-] AMQPListener connection timeout poll /usr/lib/python3/dist-packages/oslo_messaging/_drivers/amqpdriver.py:360
2025-10-09 00:41:55.882 149766 DEBUG oslo_messaging._drivers.amqpdriver [-] Listener is running poll /usr/lib/python3/dist-packages/oslo_messaging/_drivers/amqpdriver.py:343
2025-10-09 00:41:55.882 149766 DEBUG oslo_messaging._drivers.amqpdriver [-] AMQPListener connection consume poll /usr/lib/python3/dist-packages/oslo_messaging/_drivers/amqpdriver.py:357
2025-10-09 00:41:55.883 149765 DEBUG oslo_messaging._drivers.amqpdriver [-] AMQPListener connection timeout poll /usr/lib/python3/dist-packages/oslo_messaging/_drivers/amqpdriver.py:360
2025-10-09 00:41:55.883 149765 DEBUG oslo_messaging._drivers.amqpdriver [-] Listener is running poll /usr/lib/python3/dist-packages/oslo_messaging/_drivers/amqpdriver.py:343
2025-10-09 00:41:55.884 149765 DEBUG oslo_messaging._drivers.amqpdriver [-] AMQPListener connection consume poll /usr/lib/python3/dist-packages/oslo_messaging/_drivers/amqpdriver.py:357
2025-10-09 00:41:58.391 149764 DEBUG oslo_service.periodic_task [req-a1347455-e756-41aa-be72-00738a98554f - - - - -] Running periodic task SchedulerManager._discover_hosts_in_cells run_periodic_tasks /usr/lib/python3/dist-packages/oslo_service/periodic_task.py:210
2025-10-09 00:41:58.395 149764 DEBUG oslo_concurrency.lockutils [req-904d0bc4-a6b6-40a3-a0fa-7b46558df283 - - - - -] Lock "16db7880-419d-4f4b-b913-5eb49e12086d" acquired by "nova.context.set_target_cell..get_or_set_cached_cell_and_set_connections" :: waited 0.000s inner /usr/lib/python3/dist-packages/oslo_concurrency/lockutils.py:386
2025-10-09 00:41:58.395 149764 DEBUG oslo_concurrency.lockutils [req-904d0bc4-a6b6-40a3-a0fa-7b46558df283 - - - - -] Lock "16db7880-419d-4f4b-b913-5eb49e12086d" "released" by "nova.context.set_target_cell..get_or_set_cached_cell_and_set_connections" :: held 0.000s inner /usr/lib/python3/dist-packages/oslo_concurrency/lockutils.py:400
2025-10-09 00:42:03.885 149765 DEBUG oslo_messaging._drivers.amqpdriver [-] AMQPListener connection timeout poll /usr/lib/python3/dist-packages/oslo_messaging/_drivers/amqpdriver.py:360
2025-10-09 00:42:03.885 149764 DEBUG oslo_messaging._drivers.amqpdriver [-] AMQPListener connection timeout poll /usr/lib/python3/dist-packages/oslo_messaging/_drivers/amqpdriver.py:360
2025-10-09 00:42:03.885 149765 DEBUG oslo_messaging._drivers.amqpdriver [-] Listener is running poll /usr/lib/python3/dist-packages/oslo_messaging/_drivers/amqpdriver.py:343
2025-10-09 00:42:03.885 149764 DEBUG oslo_messaging._drivers.amqpdriver [-] Listener is running poll /usr/lib/python3/dist-packages/oslo_messaging/_drivers/amqpdriver.py:343
2025-10-09 00:42:03.885 149767 DEBUG oslo_messaging._drivers.amqpdriver [-] AMQPListener connection timeout poll /usr/lib/python3/dist-packages/oslo_messaging/_drivers/amqpdriver.py:360
2025-10-09 00:42:03.885 149765 DEBUG oslo_messaging._drivers.amqpdriver [-] AMQPListener connection consume poll /usr/lib/python3/dist-packages/oslo_messaging/_drivers/amqpdriver.py:357
2025-10-09 00:42:03.885 149764 DEBUG oslo_messaging._drivers.amqpdriver [-] AMQPListener connection consume poll /usr/lib/python3/dist-packages/oslo_messaging/_drivers/amqpdriver.py:357
2025-10-09 00:42:03.886 149767 DEBUG oslo_messaging._drivers.amqpdriver [-] Listener is running poll /usr/lib/python3/dist-packages/oslo_messaging/_drivers/amqpdriver.py:343
2025-10-09 00:42:03.886 149767 DEBUG oslo_messaging._drivers.amqpdriver [-] AMQPListener connection consume poll /usr/lib/python3/dist-packages/oslo_messaging/_drivers/amqpdriver.py:357
2025-10-09 00:42:03.886 149766 DEBUG oslo_messaging._drivers.amqpdriver [-] AMQPListener connection timeout poll /usr/lib/python3/dist-packages/oslo_messaging/_drivers/amqpdriver.py:360
2025-10-09 00:42:03.886 149766 DEBUG oslo_messaging._drivers.amqpdriver [-] Listener is running poll /usr/lib/python3/dist-packages/oslo_messaging/_drivers/amqpdriver.py:343
2025-10-09 00:42:03.887 149766 DEBUG oslo_messaging._drivers.amqpdriver [-] AMQPListener connection consume poll /usr/lib/python3/dist-packages/oslo_messaging/_drivers/amqpdriver.py:357
2025-10-09 00:42:06.431 148632 INFO oslo_service.service [req-538111ab-c7a8-402d-86d1-4b83f3e878f4 - - - - -] Caught SIGTERM, stopping children
2025-10-09 00:42:06.432 148632 DEBUG oslo_concurrency.lockutils [req-538111ab-c7a8-402d-86d1-4b83f3e878f4 - - - - -] Acquired lock "singleton_lock" lock /usr/lib/python3/dist-packages/oslo_concurrency/lockutils.py:294
2025-10-09 00:42:06.432 148632 DEBUG oslo_concurrency.lockutils [req-538111ab-c7a8-402d-86d1-4b83f3e878f4 - - - - -] Releasing lock "singleton_lock" lock /usr/lib/python3/dist-packages/oslo_concurrency/lockutils.py:312
2025-10-09 00:42:06.432 148632 DEBUG oslo_service.service [req-538111ab-c7a8-402d-86d1-4b83f3e878f4 - - - - -] Stop services. stop /usr/lib/python3/dist-packages/oslo_service/service.py:695
2025-10-09 00:42:06.433 148632 DEBUG oslo_service.service [req-538111ab-c7a8-402d-86d1-4b83f3e878f4 - - - - -] Killing children. stop /usr/lib/python3/dist-packages/oslo_service/service.py:700
2025-10-09 00:42:06.433 148632 INFO oslo_service.service [req-538111ab-c7a8-402d-86d1-4b83f3e878f4 - - - - -] Waiting on 4 children to exit
2025-10-09 00:42:06.439 148632 INFO oslo_service.service [req-538111ab-c7a8-402d-86d1-4b83f3e878f4 - - - - -] Child 149765 killed by signal 15
2025-10-09 00:42:06.440 148632 INFO oslo_service.service [req-538111ab-c7a8-402d-86d1-4b83f3e878f4 - - - - -] Child 149764 killed by signal 15
2025-10-09 00:42:06.441 148632 INFO oslo_service.service [req-538111ab-c7a8-402d-86d1-4b83f3e878f4 - - - - -] Child 149767 killed by signal 15
2025-10-09 00:42:06.442 148632 INFO oslo_service.service [req-538111ab-c7a8-402d-86d1-4b83f3e878f4 - - - - -] Child 149766 killed by signal 15
2025-10-09 00:42:08.096 170092 DEBUG oslo_db.sqlalchemy.engines [req-dfa2d256-f8f6-4d49-a49e-03ca3f44bc3c - - - - -] MySQL server mode set to STRICT_TRANS_TABLES,STRICT_ALL_TABLES,NO_ZERO_IN_DATE,NO_ZERO_DATE,ERROR_FOR_DIVISION_BY_ZERO,TRADITIONAL,NO_ENGINE_SUBSTITUTION _check_effective_sql_mode /usr/lib/python3/dist-packages/oslo_db/sqlalchemy/engines.py:314
2025-10-09 00:42:08.128 170092 DEBUG nova.scheduler.host_manager [req-dfa2d256-f8f6-4d49-a49e-03ca3f44bc3c - - - - -] Found 1 cells: 16db7880-419d-4f4b-b913-5eb49e12086d refresh_cells_caches /usr/lib/python3/dist-packages/nova/scheduler/host_manager.py:730
2025-10-09 00:42:08.128 170092 DEBUG nova.scheduler.host_manager [req-dfa2d256-f8f6-4d49-a49e-03ca3f44bc3c - - - - -] Found 0 disabled cells: refresh_cells_caches /usr/lib/python3/dist-packages/nova/scheduler/host_manager.py:742
2025-10-09 00:42:08.133 170092 WARNING nova.scheduler.filters.availability_zone_filter [req-dfa2d256-f8f6-4d49-a49e-03ca3f44bc3c - - - - -] The 'AvailabilityZoneFilter' is deprecated since the 24.0.0 (Xena) release. Since the 18.0.0 (Rocky) release, nova has supported mapping AZs to placement aggregates. The feature is enabled by the 'query_placement_for_availability_zone' config option and is now enabled by default. As such, the 'AvailabilityZoneFilter' is no longer required. Nova is currently configured to use both placement and the AvailabilityZoneFilter for AZ enforcement.
2025-10-09 00:42:08.214 170092 DEBUG nova.scheduler.host_manager [req-dfa2d256-f8f6-4d49-a49e-03ca3f44bc3c - - - - -] START:_async_init_instance_info _async_init_instance_info /usr/lib/python3/dist-packages/nova/scheduler/host_manager.py:411
2025-10-09 00:42:08.216 170092 DEBUG oslo_concurrency.lockutils [req-627548a8-ec50-4f71-a479-8e694d3fa169 - - - - -] Lock "16db7880-419d-4f4b-b913-5eb49e12086d" acquired by "nova.context.set_target_cell..get_or_set_cached_cell_and_set_connections" :: waited 0.000s inner /usr/lib/python3/dist-packages/oslo_concurrency/lockutils.py:386
2025-10-09 00:42:08.217 170092 DEBUG oslo_concurrency.lockutils [req-627548a8-ec50-4f71-a479-8e694d3fa169 - - - - -] Lock "16db7880-419d-4f4b-b913-5eb49e12086d" "released" by "nova.context.set_target_cell..get_or_set_cached_cell_and_set_connections" :: held 0.001s inner /usr/lib/python3/dist-packages/oslo_concurrency/lockutils.py:400
2025-10-09 00:42:08.227 170092 DEBUG oslo_db.sqlalchemy.engines [req-627548a8-ec50-4f71-a479-8e694d3fa169 - - - - -] MySQL server mode set to STRICT_TRANS_TABLES,STRICT_ALL_TABLES,NO_ZERO_IN_DATE,NO_ZERO_DATE,ERROR_FOR_DIVISION_BY_ZERO,TRADITIONAL,NO_ENGINE_SUBSTITUTION _check_effective_sql_mode /usr/lib/python3/dist-packages/oslo_db/sqlalchemy/engines.py:314
2025-10-09 00:42:08.242 170092 DEBUG nova.scheduler.host_manager [req-627548a8-ec50-4f71-a479-8e694d3fa169 - - - - -] Total number of compute nodes: 1 _async_init_instance_info /usr/lib/python3/dist-packages/nova/scheduler/host_manager.py:424
2025-10-09 00:42:08.243 170092 DEBUG oslo_concurrency.lockutils [req-627548a8-ec50-4f71-a479-8e694d3fa169 - - - - -] Lock "16db7880-419d-4f4b-b913-5eb49e12086d" acquired by "nova.context.set_target_cell..get_or_set_cached_cell_and_set_connections" :: waited 0.000s inner /usr/lib/python3/dist-packages/oslo_concurrency/lockutils.py:386
2025-10-09 00:42:08.243 170092 DEBUG oslo_concurrency.lockutils [req-627548a8-ec50-4f71-a479-8e694d3fa169 - - - - -] Lock "16db7880-419d-4f4b-b913-5eb49e12086d" "released" by "nova.context.set_target_cell..get_or_set_cached_cell_and_set_connections" :: held 0.000s inner /usr/lib/python3/dist-packages/oslo_concurrency/lockutils.py:400
2025-10-09 00:42:08.318 170092 DEBUG nova.scheduler.host_manager [req-627548a8-ec50-4f71-a479-8e694d3fa169 - - - - -] Adding 0 instances for hosts 10-20 _async_init_instance_info /usr/lib/python3/dist-packages/nova/scheduler/host_manager.py:443
2025-10-09 00:42:08.319 170092 DEBUG nova.scheduler.host_manager [req-627548a8-ec50-4f71-a479-8e694d3fa169 - - - - -] END:_async_init_instance_info _async_init_instance_info /usr/lib/python3/dist-packages/nova/scheduler/host_manager.py:454
2025-10-09 00:42:08.828 170092 DEBUG nova.context [req-dfa2d256-f8f6-4d49-a49e-03ca3f44bc3c - - - - -] Found 2 cells: 00000000-0000-0000-0000-000000000000(cell0),16db7880-419d-4f4b-b913-5eb49e12086d(cell1) load_cells /usr/lib/python3/dist-packages/nova/context.py:464
2025-10-09 00:42:08.829 170092 DEBUG oslo_concurrency.lockutils [req-2b90cdef-70e9-4df7-a939-e829082cc215 - - - - -] Lock "00000000-0000-0000-0000-000000000000" acquired by "nova.context.set_target_cell..get_or_set_cached_cell_and_set_connections" :: waited 0.000s inner /usr/lib/python3/dist-packages/oslo_concurrency/lockutils.py:386
2025-10-09 00:42:08.830 170092 DEBUG oslo_concurrency.lockutils [req-2b90cdef-70e9-4df7-a939-e829082cc215 - - - - -] Lock "00000000-0000-0000-0000-000000000000" "released" by "nova.context.set_target_cell..get_or_set_cached_cell_and_set_connections" :: held 0.001s inner /usr/lib/python3/dist-packages/oslo_concurrency/lockutils.py:400
2025-10-09 00:42:08.831 170092 DEBUG oslo_concurrency.lockutils [req-2b90cdef-70e9-4df7-a939-e829082cc215 - - - - -] Lock "16db7880-419d-4f4b-b913-5eb49e12086d" acquired by "nova.context.set_target_cell..get_or_set_cached_cell_and_set_connections" :: waited 0.000s inner /usr/lib/python3/dist-packages/oslo_concurrency/lockutils.py:386
2025-10-09 00:42:08.831 170092 DEBUG oslo_concurrency.lockutils [req-2b90cdef-70e9-4df7-a939-e829082cc215 - - - - -] Lock "16db7880-419d-4f4b-b913-5eb49e12086d" "released" by "nova.context.set_target_cell..get_or_set_cached_cell_and_set_connections" :: held 0.000s inner /usr/lib/python3/dist-packages/oslo_concurrency/lockutils.py:400
2025-10-09 00:42:08.843 170092 DEBUG oslo_db.sqlalchemy.engines [req-2b90cdef-70e9-4df7-a939-e829082cc215 - - - - -] MySQL server mode set to STRICT_TRANS_TABLES,STRICT_ALL_TABLES,NO_ZERO_IN_DATE,NO_ZERO_DATE,ERROR_FOR_DIVISION_BY_ZERO,TRADITIONAL,NO_ENGINE_SUBSTITUTION _check_effective_sql_mode /usr/lib/python3/dist-packages/oslo_db/sqlalchemy/engines.py:314
2025-10-09 00:42:08.857 170092 DEBUG oslo_concurrency.lockutils [req-2b90cdef-70e9-4df7-a939-e829082cc215 - - - - -] Acquired lock "singleton_lock" lock /usr/lib/python3/dist-packages/oslo_concurrency/lockutils.py:294
2025-10-09 00:42:08.858 170092 DEBUG oslo_concurrency.lockutils [req-2b90cdef-70e9-4df7-a939-e829082cc215 - - - - -] Releasing lock "singleton_lock" lock /usr/lib/python3/dist-packages/oslo_concurrency/lockutils.py:312
2025-10-09 00:42:08.858 170092 INFO oslo_service.service [req-2b90cdef-70e9-4df7-a939-e829082cc215 - - - - -] Starting 4 workers
2025-10-09 00:42:08.862 170092 DEBUG oslo_service.service [req-2b90cdef-70e9-4df7-a939-e829082cc215 - - - - -] Started child 170688 _start_child /usr/lib/python3/dist-packages/oslo_service/service.py:575
2025-10-09 00:42:08.867 170688 INFO nova.service [-] Starting scheduler node (version 25.2.1)
2025-10-09 00:42:08.868 170092 DEBUG oslo_service.service [req-2b90cdef-70e9-4df7-a939-e829082cc215 - - - - -] Started child 170695 _start_child /usr/lib/python3/dist-packages/oslo_service/service.py:575
2025-10-09 00:42:08.872 170695 INFO nova.service [-] Starting scheduler node (version 25.2.1)
2025-10-09 00:42:08.874 170092 DEBUG oslo_service.service [req-2b90cdef-70e9-4df7-a939-e829082cc215 - - - - -] Started child 170697 _start_child /usr/lib/python3/dist-packages/oslo_service/service.py:575
2025-10-09 00:42:08.878 170697 INFO nova.service [-] Starting scheduler node (version 25.2.1)
2025-10-09 00:42:08.880 170688 DEBUG oslo_db.sqlalchemy.engines [req-56866235-a06f-4c33-9692-8e140d3d61b6 - - - - -] MySQL server mode set to STRICT_TRANS_TABLES,STRICT_ALL_TABLES,NO_ZERO_IN_DATE,NO_ZERO_DATE,ERROR_FOR_DIVISION_BY_ZERO,TRADITIONAL,NO_ENGINE_SUBSTITUTION _check_effective_sql_mode /usr/lib/python3/dist-packages/oslo_db/sqlalchemy/engines.py:314
2025-10-09 00:42:08.880 170092 DEBUG oslo_service.service [req-2b90cdef-70e9-4df7-a939-e829082cc215 - - - - -] Started child 170698 _start_child /usr/lib/python3/dist-packages/oslo_service/service.py:575
2025-10-09 00:42:08.883 170092 DEBUG oslo_service.service [req-2b90cdef-70e9-4df7-a939-e829082cc215 - - - - -] Full set of CONF: wait /usr/lib/python3/dist-packages/oslo_service/service.py:649
2025-10-09 00:42:08.884 170092 DEBUG oslo_service.service [req-2b90cdef-70e9-4df7-a939-e829082cc215 - - - - -] ******************************************************************************** log_opt_values /usr/lib/python3/dist-packages/oslo_config/cfg.py:2589
2025-10-09 00:42:08.884 170092 DEBUG oslo_service.service [req-2b90cdef-70e9-4df7-a939-e829082cc215 - - - - -] Configuration options gathered from: log_opt_values /usr/lib/python3/dist-packages/oslo_config/cfg.py:2590
2025-10-09 00:42:08.884 170695 DEBUG oslo_db.sqlalchemy.engines [req-4f0fe988-8003-4ad3-b18a-b1c9ba92ad7b - - - - -] MySQL server mode set to STRICT_TRANS_TABLES,STRICT_ALL_TABLES,NO_ZERO_IN_DATE,NO_ZERO_DATE,ERROR_FOR_DIVISION_BY_ZERO,TRADITIONAL,NO_ENGINE_SUBSTITUTION _check_effective_sql_mode /usr/lib/python3/dist-packages/oslo_db/sqlalchemy/engines.py:314
2025-10-09 00:42:08.884 170092 DEBUG oslo_service.service [req-2b90cdef-70e9-4df7-a939-e829082cc215 - - - - -] command line args: ['--config-file=/etc/nova/nova.conf', '--log-file=/var/log/nova/nova-scheduler.log'] log_opt_values /usr/lib/python3/dist-packages/oslo_config/cfg.py:2591
2025-10-09 00:42:08.885 170092 DEBUG oslo_service.service [req-2b90cdef-70e9-4df7-a939-e829082cc215 - - - - -] config files: ['/etc/nova/nova.conf'] log_opt_values /usr/lib/python3/dist-packages/oslo_config/cfg.py:2592
2025-10-09 00:42:08.885 170092 DEBUG oslo_service.service [req-2b90cdef-70e9-4df7-a939-e829082cc215 - - - - -] ================================================================================ log_opt_values /usr/lib/python3/dist-packages/oslo_config/cfg.py:2594
2025-10-09 00:42:08.886 170092 DEBUG oslo_service.service [req-2b90cdef-70e9-4df7-a939-e829082cc215 - - - - -] allow_resize_to_same_host = False log_opt_values /usr/lib/python3/dist-packages/oslo_config/cfg.py:2602
2025-10-09 00:42:08.886 170092 DEBUG oslo_service.service [req-2b90cdef-70e9-4df7-a939-e829082cc215 - - - - -] arq_binding_timeout = 300 log_opt_values /usr/lib/python3/dist-packages/oslo_config/cfg.py:2602
2025-10-09 00:42:08.887 170092 DEBUG oslo_service.service [req-2b90cdef-70e9-4df7-a939-e829082cc215 - - - - -] block_device_allocate_retries = 60 log_opt_values /usr/lib/python3/dist-packages/oslo_config/cfg.py:2602
2025-10-09 00:42:08.887 170092 DEBUG oslo_service.service [req-2b90cdef-70e9-4df7-a939-e829082cc215 - - - - -] block_device_allocate_retries_interval = 3 log_opt_values /usr/lib/python3/dist-packages/oslo_config/cfg.py:2602
2025-10-09 00:42:08.887 170092 DEBUG oslo_service.service [req-2b90cdef-70e9-4df7-a939-e829082cc215 - - - - -] cert = self.pem log_opt_values /usr/lib/python3/dist-packages/oslo_config/cfg.py:2602
2025-10-09 00:42:08.888 170092 DEBUG oslo_service.service [req-2b90cdef-70e9-4df7-a939-e829082cc215 - - - - -] compute_driver = libvirt.LibvirtDriver log_opt_values /usr/lib/python3/dist-packages/oslo_config/cfg.py:2602
2025-10-09 00:42:08.888 170092 DEBUG oslo_service.service [req-2b90cdef-70e9-4df7-a939-e829082cc215 - - - - -] compute_monitors = [] log_opt_values /usr/lib/python3/dist-packages/oslo_config/cfg.py:2602
2025-10-09 00:42:08.889 170092 DEBUG oslo_service.service [req-2b90cdef-70e9-4df7-a939-e829082cc215 - - - - -] config_dir = [] log_opt_values /usr/lib/python3/dist-packages/oslo_config/cfg.py:2602
2025-10-09 00:42:08.889 170092 DEBUG oslo_service.service [req-2b90cdef-70e9-4df7-a939-e829082cc215 - - - - -] config_drive_format = iso9660 log_opt_values /usr/lib/python3/dist-packages/oslo_config/cfg.py:2602
2025-10-09 00:42:08.889 170092 DEBUG oslo_service.service [req-2b90cdef-70e9-4df7-a939-e829082cc215 - - - - -] config_file = ['/etc/nova/nova.conf'] log_opt_values /usr/lib/python3/dist-packages/oslo_config/cfg.py:2602
2025-10-09 00:42:08.889 170697 DEBUG oslo_db.sqlalchemy.engines [req-96456cd1-6677-4585-9233-e32629a18552 - - - - -] MySQL server mode set to STRICT_TRANS_TABLES,STRICT_ALL_TABLES,NO_ZERO_IN_DATE,NO_ZERO_DATE,ERROR_FOR_DIVISION_BY_ZERO,TRADITIONAL,NO_ENGINE_SUBSTITUTION _check_effective_sql_mode /usr/lib/python3/dist-packages/oslo_db/sqlalchemy/engines.py:314
2025-10-09 00:42:08.890 170092 DEBUG oslo_service.service [req-2b90cdef-70e9-4df7-a939-e829082cc215 - - - - -] config_source = [] log_opt_values /usr/lib/python3/dist-packages/oslo_config/cfg.py:2602
2025-10-09 00:42:08.890 170092 DEBUG oslo_service.service [req-2b90cdef-70e9-4df7-a939-e829082cc215 - - - - -] console_host = juju-dab6fa-0-lxd-7 log_opt_values /usr/lib/python3/dist-packages/oslo_config/cfg.py:2602
2025-10-09 00:42:08.890 170092 DEBUG oslo_service.service [req-2b90cdef-70e9-4df7-a939-e829082cc215 - - - - -] control_exchange = nova log_opt_values /usr/lib/python3/dist-packages/oslo_config/cfg.py:2602
2025-10-09 00:42:08.891 170092 DEBUG oslo_service.service [req-2b90cdef-70e9-4df7-a939-e829082cc215 - - - - -] cpu_allocation_ratio = 2.0 log_opt_values /usr/lib/python3/dist-packages/oslo_config/cfg.py:2602
2025-10-09 00:42:08.891 170092 DEBUG oslo_service.service [req-2b90cdef-70e9-4df7-a939-e829082cc215 - - - - -] daemon = False log_opt_values /usr/lib/python3/dist-packages/oslo_config/cfg.py:2602
2025-10-09 00:42:08.891 170092 DEBUG oslo_service.service [req-2b90cdef-70e9-4df7-a939-e829082cc215 - - - - -] debug = True log_opt_values /usr/lib/python3/dist-packages/oslo_config/cfg.py:2602
2025-10-09 00:42:08.892 170092 DEBUG oslo_service.service [req-2b90cdef-70e9-4df7-a939-e829082cc215 - - - - -] default_access_ip_network_name = None log_opt_values /usr/lib/python3/dist-packages/oslo_config/cfg.py:2602
2025-10-09 00:42:08.891 170698 INFO nova.service [-] Starting scheduler node (version 25.2.1)
2025-10-09 00:42:08.892 170092 DEBUG oslo_service.service [req-2b90cdef-70e9-4df7-a939-e829082cc215 - - - - -] default_availability_zone = nova log_opt_values /usr/lib/python3/dist-packages/oslo_config/cfg.py:2602
2025-10-09 00:42:08.892 170092 DEBUG oslo_service.service [req-2b90cdef-70e9-4df7-a939-e829082cc215 - - - - -] default_ephemeral_format = None log_opt_values /usr/lib/python3/dist-packages/oslo_config/cfg.py:2602
2025-10-09 00:42:08.893 170092 DEBUG oslo_service.service [req-2b90cdef-70e9-4df7-a939-e829082cc215 - - - - -] default_log_levels = ['amqp=WARN', 'amqplib=WARN', 'boto=WARN', 'qpid=WARN', 'sqlalchemy=WARN', 'suds=INFO', 'oslo.messaging=INFO', 'oslo_messaging=DEBUG', 'iso8601=WARN', 'requests.packages.urllib3.connectionpool=WARN', 'urllib3.connectionpool=WARN', 'websocket=WARN', 'requests.packages.urllib3.util.retry=WARN', 'urllib3.util.retry=WARN', 'keystonemiddleware=WARN', 'routes.middleware=WARN', 'stevedore=WARN', 'taskflow=WARN', 'keystoneauth=WARN', 'oslo.cache=INFO', 'dogpile.core.dogpile=INFO', 'glanceclient=WARN', 'oslo.privsep.daemon=INFO'] log_opt_values /usr/lib/python3/dist-packages/oslo_config/cfg.py:2602
2025-10-09 00:42:08.893 170092 DEBUG oslo_service.service [req-2b90cdef-70e9-4df7-a939-e829082cc215 - - - - -] default_schedule_zone = None log_opt_values /usr/lib/python3/dist-packages/oslo_config/cfg.py:2602
2025-10-09 00:42:08.893 170092 DEBUG oslo_service.service [req-2b90cdef-70e9-4df7-a939-e829082cc215 - - - - -] disk_allocation_ratio = 1.0 log_opt_values /usr/lib/python3/dist-packages/oslo_config/cfg.py:2602
2025-10-09 00:42:08.894 170092 DEBUG oslo_service.service [req-2b90cdef-70e9-4df7-a939-e829082cc215 - - - - -] enable_new_services = True log_opt_values /usr/lib/python3/dist-packages/oslo_config/cfg.py:2602
2025-10-09 00:42:08.894 170092 DEBUG oslo_service.service [req-2b90cdef-70e9-4df7-a939-e829082cc215 - - - - -] enabled_apis = ['osapi_compute', 'metadata'] log_opt_values /usr/lib/python3/dist-packages/oslo_config/cfg.py:2602
2025-10-09 00:42:08.895 170092 DEBUG oslo_service.service [req-2b90cdef-70e9-4df7-a939-e829082cc215 - - - - -] enabled_ssl_apis = [] log_opt_values /usr/lib/python3/dist-packages/oslo_config/cfg.py:2602
2025-10-09 00:42:08.895 170092 DEBUG oslo_service.service [req-2b90cdef-70e9-4df7-a939-e829082cc215 - - - - -] fatal_deprecations = False log_opt_values /usr/lib/python3/dist-packages/oslo_config/cfg.py:2602
2025-10-09 00:42:08.895 170092 DEBUG oslo_service.service [req-2b90cdef-70e9-4df7-a939-e829082cc215 - - - - -] flat_injected = False log_opt_values /usr/lib/python3/dist-packages/oslo_config/cfg.py:2602
2025-10-09 00:42:08.895 170092 DEBUG oslo_service.service [req-2b90cdef-70e9-4df7-a939-e829082cc215 - - - - -] force_config_drive = False log_opt_values /usr/lib/python3/dist-packages/oslo_config/cfg.py:2602
2025-10-09 00:42:08.896 170092 DEBUG oslo_service.service [req-2b90cdef-70e9-4df7-a939-e829082cc215 - - - - -] force_raw_images = True log_opt_values /usr/lib/python3/dist-packages/oslo_config/cfg.py:2602
2025-10-09 00:42:08.896 170092 DEBUG oslo_service.service [req-2b90cdef-70e9-4df7-a939-e829082cc215 - - - - -] graceful_shutdown_timeout = 60 log_opt_values /usr/lib/python3/dist-packages/oslo_config/cfg.py:2602
2025-10-09 00:42:08.896 170092 DEBUG oslo_service.service [req-2b90cdef-70e9-4df7-a939-e829082cc215 - - - - -] heal_instance_info_cache_interval = 60 log_opt_values /usr/lib/python3/dist-packages/oslo_config/cfg.py:2602
2025-10-09 00:42:08.897 170092 DEBUG oslo_service.service [req-2b90cdef-70e9-4df7-a939-e829082cc215 - - - - -] host = juju-dab6fa-0-lxd-7 log_opt_values /usr/lib/python3/dist-packages/oslo_config/cfg.py:2602
2025-10-09 00:42:08.897 170092 DEBUG oslo_service.service [req-2b90cdef-70e9-4df7-a939-e829082cc215 - - - - -] initial_cpu_allocation_ratio = 16.0 log_opt_values /usr/lib/python3/dist-packages/oslo_config/cfg.py:2602
2025-10-09 00:42:08.897 170092 DEBUG oslo_service.service [req-2b90cdef-70e9-4df7-a939-e829082cc215 - - - - -] initial_disk_allocation_ratio = 1.0 log_opt_values /usr/lib/python3/dist-packages/oslo_config/cfg.py:2602
2025-10-09 00:42:08.897 170092 DEBUG oslo_service.service [req-2b90cdef-70e9-4df7-a939-e829082cc215 - - - - -] initial_ram_allocation_ratio = 1.5 log_opt_values /usr/lib/python3/dist-packages/oslo_config/cfg.py:2602
2025-10-09 00:42:08.898 170092 DEBUG oslo_service.service [req-2b90cdef-70e9-4df7-a939-e829082cc215 - - - - -] injected_network_template = /usr/lib/python3/dist-packages/nova/virt/interfaces.template log_opt_values /usr/lib/python3/dist-packages/oslo_config/cfg.py:2602
2025-10-09 00:42:08.898 170092 DEBUG oslo_service.service [req-2b90cdef-70e9-4df7-a939-e829082cc215 - - - - -] instance_build_timeout = 0 log_opt_values /usr/lib/python3/dist-packages/oslo_config/cfg.py:2602
2025-10-09 00:42:08.898 170092 DEBUG oslo_service.service [req-2b90cdef-70e9-4df7-a939-e829082cc215 - - - - -] instance_delete_interval = 300 log_opt_values /usr/lib/python3/dist-packages/oslo_config/cfg.py:2602
2025-10-09 00:42:08.899 170092 DEBUG oslo_service.service [req-2b90cdef-70e9-4df7-a939-e829082cc215 - - - - -] instance_format = [instance: %(uuid)s] log_opt_values /usr/lib/python3/dist-packages/oslo_config/cfg.py:2602
2025-10-09 00:42:08.899 170092 DEBUG oslo_service.service [req-2b90cdef-70e9-4df7-a939-e829082cc215 - - - - -] instance_name_template = instance-%08x log_opt_values /usr/lib/python3/dist-packages/oslo_config/cfg.py:2602
2025-10-09 00:42:08.899 170092 DEBUG oslo_service.service [req-2b90cdef-70e9-4df7-a939-e829082cc215 - - - - -] instance_usage_audit = False log_opt_values /usr/lib/python3/dist-packages/oslo_config/cfg.py:2602
2025-10-09 00:42:08.899 170695 DEBUG nova.service [req-4f0fe988-8003-4ad3-b18a-b1c9ba92ad7b - - - - -] Creating RPC server for service scheduler start /usr/lib/python3/dist-packages/nova/service.py:182
2025-10-09 00:42:08.900 170092 DEBUG oslo_service.service [req-2b90cdef-70e9-4df7-a939-e829082cc215 - - - - -] instance_usage_audit_period = month log_opt_values /usr/lib/python3/dist-packages/oslo_config/cfg.py:2602
2025-10-09 00:42:08.900 170092 DEBUG oslo_service.service [req-2b90cdef-70e9-4df7-a939-e829082cc215 - - - - -] instance_uuid_format = [instance: %(uuid)s] log_opt_values /usr/lib/python3/dist-packages/oslo_config/cfg.py:2602
2025-10-09 00:42:08.900 170092 DEBUG oslo_service.service [req-2b90cdef-70e9-4df7-a939-e829082cc215 - - - - -] instances_path = /var/lib/nova/instances log_opt_values /usr/lib/python3/dist-packages/oslo_config/cfg.py:2602
2025-10-09 00:42:08.901 170092 DEBUG oslo_service.service [req-2b90cdef-70e9-4df7-a939-e829082cc215 - - - - -] internal_service_availability_zone = internal log_opt_values /usr/lib/python3/dist-packages/oslo_config/cfg.py:2602
2025-10-09 00:42:08.901 170092 DEBUG oslo_service.service [req-2b90cdef-70e9-4df7-a939-e829082cc215 - - - - -] key = None log_opt_values /usr/lib/python3/dist-packages/oslo_config/cfg.py:2602
2025-10-09 00:42:08.901 170688 DEBUG nova.service [req-56866235-a06f-4c33-9692-8e140d3d61b6 - - - - -] Creating RPC server for service scheduler start /usr/lib/python3/dist-packages/nova/service.py:182
2025-10-09 00:42:08.901 170092 DEBUG oslo_service.service [req-2b90cdef-70e9-4df7-a939-e829082cc215 - - - - -] live_migration_retry_count = 30 log_opt_values /usr/lib/python3/dist-packages/oslo_config/cfg.py:2602
2025-10-09 00:42:08.901 170092 DEBUG oslo_service.service [req-2b90cdef-70e9-4df7-a939-e829082cc215 - - - - -] log_config_append = None log_opt_values /usr/lib/python3/dist-packages/oslo_config/cfg.py:2602
2025-10-09 00:42:08.902 170092 DEBUG oslo_service.service [req-2b90cdef-70e9-4df7-a939-e829082cc215 - - - - -] log_date_format = %Y-%m-%d %H:%M:%S log_opt_values /usr/lib/python3/dist-packages/oslo_config/cfg.py:2602
2025-10-09 00:42:08.902 170092 DEBUG oslo_service.service [req-2b90cdef-70e9-4df7-a939-e829082cc215 - - - - -] log_dir = /var/log/nova log_opt_values /usr/lib/python3/dist-packages/oslo_config/cfg.py:2602
2025-10-09 00:42:08.902 170092 DEBUG oslo_service.service [req-2b90cdef-70e9-4df7-a939-e829082cc215 - - - - -] log_file = /var/log/nova/nova-scheduler.log log_opt_values /usr/lib/python3/dist-packages/oslo_config/cfg.py:2602
2025-10-09 00:42:08.903 170092 DEBUG oslo_service.service [req-2b90cdef-70e9-4df7-a939-e829082cc215 - - - - -] log_options = True log_opt_values /usr/lib/python3/dist-packages/oslo_config/cfg.py:2602
2025-10-09 00:42:08.903 170092 DEBUG oslo_service.service [req-2b90cdef-70e9-4df7-a939-e829082cc215 - - - - -] log_rotate_interval = 1 log_opt_values /usr/lib/python3/dist-packages/oslo_config/cfg.py:2602
2025-10-09 00:42:08.903 170092 DEBUG oslo_service.service [req-2b90cdef-70e9-4df7-a939-e829082cc215 - - - - -] log_rotate_interval_type = days log_opt_values /usr/lib/python3/dist-packages/oslo_config/cfg.py:2602
2025-10-09 00:42:08.903 170092 DEBUG oslo_service.service [req-2b90cdef-70e9-4df7-a939-e829082cc215 - - - - -] log_rotation_type = none log_opt_values /usr/lib/python3/dist-packages/oslo_config/cfg.py:2602
2025-10-09 00:42:08.903 170092 DEBUG oslo_service.service [req-2b90cdef-70e9-4df7-a939-e829082cc215 - - - - -] logging_context_format_string = %(asctime)s.%(msecs)03d %(process)d %(levelname)s %(name)s [%(request_id)s %(user_identity)s] %(instance)s%(message)s log_opt_values /usr/lib/python3/dist-packages/oslo_config/cfg.py:2602
2025-10-09 00:42:08.904 170092 DEBUG oslo_service.service [req-2b90cdef-70e9-4df7-a939-e829082cc215 - - - - -] logging_debug_format_suffix = %(funcName)s %(pathname)s:%(lineno)d log_opt_values /usr/lib/python3/dist-packages/oslo_config/cfg.py:2602
2025-10-09 00:42:08.904 170092 DEBUG oslo_service.service [req-2b90cdef-70e9-4df7-a939-e829082cc215 - - - - -] logging_default_format_string = %(asctime)s.%(msecs)03d %(process)d %(levelname)s %(name)s [-] %(instance)s%(message)s log_opt_values /usr/lib/python3/dist-packages/oslo_config/cfg.py:2602
2025-10-09 00:42:08.904 170092 DEBUG oslo_service.service [req-2b90cdef-70e9-4df7-a939-e829082cc215 - - - - -] logging_exception_prefix = %(asctime)s.%(msecs)03d %(process)d ERROR %(name)s %(instance)s log_opt_values /usr/lib/python3/dist-packages/oslo_config/cfg.py:2602
2025-10-09 00:42:08.904 170092 DEBUG oslo_service.service [req-2b90cdef-70e9-4df7-a939-e829082cc215 - - - - -] logging_user_identity_format = %(user)s %(project)s %(domain)s %(user_domain)s %(project_domain)s log_opt_values /usr/lib/python3/dist-packages/oslo_config/cfg.py:2602
2025-10-09 00:42:08.904 170092 DEBUG oslo_service.service [req-2b90cdef-70e9-4df7-a939-e829082cc215 - - - - -] long_rpc_timeout = 1800 log_opt_values /usr/lib/python3/dist-packages/oslo_config/cfg.py:2602
2025-10-09 00:42:08.905 170092 DEBUG oslo_service.service [req-2b90cdef-70e9-4df7-a939-e829082cc215 - - - - -] max_concurrent_builds = 10 log_opt_values /usr/lib/python3/dist-packages/oslo_config/cfg.py:2602
2025-10-09 00:42:08.905 170092 DEBUG oslo_service.service [req-2b90cdef-70e9-4df7-a939-e829082cc215 - - - - -] max_concurrent_live_migrations = 1 log_opt_values /usr/lib/python3/dist-packages/oslo_config/cfg.py:2602
2025-10-09 00:42:08.905 170092 DEBUG oslo_service.service [req-2b90cdef-70e9-4df7-a939-e829082cc215 - - - - -] max_concurrent_snapshots = 5 log_opt_values /usr/lib/python3/dist-packages/oslo_config/cfg.py:2602
