2025-10-09 00:40:15.466 148632 DEBUG oslo_service.service [req-538111ab-c7a8-402d-86d1-4b83f3e878f4 - - - - -] workarounds.unified_limits_count_pcpu_as_vcpu = False log_opt_values /usr/lib/python3/dist-packages/oslo_config/cfg.py:2609
2025-10-09 00:40:15.466 148632 DEBUG oslo_service.service [req-538111ab-c7a8-402d-86d1-4b83f3e878f4 - - - - -] workarounds.wait_for_vif_plugged_event_during_hard_reboot = [] log_opt_values /usr/lib/python3/dist-packages/oslo_config/cfg.py:2609
2025-10-09 00:40:15.466 148632 DEBUG oslo_service.service [req-538111ab-c7a8-402d-86d1-4b83f3e878f4 - - - - -] wsgi.api_paste_config = /etc/nova/api-paste.ini log_opt_values /usr/lib/python3/dist-packages/oslo_config/cfg.py:2609
2025-10-09 00:40:15.466 148632 DEBUG oslo_service.service [req-538111ab-c7a8-402d-86d1-4b83f3e878f4 - - - - -] wsgi.client_socket_timeout = 900 log_opt_values /usr/lib/python3/dist-packages/oslo_config/cfg.py:2609
2025-10-09 00:40:15.466 148632 DEBUG oslo_service.service [req-538111ab-c7a8-402d-86d1-4b83f3e878f4 - - - - -] wsgi.default_pool_size = 1000 log_opt_values /usr/lib/python3/dist-packages/oslo_config/cfg.py:2609
2025-10-09 00:40:15.466 148632 DEBUG oslo_service.service [req-538111ab-c7a8-402d-86d1-4b83f3e878f4 - - - - -] wsgi.keep_alive = True log_opt_values /usr/lib/python3/dist-packages/oslo_config/cfg.py:2609
2025-10-09 00:40:15.467 148632 DEBUG oslo_service.service [req-538111ab-c7a8-402d-86d1-4b83f3e878f4 - - - - -] wsgi.max_header_line = 16384 log_opt_values /usr/lib/python3/dist-packages/oslo_config/cfg.py:2609
2025-10-09 00:40:15.467 148632 DEBUG oslo_service.service [req-538111ab-c7a8-402d-86d1-4b83f3e878f4 - - - - -] wsgi.secure_proxy_ssl_header = None log_opt_values /usr/lib/python3/dist-packages/oslo_config/cfg.py:2609
2025-10-09 00:40:15.467 148632 DEBUG oslo_service.service [req-538111ab-c7a8-402d-86d1-4b83f3e878f4 - - - - -] wsgi.ssl_ca_file = None log_opt_values /usr/lib/python3/dist-packages/oslo_config/cfg.py:2609
2025-10-09 00:40:15.467 148632 DEBUG oslo_service.service [req-538111ab-c7a8-402d-86d1-4b83f3e878f4 - - - - -] wsgi.ssl_cert_file = None log_opt_values /usr/lib/python3/dist-packages/oslo_config/cfg.py:2609
2025-10-09 00:40:15.467 148632 DEBUG oslo_service.service [req-538111ab-c7a8-402d-86d1-4b83f3e878f4 - - - - -] wsgi.ssl_key_file = None log_opt_values /usr/lib/python3/dist-packages/oslo_config/cfg.py:2609
2025-10-09 00:40:15.467 148632 DEBUG oslo_service.service [req-538111ab-c7a8-402d-86d1-4b83f3e878f4 - - - - -] wsgi.tcp_keepidle = 600 log_opt_values /usr/lib/python3/dist-packages/oslo_config/cfg.py:2609
2025-10-09 00:40:15.468 148632 DEBUG oslo_service.service [req-538111ab-c7a8-402d-86d1-4b83f3e878f4 - - - - -] wsgi.wsgi_log_format = %(client_ip)s "%(request_line)s" status: %(status_code)s len: %(body_length)s time: %(wall_seconds).7f log_opt_values /usr/lib/python3/dist-packages/oslo_config/cfg.py:2609
2025-10-09 00:40:15.468 148632 DEBUG oslo_service.service [req-538111ab-c7a8-402d-86d1-4b83f3e878f4 - - - - -] zvm.ca_file = None log_opt_values /usr/lib/python3/dist-packages/oslo_config/cfg.py:2609
2025-10-09 00:40:15.468 148632 DEBUG oslo_service.service [req-538111ab-c7a8-402d-86d1-4b83f3e878f4 - - - - -] zvm.cloud_connector_url = None log_opt_values /usr/lib/python3/dist-packages/oslo_config/cfg.py:2609
2025-10-09 00:40:15.468 148632 DEBUG oslo_service.service [req-538111ab-c7a8-402d-86d1-4b83f3e878f4 - - - - -] zvm.image_tmp_path = /var/lib/nova/images log_opt_values /usr/lib/python3/dist-packages/oslo_config/cfg.py:2609
2025-10-09 00:40:15.468 148632 DEBUG oslo_service.service [req-538111ab-c7a8-402d-86d1-4b83f3e878f4 - - - - -] zvm.reachable_timeout = 300 log_opt_values /usr/lib/python3/dist-packages/oslo_config/cfg.py:2609
2025-10-09 00:40:15.469 148632 DEBUG oslo_service.service [req-538111ab-c7a8-402d-86d1-4b83f3e878f4 - - - - -] oslo_messaging_metrics.metrics_buffer_size = 1000 log_opt_values /usr/lib/python3/dist-packages/oslo_config/cfg.py:2609
2025-10-09 00:40:15.469 148632 DEBUG oslo_service.service [req-538111ab-c7a8-402d-86d1-4b83f3e878f4 - - - - -] oslo_messaging_metrics.metrics_enabled = False log_opt_values /usr/lib/python3/dist-packages/oslo_config/cfg.py:2609
2025-10-09 00:40:15.469 148632 DEBUG oslo_service.service [req-538111ab-c7a8-402d-86d1-4b83f3e878f4 - - - - -] oslo_messaging_metrics.metrics_process_name = log_opt_values /usr/lib/python3/dist-packages/oslo_config/cfg.py:2609
2025-10-09 00:40:15.469 148632 DEBUG oslo_service.service [req-538111ab-c7a8-402d-86d1-4b83f3e878f4 - - - - -] oslo_messaging_metrics.metrics_socket_file = /var/tmp/metrics_collector.sock log_opt_values /usr/lib/python3/dist-packages/oslo_config/cfg.py:2609
2025-10-09 00:40:15.469 148632 DEBUG oslo_service.service [req-538111ab-c7a8-402d-86d1-4b83f3e878f4 - - - - -] oslo_messaging_metrics.metrics_thread_stop_timeout = 10 log_opt_values /usr/lib/python3/dist-packages/oslo_config/cfg.py:2609
2025-10-09 00:40:15.469 148632 DEBUG oslo_service.service [req-538111ab-c7a8-402d-86d1-4b83f3e878f4 - - - - -] oslo_policy.enforce_new_defaults = False log_opt_values /usr/lib/python3/dist-packages/oslo_config/cfg.py:2609
2025-10-09 00:40:15.470 148632 DEBUG oslo_service.service [req-538111ab-c7a8-402d-86d1-4b83f3e878f4 - - - - -] oslo_policy.enforce_scope = False log_opt_values /usr/lib/python3/dist-packages/oslo_config/cfg.py:2609
2025-10-09 00:40:15.470 148632 DEBUG oslo_service.service [req-538111ab-c7a8-402d-86d1-4b83f3e878f4 - - - - -] oslo_policy.policy_default_rule = default log_opt_values /usr/lib/python3/dist-packages/oslo_config/cfg.py:2609
2025-10-09 00:40:15.470 148632 DEBUG oslo_service.service [req-538111ab-c7a8-402d-86d1-4b83f3e878f4 - - - - -] oslo_policy.policy_dirs = ['policy.d'] log_opt_values /usr/lib/python3/dist-packages/oslo_config/cfg.py:2609
2025-10-09 00:40:15.470 148632 DEBUG oslo_service.service [req-538111ab-c7a8-402d-86d1-4b83f3e878f4 - - - - -] oslo_policy.policy_file = policy.yaml log_opt_values /usr/lib/python3/dist-packages/oslo_config/cfg.py:2609
2025-10-09 00:40:15.470 148632 DEBUG oslo_service.service [req-538111ab-c7a8-402d-86d1-4b83f3e878f4 - - - - -] oslo_policy.remote_content_type = application/x-www-form-urlencoded log_opt_values /usr/lib/python3/dist-packages/oslo_config/cfg.py:2609
2025-10-09 00:40:15.470 148632 DEBUG oslo_service.service [req-538111ab-c7a8-402d-86d1-4b83f3e878f4 - - - - -] oslo_policy.remote_ssl_ca_crt_file = None log_opt_values /usr/lib/python3/dist-packages/oslo_config/cfg.py:2609
2025-10-09 00:40:15.471 148632 DEBUG oslo_service.service [req-538111ab-c7a8-402d-86d1-4b83f3e878f4 - - - - -] oslo_policy.remote_ssl_client_crt_file = None log_opt_values /usr/lib/python3/dist-packages/oslo_config/cfg.py:2609
2025-10-09 00:40:15.471 148632 DEBUG oslo_service.service [req-538111ab-c7a8-402d-86d1-4b83f3e878f4 - - - - -] oslo_policy.remote_ssl_client_key_file = None log_opt_values /usr/lib/python3/dist-packages/oslo_config/cfg.py:2609
2025-10-09 00:40:15.471 148632 DEBUG oslo_service.service [req-538111ab-c7a8-402d-86d1-4b83f3e878f4 - - - - -] oslo_policy.remote_ssl_verify_server_crt = False log_opt_values /usr/lib/python3/dist-packages/oslo_config/cfg.py:2609
2025-10-09 00:40:15.471 148632 DEBUG oslo_service.service [req-538111ab-c7a8-402d-86d1-4b83f3e878f4 - - - - -] oslo_versionedobjects.fatal_exception_format_errors = False log_opt_values /usr/lib/python3/dist-packages/oslo_config/cfg.py:2609
2025-10-09 00:40:15.471 148632 DEBUG oslo_service.service [req-538111ab-c7a8-402d-86d1-4b83f3e878f4 - - - - -] oslo_middleware.http_basic_auth_user_file = /etc/htpasswd log_opt_values /usr/lib/python3/dist-packages/oslo_config/cfg.py:2609
2025-10-09 00:40:15.471 148632 DEBUG oslo_service.service [req-538111ab-c7a8-402d-86d1-4b83f3e878f4 - - - - -] profiler.connection_string = messaging:// log_opt_values /usr/lib/python3/dist-packages/oslo_config/cfg.py:2609
2025-10-09 00:40:15.472 148632 DEBUG oslo_service.service [req-538111ab-c7a8-402d-86d1-4b83f3e878f4 - - - - -] profiler.enabled = False log_opt_values /usr/lib/python3/dist-packages/oslo_config/cfg.py:2609
2025-10-09 00:40:15.472 148632 DEBUG oslo_service.service [req-538111ab-c7a8-402d-86d1-4b83f3e878f4 - - - - -] profiler.es_doc_type = notification log_opt_values /usr/lib/python3/dist-packages/oslo_config/cfg.py:2609
2025-10-09 00:40:15.472 148632 DEBUG oslo_service.service [req-538111ab-c7a8-402d-86d1-4b83f3e878f4 - - - - -] profiler.es_scroll_size = 10000 log_opt_values /usr/lib/python3/dist-packages/oslo_config/cfg.py:2609
2025-10-09 00:40:15.472 148632 DEBUG oslo_service.service [req-538111ab-c7a8-402d-86d1-4b83f3e878f4 - - - - -] profiler.es_scroll_time = 2m log_opt_values /usr/lib/python3/dist-packages/oslo_config/cfg.py:2609
2025-10-09 00:40:15.472 148632 DEBUG oslo_service.service [req-538111ab-c7a8-402d-86d1-4b83f3e878f4 - - - - -] profiler.filter_error_trace = False log_opt_values /usr/lib/python3/dist-packages/oslo_config/cfg.py:2609
2025-10-09 00:40:15.472 148632 DEBUG oslo_service.service [req-538111ab-c7a8-402d-86d1-4b83f3e878f4 - - - - -] profiler.hmac_keys = SECRET_KEY log_opt_values /usr/lib/python3/dist-packages/oslo_config/cfg.py:2609
2025-10-09 00:40:15.472 148632 DEBUG oslo_service.service [req-538111ab-c7a8-402d-86d1-4b83f3e878f4 - - - - -] profiler.sentinel_service_name = mymaster log_opt_values /usr/lib/python3/dist-packages/oslo_config/cfg.py:2609
2025-10-09 00:40:15.473 148632 DEBUG oslo_service.service [req-538111ab-c7a8-402d-86d1-4b83f3e878f4 - - - - -] profiler.socket_timeout = 0.1 log_opt_values /usr/lib/python3/dist-packages/oslo_config/cfg.py:2609
2025-10-09 00:40:15.473 148632 DEBUG oslo_service.service [req-538111ab-c7a8-402d-86d1-4b83f3e878f4 - - - - -] profiler.trace_sqlalchemy = False log_opt_values /usr/lib/python3/dist-packages/oslo_config/cfg.py:2609
2025-10-09 00:40:15.473 148632 DEBUG oslo_service.service [req-538111ab-c7a8-402d-86d1-4b83f3e878f4 - - - - -] remote_debug.host = None log_opt_values /usr/lib/python3/dist-packages/oslo_config/cfg.py:2609
2025-10-09 00:40:15.473 148632 DEBUG oslo_service.service [req-538111ab-c7a8-402d-86d1-4b83f3e878f4 - - - - -] remote_debug.port = None log_opt_values /usr/lib/python3/dist-packages/oslo_config/cfg.py:2609
2025-10-09 00:40:15.473 148632 DEBUG oslo_service.service [req-538111ab-c7a8-402d-86d1-4b83f3e878f4 - - - - -] oslo_messaging_rabbit.amqp_auto_delete = False log_opt_values /usr/lib/python3/dist-packages/oslo_config/cfg.py:2609
2025-10-09 00:40:15.474 148632 DEBUG oslo_service.service [req-538111ab-c7a8-402d-86d1-4b83f3e878f4 - - - - -] oslo_messaging_rabbit.amqp_durable_queues = False log_opt_values /usr/lib/python3/dist-packages/oslo_config/cfg.py:2609
2025-10-09 00:40:15.474 148632 DEBUG oslo_service.service [req-538111ab-c7a8-402d-86d1-4b83f3e878f4 - - - - -] oslo_messaging_rabbit.conn_pool_min_size = 2 log_opt_values /usr/lib/python3/dist-packages/oslo_config/cfg.py:2609
2025-10-09 00:40:15.474 148632 DEBUG oslo_service.service [req-538111ab-c7a8-402d-86d1-4b83f3e878f4 - - - - -] oslo_messaging_rabbit.conn_pool_ttl = 1200 log_opt_values /usr/lib/python3/dist-packages/oslo_config/cfg.py:2609
2025-10-09 00:40:15.474 148632 DEBUG oslo_service.service [req-538111ab-c7a8-402d-86d1-4b83f3e878f4 - - - - -] oslo_messaging_rabbit.direct_mandatory_flag = True log_opt_values /usr/lib/python3/dist-packages/oslo_config/cfg.py:2609
2025-10-09 00:40:15.474 148632 DEBUG oslo_service.service [req-538111ab-c7a8-402d-86d1-4b83f3e878f4 - - - - -] oslo_messaging_rabbit.enable_cancel_on_failover = False log_opt_values /usr/lib/python3/dist-packages/oslo_config/cfg.py:2609
2025-10-09 00:40:15.474 148632 DEBUG oslo_service.service [req-538111ab-c7a8-402d-86d1-4b83f3e878f4 - - - - -] oslo_messaging_rabbit.heartbeat_in_pthread = False log_opt_values /usr/lib/python3/dist-packages/oslo_config/cfg.py:2609
2025-10-09 00:40:15.475 148632 DEBUG oslo_service.service [req-538111ab-c7a8-402d-86d1-4b83f3e878f4 - - - - -] oslo_messaging_rabbit.heartbeat_rate = 2 log_opt_values /usr/lib/python3/dist-packages/oslo_config/cfg.py:2609
2025-10-09 00:40:15.475 148632 DEBUG oslo_service.service [req-538111ab-c7a8-402d-86d1-4b83f3e878f4 - - - - -] oslo_messaging_rabbit.heartbeat_timeout_threshold = 60 log_opt_values /usr/lib/python3/dist-packages/oslo_config/cfg.py:2609
2025-10-09 00:40:15.475 148632 DEBUG oslo_service.service [req-538111ab-c7a8-402d-86d1-4b83f3e878f4 - - - - -] oslo_messaging_rabbit.kombu_compression = None log_opt_values /usr/lib/python3/dist-packages/oslo_config/cfg.py:2609
2025-10-09 00:40:15.475 148632 DEBUG oslo_service.service [req-538111ab-c7a8-402d-86d1-4b83f3e878f4 - - - - -] oslo_messaging_rabbit.kombu_failover_strategy = round-robin log_opt_values /usr/lib/python3/dist-packages/oslo_config/cfg.py:2609
2025-10-09 00:40:15.475 148632 DEBUG oslo_service.service [req-538111ab-c7a8-402d-86d1-4b83f3e878f4 - - - - -] oslo_messaging_rabbit.kombu_missing_consumer_retry_timeout = 60 log_opt_values /usr/lib/python3/dist-packages/oslo_config/cfg.py:2609
2025-10-09 00:40:15.475 148632 DEBUG oslo_service.service [req-538111ab-c7a8-402d-86d1-4b83f3e878f4 - - - - -] oslo_messaging_rabbit.kombu_reconnect_delay = 1.0 log_opt_values /usr/lib/python3/dist-packages/oslo_config/cfg.py:2609
2025-10-09 00:40:15.476 148632 DEBUG oslo_service.service [req-538111ab-c7a8-402d-86d1-4b83f3e878f4 - - - - -] oslo_messaging_rabbit.rabbit_ha_queues = False log_opt_values /usr/lib/python3/dist-packages/oslo_config/cfg.py:2609
2025-10-09 00:40:15.476 148632 DEBUG oslo_service.service [req-538111ab-c7a8-402d-86d1-4b83f3e878f4 - - - - -] oslo_messaging_rabbit.rabbit_interval_max = 30 log_opt_values /usr/lib/python3/dist-packages/oslo_config/cfg.py:2609
2025-10-09 00:40:15.476 148632 DEBUG oslo_service.service [req-538111ab-c7a8-402d-86d1-4b83f3e878f4 - - - - -] oslo_messaging_rabbit.rabbit_login_method = AMQPLAIN log_opt_values /usr/lib/python3/dist-packages/oslo_config/cfg.py:2609
2025-10-09 00:40:15.476 148632 DEBUG oslo_service.service [req-538111ab-c7a8-402d-86d1-4b83f3e878f4 - - - - -] oslo_messaging_rabbit.rabbit_qos_prefetch_count = 0 log_opt_values /usr/lib/python3/dist-packages/oslo_config/cfg.py:2609
2025-10-09 00:40:15.476 148632 DEBUG oslo_service.service [req-538111ab-c7a8-402d-86d1-4b83f3e878f4 - - - - -] oslo_messaging_rabbit.rabbit_quorum_queue = False log_opt_values /usr/lib/python3/dist-packages/oslo_config/cfg.py:2609
2025-10-09 00:40:15.476 148632 DEBUG oslo_service.service [req-538111ab-c7a8-402d-86d1-4b83f3e878f4 - - - - -] oslo_messaging_rabbit.rabbit_retry_backoff = 2 log_opt_values /usr/lib/python3/dist-packages/oslo_config/cfg.py:2609
2025-10-09 00:40:15.477 148632 DEBUG oslo_service.service [req-538111ab-c7a8-402d-86d1-4b83f3e878f4 - - - - -] oslo_messaging_rabbit.rabbit_retry_interval = 1 log_opt_values /usr/lib/python3/dist-packages/oslo_config/cfg.py:2609
2025-10-09 00:40:15.477 148632 DEBUG oslo_service.service [req-538111ab-c7a8-402d-86d1-4b83f3e878f4 - - - - -] oslo_messaging_rabbit.rabbit_transient_queues_ttl = 1800 log_opt_values /usr/lib/python3/dist-packages/oslo_config/cfg.py:2609
2025-10-09 00:40:15.477 148632 DEBUG oslo_service.service [req-538111ab-c7a8-402d-86d1-4b83f3e878f4 - - - - -] oslo_messaging_rabbit.rpc_conn_pool_size = 30 log_opt_values /usr/lib/python3/dist-packages/oslo_config/cfg.py:2609
2025-10-09 00:40:15.477 148632 DEBUG oslo_service.service [req-538111ab-c7a8-402d-86d1-4b83f3e878f4 - - - - -] oslo_messaging_rabbit.ssl = False log_opt_values /usr/lib/python3/dist-packages/oslo_config/cfg.py:2609
2025-10-09 00:40:15.477 148632 DEBUG oslo_service.service [req-538111ab-c7a8-402d-86d1-4b83f3e878f4 - - - - -] oslo_messaging_rabbit.ssl_ca_file = log_opt_values /usr/lib/python3/dist-packages/oslo_config/cfg.py:2609
2025-10-09 00:40:15.477 148632 DEBUG oslo_service.service [req-538111ab-c7a8-402d-86d1-4b83f3e878f4 - - - - -] oslo_messaging_rabbit.ssl_cert_file = log_opt_values /usr/lib/python3/dist-packages/oslo_config/cfg.py:2609
2025-10-09 00:40:15.477 148632 DEBUG oslo_service.service [req-538111ab-c7a8-402d-86d1-4b83f3e878f4 - - - - -] oslo_messaging_rabbit.ssl_key_file = log_opt_values /usr/lib/python3/dist-packages/oslo_config/cfg.py:2609
2025-10-09 00:40:15.478 148632 DEBUG oslo_service.service [req-538111ab-c7a8-402d-86d1-4b83f3e878f4 - - - - -] oslo_messaging_rabbit.ssl_version = log_opt_values /usr/lib/python3/dist-packages/oslo_config/cfg.py:2609
2025-10-09 00:40:15.478 148632 DEBUG oslo_service.service [req-538111ab-c7a8-402d-86d1-4b83f3e878f4 - - - - -] oslo_messaging_notifications.driver = ['messagingv2'] log_opt_values /usr/lib/python3/dist-packages/oslo_config/cfg.py:2609
2025-10-09 00:40:15.478 148632 DEBUG oslo_service.service [req-538111ab-c7a8-402d-86d1-4b83f3e878f4 - - - - -] oslo_messaging_notifications.retry = -1 log_opt_values /usr/lib/python3/dist-packages/oslo_config/cfg.py:2609
2025-10-09 00:40:15.478 148632 DEBUG oslo_service.service [req-538111ab-c7a8-402d-86d1-4b83f3e878f4 - - - - -] oslo_messaging_notifications.topics = ['notifications'] log_opt_values /usr/lib/python3/dist-packages/oslo_config/cfg.py:2609
2025-10-09 00:40:15.478 148632 DEBUG oslo_service.service [req-538111ab-c7a8-402d-86d1-4b83f3e878f4 - - - - -] oslo_messaging_notifications.transport_url = **** log_opt_values /usr/lib/python3/dist-packages/oslo_config/cfg.py:2609
2025-10-09 00:40:15.479 148632 DEBUG oslo_service.service [req-538111ab-c7a8-402d-86d1-4b83f3e878f4 - - - - -] oslo_limit.auth_section = None log_opt_values /usr/lib/python3/dist-packages/oslo_config/cfg.py:2609
2025-10-09 00:40:15.479 148632 DEBUG oslo_service.service [req-538111ab-c7a8-402d-86d1-4b83f3e878f4 - - - - -] oslo_limit.auth_type = None log_opt_values /usr/lib/python3/dist-packages/oslo_config/cfg.py:2609
2025-10-09 00:40:15.479 148632 DEBUG oslo_service.service [req-538111ab-c7a8-402d-86d1-4b83f3e878f4 - - - - -] oslo_limit.cafile = None log_opt_values /usr/lib/python3/dist-packages/oslo_config/cfg.py:2609
2025-10-09 00:40:15.479 148632 DEBUG oslo_service.service [req-538111ab-c7a8-402d-86d1-4b83f3e878f4 - - - - -] oslo_limit.certfile = None log_opt_values /usr/lib/python3/dist-packages/oslo_config/cfg.py:2609
2025-10-09 00:40:15.479 148632 DEBUG oslo_service.service [req-538111ab-c7a8-402d-86d1-4b83f3e878f4 - - - - -] oslo_limit.collect_timing = False log_opt_values /usr/lib/python3/dist-packages/oslo_config/cfg.py:2609
2025-10-09 00:40:15.479 148632 DEBUG oslo_service.service [req-538111ab-c7a8-402d-86d1-4b83f3e878f4 - - - - -] oslo_limit.connect_retries = None log_opt_values /usr/lib/python3/dist-packages/oslo_config/cfg.py:2609
2025-10-09 00:40:15.480 148632 DEBUG oslo_service.service [req-538111ab-c7a8-402d-86d1-4b83f3e878f4 - - - - -] oslo_limit.connect_retry_delay = None log_opt_values /usr/lib/python3/dist-packages/oslo_config/cfg.py:2609
2025-10-09 00:40:15.480 148632 DEBUG oslo_service.service [req-538111ab-c7a8-402d-86d1-4b83f3e878f4 - - - - -] oslo_limit.endpoint_id = None log_opt_values /usr/lib/python3/dist-packages/oslo_config/cfg.py:2609
2025-10-09 00:40:15.480 148632 DEBUG oslo_service.service [req-538111ab-c7a8-402d-86d1-4b83f3e878f4 - - - - -] oslo_limit.endpoint_override = None log_opt_values /usr/lib/python3/dist-packages/oslo_config/cfg.py:2609
2025-10-09 00:40:15.480 148632 DEBUG oslo_service.service [req-538111ab-c7a8-402d-86d1-4b83f3e878f4 - - - - -] oslo_limit.insecure = False log_opt_values /usr/lib/python3/dist-packages/oslo_config/cfg.py:2609
2025-10-09 00:40:15.480 148632 DEBUG oslo_service.service [req-538111ab-c7a8-402d-86d1-4b83f3e878f4 - - - - -] oslo_limit.keyfile = None log_opt_values /usr/lib/python3/dist-packages/oslo_config/cfg.py:2609
2025-10-09 00:40:15.480 148632 DEBUG oslo_service.service [req-538111ab-c7a8-402d-86d1-4b83f3e878f4 - - - - -] oslo_limit.max_version = None log_opt_values /usr/lib/python3/dist-packages/oslo_config/cfg.py:2609
2025-10-09 00:40:15.480 148632 DEBUG oslo_service.service [req-538111ab-c7a8-402d-86d1-4b83f3e878f4 - - - - -] oslo_limit.min_version = None log_opt_values /usr/lib/python3/dist-packages/oslo_config/cfg.py:2609
2025-10-09 00:40:15.481 148632 DEBUG oslo_service.service [req-538111ab-c7a8-402d-86d1-4b83f3e878f4 - - - - -] oslo_limit.region_name = None log_opt_values /usr/lib/python3/dist-packages/oslo_config/cfg.py:2609
2025-10-09 00:40:15.481 148632 DEBUG oslo_service.service [req-538111ab-c7a8-402d-86d1-4b83f3e878f4 - - - - -] oslo_limit.service_name = None log_opt_values /usr/lib/python3/dist-packages/oslo_config/cfg.py:2609
2025-10-09 00:40:15.481 148632 DEBUG oslo_service.service [req-538111ab-c7a8-402d-86d1-4b83f3e878f4 - - - - -] oslo_limit.service_type = None log_opt_values /usr/lib/python3/dist-packages/oslo_config/cfg.py:2609
2025-10-09 00:40:15.481 148632 DEBUG oslo_service.service [req-538111ab-c7a8-402d-86d1-4b83f3e878f4 - - - - -] oslo_limit.split_loggers = False log_opt_values /usr/lib/python3/dist-packages/oslo_config/cfg.py:2609
2025-10-09 00:40:15.481 148632 DEBUG oslo_service.service [req-538111ab-c7a8-402d-86d1-4b83f3e878f4 - - - - -] oslo_limit.status_code_retries = None log_opt_values /usr/lib/python3/dist-packages/oslo_config/cfg.py:2609
2025-10-09 00:40:15.481 148632 DEBUG oslo_service.service [req-538111ab-c7a8-402d-86d1-4b83f3e878f4 - - - - -] oslo_limit.status_code_retry_delay = None log_opt_values /usr/lib/python3/dist-packages/oslo_config/cfg.py:2609
2025-10-09 00:40:15.482 148632 DEBUG oslo_service.service [req-538111ab-c7a8-402d-86d1-4b83f3e878f4 - - - - -] oslo_limit.timeout = None log_opt_values /usr/lib/python3/dist-packages/oslo_config/cfg.py:2609
2025-10-09 00:40:15.482 148632 DEBUG oslo_service.service [req-538111ab-c7a8-402d-86d1-4b83f3e878f4 - - - - -] oslo_limit.valid_interfaces = None log_opt_values /usr/lib/python3/dist-packages/oslo_config/cfg.py:2609
2025-10-09 00:40:15.482 148632 DEBUG oslo_service.service [req-538111ab-c7a8-402d-86d1-4b83f3e878f4 - - - - -] oslo_limit.version = None log_opt_values /usr/lib/python3/dist-packages/oslo_config/cfg.py:2609
2025-10-09 00:40:15.482 148632 DEBUG oslo_service.service [req-538111ab-c7a8-402d-86d1-4b83f3e878f4 - - - - -] oslo_reports.file_event_handler = None log_opt_values /usr/lib/python3/dist-packages/oslo_config/cfg.py:2609
2025-10-09 00:40:15.482 148632 DEBUG oslo_service.service [req-538111ab-c7a8-402d-86d1-4b83f3e878f4 - - - - -] oslo_reports.file_event_handler_interval = 1 log_opt_values /usr/lib/python3/dist-packages/oslo_config/cfg.py:2609
2025-10-09 00:40:15.482 148632 DEBUG oslo_service.service [req-538111ab-c7a8-402d-86d1-4b83f3e878f4 - - - - -] oslo_reports.log_dir = None log_opt_values /usr/lib/python3/dist-packages/oslo_config/cfg.py:2609
2025-10-09 00:40:15.482 148632 DEBUG oslo_service.service [req-538111ab-c7a8-402d-86d1-4b83f3e878f4 - - - - -] ******************************************************************************** log_opt_values /usr/lib/python3/dist-packages/oslo_config/cfg.py:2613
2025-10-09 00:40:16.388 149764 DEBUG oslo_messaging._drivers.amqpdriver [-] AMQPListener connection timeout poll /usr/lib/python3/dist-packages/oslo_messaging/_drivers/amqpdriver.py:360
2025-10-09 00:40:16.389 149764 DEBUG oslo_messaging._drivers.amqpdriver [-] Listener is running poll /usr/lib/python3/dist-packages/oslo_messaging/_drivers/amqpdriver.py:343
2025-10-09 00:40:16.389 149764 DEBUG oslo_messaging._drivers.amqpdriver [-] AMQPListener connection consume poll /usr/lib/python3/dist-packages/oslo_messaging/_drivers/amqpdriver.py:357
2025-10-09 00:40:16.399 149765 DEBUG oslo_messaging._drivers.amqpdriver [-] AMQPListener connection timeout poll /usr/lib/python3/dist-packages/oslo_messaging/_drivers/amqpdriver.py:360
2025-10-09 00:40:16.400 149765 DEBUG oslo_messaging._drivers.amqpdriver [-] Listener is running poll /usr/lib/python3/dist-packages/oslo_messaging/_drivers/amqpdriver.py:343
2025-10-09 00:40:16.400 149765 DEBUG oslo_messaging._drivers.amqpdriver [-] AMQPListener connection consume poll /usr/lib/python3/dist-packages/oslo_messaging/_drivers/amqpdriver.py:357
2025-10-09 00:40:16.399 149766 DEBUG oslo_messaging._drivers.amqpdriver [-] AMQPListener connection timeout poll /usr/lib/python3/dist-packages/oslo_messaging/_drivers/amqpdriver.py:360
2025-10-09 00:40:16.400 149766 DEBUG oslo_messaging._drivers.amqpdriver [-] Listener is running poll /usr/lib/python3/dist-packages/oslo_messaging/_drivers/amqpdriver.py:343
2025-10-09 00:40:16.400 149766 DEBUG oslo_messaging._drivers.amqpdriver [-] AMQPListener connection consume poll /usr/lib/python3/dist-packages/oslo_messaging/_drivers/amqpdriver.py:357
2025-10-09 00:40:16.403 149767 DEBUG oslo_messaging._drivers.amqpdriver [-] AMQPListener connection timeout poll /usr/lib/python3/dist-packages/oslo_messaging/_drivers/amqpdriver.py:360
2025-10-09 00:40:16.403 149767 DEBUG oslo_messaging._drivers.amqpdriver [-] Listener is running poll /usr/lib/python3/dist-packages/oslo_messaging/_drivers/amqpdriver.py:343
2025-10-09 00:40:16.403 149767 DEBUG oslo_messaging._drivers.amqpdriver [-] AMQPListener connection consume poll /usr/lib/python3/dist-packages/oslo_messaging/_drivers/amqpdriver.py:357
2025-10-09 00:40:18.391 149764 DEBUG oslo_messaging._drivers.amqpdriver [-] AMQPListener connection timeout poll /usr/lib/python3/dist-packages/oslo_messaging/_drivers/amqpdriver.py:360
2025-10-09 00:40:18.391 149764 DEBUG oslo_messaging._drivers.amqpdriver [-] Listener is running poll /usr/lib/python3/dist-packages/oslo_messaging/_drivers/amqpdriver.py:343
2025-10-09 00:40:18.391 149764 DEBUG oslo_messaging._drivers.amqpdriver [-] AMQPListener connection consume poll /usr/lib/python3/dist-packages/oslo_messaging/_drivers/amqpdriver.py:357
2025-10-09 00:40:18.402 149765 DEBUG oslo_messaging._drivers.amqpdriver [-] AMQPListener connection timeout poll /usr/lib/python3/dist-packages/oslo_messaging/_drivers/amqpdriver.py:360
2025-10-09 00:40:18.402 149765 DEBUG oslo_messaging._drivers.amqpdriver [-] Listener is running poll /usr/lib/python3/dist-packages/oslo_messaging/_drivers/amqpdriver.py:343
2025-10-09 00:40:18.402 149765 DEBUG oslo_messaging._drivers.amqpdriver [-] AMQPListener connection consume poll /usr/lib/python3/dist-packages/oslo_messaging/_drivers/amqpdriver.py:357
2025-10-09 00:40:18.403 149766 DEBUG oslo_messaging._drivers.amqpdriver [-] AMQPListener connection timeout poll /usr/lib/python3/dist-packages/oslo_messaging/_drivers/amqpdriver.py:360
2025-10-09 00:40:18.403 149766 DEBUG oslo_messaging._drivers.amqpdriver [-] Listener is running poll /usr/lib/python3/dist-packages/oslo_messaging/_drivers/amqpdriver.py:343
2025-10-09 00:40:18.403 149766 DEBUG oslo_messaging._drivers.amqpdriver [-] AMQPListener connection consume poll /usr/lib/python3/dist-packages/oslo_messaging/_drivers/amqpdriver.py:357
2025-10-09 00:40:18.405 149767 DEBUG oslo_messaging._drivers.amqpdriver [-] AMQPListener connection timeout poll /usr/lib/python3/dist-packages/oslo_messaging/_drivers/amqpdriver.py:360
2025-10-09 00:40:18.406 149767 DEBUG oslo_messaging._drivers.amqpdriver [-] Listener is running poll /usr/lib/python3/dist-packages/oslo_messaging/_drivers/amqpdriver.py:343
2025-10-09 00:40:18.406 149767 DEBUG oslo_messaging._drivers.amqpdriver [-] AMQPListener connection consume poll /usr/lib/python3/dist-packages/oslo_messaging/_drivers/amqpdriver.py:357
2025-10-09 00:40:22.393 149764 DEBUG oslo_messaging._drivers.amqpdriver [-] AMQPListener connection timeout poll /usr/lib/python3/dist-packages/oslo_messaging/_drivers/amqpdriver.py:360
2025-10-09 00:40:22.393 149764 DEBUG oslo_messaging._drivers.amqpdriver [-] Listener is running poll /usr/lib/python3/dist-packages/oslo_messaging/_drivers/amqpdriver.py:343
2025-10-09 00:40:22.393 149764 DEBUG oslo_messaging._drivers.amqpdriver [-] AMQPListener connection consume poll /usr/lib/python3/dist-packages/oslo_messaging/_drivers/amqpdriver.py:357
2025-10-09 00:40:22.404 149765 DEBUG oslo_messaging._drivers.amqpdriver [-] AMQPListener connection timeout poll /usr/lib/python3/dist-packages/oslo_messaging/_drivers/amqpdriver.py:360
2025-10-09 00:40:22.405 149765 DEBUG oslo_messaging._drivers.amqpdriver [-] Listener is running poll /usr/lib/python3/dist-packages/oslo_messaging/_drivers/amqpdriver.py:343
2025-10-09 00:40:22.405 149765 DEBUG oslo_messaging._drivers.amqpdriver [-] AMQPListener connection consume poll /usr/lib/python3/dist-packages/oslo_messaging/_drivers/amqpdriver.py:357
2025-10-09 00:40:22.407 149766 DEBUG oslo_messaging._drivers.amqpdriver [-] AMQPListener connection timeout poll /usr/lib/python3/dist-packages/oslo_messaging/_drivers/amqpdriver.py:360
2025-10-09 00:40:22.407 149766 DEBUG oslo_messaging._drivers.amqpdriver [-] Listener is running poll /usr/lib/python3/dist-packages/oslo_messaging/_drivers/amqpdriver.py:343
2025-10-09 00:40:22.407 149766 DEBUG oslo_messaging._drivers.amqpdriver [-] AMQPListener connection consume poll /usr/lib/python3/dist-packages/oslo_messaging/_drivers/amqpdriver.py:357
2025-10-09 00:40:22.408 149767 DEBUG oslo_messaging._drivers.amqpdriver [-] AMQPListener connection timeout poll /usr/lib/python3/dist-packages/oslo_messaging/_drivers/amqpdriver.py:360
2025-10-09 00:40:22.409 149767 DEBUG oslo_messaging._drivers.amqpdriver [-] Listener is running poll /usr/lib/python3/dist-packages/oslo_messaging/_drivers/amqpdriver.py:343
2025-10-09 00:40:22.409 149767 DEBUG oslo_messaging._drivers.amqpdriver [-] AMQPListener connection consume poll /usr/lib/python3/dist-packages/oslo_messaging/_drivers/amqpdriver.py:357
2025-10-09 00:40:23.402 149767 DEBUG oslo_service.periodic_task [req-6b10dda0-b6f9-4f11-84d4-e790fab1087d - - - - -] Running periodic task SchedulerManager._discover_hosts_in_cells run_periodic_tasks /usr/lib/python3/dist-packages/oslo_service/periodic_task.py:210
2025-10-09 00:40:23.403 149767 DEBUG oslo_db.sqlalchemy.engines [req-6b10dda0-b6f9-4f11-84d4-e790fab1087d - - - - -] Parent process 148632 forked (149767) with an open database connection, which is being discarded and recreated. checkout /usr/lib/python3/dist-packages/oslo_db/sqlalchemy/engines.py:413
2025-10-09 00:40:23.410 149767 DEBUG oslo_concurrency.lockutils [req-6b10dda0-b6f9-4f11-84d4-e790fab1087d - - - - -] Lock "16db7880-419d-4f4b-b913-5eb49e12086d" acquired by "nova.context.set_target_cell..get_or_set_cached_cell_and_set_connections" :: waited 0.000s inner /usr/lib/python3/dist-packages/oslo_concurrency/lockutils.py:386
2025-10-09 00:40:23.412 149767 DEBUG oslo_concurrency.lockutils [req-6b10dda0-b6f9-4f11-84d4-e790fab1087d - - - - -] Lock "16db7880-419d-4f4b-b913-5eb49e12086d" "released" by "nova.context.set_target_cell..get_or_set_cached_cell_and_set_connections" :: held 0.002s inner /usr/lib/python3/dist-packages/oslo_concurrency/lockutils.py:400
2025-10-09 00:40:23.417 149767 DEBUG oslo_db.sqlalchemy.engines [req-6b10dda0-b6f9-4f11-84d4-e790fab1087d - - - - -] MySQL server mode set to STRICT_TRANS_TABLES,STRICT_ALL_TABLES,NO_ZERO_IN_DATE,NO_ZERO_DATE,ERROR_FOR_DIVISION_BY_ZERO,TRADITIONAL,NO_ENGINE_SUBSTITUTION _check_effective_sql_mode /usr/lib/python3/dist-packages/oslo_db/sqlalchemy/engines.py:314
2025-10-09 00:40:23.470 149767 INFO nova.scheduler.manager [req-6b10dda0-b6f9-4f11-84d4-e790fab1087d - - - - -] Discovered 1 new hosts: cell1:cn-jenkins-deploy-platform-juju-os-585-1
2025-10-09 00:40:26.389 149764 DEBUG oslo_service.periodic_task [req-5c7b8e3a-cc84-40a2-aa3a-4929a8119dde - - - - -] Running periodic task SchedulerManager._discover_hosts_in_cells run_periodic_tasks /usr/lib/python3/dist-packages/oslo_service/periodic_task.py:210
2025-10-09 00:40:26.390 149764 DEBUG oslo_db.sqlalchemy.engines [req-5c7b8e3a-cc84-40a2-aa3a-4929a8119dde - - - - -] Parent process 148632 forked (149764) with an open database connection, which is being discarded and recreated. checkout /usr/lib/python3/dist-packages/oslo_db/sqlalchemy/engines.py:413
2025-10-09 00:40:26.396 149764 DEBUG oslo_concurrency.lockutils [req-5c7b8e3a-cc84-40a2-aa3a-4929a8119dde - - - - -] Lock "16db7880-419d-4f4b-b913-5eb49e12086d" acquired by "nova.context.set_target_cell..get_or_set_cached_cell_and_set_connections" :: waited 0.000s inner /usr/lib/python3/dist-packages/oslo_concurrency/lockutils.py:386
2025-10-09 00:40:26.398 149764 DEBUG oslo_concurrency.lockutils [req-5c7b8e3a-cc84-40a2-aa3a-4929a8119dde - - - - -] Lock "16db7880-419d-4f4b-b913-5eb49e12086d" "released" by "nova.context.set_target_cell..get_or_set_cached_cell_and_set_connections" :: held 0.002s inner /usr/lib/python3/dist-packages/oslo_concurrency/lockutils.py:400
2025-10-09 00:40:26.403 149764 DEBUG oslo_db.sqlalchemy.engines [req-5c7b8e3a-cc84-40a2-aa3a-4929a8119dde - - - - -] MySQL server mode set to STRICT_TRANS_TABLES,STRICT_ALL_TABLES,NO_ZERO_IN_DATE,NO_ZERO_DATE,ERROR_FOR_DIVISION_BY_ZERO,TRADITIONAL,NO_ENGINE_SUBSTITUTION _check_effective_sql_mode /usr/lib/python3/dist-packages/oslo_db/sqlalchemy/engines.py:314
2025-10-09 00:40:30.395 149764 DEBUG oslo_messaging._drivers.amqpdriver [-] AMQPListener connection timeout poll /usr/lib/python3/dist-packages/oslo_messaging/_drivers/amqpdriver.py:360
2025-10-09 00:40:30.395 149764 DEBUG oslo_messaging._drivers.amqpdriver [-] Listener is running poll /usr/lib/python3/dist-packages/oslo_messaging/_drivers/amqpdriver.py:343
2025-10-09 00:40:30.395 149764 DEBUG oslo_messaging._drivers.amqpdriver [-] AMQPListener connection consume poll /usr/lib/python3/dist-packages/oslo_messaging/_drivers/amqpdriver.py:357
2025-10-09 00:40:30.406 149765 DEBUG oslo_messaging._drivers.amqpdriver [-] AMQPListener connection timeout poll /usr/lib/python3/dist-packages/oslo_messaging/_drivers/amqpdriver.py:360
2025-10-09 00:40:30.406 149765 DEBUG oslo_messaging._drivers.amqpdriver [-] Listener is running poll /usr/lib/python3/dist-packages/oslo_messaging/_drivers/amqpdriver.py:343
2025-10-09 00:40:30.406 149765 DEBUG oslo_messaging._drivers.amqpdriver [-] AMQPListener connection consume poll /usr/lib/python3/dist-packages/oslo_messaging/_drivers/amqpdriver.py:357
2025-10-09 00:40:30.408 149766 DEBUG oslo_messaging._drivers.amqpdriver [-] AMQPListener connection timeout poll /usr/lib/python3/dist-packages/oslo_messaging/_drivers/amqpdriver.py:360
2025-10-09 00:40:30.408 149766 DEBUG oslo_messaging._drivers.amqpdriver [-] Listener is running poll /usr/lib/python3/dist-packages/oslo_messaging/_drivers/amqpdriver.py:343
2025-10-09 00:40:30.408 149766 DEBUG oslo_messaging._drivers.amqpdriver [-] AMQPListener connection consume poll /usr/lib/python3/dist-packages/oslo_messaging/_drivers/amqpdriver.py:357
2025-10-09 00:40:30.410 149767 DEBUG oslo_messaging._drivers.amqpdriver [-] AMQPListener connection timeout poll /usr/lib/python3/dist-packages/oslo_messaging/_drivers/amqpdriver.py:360
2025-10-09 00:40:30.410 149767 DEBUG oslo_messaging._drivers.amqpdriver [-] Listener is running poll /usr/lib/python3/dist-packages/oslo_messaging/_drivers/amqpdriver.py:343
2025-10-09 00:40:30.410 149767 DEBUG oslo_messaging._drivers.amqpdriver [-] AMQPListener connection consume poll /usr/lib/python3/dist-packages/oslo_messaging/_drivers/amqpdriver.py:357
2025-10-09 00:40:47.399 149765 DEBUG oslo_service.periodic_task [req-66932a58-035d-4659-a525-9429a7ef6cec - - - - -] Running periodic task SchedulerManager._discover_hosts_in_cells run_periodic_tasks /usr/lib/python3/dist-packages/oslo_service/periodic_task.py:210
2025-10-09 00:40:47.400 149765 DEBUG oslo_db.sqlalchemy.engines [req-66932a58-035d-4659-a525-9429a7ef6cec - - - - -] Parent process 148632 forked (149765) with an open database connection, which is being discarded and recreated. checkout /usr/lib/python3/dist-packages/oslo_db/sqlalchemy/engines.py:413
2025-10-09 00:40:47.407 149765 DEBUG oslo_concurrency.lockutils [req-66932a58-035d-4659-a525-9429a7ef6cec - - - - -] Lock "16db7880-419d-4f4b-b913-5eb49e12086d" acquired by "nova.context.set_target_cell..get_or_set_cached_cell_and_set_connections" :: waited 0.000s inner /usr/lib/python3/dist-packages/oslo_concurrency/lockutils.py:386
2025-10-09 00:40:47.408 149765 DEBUG oslo_concurrency.lockutils [req-66932a58-035d-4659-a525-9429a7ef6cec - - - - -] Lock "16db7880-419d-4f4b-b913-5eb49e12086d" "released" by "nova.context.set_target_cell..get_or_set_cached_cell_and_set_connections" :: held 0.002s inner /usr/lib/python3/dist-packages/oslo_concurrency/lockutils.py:400
2025-10-09 00:40:47.413 149765 DEBUG oslo_db.sqlalchemy.engines [req-66932a58-035d-4659-a525-9429a7ef6cec - - - - -] MySQL server mode set to STRICT_TRANS_TABLES,STRICT_ALL_TABLES,NO_ZERO_IN_DATE,NO_ZERO_DATE,ERROR_FOR_DIVISION_BY_ZERO,TRADITIONAL,NO_ENGINE_SUBSTITUTION _check_effective_sql_mode /usr/lib/python3/dist-packages/oslo_db/sqlalchemy/engines.py:314
2025-10-09 00:40:49.400 149766 DEBUG oslo_service.periodic_task [req-9972fdec-e22f-40dc-aded-21226e7a0465 - - - - -] Running periodic task SchedulerManager._discover_hosts_in_cells run_periodic_tasks /usr/lib/python3/dist-packages/oslo_service/periodic_task.py:210
2025-10-09 00:40:49.401 149766 DEBUG oslo_db.sqlalchemy.engines [req-9972fdec-e22f-40dc-aded-21226e7a0465 - - - - -] Parent process 148632 forked (149766) with an open database connection, which is being discarded and recreated. checkout /usr/lib/python3/dist-packages/oslo_db/sqlalchemy/engines.py:413
2025-10-09 00:40:49.410 149766 DEBUG oslo_concurrency.lockutils [req-9972fdec-e22f-40dc-aded-21226e7a0465 - - - - -] Lock "16db7880-419d-4f4b-b913-5eb49e12086d" acquired by "nova.context.set_target_cell..get_or_set_cached_cell_and_set_connections" :: waited 0.000s inner /usr/lib/python3/dist-packages/oslo_concurrency/lockutils.py:386
2025-10-09 00:40:49.412 149766 DEBUG oslo_concurrency.lockutils [req-9972fdec-e22f-40dc-aded-21226e7a0465 - - - - -] Lock "16db7880-419d-4f4b-b913-5eb49e12086d" "released" by "nova.context.set_target_cell..get_or_set_cached_cell_and_set_connections" :: held 0.002s inner /usr/lib/python3/dist-packages/oslo_concurrency/lockutils.py:400
2025-10-09 00:40:49.419 149766 DEBUG oslo_db.sqlalchemy.engines [req-9972fdec-e22f-40dc-aded-21226e7a0465 - - - - -] MySQL server mode set to STRICT_TRANS_TABLES,STRICT_ALL_TABLES,NO_ZERO_IN_DATE,NO_ZERO_DATE,ERROR_FOR_DIVISION_BY_ZERO,TRADITIONAL,NO_ENGINE_SUBSTITUTION _check_effective_sql_mode /usr/lib/python3/dist-packages/oslo_db/sqlalchemy/engines.py:314
2025-10-09 00:40:53.473 149767 DEBUG oslo_service.periodic_task [req-6b10dda0-b6f9-4f11-84d4-e790fab1087d - - - - -] Running periodic task SchedulerManager._discover_hosts_in_cells run_periodic_tasks /usr/lib/python3/dist-packages/oslo_service/periodic_task.py:210
2025-10-09 00:40:53.478 149767 DEBUG oslo_concurrency.lockutils [req-e8851f95-a170-46d7-ac5e-3552352a2eca - - - - -] Lock "16db7880-419d-4f4b-b913-5eb49e12086d" acquired by "nova.context.set_target_cell..get_or_set_cached_cell_and_set_connections" :: waited 0.000s inner /usr/lib/python3/dist-packages/oslo_concurrency/lockutils.py:386
2025-10-09 00:40:53.478 149767 DEBUG oslo_concurrency.lockutils [req-e8851f95-a170-46d7-ac5e-3552352a2eca - - - - -] Lock "16db7880-419d-4f4b-b913-5eb49e12086d" "released" by "nova.context.set_target_cell..get_or_set_cached_cell_and_set_connections" :: held 0.000s inner /usr/lib/python3/dist-packages/oslo_concurrency/lockutils.py:400
2025-10-09 00:40:56.420 149764 DEBUG oslo_service.periodic_task [req-5c7b8e3a-cc84-40a2-aa3a-4929a8119dde - - - - -] Running periodic task SchedulerManager._discover_hosts_in_cells run_periodic_tasks /usr/lib/python3/dist-packages/oslo_service/periodic_task.py:210
2025-10-09 00:40:56.425 149764 DEBUG oslo_concurrency.lockutils [req-250157ce-195a-461d-9bcd-01454158c207 - - - - -] Lock "16db7880-419d-4f4b-b913-5eb49e12086d" acquired by "nova.context.set_target_cell..get_or_set_cached_cell_and_set_connections" :: waited 0.000s inner /usr/lib/python3/dist-packages/oslo_concurrency/lockutils.py:386
2025-10-09 00:40:56.425 149764 DEBUG oslo_concurrency.lockutils [req-250157ce-195a-461d-9bcd-01454158c207 - - - - -] Lock "16db7880-419d-4f4b-b913-5eb49e12086d" "released" by "nova.context.set_target_cell..get_or_set_cached_cell_and_set_connections" :: held 0.000s inner /usr/lib/python3/dist-packages/oslo_concurrency/lockutils.py:400
2025-10-09 00:41:00.359 149764 DEBUG oslo_messaging._drivers.amqpdriver [-] AMQPListener connection timeout poll /usr/lib/python3/dist-packages/oslo_messaging/_drivers/amqpdriver.py:360
2025-10-09 00:41:00.359 149764 DEBUG oslo_messaging._drivers.amqpdriver [-] Listener is running poll /usr/lib/python3/dist-packages/oslo_messaging/_drivers/amqpdriver.py:343
2025-10-09 00:41:00.359 149764 DEBUG oslo_messaging._drivers.amqpdriver [-] AMQPListener connection consume poll /usr/lib/python3/dist-packages/oslo_messaging/_drivers/amqpdriver.py:357
2025-10-09 00:41:00.385 149765 DEBUG oslo_messaging._drivers.amqpdriver [-] AMQPListener connection timeout poll /usr/lib/python3/dist-packages/oslo_messaging/_drivers/amqpdriver.py:360
2025-10-09 00:41:00.385 149765 DEBUG oslo_messaging._drivers.amqpdriver [-] Listener is running poll /usr/lib/python3/dist-packages/oslo_messaging/_drivers/amqpdriver.py:343
2025-10-09 00:41:00.385 149765 DEBUG oslo_messaging._drivers.amqpdriver [-] AMQPListener connection consume poll /usr/lib/python3/dist-packages/oslo_messaging/_drivers/amqpdriver.py:357
2025-10-09 00:41:00.385 149766 DEBUG oslo_messaging._drivers.amqpdriver [-] AMQPListener connection timeout poll /usr/lib/python3/dist-packages/oslo_messaging/_drivers/amqpdriver.py:360
2025-10-09 00:41:00.386 149766 DEBUG oslo_messaging._drivers.amqpdriver [-] Listener is running poll /usr/lib/python3/dist-packages/oslo_messaging/_drivers/amqpdriver.py:343
2025-10-09 00:41:00.386 149766 DEBUG oslo_messaging._drivers.amqpdriver [-] AMQPListener connection consume poll /usr/lib/python3/dist-packages/oslo_messaging/_drivers/amqpdriver.py:357
2025-10-09 00:41:00.386 149767 DEBUG oslo_messaging._drivers.amqpdriver [-] AMQPListener connection timeout poll /usr/lib/python3/dist-packages/oslo_messaging/_drivers/amqpdriver.py:360
2025-10-09 00:41:00.387 149767 DEBUG oslo_messaging._drivers.amqpdriver [-] Listener is running poll /usr/lib/python3/dist-packages/oslo_messaging/_drivers/amqpdriver.py:343
2025-10-09 00:41:00.387 149767 DEBUG oslo_messaging._drivers.amqpdriver [-] AMQPListener connection consume poll /usr/lib/python3/dist-packages/oslo_messaging/_drivers/amqpdriver.py:357
2025-10-09 00:41:17.425 149765 DEBUG oslo_service.periodic_task [req-66932a58-035d-4659-a525-9429a7ef6cec - - - - -] Running periodic task SchedulerManager._discover_hosts_in_cells run_periodic_tasks /usr/lib/python3/dist-packages/oslo_service/periodic_task.py:210
2025-10-09 00:41:17.430 149765 DEBUG oslo_concurrency.lockutils [req-5af51eaf-e938-4cd0-b84a-73c3e1cbf920 - - - - -] Lock "16db7880-419d-4f4b-b913-5eb49e12086d" acquired by "nova.context.set_target_cell..get_or_set_cached_cell_and_set_connections" :: waited 0.000s inner /usr/lib/python3/dist-packages/oslo_concurrency/lockutils.py:386
2025-10-09 00:41:17.430 149765 DEBUG oslo_concurrency.lockutils [req-5af51eaf-e938-4cd0-b84a-73c3e1cbf920 - - - - -] Lock "16db7880-419d-4f4b-b913-5eb49e12086d" "released" by "nova.context.set_target_cell..get_or_set_cached_cell_and_set_connections" :: held 0.000s inner /usr/lib/python3/dist-packages/oslo_concurrency/lockutils.py:400
2025-10-09 00:41:19.437 149766 DEBUG oslo_service.periodic_task [req-9972fdec-e22f-40dc-aded-21226e7a0465 - - - - -] Running periodic task SchedulerManager._discover_hosts_in_cells run_periodic_tasks /usr/lib/python3/dist-packages/oslo_service/periodic_task.py:210
2025-10-09 00:41:19.441 149766 DEBUG oslo_concurrency.lockutils [req-61f446b7-708a-49d7-b2e5-e12ff3d4599f - - - - -] Lock "16db7880-419d-4f4b-b913-5eb49e12086d" acquired by "nova.context.set_target_cell..get_or_set_cached_cell_and_set_connections" :: waited 0.000s inner /usr/lib/python3/dist-packages/oslo_concurrency/lockutils.py:386
2025-10-09 00:41:19.442 149766 DEBUG oslo_concurrency.lockutils [req-61f446b7-708a-49d7-b2e5-e12ff3d4599f - - - - -] Lock "16db7880-419d-4f4b-b913-5eb49e12086d" "released" by "nova.context.set_target_cell..get_or_set_cached_cell_and_set_connections" :: held 0.000s inner /usr/lib/python3/dist-packages/oslo_concurrency/lockutils.py:400
2025-10-09 00:41:24.404 149767 DEBUG oslo_service.periodic_task [req-e8851f95-a170-46d7-ac5e-3552352a2eca - - - - -] Running periodic task SchedulerManager._discover_hosts_in_cells run_periodic_tasks /usr/lib/python3/dist-packages/oslo_service/periodic_task.py:210
2025-10-09 00:41:24.408 149767 DEBUG oslo_concurrency.lockutils [req-5e406c0d-7c52-4eb0-8156-6d18f8107c14 - - - - -] Lock "16db7880-419d-4f4b-b913-5eb49e12086d" acquired by "nova.context.set_target_cell..get_or_set_cached_cell_and_set_connections" :: waited 0.000s inner /usr/lib/python3/dist-packages/oslo_concurrency/lockutils.py:386
2025-10-09 00:41:24.409 149767 DEBUG oslo_concurrency.lockutils [req-5e406c0d-7c52-4eb0-8156-6d18f8107c14 - - - - -] Lock "16db7880-419d-4f4b-b913-5eb49e12086d" "released" by "nova.context.set_target_cell..get_or_set_cached_cell_and_set_connections" :: held 0.000s inner /usr/lib/python3/dist-packages/oslo_concurrency/lockutils.py:400
2025-10-09 00:41:27.390 149764 DEBUG oslo_service.periodic_task [req-250157ce-195a-461d-9bcd-01454158c207 - - - - -] Running periodic task SchedulerManager._discover_hosts_in_cells run_periodic_tasks /usr/lib/python3/dist-packages/oslo_service/periodic_task.py:210
2025-10-09 00:41:27.394 149764 DEBUG oslo_concurrency.lockutils [req-a1347455-e756-41aa-be72-00738a98554f - - - - -] Lock "16db7880-419d-4f4b-b913-5eb49e12086d" acquired by "nova.context.set_target_cell..get_or_set_cached_cell_and_set_connections" :: waited 0.000s inner /usr/lib/python3/dist-packages/oslo_concurrency/lockutils.py:386
2025-10-09 00:41:27.394 149764 DEBUG oslo_concurrency.lockutils [req-a1347455-e756-41aa-be72-00738a98554f - - - - -] Lock "16db7880-419d-4f4b-b913-5eb49e12086d" "released" by "nova.context.set_target_cell..get_or_set_cached_cell_and_set_connections" :: held 0.000s inner /usr/lib/python3/dist-packages/oslo_concurrency/lockutils.py:400
2025-10-09 00:41:32.362 149764 DEBUG oslo_messaging._drivers.amqpdriver [-] AMQPListener connection timeout poll /usr/lib/python3/dist-packages/oslo_messaging/_drivers/amqpdriver.py:360
2025-10-09 00:41:32.362 149764 DEBUG oslo_messaging._drivers.amqpdriver [-] Listener is running poll /usr/lib/python3/dist-packages/oslo_messaging/_drivers/amqpdriver.py:343
2025-10-09 00:41:32.362 149764 DEBUG oslo_messaging._drivers.amqpdriver [-] AMQPListener connection consume poll /usr/lib/python3/dist-packages/oslo_messaging/_drivers/amqpdriver.py:357
2025-10-09 00:41:32.388 149765 DEBUG oslo_messaging._drivers.amqpdriver [-] AMQPListener connection timeout poll /usr/lib/python3/dist-packages/oslo_messaging/_drivers/amqpdriver.py:360
2025-10-09 00:41:32.388 149765 DEBUG oslo_messaging._drivers.amqpdriver [-] Listener is running poll /usr/lib/python3/dist-packages/oslo_messaging/_drivers/amqpdriver.py:343
2025-10-09 00:41:32.388 149765 DEBUG oslo_messaging._drivers.amqpdriver [-] AMQPListener connection consume poll /usr/lib/python3/dist-packages/oslo_messaging/_drivers/amqpdriver.py:357
2025-10-09 00:41:32.389 149767 DEBUG oslo_messaging._drivers.amqpdriver [-] AMQPListener connection timeout poll /usr/lib/python3/dist-packages/oslo_messaging/_drivers/amqpdriver.py:360
2025-10-09 00:41:32.389 149766 DEBUG oslo_messaging._drivers.amqpdriver [-] AMQPListener connection timeout poll /usr/lib/python3/dist-packages/oslo_messaging/_drivers/amqpdriver.py:360
2025-10-09 00:41:32.389 149767 DEBUG oslo_messaging._drivers.amqpdriver [-] Listener is running poll /usr/lib/python3/dist-packages/oslo_messaging/_drivers/amqpdriver.py:343
2025-10-09 00:41:32.389 149766 DEBUG oslo_messaging._drivers.amqpdriver [-] Listener is running poll /usr/lib/python3/dist-packages/oslo_messaging/_drivers/amqpdriver.py:343
2025-10-09 00:41:32.389 149766 DEBUG oslo_messaging._drivers.amqpdriver [-] AMQPListener connection consume poll /usr/lib/python3/dist-packages/oslo_messaging/_drivers/amqpdriver.py:357
2025-10-09 00:41:32.389 149767 DEBUG oslo_messaging._drivers.amqpdriver [-] AMQPListener connection consume poll /usr/lib/python3/dist-packages/oslo_messaging/_drivers/amqpdriver.py:357
2025-10-09 00:41:47.435 149765 DEBUG oslo_service.periodic_task [req-5af51eaf-e938-4cd0-b84a-73c3e1cbf920 - - - - -] Running periodic task SchedulerManager._discover_hosts_in_cells run_periodic_tasks /usr/lib/python3/dist-packages/oslo_service/periodic_task.py:210
2025-10-09 00:41:47.439 149765 DEBUG oslo_concurrency.lockutils [req-1e25c101-12d9-4dce-b63f-485f4516b1b8 - - - - -] Lock "16db7880-419d-4f4b-b913-5eb49e12086d" acquired by "nova.context.set_target_cell..get_or_set_cached_cell_and_set_connections" :: waited 0.000s inner /usr/lib/python3/dist-packages/oslo_concurrency/lockutils.py:386
2025-10-09 00:41:47.440 149765 DEBUG oslo_concurrency.lockutils [req-1e25c101-12d9-4dce-b63f-485f4516b1b8 - - - - -] Lock "16db7880-419d-4f4b-b913-5eb49e12086d" "released" by "nova.context.set_target_cell..get_or_set_cached_cell_and_set_connections" :: held 0.000s inner /usr/lib/python3/dist-packages/oslo_concurrency/lockutils.py:400
2025-10-09 00:41:48.868 149766 DEBUG oslo_messaging._drivers.amqpdriver [-] received message with unique_id: 492b4b9b05174c0590ce4e42ed5a6596 __call__ /usr/lib/python3/dist-packages/oslo_messaging/_drivers/amqpdriver.py:324
2025-10-09 00:41:48.868 149767 DEBUG oslo_messaging._drivers.amqpdriver [-] received message with unique_id: 492b4b9b05174c0590ce4e42ed5a6596 __call__ /usr/lib/python3/dist-packages/oslo_messaging/_drivers/amqpdriver.py:324
2025-10-09 00:41:48.868 149765 DEBUG oslo_messaging._drivers.amqpdriver [-] received message with unique_id: 492b4b9b05174c0590ce4e42ed5a6596 __call__ /usr/lib/python3/dist-packages/oslo_messaging/_drivers/amqpdriver.py:324
