2025-10-09 00:42:55.041 185676 DEBUG oslo_service.service [req-aebe3148-de94-4a22-9752-bd05cdb8b210 - - - - -] cert = self.pem log_opt_values /usr/lib/python3/dist-packages/oslo_config/cfg.py:2602
2025-10-09 00:42:55.040 185991 INFO nova.service [-] Starting scheduler node (version 25.2.1)
2025-10-09 00:42:55.041 185676 DEBUG oslo_service.service [req-aebe3148-de94-4a22-9752-bd05cdb8b210 - - - - -] compute_driver = libvirt.LibvirtDriver log_opt_values /usr/lib/python3/dist-packages/oslo_config/cfg.py:2602
2025-10-09 00:42:55.041 185676 DEBUG oslo_service.service [req-aebe3148-de94-4a22-9752-bd05cdb8b210 - - - - -] compute_monitors = [] log_opt_values /usr/lib/python3/dist-packages/oslo_config/cfg.py:2602
2025-10-09 00:42:55.041 185676 DEBUG oslo_service.service [req-aebe3148-de94-4a22-9752-bd05cdb8b210 - - - - -] config_dir = [] log_opt_values /usr/lib/python3/dist-packages/oslo_config/cfg.py:2602
2025-10-09 00:42:55.041 185676 DEBUG oslo_service.service [req-aebe3148-de94-4a22-9752-bd05cdb8b210 - - - - -] config_drive_format = iso9660 log_opt_values /usr/lib/python3/dist-packages/oslo_config/cfg.py:2602
2025-10-09 00:42:55.042 185676 DEBUG oslo_service.service [req-aebe3148-de94-4a22-9752-bd05cdb8b210 - - - - -] config_file = ['/etc/nova/nova.conf'] log_opt_values /usr/lib/python3/dist-packages/oslo_config/cfg.py:2602
2025-10-09 00:42:55.042 185676 DEBUG oslo_service.service [req-aebe3148-de94-4a22-9752-bd05cdb8b210 - - - - -] config_source = [] log_opt_values /usr/lib/python3/dist-packages/oslo_config/cfg.py:2602
2025-10-09 00:42:55.042 185676 DEBUG oslo_service.service [req-aebe3148-de94-4a22-9752-bd05cdb8b210 - - - - -] console_host = juju-dab6fa-0-lxd-7 log_opt_values /usr/lib/python3/dist-packages/oslo_config/cfg.py:2602
2025-10-09 00:42:55.042 185676 DEBUG oslo_service.service [req-aebe3148-de94-4a22-9752-bd05cdb8b210 - - - - -] control_exchange = nova log_opt_values /usr/lib/python3/dist-packages/oslo_config/cfg.py:2602
2025-10-09 00:42:55.042 185676 DEBUG oslo_service.service [req-aebe3148-de94-4a22-9752-bd05cdb8b210 - - - - -] cpu_allocation_ratio = 2.0 log_opt_values /usr/lib/python3/dist-packages/oslo_config/cfg.py:2602
2025-10-09 00:42:55.043 185676 DEBUG oslo_service.service [req-aebe3148-de94-4a22-9752-bd05cdb8b210 - - - - -] daemon = False log_opt_values /usr/lib/python3/dist-packages/oslo_config/cfg.py:2602
2025-10-09 00:42:55.042 185989 DEBUG oslo_db.sqlalchemy.engines [req-0e16a99f-819f-4abb-9036-0107e4bf8aeb - - - - -] MySQL server mode set to STRICT_TRANS_TABLES,STRICT_ALL_TABLES,NO_ZERO_IN_DATE,NO_ZERO_DATE,ERROR_FOR_DIVISION_BY_ZERO,TRADITIONAL,NO_ENGINE_SUBSTITUTION _check_effective_sql_mode /usr/lib/python3/dist-packages/oslo_db/sqlalchemy/engines.py:314
2025-10-09 00:42:55.043 185676 DEBUG oslo_service.service [req-aebe3148-de94-4a22-9752-bd05cdb8b210 - - - - -] debug = True log_opt_values /usr/lib/python3/dist-packages/oslo_config/cfg.py:2602
2025-10-09 00:42:55.043 185676 DEBUG oslo_service.service [req-aebe3148-de94-4a22-9752-bd05cdb8b210 - - - - -] default_access_ip_network_name = None log_opt_values /usr/lib/python3/dist-packages/oslo_config/cfg.py:2602
2025-10-09 00:42:55.043 185676 DEBUG oslo_service.service [req-aebe3148-de94-4a22-9752-bd05cdb8b210 - - - - -] default_availability_zone = nova log_opt_values /usr/lib/python3/dist-packages/oslo_config/cfg.py:2602
2025-10-09 00:42:55.043 185676 DEBUG oslo_service.service [req-aebe3148-de94-4a22-9752-bd05cdb8b210 - - - - -] default_ephemeral_format = None log_opt_values /usr/lib/python3/dist-packages/oslo_config/cfg.py:2602
2025-10-09 00:42:55.044 185676 DEBUG oslo_service.service [req-aebe3148-de94-4a22-9752-bd05cdb8b210 - - - - -] default_log_levels = ['amqp=WARN', 'amqplib=WARN', 'boto=WARN', 'qpid=WARN', 'sqlalchemy=WARN', 'suds=INFO', 'oslo.messaging=INFO', 'oslo_messaging=DEBUG', 'iso8601=WARN', 'requests.packages.urllib3.connectionpool=WARN', 'urllib3.connectionpool=WARN', 'websocket=WARN', 'requests.packages.urllib3.util.retry=WARN', 'urllib3.util.retry=WARN', 'keystonemiddleware=WARN', 'routes.middleware=WARN', 'stevedore=WARN', 'taskflow=WARN', 'keystoneauth=WARN', 'oslo.cache=INFO', 'dogpile.core.dogpile=INFO', 'glanceclient=WARN', 'oslo.privsep.daemon=INFO'] log_opt_values /usr/lib/python3/dist-packages/oslo_config/cfg.py:2602
2025-10-09 00:42:55.044 185676 DEBUG oslo_service.service [req-aebe3148-de94-4a22-9752-bd05cdb8b210 - - - - -] default_schedule_zone = None log_opt_values /usr/lib/python3/dist-packages/oslo_config/cfg.py:2602
2025-10-09 00:42:55.044 185676 DEBUG oslo_service.service [req-aebe3148-de94-4a22-9752-bd05cdb8b210 - - - - -] disk_allocation_ratio = 1.0 log_opt_values /usr/lib/python3/dist-packages/oslo_config/cfg.py:2602
2025-10-09 00:42:55.044 185676 DEBUG oslo_service.service [req-aebe3148-de94-4a22-9752-bd05cdb8b210 - - - - -] enable_new_services = True log_opt_values /usr/lib/python3/dist-packages/oslo_config/cfg.py:2602
2025-10-09 00:42:55.044 185676 DEBUG oslo_service.service [req-aebe3148-de94-4a22-9752-bd05cdb8b210 - - - - -] enabled_apis = ['osapi_compute', 'metadata'] log_opt_values /usr/lib/python3/dist-packages/oslo_config/cfg.py:2602
2025-10-09 00:42:55.045 185676 DEBUG oslo_service.service [req-aebe3148-de94-4a22-9752-bd05cdb8b210 - - - - -] enabled_ssl_apis = [] log_opt_values /usr/lib/python3/dist-packages/oslo_config/cfg.py:2602
2025-10-09 00:42:55.045 185676 DEBUG oslo_service.service [req-aebe3148-de94-4a22-9752-bd05cdb8b210 - - - - -] fatal_deprecations = False log_opt_values /usr/lib/python3/dist-packages/oslo_config/cfg.py:2602
2025-10-09 00:42:55.045 185676 DEBUG oslo_service.service [req-aebe3148-de94-4a22-9752-bd05cdb8b210 - - - - -] flat_injected = False log_opt_values /usr/lib/python3/dist-packages/oslo_config/cfg.py:2602
2025-10-09 00:42:55.045 185676 DEBUG oslo_service.service [req-aebe3148-de94-4a22-9752-bd05cdb8b210 - - - - -] force_config_drive = False log_opt_values /usr/lib/python3/dist-packages/oslo_config/cfg.py:2602
2025-10-09 00:42:55.045 185676 DEBUG oslo_service.service [req-aebe3148-de94-4a22-9752-bd05cdb8b210 - - - - -] force_raw_images = True log_opt_values /usr/lib/python3/dist-packages/oslo_config/cfg.py:2602
2025-10-09 00:42:55.045 185676 DEBUG oslo_service.service [req-aebe3148-de94-4a22-9752-bd05cdb8b210 - - - - -] graceful_shutdown_timeout = 60 log_opt_values /usr/lib/python3/dist-packages/oslo_config/cfg.py:2602
2025-10-09 00:42:55.046 185676 DEBUG oslo_service.service [req-aebe3148-de94-4a22-9752-bd05cdb8b210 - - - - -] heal_instance_info_cache_interval = 60 log_opt_values /usr/lib/python3/dist-packages/oslo_config/cfg.py:2602
2025-10-09 00:42:55.046 185990 DEBUG oslo_db.sqlalchemy.engines [req-76bf058e-59b8-4969-8210-69907cff6be8 - - - - -] MySQL server mode set to STRICT_TRANS_TABLES,STRICT_ALL_TABLES,NO_ZERO_IN_DATE,NO_ZERO_DATE,ERROR_FOR_DIVISION_BY_ZERO,TRADITIONAL,NO_ENGINE_SUBSTITUTION _check_effective_sql_mode /usr/lib/python3/dist-packages/oslo_db/sqlalchemy/engines.py:314
2025-10-09 00:42:55.046 185676 DEBUG oslo_service.service [req-aebe3148-de94-4a22-9752-bd05cdb8b210 - - - - -] host = juju-dab6fa-0-lxd-7 log_opt_values /usr/lib/python3/dist-packages/oslo_config/cfg.py:2602
2025-10-09 00:42:55.046 185676 DEBUG oslo_service.service [req-aebe3148-de94-4a22-9752-bd05cdb8b210 - - - - -] initial_cpu_allocation_ratio = 16.0 log_opt_values /usr/lib/python3/dist-packages/oslo_config/cfg.py:2602
2025-10-09 00:42:55.046 185676 DEBUG oslo_service.service [req-aebe3148-de94-4a22-9752-bd05cdb8b210 - - - - -] initial_disk_allocation_ratio = 1.0 log_opt_values /usr/lib/python3/dist-packages/oslo_config/cfg.py:2602
2025-10-09 00:42:55.047 185676 DEBUG oslo_service.service [req-aebe3148-de94-4a22-9752-bd05cdb8b210 - - - - -] initial_ram_allocation_ratio = 1.5 log_opt_values /usr/lib/python3/dist-packages/oslo_config/cfg.py:2602
2025-10-09 00:42:55.047 185676 DEBUG oslo_service.service [req-aebe3148-de94-4a22-9752-bd05cdb8b210 - - - - -] injected_network_template = /usr/lib/python3/dist-packages/nova/virt/interfaces.template log_opt_values /usr/lib/python3/dist-packages/oslo_config/cfg.py:2602
2025-10-09 00:42:55.047 185676 DEBUG oslo_service.service [req-aebe3148-de94-4a22-9752-bd05cdb8b210 - - - - -] instance_build_timeout = 0 log_opt_values /usr/lib/python3/dist-packages/oslo_config/cfg.py:2602
2025-10-09 00:42:55.047 185676 DEBUG oslo_service.service [req-aebe3148-de94-4a22-9752-bd05cdb8b210 - - - - -] instance_delete_interval = 300 log_opt_values /usr/lib/python3/dist-packages/oslo_config/cfg.py:2602
2025-10-09 00:42:55.047 185676 DEBUG oslo_service.service [req-aebe3148-de94-4a22-9752-bd05cdb8b210 - - - - -] instance_format = [instance: %(uuid)s] log_opt_values /usr/lib/python3/dist-packages/oslo_config/cfg.py:2602
2025-10-09 00:42:55.048 185676 DEBUG oslo_service.service [req-aebe3148-de94-4a22-9752-bd05cdb8b210 - - - - -] instance_name_template = instance-%08x log_opt_values /usr/lib/python3/dist-packages/oslo_config/cfg.py:2602
2025-10-09 00:42:55.048 185676 DEBUG oslo_service.service [req-aebe3148-de94-4a22-9752-bd05cdb8b210 - - - - -] instance_usage_audit = False log_opt_values /usr/lib/python3/dist-packages/oslo_config/cfg.py:2602
2025-10-09 00:42:55.048 185676 DEBUG oslo_service.service [req-aebe3148-de94-4a22-9752-bd05cdb8b210 - - - - -] instance_usage_audit_period = month log_opt_values /usr/lib/python3/dist-packages/oslo_config/cfg.py:2602
2025-10-09 00:42:55.048 185676 DEBUG oslo_service.service [req-aebe3148-de94-4a22-9752-bd05cdb8b210 - - - - -] instance_uuid_format = [instance: %(uuid)s] log_opt_values /usr/lib/python3/dist-packages/oslo_config/cfg.py:2602
2025-10-09 00:42:55.048 185676 DEBUG oslo_service.service [req-aebe3148-de94-4a22-9752-bd05cdb8b210 - - - - -] instances_path = /var/lib/nova/instances log_opt_values /usr/lib/python3/dist-packages/oslo_config/cfg.py:2602
2025-10-09 00:42:55.049 185676 DEBUG oslo_service.service [req-aebe3148-de94-4a22-9752-bd05cdb8b210 - - - - -] internal_service_availability_zone = internal log_opt_values /usr/lib/python3/dist-packages/oslo_config/cfg.py:2602
2025-10-09 00:42:55.049 185676 DEBUG oslo_service.service [req-aebe3148-de94-4a22-9752-bd05cdb8b210 - - - - -] key = None log_opt_values /usr/lib/python3/dist-packages/oslo_config/cfg.py:2602
2025-10-09 00:42:55.049 185676 DEBUG oslo_service.service [req-aebe3148-de94-4a22-9752-bd05cdb8b210 - - - - -] live_migration_retry_count = 30 log_opt_values /usr/lib/python3/dist-packages/oslo_config/cfg.py:2602
2025-10-09 00:42:55.049 185676 DEBUG oslo_service.service [req-aebe3148-de94-4a22-9752-bd05cdb8b210 - - - - -] log_config_append = None log_opt_values /usr/lib/python3/dist-packages/oslo_config/cfg.py:2602
2025-10-09 00:42:55.049 185676 DEBUG oslo_service.service [req-aebe3148-de94-4a22-9752-bd05cdb8b210 - - - - -] log_date_format = %Y-%m-%d %H:%M:%S log_opt_values /usr/lib/python3/dist-packages/oslo_config/cfg.py:2602
2025-10-09 00:42:55.050 185676 DEBUG oslo_service.service [req-aebe3148-de94-4a22-9752-bd05cdb8b210 - - - - -] log_dir = /var/log/nova log_opt_values /usr/lib/python3/dist-packages/oslo_config/cfg.py:2602
2025-10-09 00:42:55.050 185676 DEBUG oslo_service.service [req-aebe3148-de94-4a22-9752-bd05cdb8b210 - - - - -] log_file = /var/log/nova/nova-scheduler.log log_opt_values /usr/lib/python3/dist-packages/oslo_config/cfg.py:2602
2025-10-09 00:42:55.050 185676 DEBUG oslo_service.service [req-aebe3148-de94-4a22-9752-bd05cdb8b210 - - - - -] log_options = True log_opt_values /usr/lib/python3/dist-packages/oslo_config/cfg.py:2602
2025-10-09 00:42:55.050 185676 DEBUG oslo_service.service [req-aebe3148-de94-4a22-9752-bd05cdb8b210 - - - - -] log_rotate_interval = 1 log_opt_values /usr/lib/python3/dist-packages/oslo_config/cfg.py:2602
2025-10-09 00:42:55.050 185676 DEBUG oslo_service.service [req-aebe3148-de94-4a22-9752-bd05cdb8b210 - - - - -] log_rotate_interval_type = days log_opt_values /usr/lib/python3/dist-packages/oslo_config/cfg.py:2602
2025-10-09 00:42:55.050 185676 DEBUG oslo_service.service [req-aebe3148-de94-4a22-9752-bd05cdb8b210 - - - - -] log_rotation_type = none log_opt_values /usr/lib/python3/dist-packages/oslo_config/cfg.py:2602
2025-10-09 00:42:55.051 185676 DEBUG oslo_service.service [req-aebe3148-de94-4a22-9752-bd05cdb8b210 - - - - -] logging_context_format_string = %(asctime)s.%(msecs)03d %(process)d %(levelname)s %(name)s [%(request_id)s %(user_identity)s] %(instance)s%(message)s log_opt_values /usr/lib/python3/dist-packages/oslo_config/cfg.py:2602
2025-10-09 00:42:55.051 185676 DEBUG oslo_service.service [req-aebe3148-de94-4a22-9752-bd05cdb8b210 - - - - -] logging_debug_format_suffix = %(funcName)s %(pathname)s:%(lineno)d log_opt_values /usr/lib/python3/dist-packages/oslo_config/cfg.py:2602
2025-10-09 00:42:55.051 185676 DEBUG oslo_service.service [req-aebe3148-de94-4a22-9752-bd05cdb8b210 - - - - -] logging_default_format_string = %(asctime)s.%(msecs)03d %(process)d %(levelname)s %(name)s [-] %(instance)s%(message)s log_opt_values /usr/lib/python3/dist-packages/oslo_config/cfg.py:2602
2025-10-09 00:42:55.051 185676 DEBUG oslo_service.service [req-aebe3148-de94-4a22-9752-bd05cdb8b210 - - - - -] logging_exception_prefix = %(asctime)s.%(msecs)03d %(process)d ERROR %(name)s %(instance)s log_opt_values /usr/lib/python3/dist-packages/oslo_config/cfg.py:2602
2025-10-09 00:42:55.051 185676 DEBUG oslo_service.service [req-aebe3148-de94-4a22-9752-bd05cdb8b210 - - - - -] logging_user_identity_format = %(user)s %(project)s %(domain)s %(user_domain)s %(project_domain)s log_opt_values /usr/lib/python3/dist-packages/oslo_config/cfg.py:2602
2025-10-09 00:42:55.051 185676 DEBUG oslo_service.service [req-aebe3148-de94-4a22-9752-bd05cdb8b210 - - - - -] long_rpc_timeout = 1800 log_opt_values /usr/lib/python3/dist-packages/oslo_config/cfg.py:2602
2025-10-09 00:42:55.052 185676 DEBUG oslo_service.service [req-aebe3148-de94-4a22-9752-bd05cdb8b210 - - - - -] max_concurrent_builds = 10 log_opt_values /usr/lib/python3/dist-packages/oslo_config/cfg.py:2602
2025-10-09 00:42:55.052 185676 DEBUG oslo_service.service [req-aebe3148-de94-4a22-9752-bd05cdb8b210 - - - - -] max_concurrent_live_migrations = 1 log_opt_values /usr/lib/python3/dist-packages/oslo_config/cfg.py:2602
2025-10-09 00:42:55.052 185676 DEBUG oslo_service.service [req-aebe3148-de94-4a22-9752-bd05cdb8b210 - - - - -] max_concurrent_snapshots = 5 log_opt_values /usr/lib/python3/dist-packages/oslo_config/cfg.py:2602
2025-10-09 00:42:55.052 185676 DEBUG oslo_service.service [req-aebe3148-de94-4a22-9752-bd05cdb8b210 - - - - -] max_local_block_devices = 3 log_opt_values /usr/lib/python3/dist-packages/oslo_config/cfg.py:2602
2025-10-09 00:42:55.052 185676 DEBUG oslo_service.service [req-aebe3148-de94-4a22-9752-bd05cdb8b210 - - - - -] max_logfile_count = 30 log_opt_values /usr/lib/python3/dist-packages/oslo_config/cfg.py:2602
2025-10-09 00:42:55.052 185676 DEBUG oslo_service.service [req-aebe3148-de94-4a22-9752-bd05cdb8b210 - - - - -] max_logfile_size_mb = 200 log_opt_values /usr/lib/python3/dist-packages/oslo_config/cfg.py:2602
2025-10-09 00:42:55.052 185991 DEBUG oslo_db.sqlalchemy.engines [req-6d9fb9f8-d1bb-41f2-a885-d211292a430a - - - - -] MySQL server mode set to STRICT_TRANS_TABLES,STRICT_ALL_TABLES,NO_ZERO_IN_DATE,NO_ZERO_DATE,ERROR_FOR_DIVISION_BY_ZERO,TRADITIONAL,NO_ENGINE_SUBSTITUTION _check_effective_sql_mode /usr/lib/python3/dist-packages/oslo_db/sqlalchemy/engines.py:314
2025-10-09 00:42:55.053 185676 DEBUG oslo_service.service [req-aebe3148-de94-4a22-9752-bd05cdb8b210 - - - - -] maximum_instance_delete_attempts = 5 log_opt_values /usr/lib/python3/dist-packages/oslo_config/cfg.py:2602
2025-10-09 00:42:55.053 185676 DEBUG oslo_service.service [req-aebe3148-de94-4a22-9752-bd05cdb8b210 - - - - -] metadata_listen = 0.0.0.0 log_opt_values /usr/lib/python3/dist-packages/oslo_config/cfg.py:2602
2025-10-09 00:42:55.053 185676 DEBUG oslo_service.service [req-aebe3148-de94-4a22-9752-bd05cdb8b210 - - - - -] metadata_listen_port = 8765 log_opt_values /usr/lib/python3/dist-packages/oslo_config/cfg.py:2602
2025-10-09 00:42:55.053 185676 DEBUG oslo_service.service [req-aebe3148-de94-4a22-9752-bd05cdb8b210 - - - - -] metadata_workers = None log_opt_values /usr/lib/python3/dist-packages/oslo_config/cfg.py:2602
2025-10-09 00:42:55.053 185676 DEBUG oslo_service.service [req-aebe3148-de94-4a22-9752-bd05cdb8b210 - - - - -] migrate_max_retries = -1 log_opt_values /usr/lib/python3/dist-packages/oslo_config/cfg.py:2602
2025-10-09 00:42:55.053 185676 DEBUG oslo_service.service [req-aebe3148-de94-4a22-9752-bd05cdb8b210 - - - - -] mkisofs_cmd = genisoimage log_opt_values /usr/lib/python3/dist-packages/oslo_config/cfg.py:2602
2025-10-09 00:42:55.054 185676 DEBUG oslo_service.service [req-aebe3148-de94-4a22-9752-bd05cdb8b210 - - - - -] my_block_storage_ip = 252.129.124.5 log_opt_values /usr/lib/python3/dist-packages/oslo_config/cfg.py:2602
2025-10-09 00:42:55.054 185676 DEBUG oslo_service.service [req-aebe3148-de94-4a22-9752-bd05cdb8b210 - - - - -] my_ip = 252.129.124.5 log_opt_values /usr/lib/python3/dist-packages/oslo_config/cfg.py:2602
2025-10-09 00:42:55.054 185676 DEBUG oslo_service.service [req-aebe3148-de94-4a22-9752-bd05cdb8b210 - - - - -] network_allocate_retries = 0 log_opt_values /usr/lib/python3/dist-packages/oslo_config/cfg.py:2602
2025-10-09 00:42:55.054 185676 DEBUG oslo_service.service [req-aebe3148-de94-4a22-9752-bd05cdb8b210 - - - - -] non_inheritable_image_properties = ['cache_in_nova', 'bittorrent'] log_opt_values /usr/lib/python3/dist-packages/oslo_config/cfg.py:2602
2025-10-09 00:42:55.054 185676 DEBUG oslo_service.service [req-aebe3148-de94-4a22-9752-bd05cdb8b210 - - - - -] osapi_compute_listen = 0.0.0.0 log_opt_values /usr/lib/python3/dist-packages/oslo_config/cfg.py:2602
2025-10-09 00:42:55.054 185676 DEBUG oslo_service.service [req-aebe3148-de94-4a22-9752-bd05cdb8b210 - - - - -] osapi_compute_listen_port = 8764 log_opt_values /usr/lib/python3/dist-packages/oslo_config/cfg.py:2602
2025-10-09 00:42:55.055 185676 DEBUG oslo_service.service [req-aebe3148-de94-4a22-9752-bd05cdb8b210 - - - - -] osapi_compute_unique_server_name_scope = log_opt_values /usr/lib/python3/dist-packages/oslo_config/cfg.py:2602
2025-10-09 00:42:55.055 185676 DEBUG oslo_service.service [req-aebe3148-de94-4a22-9752-bd05cdb8b210 - - - - -] osapi_compute_workers = 4 log_opt_values /usr/lib/python3/dist-packages/oslo_config/cfg.py:2602
2025-10-09 00:42:55.055 185676 DEBUG oslo_service.service [req-aebe3148-de94-4a22-9752-bd05cdb8b210 - - - - -] password_length = 12 log_opt_values /usr/lib/python3/dist-packages/oslo_config/cfg.py:2602
2025-10-09 00:42:55.055 185676 DEBUG oslo_service.service [req-aebe3148-de94-4a22-9752-bd05cdb8b210 - - - - -] periodic_enable = True log_opt_values /usr/lib/python3/dist-packages/oslo_config/cfg.py:2602
2025-10-09 00:42:55.055 185676 DEBUG oslo_service.service [req-aebe3148-de94-4a22-9752-bd05cdb8b210 - - - - -] periodic_fuzzy_delay = 60 log_opt_values /usr/lib/python3/dist-packages/oslo_config/cfg.py:2602
2025-10-09 00:42:55.055 185676 DEBUG oslo_service.service [req-aebe3148-de94-4a22-9752-bd05cdb8b210 - - - - -] pointer_model = usbtablet log_opt_values /usr/lib/python3/dist-packages/oslo_config/cfg.py:2602
2025-10-09 00:42:55.056 185676 DEBUG oslo_service.service [req-aebe3148-de94-4a22-9752-bd05cdb8b210 - - - - -] preallocate_images = none log_opt_values /usr/lib/python3/dist-packages/oslo_config/cfg.py:2602
2025-10-09 00:42:55.056 185676 DEBUG oslo_service.service [req-aebe3148-de94-4a22-9752-bd05cdb8b210 - - - - -] publish_errors = False log_opt_values /usr/lib/python3/dist-packages/oslo_config/cfg.py:2602
2025-10-09 00:42:55.056 185676 DEBUG oslo_service.service [req-aebe3148-de94-4a22-9752-bd05cdb8b210 - - - - -] pybasedir = /usr/lib/python3/dist-packages log_opt_values /usr/lib/python3/dist-packages/oslo_config/cfg.py:2602
2025-10-09 00:42:55.056 185676 DEBUG oslo_service.service [req-aebe3148-de94-4a22-9752-bd05cdb8b210 - - - - -] ram_allocation_ratio = 0.98 log_opt_values /usr/lib/python3/dist-packages/oslo_config/cfg.py:2602
2025-10-09 00:42:55.056 185676 DEBUG oslo_service.service [req-aebe3148-de94-4a22-9752-bd05cdb8b210 - - - - -] rate_limit_burst = 0 log_opt_values /usr/lib/python3/dist-packages/oslo_config/cfg.py:2602
2025-10-09 00:42:55.057 185676 DEBUG oslo_service.service [req-aebe3148-de94-4a22-9752-bd05cdb8b210 - - - - -] rate_limit_except_level = CRITICAL log_opt_values /usr/lib/python3/dist-packages/oslo_config/cfg.py:2602
2025-10-09 00:42:55.057 185676 DEBUG oslo_service.service [req-aebe3148-de94-4a22-9752-bd05cdb8b210 - - - - -] rate_limit_interval = 0 log_opt_values /usr/lib/python3/dist-packages/oslo_config/cfg.py:2602
2025-10-09 00:42:55.057 185676 DEBUG oslo_service.service [req-aebe3148-de94-4a22-9752-bd05cdb8b210 - - - - -] reboot_timeout = 0 log_opt_values /usr/lib/python3/dist-packages/oslo_config/cfg.py:2602
2025-10-09 00:42:55.057 185988 DEBUG nova.service [req-0b2b081e-43a9-4a7b-a2f1-be1f22fce47d - - - - -] Creating RPC server for service scheduler start /usr/lib/python3/dist-packages/nova/service.py:182
2025-10-09 00:42:55.057 185676 DEBUG oslo_service.service [req-aebe3148-de94-4a22-9752-bd05cdb8b210 - - - - -] reclaim_instance_interval = 0 log_opt_values /usr/lib/python3/dist-packages/oslo_config/cfg.py:2602
2025-10-09 00:42:55.057 185676 DEBUG oslo_service.service [req-aebe3148-de94-4a22-9752-bd05cdb8b210 - - - - -] record = None log_opt_values /usr/lib/python3/dist-packages/oslo_config/cfg.py:2602
2025-10-09 00:42:55.057 185676 DEBUG oslo_service.service [req-aebe3148-de94-4a22-9752-bd05cdb8b210 - - - - -] report_interval = 10 log_opt_values /usr/lib/python3/dist-packages/oslo_config/cfg.py:2602
2025-10-09 00:42:55.058 185676 DEBUG oslo_service.service [req-aebe3148-de94-4a22-9752-bd05cdb8b210 - - - - -] rescue_timeout = 0 log_opt_values /usr/lib/python3/dist-packages/oslo_config/cfg.py:2602
2025-10-09 00:42:55.058 185676 DEBUG oslo_service.service [req-aebe3148-de94-4a22-9752-bd05cdb8b210 - - - - -] reserved_host_cpus = 0 log_opt_values /usr/lib/python3/dist-packages/oslo_config/cfg.py:2602
2025-10-09 00:42:55.058 185676 DEBUG oslo_service.service [req-aebe3148-de94-4a22-9752-bd05cdb8b210 - - - - -] reserved_host_disk_mb = 0 log_opt_values /usr/lib/python3/dist-packages/oslo_config/cfg.py:2602
2025-10-09 00:42:55.058 185676 DEBUG oslo_service.service [req-aebe3148-de94-4a22-9752-bd05cdb8b210 - - - - -] reserved_host_memory_mb = 512 log_opt_values /usr/lib/python3/dist-packages/oslo_config/cfg.py:2602
2025-10-09 00:42:55.058 185676 DEBUG oslo_service.service [req-aebe3148-de94-4a22-9752-bd05cdb8b210 - - - - -] reserved_huge_pages = None log_opt_values /usr/lib/python3/dist-packages/oslo_config/cfg.py:2602
2025-10-09 00:42:55.058 185676 DEBUG oslo_service.service [req-aebe3148-de94-4a22-9752-bd05cdb8b210 - - - - -] resize_confirm_window = 0 log_opt_values /usr/lib/python3/dist-packages/oslo_config/cfg.py:2602
2025-10-09 00:42:55.059 185676 DEBUG oslo_service.service [req-aebe3148-de94-4a22-9752-bd05cdb8b210 - - - - -] resize_fs_using_block_device = False log_opt_values /usr/lib/python3/dist-packages/oslo_config/cfg.py:2602
2025-10-09 00:42:55.059 185676 DEBUG oslo_service.service [req-aebe3148-de94-4a22-9752-bd05cdb8b210 - - - - -] resume_guests_state_on_host_boot = False log_opt_values /usr/lib/python3/dist-packages/oslo_config/cfg.py:2602
2025-10-09 00:42:55.059 185989 DEBUG nova.service [req-0e16a99f-819f-4abb-9036-0107e4bf8aeb - - - - -] Creating RPC server for service scheduler start /usr/lib/python3/dist-packages/nova/service.py:182
2025-10-09 00:42:55.059 185676 DEBUG oslo_service.service [req-aebe3148-de94-4a22-9752-bd05cdb8b210 - - - - -] rootwrap_config = /etc/nova/rootwrap.conf log_opt_values /usr/lib/python3/dist-packages/oslo_config/cfg.py:2602
2025-10-09 00:42:55.059 185676 DEBUG oslo_service.service [req-aebe3148-de94-4a22-9752-bd05cdb8b210 - - - - -] run_external_periodic_tasks = True log_opt_values /usr/lib/python3/dist-packages/oslo_config/cfg.py:2602
2025-10-09 00:42:55.059 185676 DEBUG oslo_service.service [req-aebe3148-de94-4a22-9752-bd05cdb8b210 - - - - -] running_deleted_instance_action = reap log_opt_values /usr/lib/python3/dist-packages/oslo_config/cfg.py:2602
2025-10-09 00:42:55.060 185676 DEBUG oslo_service.service [req-aebe3148-de94-4a22-9752-bd05cdb8b210 - - - - -] running_deleted_instance_poll_interval = 1800 log_opt_values /usr/lib/python3/dist-packages/oslo_config/cfg.py:2602
2025-10-09 00:42:55.060 185676 DEBUG oslo_service.service [req-aebe3148-de94-4a22-9752-bd05cdb8b210 - - - - -] running_deleted_instance_timeout = 0 log_opt_values /usr/lib/python3/dist-packages/oslo_config/cfg.py:2602
2025-10-09 00:42:55.060 185676 DEBUG oslo_service.service [req-aebe3148-de94-4a22-9752-bd05cdb8b210 - - - - -] scheduler_instance_sync_interval = 120 log_opt_values /usr/lib/python3/dist-packages/oslo_config/cfg.py:2602
2025-10-09 00:42:55.060 185676 DEBUG oslo_service.service [req-aebe3148-de94-4a22-9752-bd05cdb8b210 - - - - -] service_down_time = 60 log_opt_values /usr/lib/python3/dist-packages/oslo_config/cfg.py:2602
2025-10-09 00:42:55.061 185676 DEBUG oslo_service.service [req-aebe3148-de94-4a22-9752-bd05cdb8b210 - - - - -] servicegroup_driver = db log_opt_values /usr/lib/python3/dist-packages/oslo_config/cfg.py:2602
2025-10-09 00:42:55.061 185676 DEBUG oslo_service.service [req-aebe3148-de94-4a22-9752-bd05cdb8b210 - - - - -] shelved_offload_time = 0 log_opt_values /usr/lib/python3/dist-packages/oslo_config/cfg.py:2602
2025-10-09 00:42:55.061 185676 DEBUG oslo_service.service [req-aebe3148-de94-4a22-9752-bd05cdb8b210 - - - - -] shelved_poll_interval = 3600 log_opt_values /usr/lib/python3/dist-packages/oslo_config/cfg.py:2602
2025-10-09 00:42:55.062 185676 DEBUG oslo_service.service [req-aebe3148-de94-4a22-9752-bd05cdb8b210 - - - - -] shutdown_timeout = 60 log_opt_values /usr/lib/python3/dist-packages/oslo_config/cfg.py:2602
2025-10-09 00:42:55.062 185990 DEBUG nova.service [req-76bf058e-59b8-4969-8210-69907cff6be8 - - - - -] Creating RPC server for service scheduler start /usr/lib/python3/dist-packages/nova/service.py:182
2025-10-09 00:42:55.062 185676 DEBUG oslo_service.service [req-aebe3148-de94-4a22-9752-bd05cdb8b210 - - - - -] source_is_ipv6 = False log_opt_values /usr/lib/python3/dist-packages/oslo_config/cfg.py:2602
2025-10-09 00:42:55.062 185676 DEBUG oslo_service.service [req-aebe3148-de94-4a22-9752-bd05cdb8b210 - - - - -] ssl_only = False log_opt_values /usr/lib/python3/dist-packages/oslo_config/cfg.py:2602
2025-10-09 00:42:55.062 185676 DEBUG oslo_service.service [req-aebe3148-de94-4a22-9752-bd05cdb8b210 - - - - -] state_path = /var/lib/nova log_opt_values /usr/lib/python3/dist-packages/oslo_config/cfg.py:2602
2025-10-09 00:42:55.063 185676 DEBUG oslo_service.service [req-aebe3148-de94-4a22-9752-bd05cdb8b210 - - - - -] sync_power_state_interval = 600 log_opt_values /usr/lib/python3/dist-packages/oslo_config/cfg.py:2602
2025-10-09 00:42:55.063 185676 DEBUG oslo_service.service [req-aebe3148-de94-4a22-9752-bd05cdb8b210 - - - - -] sync_power_state_pool_size = 1000 log_opt_values /usr/lib/python3/dist-packages/oslo_config/cfg.py:2602
2025-10-09 00:42:55.063 185676 DEBUG oslo_service.service [req-aebe3148-de94-4a22-9752-bd05cdb8b210 - - - - -] syslog_log_facility = LOG_USER log_opt_values /usr/lib/python3/dist-packages/oslo_config/cfg.py:2602
2025-10-09 00:42:55.063 185676 DEBUG oslo_service.service [req-aebe3148-de94-4a22-9752-bd05cdb8b210 - - - - -] tempdir = None log_opt_values /usr/lib/python3/dist-packages/oslo_config/cfg.py:2602
2025-10-09 00:42:55.064 185676 DEBUG oslo_service.service [req-aebe3148-de94-4a22-9752-bd05cdb8b210 - - - - -] timeout_nbd = 10 log_opt_values /usr/lib/python3/dist-packages/oslo_config/cfg.py:2602
2025-10-09 00:42:55.064 185676 DEBUG oslo_service.service [req-aebe3148-de94-4a22-9752-bd05cdb8b210 - - - - -] transport_url = **** log_opt_values /usr/lib/python3/dist-packages/oslo_config/cfg.py:2602
2025-10-09 00:42:55.064 185676 DEBUG oslo_service.service [req-aebe3148-de94-4a22-9752-bd05cdb8b210 - - - - -] update_resources_interval = 0 log_opt_values /usr/lib/python3/dist-packages/oslo_config/cfg.py:2602
2025-10-09 00:42:55.065 185676 DEBUG oslo_service.service [req-aebe3148-de94-4a22-9752-bd05cdb8b210 - - - - -] use_cow_images = True log_opt_values /usr/lib/python3/dist-packages/oslo_config/cfg.py:2602
2025-10-09 00:42:55.065 185676 DEBUG oslo_service.service [req-aebe3148-de94-4a22-9752-bd05cdb8b210 - - - - -] use_eventlog = False log_opt_values /usr/lib/python3/dist-packages/oslo_config/cfg.py:2602
2025-10-09 00:42:55.065 185676 DEBUG oslo_service.service [req-aebe3148-de94-4a22-9752-bd05cdb8b210 - - - - -] use_journal = False log_opt_values /usr/lib/python3/dist-packages/oslo_config/cfg.py:2602
2025-10-09 00:42:55.065 185676 DEBUG oslo_service.service [req-aebe3148-de94-4a22-9752-bd05cdb8b210 - - - - -] use_json = False log_opt_values /usr/lib/python3/dist-packages/oslo_config/cfg.py:2602
2025-10-09 00:42:55.066 185676 DEBUG oslo_service.service [req-aebe3148-de94-4a22-9752-bd05cdb8b210 - - - - -] use_rootwrap_daemon = False log_opt_values /usr/lib/python3/dist-packages/oslo_config/cfg.py:2602
2025-10-09 00:42:55.066 185676 DEBUG oslo_service.service [req-aebe3148-de94-4a22-9752-bd05cdb8b210 - - - - -] use_stderr = False log_opt_values /usr/lib/python3/dist-packages/oslo_config/cfg.py:2602
2025-10-09 00:42:55.066 185676 DEBUG oslo_service.service [req-aebe3148-de94-4a22-9752-bd05cdb8b210 - - - - -] use_syslog = False log_opt_values /usr/lib/python3/dist-packages/oslo_config/cfg.py:2602
2025-10-09 00:42:55.066 185676 DEBUG oslo_service.service [req-aebe3148-de94-4a22-9752-bd05cdb8b210 - - - - -] vcpu_pin_set = None log_opt_values /usr/lib/python3/dist-packages/oslo_config/cfg.py:2602
2025-10-09 00:42:55.067 185676 DEBUG oslo_service.service [req-aebe3148-de94-4a22-9752-bd05cdb8b210 - - - - -] vif_plugging_is_fatal = True log_opt_values /usr/lib/python3/dist-packages/oslo_config/cfg.py:2602
2025-10-09 00:42:55.067 185676 DEBUG oslo_service.service [req-aebe3148-de94-4a22-9752-bd05cdb8b210 - - - - -] vif_plugging_timeout = 300 log_opt_values /usr/lib/python3/dist-packages/oslo_config/cfg.py:2602
2025-10-09 00:42:55.067 185991 DEBUG nova.service [req-6d9fb9f8-d1bb-41f2-a885-d211292a430a - - - - -] Creating RPC server for service scheduler start /usr/lib/python3/dist-packages/nova/service.py:182
2025-10-09 00:42:55.067 185676 DEBUG oslo_service.service [req-aebe3148-de94-4a22-9752-bd05cdb8b210 - - - - -] virt_mkfs = [] log_opt_values /usr/lib/python3/dist-packages/oslo_config/cfg.py:2602
2025-10-09 00:42:55.067 185676 DEBUG oslo_service.service [req-aebe3148-de94-4a22-9752-bd05cdb8b210 - - - - -] volume_usage_poll_interval = 0 log_opt_values /usr/lib/python3/dist-packages/oslo_config/cfg.py:2602
2025-10-09 00:42:55.068 185676 DEBUG oslo_service.service [req-aebe3148-de94-4a22-9752-bd05cdb8b210 - - - - -] watch_log_file = False log_opt_values /usr/lib/python3/dist-packages/oslo_config/cfg.py:2602
2025-10-09 00:42:55.068 185676 DEBUG oslo_service.service [req-aebe3148-de94-4a22-9752-bd05cdb8b210 - - - - -] web = /usr/share/spice-html5 log_opt_values /usr/lib/python3/dist-packages/oslo_config/cfg.py:2602
2025-10-09 00:42:55.068 185676 DEBUG oslo_service.service [req-aebe3148-de94-4a22-9752-bd05cdb8b210 - - - - -] oslo_concurrency.disable_process_locking = False log_opt_values /usr/lib/python3/dist-packages/oslo_config/cfg.py:2609
2025-10-09 00:42:55.069 185676 DEBUG oslo_service.service [req-aebe3148-de94-4a22-9752-bd05cdb8b210 - - - - -] oslo_concurrency.lock_path = /var/lock/nova log_opt_values /usr/lib/python3/dist-packages/oslo_config/cfg.py:2609
2025-10-09 00:42:55.070 185676 WARNING oslo_config.cfg [req-aebe3148-de94-4a22-9752-bd05cdb8b210 - - - - -] Deprecated: Option "auth_strategy" from group "api" is deprecated for removal ( The only non-default choice, ``noauth2``, is for internal development and testing purposes only and should not be used in deployments. This option and its middleware, NoAuthMiddleware[V2_18], will be removed in a future release. ). Its value may be silently ignored in the future.
2025-10-09 00:42:55.070 185676 DEBUG oslo_service.service [req-aebe3148-de94-4a22-9752-bd05cdb8b210 - - - - -] api.auth_strategy = keystone log_opt_values /usr/lib/python3/dist-packages/oslo_config/cfg.py:2609
2025-10-09 00:42:55.071 185676 DEBUG oslo_service.service [req-aebe3148-de94-4a22-9752-bd05cdb8b210 - - - - -] api.compute_link_prefix = None log_opt_values /usr/lib/python3/dist-packages/oslo_config/cfg.py:2609
2025-10-09 00:42:55.071 185676 DEBUG oslo_service.service [req-aebe3148-de94-4a22-9752-bd05cdb8b210 - - - - -] api.config_drive_skip_versions = 1.0 2007-01-19 2007-03-01 2007-08-29 2007-10-10 2007-12-15 2008-02-01 2008-09-01 log_opt_values /usr/lib/python3/dist-packages/oslo_config/cfg.py:2609
2025-10-09 00:42:55.072 185676 DEBUG oslo_service.service [req-aebe3148-de94-4a22-9752-bd05cdb8b210 - - - - -] api.dhcp_domain = novalocal log_opt_values /usr/lib/python3/dist-packages/oslo_config/cfg.py:2609
2025-10-09 00:42:55.072 185676 DEBUG oslo_service.service [req-aebe3148-de94-4a22-9752-bd05cdb8b210 - - - - -] api.enable_instance_password = True log_opt_values /usr/lib/python3/dist-packages/oslo_config/cfg.py:2609
2025-10-09 00:42:55.072 185676 DEBUG oslo_service.service [req-aebe3148-de94-4a22-9752-bd05cdb8b210 - - - - -] api.glance_link_prefix = None log_opt_values /usr/lib/python3/dist-packages/oslo_config/cfg.py:2609
2025-10-09 00:42:55.073 185676 DEBUG oslo_service.service [req-aebe3148-de94-4a22-9752-bd05cdb8b210 - - - - -] api.instance_list_cells_batch_fixed_size = 100 log_opt_values /usr/lib/python3/dist-packages/oslo_config/cfg.py:2609
2025-10-09 00:42:55.073 185676 DEBUG oslo_service.service [req-aebe3148-de94-4a22-9752-bd05cdb8b210 - - - - -] api.instance_list_cells_batch_strategy = distributed log_opt_values /usr/lib/python3/dist-packages/oslo_config/cfg.py:2609
2025-10-09 00:42:55.073 185676 DEBUG oslo_service.service [req-aebe3148-de94-4a22-9752-bd05cdb8b210 - - - - -] api.instance_list_per_project_cells = False log_opt_values /usr/lib/python3/dist-packages/oslo_config/cfg.py:2609
2025-10-09 00:42:55.074 185676 DEBUG oslo_service.service [req-aebe3148-de94-4a22-9752-bd05cdb8b210 - - - - -] api.list_records_by_skipping_down_cells = True log_opt_values /usr/lib/python3/dist-packages/oslo_config/cfg.py:2609
2025-10-09 00:42:55.074 185676 DEBUG oslo_service.service [req-aebe3148-de94-4a22-9752-bd05cdb8b210 - - - - -] api.local_metadata_per_cell = False log_opt_values /usr/lib/python3/dist-packages/oslo_config/cfg.py:2609
2025-10-09 00:42:55.074 185676 DEBUG oslo_service.service [req-aebe3148-de94-4a22-9752-bd05cdb8b210 - - - - -] api.max_limit = 1000 log_opt_values /usr/lib/python3/dist-packages/oslo_config/cfg.py:2609
2025-10-09 00:42:55.075 185676 DEBUG oslo_service.service [req-aebe3148-de94-4a22-9752-bd05cdb8b210 - - - - -] api.metadata_cache_expiration = 15 log_opt_values /usr/lib/python3/dist-packages/oslo_config/cfg.py:2609
2025-10-09 00:42:55.075 185676 DEBUG oslo_service.service [req-aebe3148-de94-4a22-9752-bd05cdb8b210 - - - - -] api.neutron_default_tenant_id = default log_opt_values /usr/lib/python3/dist-packages/oslo_config/cfg.py:2609
2025-10-09 00:42:55.075 185676 DEBUG oslo_service.service [req-aebe3148-de94-4a22-9752-bd05cdb8b210 - - - - -] api.use_forwarded_for = False log_opt_values /usr/lib/python3/dist-packages/oslo_config/cfg.py:2609
2025-10-09 00:42:55.075 185676 DEBUG oslo_service.service [req-aebe3148-de94-4a22-9752-bd05cdb8b210 - - - - -] api.use_neutron_default_nets = False log_opt_values /usr/lib/python3/dist-packages/oslo_config/cfg.py:2609
2025-10-09 00:42:55.076 185676 DEBUG oslo_service.service [req-aebe3148-de94-4a22-9752-bd05cdb8b210 - - - - -] api.vendordata_dynamic_connect_timeout = 5 log_opt_values /usr/lib/python3/dist-packages/oslo_config/cfg.py:2609
2025-10-09 00:42:55.076 185676 DEBUG oslo_service.service [req-aebe3148-de94-4a22-9752-bd05cdb8b210 - - - - -] api.vendordata_dynamic_failure_fatal = False log_opt_values /usr/lib/python3/dist-packages/oslo_config/cfg.py:2609
2025-10-09 00:42:55.077 185676 DEBUG oslo_service.service [req-aebe3148-de94-4a22-9752-bd05cdb8b210 - - - - -] api.vendordata_dynamic_read_timeout = 5 log_opt_values /usr/lib/python3/dist-packages/oslo_config/cfg.py:2609
2025-10-09 00:42:55.079 185676 DEBUG oslo_service.service [req-aebe3148-de94-4a22-9752-bd05cdb8b210 - - - - -] api.vendordata_dynamic_ssl_certfile = log_opt_values /usr/lib/python3/dist-packages/oslo_config/cfg.py:2609
2025-10-09 00:42:55.080 185988 DEBUG oslo_messaging._drivers.amqpdriver [-] Listener is running poll /usr/lib/python3/dist-packages/oslo_messaging/_drivers/amqpdriver.py:343
2025-10-09 00:42:55.080 185676 DEBUG oslo_service.service [req-aebe3148-de94-4a22-9752-bd05cdb8b210 - - - - -] api.vendordata_dynamic_targets = [] log_opt_values /usr/lib/python3/dist-packages/oslo_config/cfg.py:2609
2025-10-09 00:42:55.080 185988 DEBUG oslo_messaging._drivers.amqpdriver [-] AMQPListener connection consume poll /usr/lib/python3/dist-packages/oslo_messaging/_drivers/amqpdriver.py:357
2025-10-09 00:42:55.080 185676 DEBUG oslo_service.service [req-aebe3148-de94-4a22-9752-bd05cdb8b210 - - - - -] api.vendordata_jsonfile_path = None log_opt_values /usr/lib/python3/dist-packages/oslo_config/cfg.py:2609
2025-10-09 00:42:55.081 185988 DEBUG nova.service [req-0b2b081e-43a9-4a7b-a2f1-be1f22fce47d - - - - -] Join ServiceGroup membership for this service scheduler start /usr/lib/python3/dist-packages/nova/service.py:199
2025-10-09 00:42:55.081 185988 DEBUG nova.servicegroup.drivers.db [req-0b2b081e-43a9-4a7b-a2f1-be1f22fce47d - - - - -] DB_Driver: join new ServiceGroup member juju-dab6fa-0-lxd-7 to the scheduler group, service = join /usr/lib/python3/dist-packages/nova/servicegroup/drivers/db.py:44
2025-10-09 00:42:55.080 185676 DEBUG oslo_service.service [req-aebe3148-de94-4a22-9752-bd05cdb8b210 - - - - -] api.vendordata_providers = ['StaticJSON'] log_opt_values /usr/lib/python3/dist-packages/oslo_config/cfg.py:2609
2025-10-09 00:42:55.082 185676 DEBUG oslo_service.service [req-aebe3148-de94-4a22-9752-bd05cdb8b210 - - - - -] cache.backend = dogpile.cache.null log_opt_values /usr/lib/python3/dist-packages/oslo_config/cfg.py:2609
2025-10-09 00:42:55.082 185676 DEBUG oslo_service.service [req-aebe3148-de94-4a22-9752-bd05cdb8b210 - - - - -] cache.backend_argument = **** log_opt_values /usr/lib/python3/dist-packages/oslo_config/cfg.py:2609
2025-10-09 00:42:55.082 185676 DEBUG oslo_service.service [req-aebe3148-de94-4a22-9752-bd05cdb8b210 - - - - -] cache.config_prefix = cache.oslo log_opt_values /usr/lib/python3/dist-packages/oslo_config/cfg.py:2609
2025-10-09 00:42:55.083 185676 DEBUG oslo_service.service [req-aebe3148-de94-4a22-9752-bd05cdb8b210 - - - - -] cache.debug_cache_backend = False log_opt_values /usr/lib/python3/dist-packages/oslo_config/cfg.py:2609
2025-10-09 00:42:55.083 185988 DEBUG oslo_messaging._drivers.amqpdriver [-] AMQPListener connection timeout poll /usr/lib/python3/dist-packages/oslo_messaging/_drivers/amqpdriver.py:360
2025-10-09 00:42:55.083 185676 DEBUG oslo_service.service [req-aebe3148-de94-4a22-9752-bd05cdb8b210 - - - - -] cache.enabled = False log_opt_values /usr/lib/python3/dist-packages/oslo_config/cfg.py:2609
2025-10-09 00:42:55.084 185988 DEBUG oslo_messaging._drivers.amqpdriver [-] Listener is running poll /usr/lib/python3/dist-packages/oslo_messaging/_drivers/amqpdriver.py:343
2025-10-09 00:42:55.084 185988 DEBUG oslo_messaging._drivers.amqpdriver [-] AMQPListener connection consume poll /usr/lib/python3/dist-packages/oslo_messaging/_drivers/amqpdriver.py:357
2025-10-09 00:42:55.084 185676 DEBUG oslo_service.service [req-aebe3148-de94-4a22-9752-bd05cdb8b210 - - - - -] cache.expiration_time = 600 log_opt_values /usr/lib/python3/dist-packages/oslo_config/cfg.py:2609
2025-10-09 00:42:55.084 185676 DEBUG oslo_service.service [req-aebe3148-de94-4a22-9752-bd05cdb8b210 - - - - -] cache.memcache_dead_retry = 300 log_opt_values /usr/lib/python3/dist-packages/oslo_config/cfg.py:2609
2025-10-09 00:42:55.084 185676 DEBUG oslo_service.service [req-aebe3148-de94-4a22-9752-bd05cdb8b210 - - - - -] cache.memcache_pool_connection_get_timeout = 10 log_opt_values /usr/lib/python3/dist-packages/oslo_config/cfg.py:2609
2025-10-09 00:42:55.085 185676 DEBUG oslo_service.service [req-aebe3148-de94-4a22-9752-bd05cdb8b210 - - - - -] cache.memcache_pool_flush_on_reconnect = False log_opt_values /usr/lib/python3/dist-packages/oslo_config/cfg.py:2609
2025-10-09 00:42:55.085 185676 DEBUG oslo_service.service [req-aebe3148-de94-4a22-9752-bd05cdb8b210 - - - - -] cache.memcache_pool_maxsize = 10 log_opt_values /usr/lib/python3/dist-packages/oslo_config/cfg.py:2609
2025-10-09 00:42:55.085 185676 DEBUG oslo_service.service [req-aebe3148-de94-4a22-9752-bd05cdb8b210 - - - - -] cache.memcache_pool_unused_timeout = 60 log_opt_values /usr/lib/python3/dist-packages/oslo_config/cfg.py:2609
2025-10-09 00:42:55.085 185676 DEBUG oslo_service.service [req-aebe3148-de94-4a22-9752-bd05cdb8b210 - - - - -] cache.memcache_servers = ['localhost:11211'] log_opt_values /usr/lib/python3/dist-packages/oslo_config/cfg.py:2609
2025-10-09 00:42:55.085 185676 DEBUG oslo_service.service [req-aebe3148-de94-4a22-9752-bd05cdb8b210 - - - - -] cache.memcache_socket_timeout = 1.0 log_opt_values /usr/lib/python3/dist-packages/oslo_config/cfg.py:2609
2025-10-09 00:42:55.086 185676 DEBUG oslo_service.service [req-aebe3148-de94-4a22-9752-bd05cdb8b210 - - - - -] cache.proxies = [] log_opt_values /usr/lib/python3/dist-packages/oslo_config/cfg.py:2609
2025-10-09 00:42:55.086 185676 DEBUG oslo_service.service [req-aebe3148-de94-4a22-9752-bd05cdb8b210 - - - - -] cache.tls_allowed_ciphers = None log_opt_values /usr/lib/python3/dist-packages/oslo_config/cfg.py:2609
2025-10-09 00:42:55.086 185676 DEBUG oslo_service.service [req-aebe3148-de94-4a22-9752-bd05cdb8b210 - - - - -] cache.tls_cafile = None log_opt_values /usr/lib/python3/dist-packages/oslo_config/cfg.py:2609
2025-10-09 00:42:55.086 185676 DEBUG oslo_service.service [req-aebe3148-de94-4a22-9752-bd05cdb8b210 - - - - -] cache.tls_certfile = None log_opt_values /usr/lib/python3/dist-packages/oslo_config/cfg.py:2609
2025-10-09 00:42:55.086 185676 DEBUG oslo_service.service [req-aebe3148-de94-4a22-9752-bd05cdb8b210 - - - - -] cache.tls_enabled = False log_opt_values /usr/lib/python3/dist-packages/oslo_config/cfg.py:2609
2025-10-09 00:42:55.086 185676 DEBUG oslo_service.service [req-aebe3148-de94-4a22-9752-bd05cdb8b210 - - - - -] cache.tls_keyfile = None log_opt_values /usr/lib/python3/dist-packages/oslo_config/cfg.py:2609
2025-10-09 00:42:55.087 185676 DEBUG oslo_service.service [req-aebe3148-de94-4a22-9752-bd05cdb8b210 - - - - -] cinder.auth_section = None log_opt_values /usr/lib/python3/dist-packages/oslo_config/cfg.py:2609
2025-10-09 00:42:55.087 185676 DEBUG oslo_service.service [req-aebe3148-de94-4a22-9752-bd05cdb8b210 - - - - -] cinder.auth_type = None log_opt_values /usr/lib/python3/dist-packages/oslo_config/cfg.py:2609
2025-10-09 00:42:55.087 185676 DEBUG oslo_service.service [req-aebe3148-de94-4a22-9752-bd05cdb8b210 - - - - -] cinder.cafile = None log_opt_values /usr/lib/python3/dist-packages/oslo_config/cfg.py:2609
2025-10-09 00:42:55.088 185676 DEBUG oslo_service.service [req-aebe3148-de94-4a22-9752-bd05cdb8b210 - - - - -] cinder.catalog_info = volumev3::publicURL log_opt_values /usr/lib/python3/dist-packages/oslo_config/cfg.py:2609
2025-10-09 00:42:55.088 185676 DEBUG oslo_service.service [req-aebe3148-de94-4a22-9752-bd05cdb8b210 - - - - -] cinder.certfile = None log_opt_values /usr/lib/python3/dist-packages/oslo_config/cfg.py:2609
2025-10-09 00:42:55.088 185676 DEBUG oslo_service.service [req-aebe3148-de94-4a22-9752-bd05cdb8b210 - - - - -] cinder.collect_timing = False log_opt_values /usr/lib/python3/dist-packages/oslo_config/cfg.py:2609
2025-10-09 00:42:55.089 185676 DEBUG oslo_service.service [req-aebe3148-de94-4a22-9752-bd05cdb8b210 - - - - -] cinder.cross_az_attach = True log_opt_values /usr/lib/python3/dist-packages/oslo_config/cfg.py:2609
2025-10-09 00:42:55.089 185676 DEBUG oslo_service.service [req-aebe3148-de94-4a22-9752-bd05cdb8b210 - - - - -] cinder.debug = False log_opt_values /usr/lib/python3/dist-packages/oslo_config/cfg.py:2609
2025-10-09 00:42:55.089 185989 DEBUG oslo_messaging._drivers.amqpdriver [-] Listener is running poll /usr/lib/python3/dist-packages/oslo_messaging/_drivers/amqpdriver.py:343
2025-10-09 00:42:55.089 185989 DEBUG oslo_messaging._drivers.amqpdriver [-] AMQPListener connection consume poll /usr/lib/python3/dist-packages/oslo_messaging/_drivers/amqpdriver.py:357
2025-10-09 00:42:55.089 185676 DEBUG oslo_service.service [req-aebe3148-de94-4a22-9752-bd05cdb8b210 - - - - -] cinder.endpoint_template = None log_opt_values /usr/lib/python3/dist-packages/oslo_config/cfg.py:2609
2025-10-09 00:42:55.090 185676 DEBUG oslo_service.service [req-aebe3148-de94-4a22-9752-bd05cdb8b210 - - - - -] cinder.http_retries = 3 log_opt_values /usr/lib/python3/dist-packages/oslo_config/cfg.py:2609
2025-10-09 00:42:55.090 185676 DEBUG oslo_service.service [req-aebe3148-de94-4a22-9752-bd05cdb8b210 - - - - -] cinder.insecure = False log_opt_values /usr/lib/python3/dist-packages/oslo_config/cfg.py:2609
2025-10-09 00:42:55.090 185989 DEBUG nova.service [req-0e16a99f-819f-4abb-9036-0107e4bf8aeb - - - - -] Join ServiceGroup membership for this service scheduler start /usr/lib/python3/dist-packages/nova/service.py:199
2025-10-09 00:42:55.090 185989 DEBUG nova.servicegroup.drivers.db [req-0e16a99f-819f-4abb-9036-0107e4bf8aeb - - - - -] DB_Driver: join new ServiceGroup member juju-dab6fa-0-lxd-7 to the scheduler group, service = join /usr/lib/python3/dist-packages/nova/servicegroup/drivers/db.py:44
2025-10-09 00:42:55.090 185676 DEBUG oslo_service.service [req-aebe3148-de94-4a22-9752-bd05cdb8b210 - - - - -] cinder.keyfile = None log_opt_values /usr/lib/python3/dist-packages/oslo_config/cfg.py:2609
2025-10-09 00:42:55.091 185990 DEBUG oslo_messaging._drivers.amqpdriver [-] Listener is running poll /usr/lib/python3/dist-packages/oslo_messaging/_drivers/amqpdriver.py:343
2025-10-09 00:42:55.091 185676 DEBUG oslo_service.service [req-aebe3148-de94-4a22-9752-bd05cdb8b210 - - - - -] cinder.os_region_name = None log_opt_values /usr/lib/python3/dist-packages/oslo_config/cfg.py:2609
2025-10-09 00:42:55.091 185990 DEBUG oslo_messaging._drivers.amqpdriver [-] AMQPListener connection consume poll /usr/lib/python3/dist-packages/oslo_messaging/_drivers/amqpdriver.py:357
2025-10-09 00:42:55.091 185676 DEBUG oslo_service.service [req-aebe3148-de94-4a22-9752-bd05cdb8b210 - - - - -] cinder.split_loggers = False log_opt_values /usr/lib/python3/dist-packages/oslo_config/cfg.py:2609
2025-10-09 00:42:55.092 185676 DEBUG oslo_service.service [req-aebe3148-de94-4a22-9752-bd05cdb8b210 - - - - -] cinder.timeout = None log_opt_values /usr/lib/python3/dist-packages/oslo_config/cfg.py:2609
2025-10-09 00:42:55.092 185990 DEBUG nova.service [req-76bf058e-59b8-4969-8210-69907cff6be8 - - - - -] Join ServiceGroup membership for this service scheduler start /usr/lib/python3/dist-packages/nova/service.py:199
2025-10-09 00:42:55.092 185676 DEBUG oslo_service.service [req-aebe3148-de94-4a22-9752-bd05cdb8b210 - - - - -] compute.consecutive_build_service_disable_threshold = 10 log_opt_values /usr/lib/python3/dist-packages/oslo_config/cfg.py:2609
2025-10-09 00:42:55.092 185990 DEBUG nova.servicegroup.drivers.db [req-76bf058e-59b8-4969-8210-69907cff6be8 - - - - -] DB_Driver: join new ServiceGroup member juju-dab6fa-0-lxd-7 to the scheduler group, service = join /usr/lib/python3/dist-packages/nova/servicegroup/drivers/db.py:44
2025-10-09 00:42:55.092 185676 DEBUG oslo_service.service [req-aebe3148-de94-4a22-9752-bd05cdb8b210 - - - - -] compute.cpu_dedicated_set = None log_opt_values /usr/lib/python3/dist-packages/oslo_config/cfg.py:2609
2025-10-09 00:42:55.093 185989 DEBUG oslo_messaging._drivers.amqpdriver [-] AMQPListener connection timeout poll /usr/lib/python3/dist-packages/oslo_messaging/_drivers/amqpdriver.py:360
2025-10-09 00:42:55.093 185989 DEBUG oslo_messaging._drivers.amqpdriver [-] Listener is running poll /usr/lib/python3/dist-packages/oslo_messaging/_drivers/amqpdriver.py:343
2025-10-09 00:42:55.093 185989 DEBUG oslo_messaging._drivers.amqpdriver [-] AMQPListener connection consume poll /usr/lib/python3/dist-packages/oslo_messaging/_drivers/amqpdriver.py:357
2025-10-09 00:42:55.093 185676 DEBUG oslo_service.service [req-aebe3148-de94-4a22-9752-bd05cdb8b210 - - - - -] compute.cpu_shared_set = None log_opt_values /usr/lib/python3/dist-packages/oslo_config/cfg.py:2609
2025-10-09 00:42:55.093 185676 DEBUG oslo_service.service [req-aebe3148-de94-4a22-9752-bd05cdb8b210 - - - - -] compute.image_type_exclude_list = [] log_opt_values /usr/lib/python3/dist-packages/oslo_config/cfg.py:2609
2025-10-09 00:42:55.094 185676 DEBUG oslo_service.service [req-aebe3148-de94-4a22-9752-bd05cdb8b210 - - - - -] compute.live_migration_wait_for_vif_plug = True log_opt_values /usr/lib/python3/dist-packages/oslo_config/cfg.py:2609
2025-10-09 00:42:55.094 185676 DEBUG oslo_service.service [req-aebe3148-de94-4a22-9752-bd05cdb8b210 - - - - -] compute.max_concurrent_disk_ops = 0 log_opt_values /usr/lib/python3/dist-packages/oslo_config/cfg.py:2609
2025-10-09 00:42:55.094 185676 DEBUG oslo_service.service [req-aebe3148-de94-4a22-9752-bd05cdb8b210 - - - - -] compute.max_disk_devices_to_attach = -1 log_opt_values /usr/lib/python3/dist-packages/oslo_config/cfg.py:2609
2025-10-09 00:42:55.095 185676 DEBUG oslo_service.service [req-aebe3148-de94-4a22-9752-bd05cdb8b210 - - - - -] compute.packing_host_numa_cells_allocation_strategy = True log_opt_values /usr/lib/python3/dist-packages/oslo_config/cfg.py:2609
