2025-10-09 00:42:08.783 170098 DEBUG oslo_service.service [req-e69aab4e-7525-46ec-ba8a-d5977684cc38 - - - - -] compute.live_migration_wait_for_vif_plug = True log_opt_values /usr/lib/python3/dist-packages/oslo_config/cfg.py:2609
2025-10-09 00:42:08.784 170098 DEBUG oslo_service.service [req-e69aab4e-7525-46ec-ba8a-d5977684cc38 - - - - -] compute.max_concurrent_disk_ops = 0 log_opt_values /usr/lib/python3/dist-packages/oslo_config/cfg.py:2609
2025-10-09 00:42:08.784 170098 DEBUG oslo_service.service [req-e69aab4e-7525-46ec-ba8a-d5977684cc38 - - - - -] compute.max_disk_devices_to_attach = -1 log_opt_values /usr/lib/python3/dist-packages/oslo_config/cfg.py:2609
2025-10-09 00:42:08.784 170098 DEBUG oslo_service.service [req-e69aab4e-7525-46ec-ba8a-d5977684cc38 - - - - -] compute.packing_host_numa_cells_allocation_strategy = True log_opt_values /usr/lib/python3/dist-packages/oslo_config/cfg.py:2609
2025-10-09 00:42:08.784 170098 DEBUG oslo_service.service [req-e69aab4e-7525-46ec-ba8a-d5977684cc38 - - - - -] compute.provider_config_location = /etc/nova/provider_config/ log_opt_values /usr/lib/python3/dist-packages/oslo_config/cfg.py:2609
2025-10-09 00:42:08.784 170098 DEBUG oslo_service.service [req-e69aab4e-7525-46ec-ba8a-d5977684cc38 - - - - -] compute.resource_provider_association_refresh = 300 log_opt_values /usr/lib/python3/dist-packages/oslo_config/cfg.py:2609
2025-10-09 00:42:08.784 170098 DEBUG oslo_service.service [req-e69aab4e-7525-46ec-ba8a-d5977684cc38 - - - - -] compute.shutdown_retry_interval = 10 log_opt_values /usr/lib/python3/dist-packages/oslo_config/cfg.py:2609
2025-10-09 00:42:08.785 170098 DEBUG oslo_service.service [req-e69aab4e-7525-46ec-ba8a-d5977684cc38 - - - - -] compute.vmdk_allowed_types = ['streamOptimized', 'monolithicSparse'] log_opt_values /usr/lib/python3/dist-packages/oslo_config/cfg.py:2609
2025-10-09 00:42:08.785 170098 DEBUG oslo_service.service [req-e69aab4e-7525-46ec-ba8a-d5977684cc38 - - - - -] conductor.workers = 4 log_opt_values /usr/lib/python3/dist-packages/oslo_config/cfg.py:2609
2025-10-09 00:42:08.785 170098 DEBUG oslo_service.service [req-e69aab4e-7525-46ec-ba8a-d5977684cc38 - - - - -] console.allowed_origins = [] log_opt_values /usr/lib/python3/dist-packages/oslo_config/cfg.py:2609
2025-10-09 00:42:08.785 170098 DEBUG oslo_service.service [req-e69aab4e-7525-46ec-ba8a-d5977684cc38 - - - - -] console.ssl_ciphers = None log_opt_values /usr/lib/python3/dist-packages/oslo_config/cfg.py:2609
2025-10-09 00:42:08.785 170098 DEBUG oslo_service.service [req-e69aab4e-7525-46ec-ba8a-d5977684cc38 - - - - -] console.ssl_minimum_version = default log_opt_values /usr/lib/python3/dist-packages/oslo_config/cfg.py:2609
2025-10-09 00:42:08.785 170098 DEBUG oslo_service.service [req-e69aab4e-7525-46ec-ba8a-d5977684cc38 - - - - -] consoleauth.token_ttl = 600 log_opt_values /usr/lib/python3/dist-packages/oslo_config/cfg.py:2609
2025-10-09 00:42:08.786 170098 DEBUG oslo_service.service [req-e69aab4e-7525-46ec-ba8a-d5977684cc38 - - - - -] cyborg.cafile = None log_opt_values /usr/lib/python3/dist-packages/oslo_config/cfg.py:2609
2025-10-09 00:42:08.786 170098 DEBUG oslo_service.service [req-e69aab4e-7525-46ec-ba8a-d5977684cc38 - - - - -] cyborg.certfile = None log_opt_values /usr/lib/python3/dist-packages/oslo_config/cfg.py:2609
2025-10-09 00:42:08.786 170098 DEBUG oslo_service.service [req-e69aab4e-7525-46ec-ba8a-d5977684cc38 - - - - -] cyborg.collect_timing = False log_opt_values /usr/lib/python3/dist-packages/oslo_config/cfg.py:2609
2025-10-09 00:42:08.786 170098 DEBUG oslo_service.service [req-e69aab4e-7525-46ec-ba8a-d5977684cc38 - - - - -] cyborg.connect_retries = None log_opt_values /usr/lib/python3/dist-packages/oslo_config/cfg.py:2609
2025-10-09 00:42:08.786 170098 DEBUG oslo_service.service [req-e69aab4e-7525-46ec-ba8a-d5977684cc38 - - - - -] cyborg.connect_retry_delay = None log_opt_values /usr/lib/python3/dist-packages/oslo_config/cfg.py:2609
2025-10-09 00:42:08.786 170098 DEBUG oslo_service.service [req-e69aab4e-7525-46ec-ba8a-d5977684cc38 - - - - -] cyborg.endpoint_override = None log_opt_values /usr/lib/python3/dist-packages/oslo_config/cfg.py:2609
2025-10-09 00:42:08.786 170098 DEBUG oslo_service.service [req-e69aab4e-7525-46ec-ba8a-d5977684cc38 - - - - -] cyborg.insecure = False log_opt_values /usr/lib/python3/dist-packages/oslo_config/cfg.py:2609
2025-10-09 00:42:08.787 170098 DEBUG oslo_service.service [req-e69aab4e-7525-46ec-ba8a-d5977684cc38 - - - - -] cyborg.keyfile = None log_opt_values /usr/lib/python3/dist-packages/oslo_config/cfg.py:2609
2025-10-09 00:42:08.787 170098 DEBUG oslo_service.service [req-e69aab4e-7525-46ec-ba8a-d5977684cc38 - - - - -] cyborg.max_version = None log_opt_values /usr/lib/python3/dist-packages/oslo_config/cfg.py:2609
2025-10-09 00:42:08.787 170098 DEBUG oslo_service.service [req-e69aab4e-7525-46ec-ba8a-d5977684cc38 - - - - -] cyborg.min_version = None log_opt_values /usr/lib/python3/dist-packages/oslo_config/cfg.py:2609
2025-10-09 00:42:08.787 170098 DEBUG oslo_service.service [req-e69aab4e-7525-46ec-ba8a-d5977684cc38 - - - - -] cyborg.region_name = None log_opt_values /usr/lib/python3/dist-packages/oslo_config/cfg.py:2609
2025-10-09 00:42:08.787 170098 DEBUG oslo_service.service [req-e69aab4e-7525-46ec-ba8a-d5977684cc38 - - - - -] cyborg.service_name = None log_opt_values /usr/lib/python3/dist-packages/oslo_config/cfg.py:2609
2025-10-09 00:42:08.787 170098 DEBUG oslo_service.service [req-e69aab4e-7525-46ec-ba8a-d5977684cc38 - - - - -] cyborg.service_type = accelerator log_opt_values /usr/lib/python3/dist-packages/oslo_config/cfg.py:2609
2025-10-09 00:42:08.788 170098 DEBUG oslo_service.service [req-e69aab4e-7525-46ec-ba8a-d5977684cc38 - - - - -] cyborg.split_loggers = False log_opt_values /usr/lib/python3/dist-packages/oslo_config/cfg.py:2609
2025-10-09 00:42:08.788 170098 DEBUG oslo_service.service [req-e69aab4e-7525-46ec-ba8a-d5977684cc38 - - - - -] cyborg.status_code_retries = None log_opt_values /usr/lib/python3/dist-packages/oslo_config/cfg.py:2609
2025-10-09 00:42:08.788 170098 DEBUG oslo_service.service [req-e69aab4e-7525-46ec-ba8a-d5977684cc38 - - - - -] cyborg.status_code_retry_delay = None log_opt_values /usr/lib/python3/dist-packages/oslo_config/cfg.py:2609
2025-10-09 00:42:08.788 170098 DEBUG oslo_service.service [req-e69aab4e-7525-46ec-ba8a-d5977684cc38 - - - - -] cyborg.timeout = None log_opt_values /usr/lib/python3/dist-packages/oslo_config/cfg.py:2609
2025-10-09 00:42:08.788 170098 DEBUG oslo_service.service [req-e69aab4e-7525-46ec-ba8a-d5977684cc38 - - - - -] cyborg.valid_interfaces = ['internal', 'public'] log_opt_values /usr/lib/python3/dist-packages/oslo_config/cfg.py:2609
2025-10-09 00:42:08.788 170098 DEBUG oslo_service.service [req-e69aab4e-7525-46ec-ba8a-d5977684cc38 - - - - -] cyborg.version = None log_opt_values /usr/lib/python3/dist-packages/oslo_config/cfg.py:2609
2025-10-09 00:42:08.789 170098 DEBUG oslo_service.service [req-e69aab4e-7525-46ec-ba8a-d5977684cc38 - - - - -] database.backend = sqlalchemy log_opt_values /usr/lib/python3/dist-packages/oslo_config/cfg.py:2609
2025-10-09 00:42:08.789 170098 DEBUG oslo_service.service [req-e69aab4e-7525-46ec-ba8a-d5977684cc38 - - - - -] database.connection = **** log_opt_values /usr/lib/python3/dist-packages/oslo_config/cfg.py:2609
2025-10-09 00:42:08.789 170098 DEBUG oslo_service.service [req-e69aab4e-7525-46ec-ba8a-d5977684cc38 - - - - -] database.connection_debug = 0 log_opt_values /usr/lib/python3/dist-packages/oslo_config/cfg.py:2609
2025-10-09 00:42:08.789 170098 DEBUG oslo_service.service [req-e69aab4e-7525-46ec-ba8a-d5977684cc38 - - - - -] database.connection_parameters = log_opt_values /usr/lib/python3/dist-packages/oslo_config/cfg.py:2609
2025-10-09 00:42:08.789 170098 DEBUG oslo_service.service [req-e69aab4e-7525-46ec-ba8a-d5977684cc38 - - - - -] database.connection_recycle_time = 3600 log_opt_values /usr/lib/python3/dist-packages/oslo_config/cfg.py:2609
2025-10-09 00:42:08.789 170098 DEBUG oslo_service.service [req-e69aab4e-7525-46ec-ba8a-d5977684cc38 - - - - -] database.connection_trace = False log_opt_values /usr/lib/python3/dist-packages/oslo_config/cfg.py:2609
2025-10-09 00:42:08.790 170098 DEBUG oslo_service.service [req-e69aab4e-7525-46ec-ba8a-d5977684cc38 - - - - -] database.db_inc_retry_interval = True log_opt_values /usr/lib/python3/dist-packages/oslo_config/cfg.py:2609
2025-10-09 00:42:08.790 170098 DEBUG oslo_service.service [req-e69aab4e-7525-46ec-ba8a-d5977684cc38 - - - - -] database.db_max_retries = 20 log_opt_values /usr/lib/python3/dist-packages/oslo_config/cfg.py:2609
2025-10-09 00:42:08.790 170098 DEBUG oslo_service.service [req-e69aab4e-7525-46ec-ba8a-d5977684cc38 - - - - -] database.db_max_retry_interval = 10 log_opt_values /usr/lib/python3/dist-packages/oslo_config/cfg.py:2609
2025-10-09 00:42:08.790 170098 DEBUG oslo_service.service [req-e69aab4e-7525-46ec-ba8a-d5977684cc38 - - - - -] database.db_retry_interval = 1 log_opt_values /usr/lib/python3/dist-packages/oslo_config/cfg.py:2609
2025-10-09 00:42:08.790 170098 DEBUG oslo_service.service [req-e69aab4e-7525-46ec-ba8a-d5977684cc38 - - - - -] database.max_overflow = 50 log_opt_values /usr/lib/python3/dist-packages/oslo_config/cfg.py:2609
2025-10-09 00:42:08.790 170098 DEBUG oslo_service.service [req-e69aab4e-7525-46ec-ba8a-d5977684cc38 - - - - -] database.max_pool_size = 4 log_opt_values /usr/lib/python3/dist-packages/oslo_config/cfg.py:2609
2025-10-09 00:42:08.791 170098 DEBUG oslo_service.service [req-e69aab4e-7525-46ec-ba8a-d5977684cc38 - - - - -] database.max_retries = 10 log_opt_values /usr/lib/python3/dist-packages/oslo_config/cfg.py:2609
2025-10-09 00:42:08.791 170098 DEBUG oslo_service.service [req-e69aab4e-7525-46ec-ba8a-d5977684cc38 - - - - -] database.mysql_enable_ndb = False log_opt_values /usr/lib/python3/dist-packages/oslo_config/cfg.py:2609
2025-10-09 00:42:08.791 170098 DEBUG oslo_service.service [req-e69aab4e-7525-46ec-ba8a-d5977684cc38 - - - - -] database.mysql_sql_mode = TRADITIONAL log_opt_values /usr/lib/python3/dist-packages/oslo_config/cfg.py:2609
2025-10-09 00:42:08.791 170098 DEBUG oslo_service.service [req-e69aab4e-7525-46ec-ba8a-d5977684cc38 - - - - -] database.pool_timeout = None log_opt_values /usr/lib/python3/dist-packages/oslo_config/cfg.py:2609
2025-10-09 00:42:08.791 170098 DEBUG oslo_service.service [req-e69aab4e-7525-46ec-ba8a-d5977684cc38 - - - - -] database.retry_interval = 10 log_opt_values /usr/lib/python3/dist-packages/oslo_config/cfg.py:2609
2025-10-09 00:42:08.791 170098 DEBUG oslo_service.service [req-e69aab4e-7525-46ec-ba8a-d5977684cc38 - - - - -] database.slave_connection = **** log_opt_values /usr/lib/python3/dist-packages/oslo_config/cfg.py:2609
2025-10-09 00:42:08.792 170098 DEBUG oslo_service.service [req-e69aab4e-7525-46ec-ba8a-d5977684cc38 - - - - -] database.sqlite_synchronous = True log_opt_values /usr/lib/python3/dist-packages/oslo_config/cfg.py:2609
2025-10-09 00:42:08.792 170098 DEBUG oslo_service.service [req-e69aab4e-7525-46ec-ba8a-d5977684cc38 - - - - -] database.use_db_reconnect = False log_opt_values /usr/lib/python3/dist-packages/oslo_config/cfg.py:2609
2025-10-09 00:42:08.792 170098 DEBUG oslo_service.service [req-e69aab4e-7525-46ec-ba8a-d5977684cc38 - - - - -] api_database.backend = sqlalchemy log_opt_values /usr/lib/python3/dist-packages/oslo_config/cfg.py:2609
2025-10-09 00:42:08.792 170098 DEBUG oslo_service.service [req-e69aab4e-7525-46ec-ba8a-d5977684cc38 - - - - -] api_database.connection = **** log_opt_values /usr/lib/python3/dist-packages/oslo_config/cfg.py:2609
2025-10-09 00:42:08.792 170098 DEBUG oslo_service.service [req-e69aab4e-7525-46ec-ba8a-d5977684cc38 - - - - -] api_database.connection_debug = 0 log_opt_values /usr/lib/python3/dist-packages/oslo_config/cfg.py:2609
2025-10-09 00:42:08.792 170098 DEBUG oslo_service.service [req-e69aab4e-7525-46ec-ba8a-d5977684cc38 - - - - -] api_database.connection_parameters = log_opt_values /usr/lib/python3/dist-packages/oslo_config/cfg.py:2609
2025-10-09 00:42:08.793 170098 DEBUG oslo_service.service [req-e69aab4e-7525-46ec-ba8a-d5977684cc38 - - - - -] api_database.connection_recycle_time = 3600 log_opt_values /usr/lib/python3/dist-packages/oslo_config/cfg.py:2609
2025-10-09 00:42:08.793 170098 DEBUG oslo_service.service [req-e69aab4e-7525-46ec-ba8a-d5977684cc38 - - - - -] api_database.connection_trace = False log_opt_values /usr/lib/python3/dist-packages/oslo_config/cfg.py:2609
2025-10-09 00:42:08.793 170098 DEBUG oslo_service.service [req-e69aab4e-7525-46ec-ba8a-d5977684cc38 - - - - -] api_database.db_inc_retry_interval = True log_opt_values /usr/lib/python3/dist-packages/oslo_config/cfg.py:2609
2025-10-09 00:42:08.793 170098 DEBUG oslo_service.service [req-e69aab4e-7525-46ec-ba8a-d5977684cc38 - - - - -] api_database.db_max_retries = 20 log_opt_values /usr/lib/python3/dist-packages/oslo_config/cfg.py:2609
2025-10-09 00:42:08.793 170098 DEBUG oslo_service.service [req-e69aab4e-7525-46ec-ba8a-d5977684cc38 - - - - -] api_database.db_max_retry_interval = 10 log_opt_values /usr/lib/python3/dist-packages/oslo_config/cfg.py:2609
2025-10-09 00:42:08.793 170098 DEBUG oslo_service.service [req-e69aab4e-7525-46ec-ba8a-d5977684cc38 - - - - -] api_database.db_retry_interval = 1 log_opt_values /usr/lib/python3/dist-packages/oslo_config/cfg.py:2609
2025-10-09 00:42:08.793 170098 DEBUG oslo_service.service [req-e69aab4e-7525-46ec-ba8a-d5977684cc38 - - - - -] api_database.max_overflow = 50 log_opt_values /usr/lib/python3/dist-packages/oslo_config/cfg.py:2609
2025-10-09 00:42:08.794 170098 DEBUG oslo_service.service [req-e69aab4e-7525-46ec-ba8a-d5977684cc38 - - - - -] api_database.max_pool_size = 4 log_opt_values /usr/lib/python3/dist-packages/oslo_config/cfg.py:2609
2025-10-09 00:42:08.794 170098 DEBUG oslo_service.service [req-e69aab4e-7525-46ec-ba8a-d5977684cc38 - - - - -] api_database.max_retries = 10 log_opt_values /usr/lib/python3/dist-packages/oslo_config/cfg.py:2609
2025-10-09 00:42:08.794 170098 DEBUG oslo_service.service [req-e69aab4e-7525-46ec-ba8a-d5977684cc38 - - - - -] api_database.mysql_enable_ndb = False log_opt_values /usr/lib/python3/dist-packages/oslo_config/cfg.py:2609
2025-10-09 00:42:08.794 170098 DEBUG oslo_service.service [req-e69aab4e-7525-46ec-ba8a-d5977684cc38 - - - - -] api_database.mysql_sql_mode = TRADITIONAL log_opt_values /usr/lib/python3/dist-packages/oslo_config/cfg.py:2609
2025-10-09 00:42:08.794 170098 DEBUG oslo_service.service [req-e69aab4e-7525-46ec-ba8a-d5977684cc38 - - - - -] api_database.pool_timeout = None log_opt_values /usr/lib/python3/dist-packages/oslo_config/cfg.py:2609
2025-10-09 00:42:08.794 170098 DEBUG oslo_service.service [req-e69aab4e-7525-46ec-ba8a-d5977684cc38 - - - - -] api_database.retry_interval = 10 log_opt_values /usr/lib/python3/dist-packages/oslo_config/cfg.py:2609
2025-10-09 00:42:08.795 170098 DEBUG oslo_service.service [req-e69aab4e-7525-46ec-ba8a-d5977684cc38 - - - - -] api_database.slave_connection = **** log_opt_values /usr/lib/python3/dist-packages/oslo_config/cfg.py:2609
2025-10-09 00:42:08.795 170098 DEBUG oslo_service.service [req-e69aab4e-7525-46ec-ba8a-d5977684cc38 - - - - -] api_database.sqlite_synchronous = True log_opt_values /usr/lib/python3/dist-packages/oslo_config/cfg.py:2609
2025-10-09 00:42:08.795 170098 DEBUG oslo_service.service [req-e69aab4e-7525-46ec-ba8a-d5977684cc38 - - - - -] devices.enabled_mdev_types = [] log_opt_values /usr/lib/python3/dist-packages/oslo_config/cfg.py:2609
2025-10-09 00:42:08.795 170098 DEBUG oslo_service.service [req-e69aab4e-7525-46ec-ba8a-d5977684cc38 - - - - -] ephemeral_storage_encryption.cipher = aes-xts-plain64 log_opt_values /usr/lib/python3/dist-packages/oslo_config/cfg.py:2609
2025-10-09 00:42:08.795 170098 DEBUG oslo_service.service [req-e69aab4e-7525-46ec-ba8a-d5977684cc38 - - - - -] ephemeral_storage_encryption.enabled = False log_opt_values /usr/lib/python3/dist-packages/oslo_config/cfg.py:2609
2025-10-09 00:42:08.795 170098 DEBUG oslo_service.service [req-e69aab4e-7525-46ec-ba8a-d5977684cc38 - - - - -] ephemeral_storage_encryption.key_size = 512 log_opt_values /usr/lib/python3/dist-packages/oslo_config/cfg.py:2609
2025-10-09 00:42:08.796 170098 WARNING oslo_config.cfg [req-e69aab4e-7525-46ec-ba8a-d5977684cc38 - - - - -] Deprecated: Option "api_servers" from group "glance" is deprecated for removal ( Support for image service configuration via standard keystoneauth1 Adapter options was added in the 17.0.0 Queens release. The api_servers option was retained temporarily to allow consumers time to cut over to a real load balancing solution. ). Its value may be silently ignored in the future.
2025-10-09 00:42:08.796 170098 DEBUG oslo_service.service [req-e69aab4e-7525-46ec-ba8a-d5977684cc38 - - - - -] glance.api_servers = ['http://252.129.166.224:9292'] log_opt_values /usr/lib/python3/dist-packages/oslo_config/cfg.py:2609
2025-10-09 00:42:08.796 170098 DEBUG oslo_service.service [req-e69aab4e-7525-46ec-ba8a-d5977684cc38 - - - - -] glance.cafile = None log_opt_values /usr/lib/python3/dist-packages/oslo_config/cfg.py:2609
2025-10-09 00:42:08.796 170098 DEBUG oslo_service.service [req-e69aab4e-7525-46ec-ba8a-d5977684cc38 - - - - -] glance.certfile = None log_opt_values /usr/lib/python3/dist-packages/oslo_config/cfg.py:2609
2025-10-09 00:42:08.796 170098 DEBUG oslo_service.service [req-e69aab4e-7525-46ec-ba8a-d5977684cc38 - - - - -] glance.collect_timing = False log_opt_values /usr/lib/python3/dist-packages/oslo_config/cfg.py:2609
2025-10-09 00:42:08.797 170098 DEBUG oslo_service.service [req-e69aab4e-7525-46ec-ba8a-d5977684cc38 - - - - -] glance.connect_retries = None log_opt_values /usr/lib/python3/dist-packages/oslo_config/cfg.py:2609
2025-10-09 00:42:08.797 170098 DEBUG oslo_service.service [req-e69aab4e-7525-46ec-ba8a-d5977684cc38 - - - - -] glance.connect_retry_delay = None log_opt_values /usr/lib/python3/dist-packages/oslo_config/cfg.py:2609
2025-10-09 00:42:08.797 170098 DEBUG oslo_service.service [req-e69aab4e-7525-46ec-ba8a-d5977684cc38 - - - - -] glance.debug = False log_opt_values /usr/lib/python3/dist-packages/oslo_config/cfg.py:2609
2025-10-09 00:42:08.797 170098 DEBUG oslo_service.service [req-e69aab4e-7525-46ec-ba8a-d5977684cc38 - - - - -] glance.default_trusted_certificate_ids = [] log_opt_values /usr/lib/python3/dist-packages/oslo_config/cfg.py:2609
2025-10-09 00:42:08.797 170098 DEBUG oslo_service.service [req-e69aab4e-7525-46ec-ba8a-d5977684cc38 - - - - -] glance.enable_certificate_validation = False log_opt_values /usr/lib/python3/dist-packages/oslo_config/cfg.py:2609
2025-10-09 00:42:08.797 170098 DEBUG oslo_service.service [req-e69aab4e-7525-46ec-ba8a-d5977684cc38 - - - - -] glance.enable_rbd_download = False log_opt_values /usr/lib/python3/dist-packages/oslo_config/cfg.py:2609
2025-10-09 00:42:08.797 170098 DEBUG oslo_service.service [req-e69aab4e-7525-46ec-ba8a-d5977684cc38 - - - - -] glance.endpoint_override = None log_opt_values /usr/lib/python3/dist-packages/oslo_config/cfg.py:2609
2025-10-09 00:42:08.798 170098 DEBUG oslo_service.service [req-e69aab4e-7525-46ec-ba8a-d5977684cc38 - - - - -] glance.insecure = False log_opt_values /usr/lib/python3/dist-packages/oslo_config/cfg.py:2609
2025-10-09 00:42:08.798 170098 DEBUG oslo_service.service [req-e69aab4e-7525-46ec-ba8a-d5977684cc38 - - - - -] glance.keyfile = None log_opt_values /usr/lib/python3/dist-packages/oslo_config/cfg.py:2609
2025-10-09 00:42:08.798 170098 DEBUG oslo_service.service [req-e69aab4e-7525-46ec-ba8a-d5977684cc38 - - - - -] glance.max_version = None log_opt_values /usr/lib/python3/dist-packages/oslo_config/cfg.py:2609
2025-10-09 00:42:08.798 170098 DEBUG oslo_service.service [req-e69aab4e-7525-46ec-ba8a-d5977684cc38 - - - - -] glance.min_version = None log_opt_values /usr/lib/python3/dist-packages/oslo_config/cfg.py:2609
2025-10-09 00:42:08.798 170098 DEBUG oslo_service.service [req-e69aab4e-7525-46ec-ba8a-d5977684cc38 - - - - -] glance.num_retries = 3 log_opt_values /usr/lib/python3/dist-packages/oslo_config/cfg.py:2609
2025-10-09 00:42:08.798 170098 DEBUG oslo_service.service [req-e69aab4e-7525-46ec-ba8a-d5977684cc38 - - - - -] glance.rbd_ceph_conf = log_opt_values /usr/lib/python3/dist-packages/oslo_config/cfg.py:2609
2025-10-09 00:42:08.799 170098 DEBUG oslo_service.service [req-e69aab4e-7525-46ec-ba8a-d5977684cc38 - - - - -] glance.rbd_connect_timeout = 5 log_opt_values /usr/lib/python3/dist-packages/oslo_config/cfg.py:2609
2025-10-09 00:42:08.799 170098 DEBUG oslo_service.service [req-e69aab4e-7525-46ec-ba8a-d5977684cc38 - - - - -] glance.rbd_pool = log_opt_values /usr/lib/python3/dist-packages/oslo_config/cfg.py:2609
2025-10-09 00:42:08.799 170098 DEBUG oslo_service.service [req-e69aab4e-7525-46ec-ba8a-d5977684cc38 - - - - -] glance.rbd_user = log_opt_values /usr/lib/python3/dist-packages/oslo_config/cfg.py:2609
2025-10-09 00:42:08.799 170098 DEBUG oslo_service.service [req-e69aab4e-7525-46ec-ba8a-d5977684cc38 - - - - -] glance.region_name = None log_opt_values /usr/lib/python3/dist-packages/oslo_config/cfg.py:2609
2025-10-09 00:42:08.799 170098 DEBUG oslo_service.service [req-e69aab4e-7525-46ec-ba8a-d5977684cc38 - - - - -] glance.service_name = None log_opt_values /usr/lib/python3/dist-packages/oslo_config/cfg.py:2609
2025-10-09 00:42:08.799 170098 DEBUG oslo_service.service [req-e69aab4e-7525-46ec-ba8a-d5977684cc38 - - - - -] glance.service_type = image log_opt_values /usr/lib/python3/dist-packages/oslo_config/cfg.py:2609
2025-10-09 00:42:08.800 170098 DEBUG oslo_service.service [req-e69aab4e-7525-46ec-ba8a-d5977684cc38 - - - - -] glance.split_loggers = False log_opt_values /usr/lib/python3/dist-packages/oslo_config/cfg.py:2609
2025-10-09 00:42:08.800 170098 DEBUG oslo_service.service [req-e69aab4e-7525-46ec-ba8a-d5977684cc38 - - - - -] glance.status_code_retries = None log_opt_values /usr/lib/python3/dist-packages/oslo_config/cfg.py:2609
2025-10-09 00:42:08.800 170098 DEBUG oslo_service.service [req-e69aab4e-7525-46ec-ba8a-d5977684cc38 - - - - -] glance.status_code_retry_delay = None log_opt_values /usr/lib/python3/dist-packages/oslo_config/cfg.py:2609
2025-10-09 00:42:08.800 170098 DEBUG oslo_service.service [req-e69aab4e-7525-46ec-ba8a-d5977684cc38 - - - - -] glance.timeout = None log_opt_values /usr/lib/python3/dist-packages/oslo_config/cfg.py:2609
2025-10-09 00:42:08.800 170098 DEBUG oslo_service.service [req-e69aab4e-7525-46ec-ba8a-d5977684cc38 - - - - -] glance.valid_interfaces = ['internal', 'public'] log_opt_values /usr/lib/python3/dist-packages/oslo_config/cfg.py:2609
2025-10-09 00:42:08.800 170098 DEBUG oslo_service.service [req-e69aab4e-7525-46ec-ba8a-d5977684cc38 - - - - -] glance.verify_glance_signatures = False log_opt_values /usr/lib/python3/dist-packages/oslo_config/cfg.py:2609
2025-10-09 00:42:08.800 170098 DEBUG oslo_service.service [req-e69aab4e-7525-46ec-ba8a-d5977684cc38 - - - - -] glance.version = None log_opt_values /usr/lib/python3/dist-packages/oslo_config/cfg.py:2609
2025-10-09 00:42:08.801 170098 DEBUG oslo_service.service [req-e69aab4e-7525-46ec-ba8a-d5977684cc38 - - - - -] guestfs.debug = False log_opt_values /usr/lib/python3/dist-packages/oslo_config/cfg.py:2609
2025-10-09 00:42:08.801 170098 DEBUG oslo_service.service [req-e69aab4e-7525-46ec-ba8a-d5977684cc38 - - - - -] hyperv.config_drive_cdrom = False log_opt_values /usr/lib/python3/dist-packages/oslo_config/cfg.py:2609
2025-10-09 00:42:08.801 170098 DEBUG oslo_service.service [req-e69aab4e-7525-46ec-ba8a-d5977684cc38 - - - - -] hyperv.config_drive_inject_password = False log_opt_values /usr/lib/python3/dist-packages/oslo_config/cfg.py:2609
2025-10-09 00:42:08.801 170098 DEBUG oslo_service.service [req-e69aab4e-7525-46ec-ba8a-d5977684cc38 - - - - -] hyperv.dynamic_memory_ratio = 1.0 log_opt_values /usr/lib/python3/dist-packages/oslo_config/cfg.py:2609
2025-10-09 00:42:08.801 170098 DEBUG oslo_service.service [req-e69aab4e-7525-46ec-ba8a-d5977684cc38 - - - - -] hyperv.enable_instance_metrics_collection = False log_opt_values /usr/lib/python3/dist-packages/oslo_config/cfg.py:2609
2025-10-09 00:42:08.801 170098 DEBUG oslo_service.service [req-e69aab4e-7525-46ec-ba8a-d5977684cc38 - - - - -] hyperv.enable_remotefx = False log_opt_values /usr/lib/python3/dist-packages/oslo_config/cfg.py:2609
2025-10-09 00:42:08.802 170098 DEBUG oslo_service.service [req-e69aab4e-7525-46ec-ba8a-d5977684cc38 - - - - -] hyperv.instances_path_share = log_opt_values /usr/lib/python3/dist-packages/oslo_config/cfg.py:2609
2025-10-09 00:42:08.802 170098 DEBUG oslo_service.service [req-e69aab4e-7525-46ec-ba8a-d5977684cc38 - - - - -] hyperv.iscsi_initiator_list = [] log_opt_values /usr/lib/python3/dist-packages/oslo_config/cfg.py:2609
2025-10-09 00:42:08.802 170098 DEBUG oslo_service.service [req-e69aab4e-7525-46ec-ba8a-d5977684cc38 - - - - -] hyperv.limit_cpu_features = False log_opt_values /usr/lib/python3/dist-packages/oslo_config/cfg.py:2609
2025-10-09 00:42:08.802 170098 DEBUG oslo_service.service [req-e69aab4e-7525-46ec-ba8a-d5977684cc38 - - - - -] hyperv.mounted_disk_query_retry_count = 10 log_opt_values /usr/lib/python3/dist-packages/oslo_config/cfg.py:2609
2025-10-09 00:42:08.802 170098 DEBUG oslo_service.service [req-e69aab4e-7525-46ec-ba8a-d5977684cc38 - - - - -] hyperv.mounted_disk_query_retry_interval = 5 log_opt_values /usr/lib/python3/dist-packages/oslo_config/cfg.py:2609
2025-10-09 00:42:08.802 170098 DEBUG oslo_service.service [req-e69aab4e-7525-46ec-ba8a-d5977684cc38 - - - - -] hyperv.power_state_check_timeframe = 60 log_opt_values /usr/lib/python3/dist-packages/oslo_config/cfg.py:2609
2025-10-09 00:42:08.802 170098 DEBUG oslo_service.service [req-e69aab4e-7525-46ec-ba8a-d5977684cc38 - - - - -] hyperv.power_state_event_polling_interval = 2 log_opt_values /usr/lib/python3/dist-packages/oslo_config/cfg.py:2609
2025-10-09 00:42:08.803 170098 DEBUG oslo_service.service [req-e69aab4e-7525-46ec-ba8a-d5977684cc38 - - - - -] hyperv.qemu_img_cmd = qemu-img.exe log_opt_values /usr/lib/python3/dist-packages/oslo_config/cfg.py:2609
2025-10-09 00:42:08.803 170098 DEBUG oslo_service.service [req-e69aab4e-7525-46ec-ba8a-d5977684cc38 - - - - -] hyperv.use_multipath_io = False log_opt_values /usr/lib/python3/dist-packages/oslo_config/cfg.py:2609
2025-10-09 00:42:08.803 170098 DEBUG oslo_service.service [req-e69aab4e-7525-46ec-ba8a-d5977684cc38 - - - - -] hyperv.volume_attach_retry_count = 10 log_opt_values /usr/lib/python3/dist-packages/oslo_config/cfg.py:2609
2025-10-09 00:42:08.803 170589 DEBUG oslo_messaging._drivers.amqpdriver [-] Listener is running poll /usr/lib/python3/dist-packages/oslo_messaging/_drivers/amqpdriver.py:343
2025-10-09 00:42:08.803 170098 DEBUG oslo_service.service [req-e69aab4e-7525-46ec-ba8a-d5977684cc38 - - - - -] hyperv.volume_attach_retry_interval = 5 log_opt_values /usr/lib/python3/dist-packages/oslo_config/cfg.py:2609
2025-10-09 00:42:08.803 170098 DEBUG oslo_service.service [req-e69aab4e-7525-46ec-ba8a-d5977684cc38 - - - - -] hyperv.vswitch_name = None log_opt_values /usr/lib/python3/dist-packages/oslo_config/cfg.py:2609
2025-10-09 00:42:08.803 170589 DEBUG oslo_messaging._drivers.amqpdriver [-] AMQPListener connection consume poll /usr/lib/python3/dist-packages/oslo_messaging/_drivers/amqpdriver.py:357
2025-10-09 00:42:08.803 170098 DEBUG oslo_service.service [req-e69aab4e-7525-46ec-ba8a-d5977684cc38 - - - - -] hyperv.wait_soft_reboot_seconds = 60 log_opt_values /usr/lib/python3/dist-packages/oslo_config/cfg.py:2609
2025-10-09 00:42:08.804 170098 DEBUG oslo_service.service [req-e69aab4e-7525-46ec-ba8a-d5977684cc38 - - - - -] mks.enabled = False log_opt_values /usr/lib/python3/dist-packages/oslo_config/cfg.py:2609
2025-10-09 00:42:08.804 170098 DEBUG oslo_service.service [req-e69aab4e-7525-46ec-ba8a-d5977684cc38 - - - - -] mks.mksproxy_base_url = http://127.0.0.1:6090/ log_opt_values /usr/lib/python3/dist-packages/oslo_config/cfg.py:2609
2025-10-09 00:42:08.804 170098 DEBUG oslo_service.service [req-e69aab4e-7525-46ec-ba8a-d5977684cc38 - - - - -] image_cache.manager_interval = 2400 log_opt_values /usr/lib/python3/dist-packages/oslo_config/cfg.py:2609
2025-10-09 00:42:08.805 170098 DEBUG oslo_service.service [req-e69aab4e-7525-46ec-ba8a-d5977684cc38 - - - - -] image_cache.precache_concurrency = 1 log_opt_values /usr/lib/python3/dist-packages/oslo_config/cfg.py:2609
2025-10-09 00:42:08.805 170098 DEBUG oslo_service.service [req-e69aab4e-7525-46ec-ba8a-d5977684cc38 - - - - -] image_cache.remove_unused_base_images = True log_opt_values /usr/lib/python3/dist-packages/oslo_config/cfg.py:2609
2025-10-09 00:42:08.805 170098 DEBUG oslo_service.service [req-e69aab4e-7525-46ec-ba8a-d5977684cc38 - - - - -] image_cache.remove_unused_original_minimum_age_seconds = 86400 log_opt_values /usr/lib/python3/dist-packages/oslo_config/cfg.py:2609
2025-10-09 00:42:08.805 170587 DEBUG oslo_messaging._drivers.amqpdriver [-] Listener is running poll /usr/lib/python3/dist-packages/oslo_messaging/_drivers/amqpdriver.py:343
2025-10-09 00:42:08.805 170098 DEBUG oslo_service.service [req-e69aab4e-7525-46ec-ba8a-d5977684cc38 - - - - -] image_cache.remove_unused_resized_minimum_age_seconds = 3600 log_opt_values /usr/lib/python3/dist-packages/oslo_config/cfg.py:2609
2025-10-09 00:42:08.805 170098 DEBUG oslo_service.service [req-e69aab4e-7525-46ec-ba8a-d5977684cc38 - - - - -] image_cache.subdirectory_name = _base log_opt_values /usr/lib/python3/dist-packages/oslo_config/cfg.py:2609
2025-10-09 00:42:08.805 170587 DEBUG oslo_messaging._drivers.amqpdriver [-] AMQPListener connection consume poll /usr/lib/python3/dist-packages/oslo_messaging/_drivers/amqpdriver.py:357
2025-10-09 00:42:08.806 170098 DEBUG oslo_service.service [req-e69aab4e-7525-46ec-ba8a-d5977684cc38 - - - - -] ironic.api_max_retries = 60 log_opt_values /usr/lib/python3/dist-packages/oslo_config/cfg.py:2609
2025-10-09 00:42:08.805 170589 DEBUG nova.service [req-301ac4b1-93fe-421b-a1bc-d296713a47a5 - - - - -] Join ServiceGroup membership for this service conductor start /usr/lib/python3/dist-packages/nova/service.py:199
2025-10-09 00:42:08.806 170098 DEBUG oslo_service.service [req-e69aab4e-7525-46ec-ba8a-d5977684cc38 - - - - -] ironic.api_retry_interval = 2 log_opt_values /usr/lib/python3/dist-packages/oslo_config/cfg.py:2609
2025-10-09 00:42:08.806 170098 DEBUG oslo_service.service [req-e69aab4e-7525-46ec-ba8a-d5977684cc38 - - - - -] ironic.auth_section = None log_opt_values /usr/lib/python3/dist-packages/oslo_config/cfg.py:2609
2025-10-09 00:42:08.806 170589 DEBUG nova.servicegroup.drivers.db [req-301ac4b1-93fe-421b-a1bc-d296713a47a5 - - - - -] DB_Driver: join new ServiceGroup member juju-dab6fa-0-lxd-7 to the conductor group, service = join /usr/lib/python3/dist-packages/nova/servicegroup/drivers/db.py:44
2025-10-09 00:42:08.806 170098 DEBUG oslo_service.service [req-e69aab4e-7525-46ec-ba8a-d5977684cc38 - - - - -] ironic.auth_type = None log_opt_values /usr/lib/python3/dist-packages/oslo_config/cfg.py:2609
2025-10-09 00:42:08.806 170098 DEBUG oslo_service.service [req-e69aab4e-7525-46ec-ba8a-d5977684cc38 - - - - -] ironic.cafile = None log_opt_values /usr/lib/python3/dist-packages/oslo_config/cfg.py:2609
2025-10-09 00:42:08.806 170098 DEBUG oslo_service.service [req-e69aab4e-7525-46ec-ba8a-d5977684cc38 - - - - -] ironic.certfile = None log_opt_values /usr/lib/python3/dist-packages/oslo_config/cfg.py:2609
2025-10-09 00:42:08.807 170098 DEBUG oslo_service.service [req-e69aab4e-7525-46ec-ba8a-d5977684cc38 - - - - -] ironic.collect_timing = False log_opt_values /usr/lib/python3/dist-packages/oslo_config/cfg.py:2609
2025-10-09 00:42:08.807 170098 DEBUG oslo_service.service [req-e69aab4e-7525-46ec-ba8a-d5977684cc38 - - - - -] ironic.connect_retries = None log_opt_values /usr/lib/python3/dist-packages/oslo_config/cfg.py:2609
2025-10-09 00:42:08.806 170587 DEBUG nova.service [req-af191af1-87be-4122-b7b1-29ef4007fc32 - - - - -] Join ServiceGroup membership for this service conductor start /usr/lib/python3/dist-packages/nova/service.py:199
2025-10-09 00:42:08.807 170098 DEBUG oslo_service.service [req-e69aab4e-7525-46ec-ba8a-d5977684cc38 - - - - -] ironic.connect_retry_delay = None log_opt_values /usr/lib/python3/dist-packages/oslo_config/cfg.py:2609
2025-10-09 00:42:08.807 170098 DEBUG oslo_service.service [req-e69aab4e-7525-46ec-ba8a-d5977684cc38 - - - - -] ironic.endpoint_override = None log_opt_values /usr/lib/python3/dist-packages/oslo_config/cfg.py:2609
2025-10-09 00:42:08.807 170587 DEBUG nova.servicegroup.drivers.db [req-af191af1-87be-4122-b7b1-29ef4007fc32 - - - - -] DB_Driver: join new ServiceGroup member juju-dab6fa-0-lxd-7 to the conductor group, service = join /usr/lib/python3/dist-packages/nova/servicegroup/drivers/db.py:44
2025-10-09 00:42:08.807 170098 DEBUG oslo_service.service [req-e69aab4e-7525-46ec-ba8a-d5977684cc38 - - - - -] ironic.insecure = False log_opt_values /usr/lib/python3/dist-packages/oslo_config/cfg.py:2609
2025-10-09 00:42:08.807 170098 DEBUG oslo_service.service [req-e69aab4e-7525-46ec-ba8a-d5977684cc38 - - - - -] ironic.keyfile = None log_opt_values /usr/lib/python3/dist-packages/oslo_config/cfg.py:2609
2025-10-09 00:42:08.807 170098 DEBUG oslo_service.service [req-e69aab4e-7525-46ec-ba8a-d5977684cc38 - - - - -] ironic.max_version = None log_opt_values /usr/lib/python3/dist-packages/oslo_config/cfg.py:2609
2025-10-09 00:42:08.808 170098 DEBUG oslo_service.service [req-e69aab4e-7525-46ec-ba8a-d5977684cc38 - - - - -] ironic.min_version = None log_opt_values /usr/lib/python3/dist-packages/oslo_config/cfg.py:2609
2025-10-09 00:42:08.808 170098 DEBUG oslo_service.service [req-e69aab4e-7525-46ec-ba8a-d5977684cc38 - - - - -] ironic.partition_key = None log_opt_values /usr/lib/python3/dist-packages/oslo_config/cfg.py:2609
2025-10-09 00:42:08.808 170098 DEBUG oslo_service.service [req-e69aab4e-7525-46ec-ba8a-d5977684cc38 - - - - -] ironic.peer_list = [] log_opt_values /usr/lib/python3/dist-packages/oslo_config/cfg.py:2609
2025-10-09 00:42:08.808 170098 DEBUG oslo_service.service [req-e69aab4e-7525-46ec-ba8a-d5977684cc38 - - - - -] ironic.region_name = None log_opt_values /usr/lib/python3/dist-packages/oslo_config/cfg.py:2609
2025-10-09 00:42:08.808 170589 DEBUG oslo_messaging._drivers.amqpdriver [-] AMQPListener connection timeout poll /usr/lib/python3/dist-packages/oslo_messaging/_drivers/amqpdriver.py:360
2025-10-09 00:42:08.808 170098 DEBUG oslo_service.service [req-e69aab4e-7525-46ec-ba8a-d5977684cc38 - - - - -] ironic.serial_console_state_timeout = 10 log_opt_values /usr/lib/python3/dist-packages/oslo_config/cfg.py:2609
2025-10-09 00:42:08.809 170098 DEBUG oslo_service.service [req-e69aab4e-7525-46ec-ba8a-d5977684cc38 - - - - -] ironic.service_name = None log_opt_values /usr/lib/python3/dist-packages/oslo_config/cfg.py:2609
2025-10-09 00:42:08.809 170589 DEBUG oslo_messaging._drivers.amqpdriver [-] Listener is running poll /usr/lib/python3/dist-packages/oslo_messaging/_drivers/amqpdriver.py:343
2025-10-09 00:42:08.809 170589 DEBUG oslo_messaging._drivers.amqpdriver [-] AMQPListener connection consume poll /usr/lib/python3/dist-packages/oslo_messaging/_drivers/amqpdriver.py:357
2025-10-09 00:42:08.809 170098 DEBUG oslo_service.service [req-e69aab4e-7525-46ec-ba8a-d5977684cc38 - - - - -] ironic.service_type = baremetal log_opt_values /usr/lib/python3/dist-packages/oslo_config/cfg.py:2609
2025-10-09 00:42:08.809 170098 DEBUG oslo_service.service [req-e69aab4e-7525-46ec-ba8a-d5977684cc38 - - - - -] ironic.split_loggers = False log_opt_values /usr/lib/python3/dist-packages/oslo_config/cfg.py:2609
2025-10-09 00:42:08.809 170098 DEBUG oslo_service.service [req-e69aab4e-7525-46ec-ba8a-d5977684cc38 - - - - -] ironic.status_code_retries = None log_opt_values /usr/lib/python3/dist-packages/oslo_config/cfg.py:2609
2025-10-09 00:42:08.809 170098 DEBUG oslo_service.service [req-e69aab4e-7525-46ec-ba8a-d5977684cc38 - - - - -] ironic.status_code_retry_delay = None log_opt_values /usr/lib/python3/dist-packages/oslo_config/cfg.py:2609
2025-10-09 00:42:08.809 170098 DEBUG oslo_service.service [req-e69aab4e-7525-46ec-ba8a-d5977684cc38 - - - - -] ironic.timeout = None log_opt_values /usr/lib/python3/dist-packages/oslo_config/cfg.py:2609
2025-10-09 00:42:08.809 170098 DEBUG oslo_service.service [req-e69aab4e-7525-46ec-ba8a-d5977684cc38 - - - - -] ironic.valid_interfaces = ['internal', 'public'] log_opt_values /usr/lib/python3/dist-packages/oslo_config/cfg.py:2609
2025-10-09 00:42:08.810 170098 DEBUG oslo_service.service [req-e69aab4e-7525-46ec-ba8a-d5977684cc38 - - - - -] ironic.version = None log_opt_values /usr/lib/python3/dist-packages/oslo_config/cfg.py:2609
2025-10-09 00:42:08.810 170098 DEBUG oslo_service.service [req-e69aab4e-7525-46ec-ba8a-d5977684cc38 - - - - -] key_manager.backend = barbican log_opt_values /usr/lib/python3/dist-packages/oslo_config/cfg.py:2609
2025-10-09 00:42:08.810 170098 DEBUG oslo_service.service [req-e69aab4e-7525-46ec-ba8a-d5977684cc38 - - - - -] key_manager.fixed_key = **** log_opt_values /usr/lib/python3/dist-packages/oslo_config/cfg.py:2609
2025-10-09 00:42:08.810 170098 DEBUG oslo_service.service [req-e69aab4e-7525-46ec-ba8a-d5977684cc38 - - - - -] barbican.auth_endpoint = http://localhost/identity/v3 log_opt_values /usr/lib/python3/dist-packages/oslo_config/cfg.py:2609
2025-10-09 00:42:08.810 170587 DEBUG oslo_messaging._drivers.amqpdriver [-] AMQPListener connection timeout poll /usr/lib/python3/dist-packages/oslo_messaging/_drivers/amqpdriver.py:360
2025-10-09 00:42:08.810 170098 DEBUG oslo_service.service [req-e69aab4e-7525-46ec-ba8a-d5977684cc38 - - - - -] barbican.barbican_api_version = None log_opt_values /usr/lib/python3/dist-packages/oslo_config/cfg.py:2609
2025-10-09 00:42:08.811 170587 DEBUG oslo_messaging._drivers.amqpdriver [-] Listener is running poll /usr/lib/python3/dist-packages/oslo_messaging/_drivers/amqpdriver.py:343
2025-10-09 00:42:08.811 170098 DEBUG oslo_service.service [req-e69aab4e-7525-46ec-ba8a-d5977684cc38 - - - - -] barbican.barbican_endpoint = None log_opt_values /usr/lib/python3/dist-packages/oslo_config/cfg.py:2609
2025-10-09 00:42:08.811 170587 DEBUG oslo_messaging._drivers.amqpdriver [-] AMQPListener connection consume poll /usr/lib/python3/dist-packages/oslo_messaging/_drivers/amqpdriver.py:357
2025-10-09 00:42:08.811 170098 DEBUG oslo_service.service [req-e69aab4e-7525-46ec-ba8a-d5977684cc38 - - - - -] barbican.barbican_endpoint_type = public log_opt_values /usr/lib/python3/dist-packages/oslo_config/cfg.py:2609
2025-10-09 00:42:08.810 170581 DEBUG oslo_db.sqlalchemy.engines [req-7b0ab933-6e1e-4446-945f-3e9eea3133e4 - - - - -] MySQL server mode set to STRICT_TRANS_TABLES,STRICT_ALL_TABLES,NO_ZERO_IN_DATE,NO_ZERO_DATE,ERROR_FOR_DIVISION_BY_ZERO,TRADITIONAL,NO_ENGINE_SUBSTITUTION _check_effective_sql_mode /usr/lib/python3/dist-packages/oslo_db/sqlalchemy/engines.py:314
2025-10-09 00:42:08.811 170098 DEBUG oslo_service.service [req-e69aab4e-7525-46ec-ba8a-d5977684cc38 - - - - -] barbican.barbican_region_name = None log_opt_values /usr/lib/python3/dist-packages/oslo_config/cfg.py:2609
2025-10-09 00:42:08.811 170098 DEBUG oslo_service.service [req-e69aab4e-7525-46ec-ba8a-d5977684cc38 - - - - -] barbican.cafile = None log_opt_values /usr/lib/python3/dist-packages/oslo_config/cfg.py:2609
2025-10-09 00:42:08.811 170098 DEBUG oslo_service.service [req-e69aab4e-7525-46ec-ba8a-d5977684cc38 - - - - -] barbican.certfile = None log_opt_values /usr/lib/python3/dist-packages/oslo_config/cfg.py:2609
2025-10-09 00:42:08.811 170098 DEBUG oslo_service.service [req-e69aab4e-7525-46ec-ba8a-d5977684cc38 - - - - -] barbican.collect_timing = False log_opt_values /usr/lib/python3/dist-packages/oslo_config/cfg.py:2609
2025-10-09 00:42:08.812 170098 DEBUG oslo_service.service [req-e69aab4e-7525-46ec-ba8a-d5977684cc38 - - - - -] barbican.insecure = False log_opt_values /usr/lib/python3/dist-packages/oslo_config/cfg.py:2609
2025-10-09 00:42:08.812 170098 DEBUG oslo_service.service [req-e69aab4e-7525-46ec-ba8a-d5977684cc38 - - - - -] barbican.keyfile = None log_opt_values /usr/lib/python3/dist-packages/oslo_config/cfg.py:2609
2025-10-09 00:42:08.812 170098 DEBUG oslo_service.service [req-e69aab4e-7525-46ec-ba8a-d5977684cc38 - - - - -] barbican.number_of_retries = 60 log_opt_values /usr/lib/python3/dist-packages/oslo_config/cfg.py:2609
2025-10-09 00:42:08.812 170098 DEBUG oslo_service.service [req-e69aab4e-7525-46ec-ba8a-d5977684cc38 - - - - -] barbican.retry_delay = 1 log_opt_values /usr/lib/python3/dist-packages/oslo_config/cfg.py:2609
2025-10-09 00:42:08.812 170098 DEBUG oslo_service.service [req-e69aab4e-7525-46ec-ba8a-d5977684cc38 - - - - -] barbican.send_service_user_token = False log_opt_values /usr/lib/python3/dist-packages/oslo_config/cfg.py:2609
2025-10-09 00:42:08.812 170575 DEBUG oslo_messaging._drivers.amqpdriver [-] Listener is running poll /usr/lib/python3/dist-packages/oslo_messaging/_drivers/amqpdriver.py:343
2025-10-09 00:42:08.812 170098 DEBUG oslo_service.service [req-e69aab4e-7525-46ec-ba8a-d5977684cc38 - - - - -] barbican.split_loggers = False log_opt_values /usr/lib/python3/dist-packages/oslo_config/cfg.py:2609
2025-10-09 00:42:08.812 170575 DEBUG oslo_messaging._drivers.amqpdriver [-] AMQPListener connection consume poll /usr/lib/python3/dist-packages/oslo_messaging/_drivers/amqpdriver.py:357
2025-10-09 00:42:08.812 170098 DEBUG oslo_service.service [req-e69aab4e-7525-46ec-ba8a-d5977684cc38 - - - - -] barbican.timeout = None log_opt_values /usr/lib/python3/dist-packages/oslo_config/cfg.py:2609
2025-10-09 00:42:08.813 170098 DEBUG oslo_service.service [req-e69aab4e-7525-46ec-ba8a-d5977684cc38 - - - - -] barbican.verify_ssl = True log_opt_values /usr/lib/python3/dist-packages/oslo_config/cfg.py:2609
2025-10-09 00:42:08.813 170098 DEBUG oslo_service.service [req-e69aab4e-7525-46ec-ba8a-d5977684cc38 - - - - -] barbican.verify_ssl_path = None log_opt_values /usr/lib/python3/dist-packages/oslo_config/cfg.py:2609
2025-10-09 00:42:08.813 170098 DEBUG oslo_service.service [req-e69aab4e-7525-46ec-ba8a-d5977684cc38 - - - - -] barbican_service_user.auth_section = None log_opt_values /usr/lib/python3/dist-packages/oslo_config/cfg.py:2609
2025-10-09 00:42:08.813 170098 DEBUG oslo_service.service [req-e69aab4e-7525-46ec-ba8a-d5977684cc38 - - - - -] barbican_service_user.auth_type = None log_opt_values /usr/lib/python3/dist-packages/oslo_config/cfg.py:2609
2025-10-09 00:42:08.813 170575 DEBUG nova.service [req-820f49d3-7ca7-4afe-af5c-6060277fff63 - - - - -] Join ServiceGroup membership for this service conductor start /usr/lib/python3/dist-packages/nova/service.py:199
2025-10-09 00:42:08.813 170098 DEBUG oslo_service.service [req-e69aab4e-7525-46ec-ba8a-d5977684cc38 - - - - -] barbican_service_user.cafile = None log_opt_values /usr/lib/python3/dist-packages/oslo_config/cfg.py:2609
2025-10-09 00:42:08.813 170098 DEBUG oslo_service.service [req-e69aab4e-7525-46ec-ba8a-d5977684cc38 - - - - -] barbican_service_user.certfile = None log_opt_values /usr/lib/python3/dist-packages/oslo_config/cfg.py:2609
2025-10-09 00:42:08.813 170575 DEBUG nova.servicegroup.drivers.db [req-820f49d3-7ca7-4afe-af5c-6060277fff63 - - - - -] DB_Driver: join new ServiceGroup member juju-dab6fa-0-lxd-7 to the conductor group, service = join /usr/lib/python3/dist-packages/nova/servicegroup/drivers/db.py:44
2025-10-09 00:42:08.814 170098 DEBUG oslo_service.service [req-e69aab4e-7525-46ec-ba8a-d5977684cc38 - - - - -] barbican_service_user.collect_timing = False log_opt_values /usr/lib/python3/dist-packages/oslo_config/cfg.py:2609
2025-10-09 00:42:08.814 170098 DEBUG oslo_service.service [req-e69aab4e-7525-46ec-ba8a-d5977684cc38 - - - - -] barbican_service_user.insecure = False log_opt_values /usr/lib/python3/dist-packages/oslo_config/cfg.py:2609
2025-10-09 00:42:08.814 170098 DEBUG oslo_service.service [req-e69aab4e-7525-46ec-ba8a-d5977684cc38 - - - - -] barbican_service_user.keyfile = None log_opt_values /usr/lib/python3/dist-packages/oslo_config/cfg.py:2609
2025-10-09 00:42:08.814 170098 DEBUG oslo_service.service [req-e69aab4e-7525-46ec-ba8a-d5977684cc38 - - - - -] barbican_service_user.split_loggers = False log_opt_values /usr/lib/python3/dist-packages/oslo_config/cfg.py:2609
2025-10-09 00:42:08.814 170098 DEBUG oslo_service.service [req-e69aab4e-7525-46ec-ba8a-d5977684cc38 - - - - -] barbican_service_user.timeout = None log_opt_values /usr/lib/python3/dist-packages/oslo_config/cfg.py:2609
2025-10-09 00:42:08.814 170098 DEBUG oslo_service.service [req-e69aab4e-7525-46ec-ba8a-d5977684cc38 - - - - -] vault.approle_role_id = None log_opt_values /usr/lib/python3/dist-packages/oslo_config/cfg.py:2609
2025-10-09 00:42:08.815 170098 DEBUG oslo_service.service [req-e69aab4e-7525-46ec-ba8a-d5977684cc38 - - - - -] vault.approle_secret_id = None log_opt_values /usr/lib/python3/dist-packages/oslo_config/cfg.py:2609
2025-10-09 00:42:08.815 170098 DEBUG oslo_service.service [req-e69aab4e-7525-46ec-ba8a-d5977684cc38 - - - - -] vault.cafile = None log_opt_values /usr/lib/python3/dist-packages/oslo_config/cfg.py:2609
2025-10-09 00:42:08.815 170098 DEBUG oslo_service.service [req-e69aab4e-7525-46ec-ba8a-d5977684cc38 - - - - -] vault.certfile = None log_opt_values /usr/lib/python3/dist-packages/oslo_config/cfg.py:2609
2025-10-09 00:42:08.815 170098 DEBUG oslo_service.service [req-e69aab4e-7525-46ec-ba8a-d5977684cc38 - - - - -] vault.collect_timing = False log_opt_values /usr/lib/python3/dist-packages/oslo_config/cfg.py:2609
2025-10-09 00:42:08.815 170098 DEBUG oslo_service.service [req-e69aab4e-7525-46ec-ba8a-d5977684cc38 - - - - -] vault.insecure = False log_opt_values /usr/lib/python3/dist-packages/oslo_config/cfg.py:2609
2025-10-09 00:42:08.815 170098 DEBUG oslo_service.service [req-e69aab4e-7525-46ec-ba8a-d5977684cc38 - - - - -] vault.keyfile = None log_opt_values /usr/lib/python3/dist-packages/oslo_config/cfg.py:2609
2025-10-09 00:42:08.815 170098 DEBUG oslo_service.service [req-e69aab4e-7525-46ec-ba8a-d5977684cc38 - - - - -] vault.kv_mountpoint = secret log_opt_values /usr/lib/python3/dist-packages/oslo_config/cfg.py:2609
2025-10-09 00:42:08.816 170098 DEBUG oslo_service.service [req-e69aab4e-7525-46ec-ba8a-d5977684cc38 - - - - -] vault.kv_version = 2 log_opt_values /usr/lib/python3/dist-packages/oslo_config/cfg.py:2609
2025-10-09 00:42:08.816 170098 DEBUG oslo_service.service [req-e69aab4e-7525-46ec-ba8a-d5977684cc38 - - - - -] vault.namespace = None log_opt_values /usr/lib/python3/dist-packages/oslo_config/cfg.py:2609
2025-10-09 00:42:08.816 170098 DEBUG oslo_service.service [req-e69aab4e-7525-46ec-ba8a-d5977684cc38 - - - - -] vault.root_token_id = None log_opt_values /usr/lib/python3/dist-packages/oslo_config/cfg.py:2609
2025-10-09 00:42:08.816 170575 DEBUG oslo_messaging._drivers.amqpdriver [-] AMQPListener connection timeout poll /usr/lib/python3/dist-packages/oslo_messaging/_drivers/amqpdriver.py:360
2025-10-09 00:42:08.816 170098 DEBUG oslo_service.service [req-e69aab4e-7525-46ec-ba8a-d5977684cc38 - - - - -] vault.split_loggers = False log_opt_values /usr/lib/python3/dist-packages/oslo_config/cfg.py:2609
2025-10-09 00:42:08.816 170575 DEBUG oslo_messaging._drivers.amqpdriver [-] Listener is running poll /usr/lib/python3/dist-packages/oslo_messaging/_drivers/amqpdriver.py:343
2025-10-09 00:42:08.816 170098 DEBUG oslo_service.service [req-e69aab4e-7525-46ec-ba8a-d5977684cc38 - - - - -] vault.ssl_ca_crt_file = None log_opt_values /usr/lib/python3/dist-packages/oslo_config/cfg.py:2609
2025-10-09 00:42:08.816 170575 DEBUG oslo_messaging._drivers.amqpdriver [-] AMQPListener connection consume poll /usr/lib/python3/dist-packages/oslo_messaging/_drivers/amqpdriver.py:357
2025-10-09 00:42:08.816 170098 DEBUG oslo_service.service [req-e69aab4e-7525-46ec-ba8a-d5977684cc38 - - - - -] vault.timeout = None log_opt_values /usr/lib/python3/dist-packages/oslo_config/cfg.py:2609
2025-10-09 00:42:08.817 170098 DEBUG oslo_service.service [req-e69aab4e-7525-46ec-ba8a-d5977684cc38 - - - - -] vault.use_ssl = False log_opt_values /usr/lib/python3/dist-packages/oslo_config/cfg.py:2609
2025-10-09 00:42:08.817 170098 DEBUG oslo_service.service [req-e69aab4e-7525-46ec-ba8a-d5977684cc38 - - - - -] vault.vault_url = http://127.0.0.1:8200 log_opt_values /usr/lib/python3/dist-packages/oslo_config/cfg.py:2609
2025-10-09 00:42:08.817 170098 DEBUG oslo_service.service [req-e69aab4e-7525-46ec-ba8a-d5977684cc38 - - - - -] keystone.cafile = None log_opt_values /usr/lib/python3/dist-packages/oslo_config/cfg.py:2609
2025-10-09 00:42:08.817 170098 DEBUG oslo_service.service [req-e69aab4e-7525-46ec-ba8a-d5977684cc38 - - - - -] keystone.certfile = None log_opt_values /usr/lib/python3/dist-packages/oslo_config/cfg.py:2609
2025-10-09 00:42:08.817 170098 DEBUG oslo_service.service [req-e69aab4e-7525-46ec-ba8a-d5977684cc38 - - - - -] keystone.collect_timing = False log_opt_values /usr/lib/python3/dist-packages/oslo_config/cfg.py:2609
2025-10-09 00:42:08.817 170098 DEBUG oslo_service.service [req-e69aab4e-7525-46ec-ba8a-d5977684cc38 - - - - -] keystone.connect_retries = None log_opt_values /usr/lib/python3/dist-packages/oslo_config/cfg.py:2609
2025-10-09 00:42:08.818 170098 DEBUG oslo_service.service [req-e69aab4e-7525-46ec-ba8a-d5977684cc38 - - - - -] keystone.connect_retry_delay = None log_opt_values /usr/lib/python3/dist-packages/oslo_config/cfg.py:2609
2025-10-09 00:42:08.818 170098 DEBUG oslo_service.service [req-e69aab4e-7525-46ec-ba8a-d5977684cc38 - - - - -] keystone.endpoint_override = None log_opt_values /usr/lib/python3/dist-packages/oslo_config/cfg.py:2609
2025-10-09 00:42:08.818 170098 DEBUG oslo_service.service [req-e69aab4e-7525-46ec-ba8a-d5977684cc38 - - - - -] keystone.insecure = False log_opt_values /usr/lib/python3/dist-packages/oslo_config/cfg.py:2609
2025-10-09 00:42:08.818 170098 DEBUG oslo_service.service [req-e69aab4e-7525-46ec-ba8a-d5977684cc38 - - - - -] keystone.keyfile = None log_opt_values /usr/lib/python3/dist-packages/oslo_config/cfg.py:2609
