2025-10-09 00:38:37.051 115155 DEBUG oslo_concurrency.lockutils [req-e9102854-7799-4b81-bcb1-96214ea4c575 - - - - -] Releasing lock "singleton_lock" lock /usr/lib/python3/dist-packages/oslo_concurrency/lockutils.py:312
2025-10-09 00:38:37.052 115155 DEBUG oslo_service.service [req-e9102854-7799-4b81-bcb1-96214ea4c575 - - - - -] Stop services. stop /usr/lib/python3/dist-packages/oslo_service/service.py:695
2025-10-09 00:38:37.052 115155 DEBUG oslo_service.service [req-e9102854-7799-4b81-bcb1-96214ea4c575 - - - - -] Killing children. stop /usr/lib/python3/dist-packages/oslo_service/service.py:700
2025-10-09 00:38:37.061 115155 INFO oslo_service.service [req-e9102854-7799-4b81-bcb1-96214ea4c575 - - - - -] Waiting on 4 children to exit
2025-10-09 00:38:37.061 115155 INFO oslo_service.service [req-e9102854-7799-4b81-bcb1-96214ea4c575 - - - - -] Child 116006 killed by signal 15
2025-10-09 00:38:37.070 115155 INFO oslo_service.service [req-e9102854-7799-4b81-bcb1-96214ea4c575 - - - - -] Child 116012 killed by signal 15
2025-10-09 00:38:37.073 115155 INFO oslo_service.service [req-e9102854-7799-4b81-bcb1-96214ea4c575 - - - - -] Child 116004 killed by signal 15
2025-10-09 00:38:37.077 115155 INFO oslo_service.service [req-e9102854-7799-4b81-bcb1-96214ea4c575 - - - - -] Child 116005 killed by signal 15
2025-10-09 00:38:39.671 121057 ERROR nova.scheduler.client.report [-] The placement API endpoint was not found.: keystoneauth1.exceptions.catalog.EndpointNotFound: ['internal', 'public'] endpoint for placement service in RegionOne region not found
2025-10-09 00:38:39.672 121057 WARNING nova.conductor.manager [-] Unable to initialize placement client (['internal', 'public'] endpoint for placement service in RegionOne region not found); Continuing with startup, but some operations will not be possible.: keystoneauth1.exceptions.catalog.EndpointNotFound: ['internal', 'public'] endpoint for placement service in RegionOne region not found
2025-10-09 00:38:39.692 121057 DEBUG oslo_db.sqlalchemy.engines [req-0c68cb8e-56cb-4e0f-bf1d-3f83a3ad60c6 - - - - -] MySQL server mode set to STRICT_TRANS_TABLES,STRICT_ALL_TABLES,NO_ZERO_IN_DATE,NO_ZERO_DATE,ERROR_FOR_DIVISION_BY_ZERO,TRADITIONAL,NO_ENGINE_SUBSTITUTION _check_effective_sql_mode /usr/lib/python3/dist-packages/oslo_db/sqlalchemy/engines.py:314
2025-10-09 00:38:39.798 121057 DEBUG nova.context [req-0c68cb8e-56cb-4e0f-bf1d-3f83a3ad60c6 - - - - -] Found 2 cells: 00000000-0000-0000-0000-000000000000(cell0),16db7880-419d-4f4b-b913-5eb49e12086d(cell1) load_cells /usr/lib/python3/dist-packages/nova/context.py:464
2025-10-09 00:38:39.802 121057 DEBUG oslo_concurrency.lockutils [req-0c68cb8e-56cb-4e0f-bf1d-3f83a3ad60c6 - - - - -] Lock "00000000-0000-0000-0000-000000000000" acquired by "nova.context.set_target_cell..get_or_set_cached_cell_and_set_connections" :: waited 0.000s inner /usr/lib/python3/dist-packages/oslo_concurrency/lockutils.py:386
2025-10-09 00:38:39.803 121057 DEBUG oslo_concurrency.lockutils [req-0c68cb8e-56cb-4e0f-bf1d-3f83a3ad60c6 - - - - -] Lock "00000000-0000-0000-0000-000000000000" "released" by "nova.context.set_target_cell..get_or_set_cached_cell_and_set_connections" :: held 0.001s inner /usr/lib/python3/dist-packages/oslo_concurrency/lockutils.py:400
2025-10-09 00:38:39.803 121057 DEBUG oslo_concurrency.lockutils [req-0c68cb8e-56cb-4e0f-bf1d-3f83a3ad60c6 - - - - -] Lock "16db7880-419d-4f4b-b913-5eb49e12086d" acquired by "nova.context.set_target_cell..get_or_set_cached_cell_and_set_connections" :: waited 0.000s inner /usr/lib/python3/dist-packages/oslo_concurrency/lockutils.py:386
2025-10-09 00:38:39.807 121057 DEBUG oslo_concurrency.lockutils [req-0c68cb8e-56cb-4e0f-bf1d-3f83a3ad60c6 - - - - -] Lock "16db7880-419d-4f4b-b913-5eb49e12086d" "released" by "nova.context.set_target_cell..get_or_set_cached_cell_and_set_connections" :: held 0.003s inner /usr/lib/python3/dist-packages/oslo_concurrency/lockutils.py:400
2025-10-09 00:38:39.816 121057 DEBUG oslo_db.sqlalchemy.engines [req-0c68cb8e-56cb-4e0f-bf1d-3f83a3ad60c6 - - - - -] MySQL server mode set to STRICT_TRANS_TABLES,STRICT_ALL_TABLES,NO_ZERO_IN_DATE,NO_ZERO_DATE,ERROR_FOR_DIVISION_BY_ZERO,TRADITIONAL,NO_ENGINE_SUBSTITUTION _check_effective_sql_mode /usr/lib/python3/dist-packages/oslo_db/sqlalchemy/engines.py:314
2025-10-09 00:38:39.904 121057 DEBUG oslo_db.sqlalchemy.engines [req-0c68cb8e-56cb-4e0f-bf1d-3f83a3ad60c6 - - - - -] MySQL server mode set to STRICT_TRANS_TABLES,STRICT_ALL_TABLES,NO_ZERO_IN_DATE,NO_ZERO_DATE,ERROR_FOR_DIVISION_BY_ZERO,TRADITIONAL,NO_ENGINE_SUBSTITUTION _check_effective_sql_mode /usr/lib/python3/dist-packages/oslo_db/sqlalchemy/engines.py:314
2025-10-09 00:38:39.913 121057 DEBUG oslo_concurrency.lockutils [req-0c68cb8e-56cb-4e0f-bf1d-3f83a3ad60c6 - - - - -] Acquired lock "singleton_lock" lock /usr/lib/python3/dist-packages/oslo_concurrency/lockutils.py:294
2025-10-09 00:38:39.914 121057 DEBUG oslo_concurrency.lockutils [req-0c68cb8e-56cb-4e0f-bf1d-3f83a3ad60c6 - - - - -] Releasing lock "singleton_lock" lock /usr/lib/python3/dist-packages/oslo_concurrency/lockutils.py:312
2025-10-09 00:38:39.914 121057 INFO oslo_service.service [req-0c68cb8e-56cb-4e0f-bf1d-3f83a3ad60c6 - - - - -] Starting 4 workers
2025-10-09 00:38:39.918 121057 DEBUG oslo_service.service [req-0c68cb8e-56cb-4e0f-bf1d-3f83a3ad60c6 - - - - -] Started child 121364 _start_child /usr/lib/python3/dist-packages/oslo_service/service.py:575
2025-10-09 00:38:39.922 121364 INFO nova.service [-] Starting conductor node (version 25.2.1)
2025-10-09 00:38:39.922 121057 DEBUG oslo_service.service [req-0c68cb8e-56cb-4e0f-bf1d-3f83a3ad60c6 - - - - -] Started child 121365 _start_child /usr/lib/python3/dist-packages/oslo_service/service.py:575
2025-10-09 00:38:39.926 121057 DEBUG oslo_service.service [req-0c68cb8e-56cb-4e0f-bf1d-3f83a3ad60c6 - - - - -] Started child 121366 _start_child /usr/lib/python3/dist-packages/oslo_service/service.py:575
2025-10-09 00:38:39.930 121365 INFO nova.service [-] Starting conductor node (version 25.2.1)
2025-10-09 00:38:39.931 121057 DEBUG oslo_service.service [req-0c68cb8e-56cb-4e0f-bf1d-3f83a3ad60c6 - - - - -] Started child 121367 _start_child /usr/lib/python3/dist-packages/oslo_service/service.py:575
2025-10-09 00:38:39.933 121057 DEBUG oslo_service.service [req-0c68cb8e-56cb-4e0f-bf1d-3f83a3ad60c6 - - - - -] Full set of CONF: wait /usr/lib/python3/dist-packages/oslo_service/service.py:649
2025-10-09 00:38:39.933 121057 DEBUG oslo_service.service [req-0c68cb8e-56cb-4e0f-bf1d-3f83a3ad60c6 - - - - -] ******************************************************************************** log_opt_values /usr/lib/python3/dist-packages/oslo_config/cfg.py:2589
2025-10-09 00:38:39.933 121057 DEBUG oslo_service.service [req-0c68cb8e-56cb-4e0f-bf1d-3f83a3ad60c6 - - - - -] Configuration options gathered from: log_opt_values /usr/lib/python3/dist-packages/oslo_config/cfg.py:2590
2025-10-09 00:38:39.931 121366 INFO nova.service [-] Starting conductor node (version 25.2.1)
2025-10-09 00:38:39.933 121057 DEBUG oslo_service.service [req-0c68cb8e-56cb-4e0f-bf1d-3f83a3ad60c6 - - - - -] command line args: ['--config-file=/etc/nova/nova.conf', '--log-file=/var/log/nova/nova-conductor.log'] log_opt_values /usr/lib/python3/dist-packages/oslo_config/cfg.py:2591
2025-10-09 00:38:39.934 121057 DEBUG oslo_service.service [req-0c68cb8e-56cb-4e0f-bf1d-3f83a3ad60c6 - - - - -] config files: ['/etc/nova/nova.conf'] log_opt_values /usr/lib/python3/dist-packages/oslo_config/cfg.py:2592
2025-10-09 00:38:39.936 121057 DEBUG oslo_service.service [req-0c68cb8e-56cb-4e0f-bf1d-3f83a3ad60c6 - - - - -] ================================================================================ log_opt_values /usr/lib/python3/dist-packages/oslo_config/cfg.py:2594
2025-10-09 00:38:39.936 121057 DEBUG oslo_service.service [req-0c68cb8e-56cb-4e0f-bf1d-3f83a3ad60c6 - - - - -] allow_resize_to_same_host = False log_opt_values /usr/lib/python3/dist-packages/oslo_config/cfg.py:2602
2025-10-09 00:38:39.936 121057 DEBUG oslo_service.service [req-0c68cb8e-56cb-4e0f-bf1d-3f83a3ad60c6 - - - - -] arq_binding_timeout = 300 log_opt_values /usr/lib/python3/dist-packages/oslo_config/cfg.py:2602
2025-10-09 00:38:39.937 121057 DEBUG oslo_service.service [req-0c68cb8e-56cb-4e0f-bf1d-3f83a3ad60c6 - - - - -] block_device_allocate_retries = 60 log_opt_values /usr/lib/python3/dist-packages/oslo_config/cfg.py:2602
2025-10-09 00:38:39.937 121057 DEBUG oslo_service.service [req-0c68cb8e-56cb-4e0f-bf1d-3f83a3ad60c6 - - - - -] block_device_allocate_retries_interval = 3 log_opt_values /usr/lib/python3/dist-packages/oslo_config/cfg.py:2602
2025-10-09 00:38:39.937 121057 DEBUG oslo_service.service [req-0c68cb8e-56cb-4e0f-bf1d-3f83a3ad60c6 - - - - -] cert = self.pem log_opt_values /usr/lib/python3/dist-packages/oslo_config/cfg.py:2602
2025-10-09 00:38:39.937 121057 DEBUG oslo_service.service [req-0c68cb8e-56cb-4e0f-bf1d-3f83a3ad60c6 - - - - -] compute_driver = libvirt.LibvirtDriver log_opt_values /usr/lib/python3/dist-packages/oslo_config/cfg.py:2602
2025-10-09 00:38:39.937 121057 DEBUG oslo_service.service [req-0c68cb8e-56cb-4e0f-bf1d-3f83a3ad60c6 - - - - -] compute_monitors = [] log_opt_values /usr/lib/python3/dist-packages/oslo_config/cfg.py:2602
2025-10-09 00:38:39.938 121057 DEBUG oslo_service.service [req-0c68cb8e-56cb-4e0f-bf1d-3f83a3ad60c6 - - - - -] config_dir = [] log_opt_values /usr/lib/python3/dist-packages/oslo_config/cfg.py:2602
2025-10-09 00:38:39.938 121057 DEBUG oslo_service.service [req-0c68cb8e-56cb-4e0f-bf1d-3f83a3ad60c6 - - - - -] config_drive_format = iso9660 log_opt_values /usr/lib/python3/dist-packages/oslo_config/cfg.py:2602
2025-10-09 00:38:39.939 121057 DEBUG oslo_service.service [req-0c68cb8e-56cb-4e0f-bf1d-3f83a3ad60c6 - - - - -] config_file = ['/etc/nova/nova.conf'] log_opt_values /usr/lib/python3/dist-packages/oslo_config/cfg.py:2602
2025-10-09 00:38:39.939 121057 DEBUG oslo_service.service [req-0c68cb8e-56cb-4e0f-bf1d-3f83a3ad60c6 - - - - -] config_source = [] log_opt_values /usr/lib/python3/dist-packages/oslo_config/cfg.py:2602
2025-10-09 00:38:39.940 121057 DEBUG oslo_service.service [req-0c68cb8e-56cb-4e0f-bf1d-3f83a3ad60c6 - - - - -] console_host = juju-dab6fa-0-lxd-7 log_opt_values /usr/lib/python3/dist-packages/oslo_config/cfg.py:2602
2025-10-09 00:38:39.941 121057 DEBUG oslo_service.service [req-0c68cb8e-56cb-4e0f-bf1d-3f83a3ad60c6 - - - - -] control_exchange = nova log_opt_values /usr/lib/python3/dist-packages/oslo_config/cfg.py:2602
2025-10-09 00:38:39.942 121057 DEBUG oslo_service.service [req-0c68cb8e-56cb-4e0f-bf1d-3f83a3ad60c6 - - - - -] cpu_allocation_ratio = 2.0 log_opt_values /usr/lib/python3/dist-packages/oslo_config/cfg.py:2602
2025-10-09 00:38:39.942 121365 DEBUG oslo_db.sqlalchemy.engines [req-91f9bb16-40c9-4a65-b3b3-19188b45cc29 - - - - -] MySQL server mode set to STRICT_TRANS_TABLES,STRICT_ALL_TABLES,NO_ZERO_IN_DATE,NO_ZERO_DATE,ERROR_FOR_DIVISION_BY_ZERO,TRADITIONAL,NO_ENGINE_SUBSTITUTION _check_effective_sql_mode /usr/lib/python3/dist-packages/oslo_db/sqlalchemy/engines.py:314
2025-10-09 00:38:39.943 121057 DEBUG oslo_service.service [req-0c68cb8e-56cb-4e0f-bf1d-3f83a3ad60c6 - - - - -] daemon = False log_opt_values /usr/lib/python3/dist-packages/oslo_config/cfg.py:2602
2025-10-09 00:38:39.944 121057 DEBUG oslo_service.service [req-0c68cb8e-56cb-4e0f-bf1d-3f83a3ad60c6 - - - - -] debug = True log_opt_values /usr/lib/python3/dist-packages/oslo_config/cfg.py:2602
2025-10-09 00:38:39.944 121057 DEBUG oslo_service.service [req-0c68cb8e-56cb-4e0f-bf1d-3f83a3ad60c6 - - - - -] default_access_ip_network_name = None log_opt_values /usr/lib/python3/dist-packages/oslo_config/cfg.py:2602
2025-10-09 00:38:39.944 121057 DEBUG oslo_service.service [req-0c68cb8e-56cb-4e0f-bf1d-3f83a3ad60c6 - - - - -] default_availability_zone = nova log_opt_values /usr/lib/python3/dist-packages/oslo_config/cfg.py:2602
2025-10-09 00:38:39.944 121057 DEBUG oslo_service.service [req-0c68cb8e-56cb-4e0f-bf1d-3f83a3ad60c6 - - - - -] default_ephemeral_format = None log_opt_values /usr/lib/python3/dist-packages/oslo_config/cfg.py:2602
2025-10-09 00:38:39.945 121057 DEBUG oslo_service.service [req-0c68cb8e-56cb-4e0f-bf1d-3f83a3ad60c6 - - - - -] default_log_levels = ['amqp=WARN', 'amqplib=WARN', 'boto=WARN', 'qpid=WARN', 'sqlalchemy=WARN', 'suds=INFO', 'oslo.messaging=INFO', 'oslo_messaging=DEBUG', 'iso8601=WARN', 'requests.packages.urllib3.connectionpool=WARN', 'urllib3.connectionpool=WARN', 'websocket=WARN', 'requests.packages.urllib3.util.retry=WARN', 'urllib3.util.retry=WARN', 'keystonemiddleware=WARN', 'routes.middleware=WARN', 'stevedore=WARN', 'taskflow=WARN', 'keystoneauth=WARN', 'oslo.cache=INFO', 'dogpile.core.dogpile=INFO', 'glanceclient=WARN', 'oslo.privsep.daemon=INFO'] log_opt_values /usr/lib/python3/dist-packages/oslo_config/cfg.py:2602
2025-10-09 00:38:39.945 121057 DEBUG oslo_service.service [req-0c68cb8e-56cb-4e0f-bf1d-3f83a3ad60c6 - - - - -] default_schedule_zone = None log_opt_values /usr/lib/python3/dist-packages/oslo_config/cfg.py:2602
2025-10-09 00:38:39.945 121057 DEBUG oslo_service.service [req-0c68cb8e-56cb-4e0f-bf1d-3f83a3ad60c6 - - - - -] disk_allocation_ratio = 1.0 log_opt_values /usr/lib/python3/dist-packages/oslo_config/cfg.py:2602
2025-10-09 00:38:39.946 121057 DEBUG oslo_service.service [req-0c68cb8e-56cb-4e0f-bf1d-3f83a3ad60c6 - - - - -] enable_new_services = True log_opt_values /usr/lib/python3/dist-packages/oslo_config/cfg.py:2602
2025-10-09 00:38:39.948 121057 DEBUG oslo_service.service [req-0c68cb8e-56cb-4e0f-bf1d-3f83a3ad60c6 - - - - -] enabled_apis = ['osapi_compute', 'metadata'] log_opt_values /usr/lib/python3/dist-packages/oslo_config/cfg.py:2602
2025-10-09 00:38:39.948 121057 DEBUG oslo_service.service [req-0c68cb8e-56cb-4e0f-bf1d-3f83a3ad60c6 - - - - -] enabled_ssl_apis = [] log_opt_values /usr/lib/python3/dist-packages/oslo_config/cfg.py:2602
2025-10-09 00:38:39.948 121364 DEBUG oslo_db.sqlalchemy.engines [req-45007d35-0ec5-4f09-8ddf-45d53e9c7840 - - - - -] MySQL server mode set to STRICT_TRANS_TABLES,STRICT_ALL_TABLES,NO_ZERO_IN_DATE,NO_ZERO_DATE,ERROR_FOR_DIVISION_BY_ZERO,TRADITIONAL,NO_ENGINE_SUBSTITUTION _check_effective_sql_mode /usr/lib/python3/dist-packages/oslo_db/sqlalchemy/engines.py:314
2025-10-09 00:38:39.951 121057 DEBUG oslo_service.service [req-0c68cb8e-56cb-4e0f-bf1d-3f83a3ad60c6 - - - - -] fatal_deprecations = False log_opt_values /usr/lib/python3/dist-packages/oslo_config/cfg.py:2602
2025-10-09 00:38:39.951 121057 DEBUG oslo_service.service [req-0c68cb8e-56cb-4e0f-bf1d-3f83a3ad60c6 - - - - -] flat_injected = False log_opt_values /usr/lib/python3/dist-packages/oslo_config/cfg.py:2602
2025-10-09 00:38:39.951 121057 DEBUG oslo_service.service [req-0c68cb8e-56cb-4e0f-bf1d-3f83a3ad60c6 - - - - -] force_config_drive = False log_opt_values /usr/lib/python3/dist-packages/oslo_config/cfg.py:2602
2025-10-09 00:38:39.952 121057 DEBUG oslo_service.service [req-0c68cb8e-56cb-4e0f-bf1d-3f83a3ad60c6 - - - - -] force_raw_images = True log_opt_values /usr/lib/python3/dist-packages/oslo_config/cfg.py:2602
2025-10-09 00:38:39.952 121057 DEBUG oslo_service.service [req-0c68cb8e-56cb-4e0f-bf1d-3f83a3ad60c6 - - - - -] graceful_shutdown_timeout = 60 log_opt_values /usr/lib/python3/dist-packages/oslo_config/cfg.py:2602
2025-10-09 00:38:39.952 121057 DEBUG oslo_service.service [req-0c68cb8e-56cb-4e0f-bf1d-3f83a3ad60c6 - - - - -] heal_instance_info_cache_interval = 60 log_opt_values /usr/lib/python3/dist-packages/oslo_config/cfg.py:2602
2025-10-09 00:38:39.952 121057 DEBUG oslo_service.service [req-0c68cb8e-56cb-4e0f-bf1d-3f83a3ad60c6 - - - - -] host = juju-dab6fa-0-lxd-7 log_opt_values /usr/lib/python3/dist-packages/oslo_config/cfg.py:2602
2025-10-09 00:38:39.953 121057 DEBUG oslo_service.service [req-0c68cb8e-56cb-4e0f-bf1d-3f83a3ad60c6 - - - - -] initial_cpu_allocation_ratio = 16.0 log_opt_values /usr/lib/python3/dist-packages/oslo_config/cfg.py:2602
2025-10-09 00:38:39.953 121057 DEBUG oslo_service.service [req-0c68cb8e-56cb-4e0f-bf1d-3f83a3ad60c6 - - - - -] initial_disk_allocation_ratio = 1.0 log_opt_values /usr/lib/python3/dist-packages/oslo_config/cfg.py:2602
2025-10-09 00:38:39.949 121367 INFO nova.service [-] Starting conductor node (version 25.2.1)
2025-10-09 00:38:39.955 121057 DEBUG oslo_service.service [req-0c68cb8e-56cb-4e0f-bf1d-3f83a3ad60c6 - - - - -] initial_ram_allocation_ratio = 1.5 log_opt_values /usr/lib/python3/dist-packages/oslo_config/cfg.py:2602
2025-10-09 00:38:39.955 121057 DEBUG oslo_service.service [req-0c68cb8e-56cb-4e0f-bf1d-3f83a3ad60c6 - - - - -] injected_network_template = /usr/lib/python3/dist-packages/nova/virt/interfaces.template log_opt_values /usr/lib/python3/dist-packages/oslo_config/cfg.py:2602
2025-10-09 00:38:39.955 121057 DEBUG oslo_service.service [req-0c68cb8e-56cb-4e0f-bf1d-3f83a3ad60c6 - - - - -] instance_build_timeout = 0 log_opt_values /usr/lib/python3/dist-packages/oslo_config/cfg.py:2602
2025-10-09 00:38:39.956 121057 DEBUG oslo_service.service [req-0c68cb8e-56cb-4e0f-bf1d-3f83a3ad60c6 - - - - -] instance_delete_interval = 300 log_opt_values /usr/lib/python3/dist-packages/oslo_config/cfg.py:2602
2025-10-09 00:38:39.956 121057 DEBUG oslo_service.service [req-0c68cb8e-56cb-4e0f-bf1d-3f83a3ad60c6 - - - - -] instance_format = [instance: %(uuid)s] log_opt_values /usr/lib/python3/dist-packages/oslo_config/cfg.py:2602
2025-10-09 00:38:39.956 121057 DEBUG oslo_service.service [req-0c68cb8e-56cb-4e0f-bf1d-3f83a3ad60c6 - - - - -] instance_name_template = instance-%08x log_opt_values /usr/lib/python3/dist-packages/oslo_config/cfg.py:2602
2025-10-09 00:38:39.956 121057 DEBUG oslo_service.service [req-0c68cb8e-56cb-4e0f-bf1d-3f83a3ad60c6 - - - - -] instance_usage_audit = False log_opt_values /usr/lib/python3/dist-packages/oslo_config/cfg.py:2602
2025-10-09 00:38:39.957 121057 DEBUG oslo_service.service [req-0c68cb8e-56cb-4e0f-bf1d-3f83a3ad60c6 - - - - -] instance_usage_audit_period = month log_opt_values /usr/lib/python3/dist-packages/oslo_config/cfg.py:2602
2025-10-09 00:38:39.957 121057 DEBUG oslo_service.service [req-0c68cb8e-56cb-4e0f-bf1d-3f83a3ad60c6 - - - - -] instance_uuid_format = [instance: %(uuid)s] log_opt_values /usr/lib/python3/dist-packages/oslo_config/cfg.py:2602
2025-10-09 00:38:39.957 121057 DEBUG oslo_service.service [req-0c68cb8e-56cb-4e0f-bf1d-3f83a3ad60c6 - - - - -] instances_path = /var/lib/nova/instances log_opt_values /usr/lib/python3/dist-packages/oslo_config/cfg.py:2602
2025-10-09 00:38:39.957 121057 DEBUG oslo_service.service [req-0c68cb8e-56cb-4e0f-bf1d-3f83a3ad60c6 - - - - -] internal_service_availability_zone = internal log_opt_values /usr/lib/python3/dist-packages/oslo_config/cfg.py:2602
2025-10-09 00:38:39.960 121057 DEBUG oslo_service.service [req-0c68cb8e-56cb-4e0f-bf1d-3f83a3ad60c6 - - - - -] key = None log_opt_values /usr/lib/python3/dist-packages/oslo_config/cfg.py:2602
2025-10-09 00:38:39.960 121057 DEBUG oslo_service.service [req-0c68cb8e-56cb-4e0f-bf1d-3f83a3ad60c6 - - - - -] live_migration_retry_count = 30 log_opt_values /usr/lib/python3/dist-packages/oslo_config/cfg.py:2602
2025-10-09 00:38:39.962 121366 DEBUG oslo_db.sqlalchemy.engines [req-acc72f9d-f3a7-4a5e-a145-3065c491b9b3 - - - - -] MySQL server mode set to STRICT_TRANS_TABLES,STRICT_ALL_TABLES,NO_ZERO_IN_DATE,NO_ZERO_DATE,ERROR_FOR_DIVISION_BY_ZERO,TRADITIONAL,NO_ENGINE_SUBSTITUTION _check_effective_sql_mode /usr/lib/python3/dist-packages/oslo_db/sqlalchemy/engines.py:314
2025-10-09 00:38:39.963 121057 DEBUG oslo_service.service [req-0c68cb8e-56cb-4e0f-bf1d-3f83a3ad60c6 - - - - -] log_config_append = None log_opt_values /usr/lib/python3/dist-packages/oslo_config/cfg.py:2602
2025-10-09 00:38:39.963 121057 DEBUG oslo_service.service [req-0c68cb8e-56cb-4e0f-bf1d-3f83a3ad60c6 - - - - -] log_date_format = %Y-%m-%d %H:%M:%S log_opt_values /usr/lib/python3/dist-packages/oslo_config/cfg.py:2602
2025-10-09 00:38:39.963 121057 DEBUG oslo_service.service [req-0c68cb8e-56cb-4e0f-bf1d-3f83a3ad60c6 - - - - -] log_dir = /var/log/nova log_opt_values /usr/lib/python3/dist-packages/oslo_config/cfg.py:2602
2025-10-09 00:38:39.964 121057 DEBUG oslo_service.service [req-0c68cb8e-56cb-4e0f-bf1d-3f83a3ad60c6 - - - - -] log_file = /var/log/nova/nova-conductor.log log_opt_values /usr/lib/python3/dist-packages/oslo_config/cfg.py:2602
2025-10-09 00:38:39.964 121057 DEBUG oslo_service.service [req-0c68cb8e-56cb-4e0f-bf1d-3f83a3ad60c6 - - - - -] log_options = True log_opt_values /usr/lib/python3/dist-packages/oslo_config/cfg.py:2602
2025-10-09 00:38:39.965 121057 DEBUG oslo_service.service [req-0c68cb8e-56cb-4e0f-bf1d-3f83a3ad60c6 - - - - -] log_rotate_interval = 1 log_opt_values /usr/lib/python3/dist-packages/oslo_config/cfg.py:2602
2025-10-09 00:38:39.965 121057 DEBUG oslo_service.service [req-0c68cb8e-56cb-4e0f-bf1d-3f83a3ad60c6 - - - - -] log_rotate_interval_type = days log_opt_values /usr/lib/python3/dist-packages/oslo_config/cfg.py:2602
2025-10-09 00:38:39.965 121057 DEBUG oslo_service.service [req-0c68cb8e-56cb-4e0f-bf1d-3f83a3ad60c6 - - - - -] log_rotation_type = none log_opt_values /usr/lib/python3/dist-packages/oslo_config/cfg.py:2602
2025-10-09 00:38:39.965 121057 DEBUG oslo_service.service [req-0c68cb8e-56cb-4e0f-bf1d-3f83a3ad60c6 - - - - -] logging_context_format_string = %(asctime)s.%(msecs)03d %(process)d %(levelname)s %(name)s [%(request_id)s %(user_identity)s] %(instance)s%(message)s log_opt_values /usr/lib/python3/dist-packages/oslo_config/cfg.py:2602
2025-10-09 00:38:39.965 121057 DEBUG oslo_service.service [req-0c68cb8e-56cb-4e0f-bf1d-3f83a3ad60c6 - - - - -] logging_debug_format_suffix = %(funcName)s %(pathname)s:%(lineno)d log_opt_values /usr/lib/python3/dist-packages/oslo_config/cfg.py:2602
2025-10-09 00:38:39.966 121057 DEBUG oslo_service.service [req-0c68cb8e-56cb-4e0f-bf1d-3f83a3ad60c6 - - - - -] logging_default_format_string = %(asctime)s.%(msecs)03d %(process)d %(levelname)s %(name)s [-] %(instance)s%(message)s log_opt_values /usr/lib/python3/dist-packages/oslo_config/cfg.py:2602
2025-10-09 00:38:39.966 121057 DEBUG oslo_service.service [req-0c68cb8e-56cb-4e0f-bf1d-3f83a3ad60c6 - - - - -] logging_exception_prefix = %(asctime)s.%(msecs)03d %(process)d ERROR %(name)s %(instance)s log_opt_values /usr/lib/python3/dist-packages/oslo_config/cfg.py:2602
2025-10-09 00:38:39.966 121057 DEBUG oslo_service.service [req-0c68cb8e-56cb-4e0f-bf1d-3f83a3ad60c6 - - - - -] logging_user_identity_format = %(user)s %(project)s %(domain)s %(user_domain)s %(project_domain)s log_opt_values /usr/lib/python3/dist-packages/oslo_config/cfg.py:2602
2025-10-09 00:38:39.966 121057 DEBUG oslo_service.service [req-0c68cb8e-56cb-4e0f-bf1d-3f83a3ad60c6 - - - - -] long_rpc_timeout = 1800 log_opt_values /usr/lib/python3/dist-packages/oslo_config/cfg.py:2602
2025-10-09 00:38:39.968 121057 DEBUG oslo_service.service [req-0c68cb8e-56cb-4e0f-bf1d-3f83a3ad60c6 - - - - -] max_concurrent_builds = 10 log_opt_values /usr/lib/python3/dist-packages/oslo_config/cfg.py:2602
2025-10-09 00:38:39.969 121057 DEBUG oslo_service.service [req-0c68cb8e-56cb-4e0f-bf1d-3f83a3ad60c6 - - - - -] max_concurrent_live_migrations = 1 log_opt_values /usr/lib/python3/dist-packages/oslo_config/cfg.py:2602
2025-10-09 00:38:39.969 121057 DEBUG oslo_service.service [req-0c68cb8e-56cb-4e0f-bf1d-3f83a3ad60c6 - - - - -] max_concurrent_snapshots = 5 log_opt_values /usr/lib/python3/dist-packages/oslo_config/cfg.py:2602
2025-10-09 00:38:39.971 121057 DEBUG oslo_service.service [req-0c68cb8e-56cb-4e0f-bf1d-3f83a3ad60c6 - - - - -] max_local_block_devices = 3 log_opt_values /usr/lib/python3/dist-packages/oslo_config/cfg.py:2602
2025-10-09 00:38:39.971 121057 DEBUG oslo_service.service [req-0c68cb8e-56cb-4e0f-bf1d-3f83a3ad60c6 - - - - -] max_logfile_count = 30 log_opt_values /usr/lib/python3/dist-packages/oslo_config/cfg.py:2602
2025-10-09 00:38:39.971 121057 DEBUG oslo_service.service [req-0c68cb8e-56cb-4e0f-bf1d-3f83a3ad60c6 - - - - -] max_logfile_size_mb = 200 log_opt_values /usr/lib/python3/dist-packages/oslo_config/cfg.py:2602
2025-10-09 00:38:39.971 121057 DEBUG oslo_service.service [req-0c68cb8e-56cb-4e0f-bf1d-3f83a3ad60c6 - - - - -] maximum_instance_delete_attempts = 5 log_opt_values /usr/lib/python3/dist-packages/oslo_config/cfg.py:2602
2025-10-09 00:38:39.971 121057 DEBUG oslo_service.service [req-0c68cb8e-56cb-4e0f-bf1d-3f83a3ad60c6 - - - - -] metadata_listen = 0.0.0.0 log_opt_values /usr/lib/python3/dist-packages/oslo_config/cfg.py:2602
2025-10-09 00:38:39.971 121365 DEBUG nova.service [req-91f9bb16-40c9-4a65-b3b3-19188b45cc29 - - - - -] Creating RPC server for service conductor start /usr/lib/python3/dist-packages/nova/service.py:182
2025-10-09 00:38:39.972 121057 DEBUG oslo_service.service [req-0c68cb8e-56cb-4e0f-bf1d-3f83a3ad60c6 - - - - -] metadata_listen_port = 8765 log_opt_values /usr/lib/python3/dist-packages/oslo_config/cfg.py:2602
2025-10-09 00:38:39.972 121057 DEBUG oslo_service.service [req-0c68cb8e-56cb-4e0f-bf1d-3f83a3ad60c6 - - - - -] metadata_workers = None log_opt_values /usr/lib/python3/dist-packages/oslo_config/cfg.py:2602
2025-10-09 00:38:39.972 121057 DEBUG oslo_service.service [req-0c68cb8e-56cb-4e0f-bf1d-3f83a3ad60c6 - - - - -] migrate_max_retries = -1 log_opt_values /usr/lib/python3/dist-packages/oslo_config/cfg.py:2602
2025-10-09 00:38:39.977 121057 DEBUG oslo_service.service [req-0c68cb8e-56cb-4e0f-bf1d-3f83a3ad60c6 - - - - -] mkisofs_cmd = genisoimage log_opt_values /usr/lib/python3/dist-packages/oslo_config/cfg.py:2602
2025-10-09 00:38:39.977 121057 DEBUG oslo_service.service [req-0c68cb8e-56cb-4e0f-bf1d-3f83a3ad60c6 - - - - -] my_block_storage_ip = 252.129.124.5 log_opt_values /usr/lib/python3/dist-packages/oslo_config/cfg.py:2602
2025-10-09 00:38:39.975 121367 DEBUG oslo_db.sqlalchemy.engines [req-26a239fc-aabc-4cc2-af87-505fbe785a2e - - - - -] MySQL server mode set to STRICT_TRANS_TABLES,STRICT_ALL_TABLES,NO_ZERO_IN_DATE,NO_ZERO_DATE,ERROR_FOR_DIVISION_BY_ZERO,TRADITIONAL,NO_ENGINE_SUBSTITUTION _check_effective_sql_mode /usr/lib/python3/dist-packages/oslo_db/sqlalchemy/engines.py:314
2025-10-09 00:38:39.979 121057 DEBUG oslo_service.service [req-0c68cb8e-56cb-4e0f-bf1d-3f83a3ad60c6 - - - - -] my_ip = 252.129.124.5 log_opt_values /usr/lib/python3/dist-packages/oslo_config/cfg.py:2602
2025-10-09 00:38:39.980 121057 DEBUG oslo_service.service [req-0c68cb8e-56cb-4e0f-bf1d-3f83a3ad60c6 - - - - -] network_allocate_retries = 0 log_opt_values /usr/lib/python3/dist-packages/oslo_config/cfg.py:2602
2025-10-09 00:38:39.980 121057 DEBUG oslo_service.service [req-0c68cb8e-56cb-4e0f-bf1d-3f83a3ad60c6 - - - - -] non_inheritable_image_properties = ['cache_in_nova', 'bittorrent'] log_opt_values /usr/lib/python3/dist-packages/oslo_config/cfg.py:2602
2025-10-09 00:38:39.980 121057 DEBUG oslo_service.service [req-0c68cb8e-56cb-4e0f-bf1d-3f83a3ad60c6 - - - - -] osapi_compute_listen = 0.0.0.0 log_opt_values /usr/lib/python3/dist-packages/oslo_config/cfg.py:2602
2025-10-09 00:38:39.981 121057 DEBUG oslo_service.service [req-0c68cb8e-56cb-4e0f-bf1d-3f83a3ad60c6 - - - - -] osapi_compute_listen_port = 8764 log_opt_values /usr/lib/python3/dist-packages/oslo_config/cfg.py:2602
2025-10-09 00:38:39.981 121057 DEBUG oslo_service.service [req-0c68cb8e-56cb-4e0f-bf1d-3f83a3ad60c6 - - - - -] osapi_compute_unique_server_name_scope = log_opt_values /usr/lib/python3/dist-packages/oslo_config/cfg.py:2602
2025-10-09 00:38:39.981 121057 DEBUG oslo_service.service [req-0c68cb8e-56cb-4e0f-bf1d-3f83a3ad60c6 - - - - -] osapi_compute_workers = 4 log_opt_values /usr/lib/python3/dist-packages/oslo_config/cfg.py:2602
2025-10-09 00:38:39.984 121366 DEBUG nova.service [req-acc72f9d-f3a7-4a5e-a145-3065c491b9b3 - - - - -] Creating RPC server for service conductor start /usr/lib/python3/dist-packages/nova/service.py:182
2025-10-09 00:38:39.982 121057 DEBUG oslo_service.service [req-0c68cb8e-56cb-4e0f-bf1d-3f83a3ad60c6 - - - - -] password_length = 12 log_opt_values /usr/lib/python3/dist-packages/oslo_config/cfg.py:2602
2025-10-09 00:38:39.993 121057 DEBUG oslo_service.service [req-0c68cb8e-56cb-4e0f-bf1d-3f83a3ad60c6 - - - - -] periodic_enable = True log_opt_values /usr/lib/python3/dist-packages/oslo_config/cfg.py:2602
2025-10-09 00:38:39.993 121057 DEBUG oslo_service.service [req-0c68cb8e-56cb-4e0f-bf1d-3f83a3ad60c6 - - - - -] periodic_fuzzy_delay = 60 log_opt_values /usr/lib/python3/dist-packages/oslo_config/cfg.py:2602
2025-10-09 00:38:39.993 121057 DEBUG oslo_service.service [req-0c68cb8e-56cb-4e0f-bf1d-3f83a3ad60c6 - - - - -] pointer_model = usbtablet log_opt_values /usr/lib/python3/dist-packages/oslo_config/cfg.py:2602
2025-10-09 00:38:39.994 121057 DEBUG oslo_service.service [req-0c68cb8e-56cb-4e0f-bf1d-3f83a3ad60c6 - - - - -] preallocate_images = none log_opt_values /usr/lib/python3/dist-packages/oslo_config/cfg.py:2602
2025-10-09 00:38:39.994 121057 DEBUG oslo_service.service [req-0c68cb8e-56cb-4e0f-bf1d-3f83a3ad60c6 - - - - -] publish_errors = False log_opt_values /usr/lib/python3/dist-packages/oslo_config/cfg.py:2602
2025-10-09 00:38:39.994 121057 DEBUG oslo_service.service [req-0c68cb8e-56cb-4e0f-bf1d-3f83a3ad60c6 - - - - -] pybasedir = /usr/lib/python3/dist-packages log_opt_values /usr/lib/python3/dist-packages/oslo_config/cfg.py:2602
2025-10-09 00:38:39.994 121057 DEBUG oslo_service.service [req-0c68cb8e-56cb-4e0f-bf1d-3f83a3ad60c6 - - - - -] ram_allocation_ratio = 0.98 log_opt_values /usr/lib/python3/dist-packages/oslo_config/cfg.py:2602
2025-10-09 00:38:39.994 121057 DEBUG oslo_service.service [req-0c68cb8e-56cb-4e0f-bf1d-3f83a3ad60c6 - - - - -] rate_limit_burst = 0 log_opt_values /usr/lib/python3/dist-packages/oslo_config/cfg.py:2602
2025-10-09 00:38:39.998 121057 DEBUG oslo_service.service [req-0c68cb8e-56cb-4e0f-bf1d-3f83a3ad60c6 - - - - -] rate_limit_except_level = CRITICAL log_opt_values /usr/lib/python3/dist-packages/oslo_config/cfg.py:2602
2025-10-09 00:38:39.998 121057 DEBUG oslo_service.service [req-0c68cb8e-56cb-4e0f-bf1d-3f83a3ad60c6 - - - - -] rate_limit_interval = 0 log_opt_values /usr/lib/python3/dist-packages/oslo_config/cfg.py:2602
2025-10-09 00:38:39.998 121057 DEBUG oslo_service.service [req-0c68cb8e-56cb-4e0f-bf1d-3f83a3ad60c6 - - - - -] reboot_timeout = 0 log_opt_values /usr/lib/python3/dist-packages/oslo_config/cfg.py:2602
2025-10-09 00:38:39.998 121057 DEBUG oslo_service.service [req-0c68cb8e-56cb-4e0f-bf1d-3f83a3ad60c6 - - - - -] reclaim_instance_interval = 0 log_opt_values /usr/lib/python3/dist-packages/oslo_config/cfg.py:2602
2025-10-09 00:38:39.999 121057 DEBUG oslo_service.service [req-0c68cb8e-56cb-4e0f-bf1d-3f83a3ad60c6 - - - - -] record = None log_opt_values /usr/lib/python3/dist-packages/oslo_config/cfg.py:2602
2025-10-09 00:38:39.999 121057 DEBUG oslo_service.service [req-0c68cb8e-56cb-4e0f-bf1d-3f83a3ad60c6 - - - - -] report_interval = 10 log_opt_values /usr/lib/python3/dist-packages/oslo_config/cfg.py:2602
2025-10-09 00:38:39.999 121057 DEBUG oslo_service.service [req-0c68cb8e-56cb-4e0f-bf1d-3f83a3ad60c6 - - - - -] rescue_timeout = 0 log_opt_values /usr/lib/python3/dist-packages/oslo_config/cfg.py:2602
2025-10-09 00:38:39.999 121057 DEBUG oslo_service.service [req-0c68cb8e-56cb-4e0f-bf1d-3f83a3ad60c6 - - - - -] reserved_host_cpus = 0 log_opt_values /usr/lib/python3/dist-packages/oslo_config/cfg.py:2602
2025-10-09 00:38:39.999 121057 DEBUG oslo_service.service [req-0c68cb8e-56cb-4e0f-bf1d-3f83a3ad60c6 - - - - -] reserved_host_disk_mb = 0 log_opt_values /usr/lib/python3/dist-packages/oslo_config/cfg.py:2602
2025-10-09 00:38:40.003 121057 DEBUG oslo_service.service [req-0c68cb8e-56cb-4e0f-bf1d-3f83a3ad60c6 - - - - -] reserved_host_memory_mb = 512 log_opt_values /usr/lib/python3/dist-packages/oslo_config/cfg.py:2602
2025-10-09 00:38:40.004 121057 DEBUG oslo_service.service [req-0c68cb8e-56cb-4e0f-bf1d-3f83a3ad60c6 - - - - -] reserved_huge_pages = None log_opt_values /usr/lib/python3/dist-packages/oslo_config/cfg.py:2602
2025-10-09 00:38:40.004 121057 DEBUG oslo_service.service [req-0c68cb8e-56cb-4e0f-bf1d-3f83a3ad60c6 - - - - -] resize_confirm_window = 0 log_opt_values /usr/lib/python3/dist-packages/oslo_config/cfg.py:2602
2025-10-09 00:38:40.005 121057 DEBUG oslo_service.service [req-0c68cb8e-56cb-4e0f-bf1d-3f83a3ad60c6 - - - - -] resize_fs_using_block_device = False log_opt_values /usr/lib/python3/dist-packages/oslo_config/cfg.py:2602
2025-10-09 00:38:40.006 121057 DEBUG oslo_service.service [req-0c68cb8e-56cb-4e0f-bf1d-3f83a3ad60c6 - - - - -] resume_guests_state_on_host_boot = False log_opt_values /usr/lib/python3/dist-packages/oslo_config/cfg.py:2602
2025-10-09 00:38:40.007 121057 DEBUG oslo_service.service [req-0c68cb8e-56cb-4e0f-bf1d-3f83a3ad60c6 - - - - -] rootwrap_config = /etc/nova/rootwrap.conf log_opt_values /usr/lib/python3/dist-packages/oslo_config/cfg.py:2602
2025-10-09 00:38:40.007 121057 DEBUG oslo_service.service [req-0c68cb8e-56cb-4e0f-bf1d-3f83a3ad60c6 - - - - -] rpc_response_timeout = 60 log_opt_values /usr/lib/python3/dist-packages/oslo_config/cfg.py:2602
2025-10-09 00:38:40.008 121365 DEBUG oslo_messaging._drivers.amqpdriver [-] Listener is running poll /usr/lib/python3/dist-packages/oslo_messaging/_drivers/amqpdriver.py:343
2025-10-09 00:38:40.008 121057 DEBUG oslo_service.service [req-0c68cb8e-56cb-4e0f-bf1d-3f83a3ad60c6 - - - - -] run_external_periodic_tasks = True log_opt_values /usr/lib/python3/dist-packages/oslo_config/cfg.py:2602
2025-10-09 00:38:40.009 121365 DEBUG oslo_messaging._drivers.amqpdriver [-] AMQPListener connection consume poll /usr/lib/python3/dist-packages/oslo_messaging/_drivers/amqpdriver.py:357
2025-10-09 00:38:40.009 121057 DEBUG oslo_service.service [req-0c68cb8e-56cb-4e0f-bf1d-3f83a3ad60c6 - - - - -] running_deleted_instance_action = reap log_opt_values /usr/lib/python3/dist-packages/oslo_config/cfg.py:2602
2025-10-09 00:38:40.009 121057 DEBUG oslo_service.service [req-0c68cb8e-56cb-4e0f-bf1d-3f83a3ad60c6 - - - - -] running_deleted_instance_poll_interval = 1800 log_opt_values /usr/lib/python3/dist-packages/oslo_config/cfg.py:2602
2025-10-09 00:38:40.010 121365 DEBUG nova.service [req-91f9bb16-40c9-4a65-b3b3-19188b45cc29 - - - - -] Join ServiceGroup membership for this service conductor start /usr/lib/python3/dist-packages/nova/service.py:199
2025-10-09 00:38:40.010 121057 DEBUG oslo_service.service [req-0c68cb8e-56cb-4e0f-bf1d-3f83a3ad60c6 - - - - -] running_deleted_instance_timeout = 0 log_opt_values /usr/lib/python3/dist-packages/oslo_config/cfg.py:2602
2025-10-09 00:38:40.010 121057 DEBUG oslo_service.service [req-0c68cb8e-56cb-4e0f-bf1d-3f83a3ad60c6 - - - - -] scheduler_instance_sync_interval = 120 log_opt_values /usr/lib/python3/dist-packages/oslo_config/cfg.py:2602
2025-10-09 00:38:40.010 121365 DEBUG nova.servicegroup.drivers.db [req-91f9bb16-40c9-4a65-b3b3-19188b45cc29 - - - - -] DB_Driver: join new ServiceGroup member juju-dab6fa-0-lxd-7 to the conductor group, service = join /usr/lib/python3/dist-packages/nova/servicegroup/drivers/db.py:44
2025-10-09 00:38:40.010 121057 DEBUG oslo_service.service [req-0c68cb8e-56cb-4e0f-bf1d-3f83a3ad60c6 - - - - -] service_down_time = 60 log_opt_values /usr/lib/python3/dist-packages/oslo_config/cfg.py:2602
2025-10-09 00:38:40.011 121057 DEBUG oslo_service.service [req-0c68cb8e-56cb-4e0f-bf1d-3f83a3ad60c6 - - - - -] servicegroup_driver = db log_opt_values /usr/lib/python3/dist-packages/oslo_config/cfg.py:2602
2025-10-09 00:38:40.011 121365 DEBUG oslo_messaging._drivers.amqpdriver [-] received message msg_id: 3bff83b1a91a438894b00781007ee7ae reply to reply_86b2ead0b9bd48b9a3dc64b6be490715 __call__ /usr/lib/python3/dist-packages/oslo_messaging/_drivers/amqpdriver.py:320
2025-10-09 00:38:40.011 121364 DEBUG nova.service [req-45007d35-0ec5-4f09-8ddf-45d53e9c7840 - - - - -] Creating RPC server for service conductor start /usr/lib/python3/dist-packages/nova/service.py:182
2025-10-09 00:38:40.011 121057 DEBUG oslo_service.service [req-0c68cb8e-56cb-4e0f-bf1d-3f83a3ad60c6 - - - - -] shelved_offload_time = 0 log_opt_values /usr/lib/python3/dist-packages/oslo_config/cfg.py:2602
2025-10-09 00:38:40.013 121365 DEBUG oslo_messaging._drivers.amqpdriver [-] AMQPListener connection timeout poll /usr/lib/python3/dist-packages/oslo_messaging/_drivers/amqpdriver.py:360
2025-10-09 00:38:40.014 121365 DEBUG oslo_messaging._drivers.amqpdriver [-] Listener is running poll /usr/lib/python3/dist-packages/oslo_messaging/_drivers/amqpdriver.py:343
2025-10-09 00:38:40.012 121057 DEBUG oslo_service.service [req-0c68cb8e-56cb-4e0f-bf1d-3f83a3ad60c6 - - - - -] shelved_poll_interval = 3600 log_opt_values /usr/lib/python3/dist-packages/oslo_config/cfg.py:2602
2025-10-09 00:38:40.014 121365 DEBUG oslo_messaging._drivers.amqpdriver [-] Poll the incoming message with unique_id: 8be5e944318d44e7ae4f196b53686058 poll /usr/lib/python3/dist-packages/oslo_messaging/_drivers/amqpdriver.py:346
2025-10-09 00:38:40.014 121057 DEBUG oslo_service.service [req-0c68cb8e-56cb-4e0f-bf1d-3f83a3ad60c6 - - - - -] shutdown_timeout = 60 log_opt_values /usr/lib/python3/dist-packages/oslo_config/cfg.py:2602
2025-10-09 00:38:40.014 121057 DEBUG oslo_service.service [req-0c68cb8e-56cb-4e0f-bf1d-3f83a3ad60c6 - - - - -] source_is_ipv6 = False log_opt_values /usr/lib/python3/dist-packages/oslo_config/cfg.py:2602
2025-10-09 00:38:40.014 121365 DEBUG oslo_messaging._drivers.amqpdriver [-] Listener is running poll /usr/lib/python3/dist-packages/oslo_messaging/_drivers/amqpdriver.py:343
2025-10-09 00:38:40.015 121365 DEBUG oslo_messaging._drivers.amqpdriver [-] AMQPListener connection consume poll /usr/lib/python3/dist-packages/oslo_messaging/_drivers/amqpdriver.py:357
2025-10-09 00:38:40.015 121057 DEBUG oslo_service.service [req-0c68cb8e-56cb-4e0f-bf1d-3f83a3ad60c6 - - - - -] ssl_only = False log_opt_values /usr/lib/python3/dist-packages/oslo_config/cfg.py:2602
2025-10-09 00:38:40.015 121057 DEBUG oslo_service.service [req-0c68cb8e-56cb-4e0f-bf1d-3f83a3ad60c6 - - - - -] state_path = /var/lib/nova log_opt_values /usr/lib/python3/dist-packages/oslo_config/cfg.py:2602
2025-10-09 00:38:40.015 121057 DEBUG oslo_service.service [req-0c68cb8e-56cb-4e0f-bf1d-3f83a3ad60c6 - - - - -] sync_power_state_interval = 600 log_opt_values /usr/lib/python3/dist-packages/oslo_config/cfg.py:2602
2025-10-09 00:38:40.020 121057 DEBUG oslo_service.service [req-0c68cb8e-56cb-4e0f-bf1d-3f83a3ad60c6 - - - - -] sync_power_state_pool_size = 1000 log_opt_values /usr/lib/python3/dist-packages/oslo_config/cfg.py:2602
2025-10-09 00:38:40.020 121057 DEBUG oslo_service.service [req-0c68cb8e-56cb-4e0f-bf1d-3f83a3ad60c6 - - - - -] syslog_log_facility = LOG_USER log_opt_values /usr/lib/python3/dist-packages/oslo_config/cfg.py:2602
2025-10-09 00:38:40.020 121057 DEBUG oslo_service.service [req-0c68cb8e-56cb-4e0f-bf1d-3f83a3ad60c6 - - - - -] tempdir = None log_opt_values /usr/lib/python3/dist-packages/oslo_config/cfg.py:2602
2025-10-09 00:38:40.020 121365 DEBUG oslo_messaging._drivers.amqpdriver [req-a0e3803e-36ce-48f4-87fa-91ffb68f04cd - - - - -] sending reply msg_id: 3bff83b1a91a438894b00781007ee7ae reply queue: reply_86b2ead0b9bd48b9a3dc64b6be490715 time elapsed: 0.008531771999969351s _send_reply /usr/lib/python3/dist-packages/oslo_messaging/_drivers/amqpdriver.py:118
2025-10-09 00:38:40.020 121057 DEBUG oslo_service.service [req-0c68cb8e-56cb-4e0f-bf1d-3f83a3ad60c6 - - - - -] timeout_nbd = 10 log_opt_values /usr/lib/python3/dist-packages/oslo_config/cfg.py:2602
2025-10-09 00:38:40.021 121057 DEBUG oslo_service.service [req-0c68cb8e-56cb-4e0f-bf1d-3f83a3ad60c6 - - - - -] transport_url = **** log_opt_values /usr/lib/python3/dist-packages/oslo_config/cfg.py:2602
2025-10-09 00:38:40.021 121057 DEBUG oslo_service.service [req-0c68cb8e-56cb-4e0f-bf1d-3f83a3ad60c6 - - - - -] update_resources_interval = 0 log_opt_values /usr/lib/python3/dist-packages/oslo_config/cfg.py:2602
2025-10-09 00:38:40.021 121057 DEBUG oslo_service.service [req-0c68cb8e-56cb-4e0f-bf1d-3f83a3ad60c6 - - - - -] use_cow_images = True log_opt_values /usr/lib/python3/dist-packages/oslo_config/cfg.py:2602
2025-10-09 00:38:40.022 121057 DEBUG oslo_service.service [req-0c68cb8e-56cb-4e0f-bf1d-3f83a3ad60c6 - - - - -] use_eventlog = False log_opt_values /usr/lib/python3/dist-packages/oslo_config/cfg.py:2602
2025-10-09 00:38:40.022 121057 DEBUG oslo_service.service [req-0c68cb8e-56cb-4e0f-bf1d-3f83a3ad60c6 - - - - -] use_journal = False log_opt_values /usr/lib/python3/dist-packages/oslo_config/cfg.py:2602
2025-10-09 00:38:40.023 121057 DEBUG oslo_service.service [req-0c68cb8e-56cb-4e0f-bf1d-3f83a3ad60c6 - - - - -] use_json = False log_opt_values /usr/lib/python3/dist-packages/oslo_config/cfg.py:2602
2025-10-09 00:38:40.024 121057 DEBUG oslo_service.service [req-0c68cb8e-56cb-4e0f-bf1d-3f83a3ad60c6 - - - - -] use_rootwrap_daemon = False log_opt_values /usr/lib/python3/dist-packages/oslo_config/cfg.py:2602
2025-10-09 00:38:40.024 121057 DEBUG oslo_service.service [req-0c68cb8e-56cb-4e0f-bf1d-3f83a3ad60c6 - - - - -] use_stderr = False log_opt_values /usr/lib/python3/dist-packages/oslo_config/cfg.py:2602
2025-10-09 00:38:40.024 121057 DEBUG oslo_service.service [req-0c68cb8e-56cb-4e0f-bf1d-3f83a3ad60c6 - - - - -] use_syslog = False log_opt_values /usr/lib/python3/dist-packages/oslo_config/cfg.py:2602
2025-10-09 00:38:40.024 121057 DEBUG oslo_service.service [req-0c68cb8e-56cb-4e0f-bf1d-3f83a3ad60c6 - - - - -] vcpu_pin_set = None log_opt_values /usr/lib/python3/dist-packages/oslo_config/cfg.py:2602
2025-10-09 00:38:40.024 121057 DEBUG oslo_service.service [req-0c68cb8e-56cb-4e0f-bf1d-3f83a3ad60c6 - - - - -] vif_plugging_is_fatal = True log_opt_values /usr/lib/python3/dist-packages/oslo_config/cfg.py:2602
2025-10-09 00:38:40.025 121057 DEBUG oslo_service.service [req-0c68cb8e-56cb-4e0f-bf1d-3f83a3ad60c6 - - - - -] vif_plugging_timeout = 300 log_opt_values /usr/lib/python3/dist-packages/oslo_config/cfg.py:2602
2025-10-09 00:38:40.025 121057 DEBUG oslo_service.service [req-0c68cb8e-56cb-4e0f-bf1d-3f83a3ad60c6 - - - - -] virt_mkfs = [] log_opt_values /usr/lib/python3/dist-packages/oslo_config/cfg.py:2602
2025-10-09 00:38:40.025 121057 DEBUG oslo_service.service [req-0c68cb8e-56cb-4e0f-bf1d-3f83a3ad60c6 - - - - -] volume_usage_poll_interval = 0 log_opt_values /usr/lib/python3/dist-packages/oslo_config/cfg.py:2602
2025-10-09 00:38:40.025 121057 DEBUG oslo_service.service [req-0c68cb8e-56cb-4e0f-bf1d-3f83a3ad60c6 - - - - -] watch_log_file = False log_opt_values /usr/lib/python3/dist-packages/oslo_config/cfg.py:2602
2025-10-09 00:38:40.028 121057 DEBUG oslo_service.service [req-0c68cb8e-56cb-4e0f-bf1d-3f83a3ad60c6 - - - - -] web = /usr/share/spice-html5 log_opt_values /usr/lib/python3/dist-packages/oslo_config/cfg.py:2602
2025-10-09 00:38:40.029 121057 DEBUG oslo_service.service [req-0c68cb8e-56cb-4e0f-bf1d-3f83a3ad60c6 - - - - -] oslo_concurrency.disable_process_locking = False log_opt_values /usr/lib/python3/dist-packages/oslo_config/cfg.py:2609
2025-10-09 00:38:40.029 121057 DEBUG oslo_service.service [req-0c68cb8e-56cb-4e0f-bf1d-3f83a3ad60c6 - - - - -] oslo_concurrency.lock_path = /var/lock/nova log_opt_values /usr/lib/python3/dist-packages/oslo_config/cfg.py:2609
2025-10-09 00:38:40.029 121057 DEBUG oslo_service.service [req-0c68cb8e-56cb-4e0f-bf1d-3f83a3ad60c6 - - - - -] oslo_messaging_metrics.metrics_buffer_size = 1000 log_opt_values /usr/lib/python3/dist-packages/oslo_config/cfg.py:2609
2025-10-09 00:38:40.029 121057 DEBUG oslo_service.service [req-0c68cb8e-56cb-4e0f-bf1d-3f83a3ad60c6 - - - - -] oslo_messaging_metrics.metrics_enabled = False log_opt_values /usr/lib/python3/dist-packages/oslo_config/cfg.py:2609
2025-10-09 00:38:40.030 121057 DEBUG oslo_service.service [req-0c68cb8e-56cb-4e0f-bf1d-3f83a3ad60c6 - - - - -] oslo_messaging_metrics.metrics_process_name = log_opt_values /usr/lib/python3/dist-packages/oslo_config/cfg.py:2609
2025-10-09 00:38:40.030 121057 DEBUG oslo_service.service [req-0c68cb8e-56cb-4e0f-bf1d-3f83a3ad60c6 - - - - -] oslo_messaging_metrics.metrics_socket_file = /var/tmp/metrics_collector.sock log_opt_values /usr/lib/python3/dist-packages/oslo_config/cfg.py:2609
2025-10-09 00:38:40.033 121367 DEBUG nova.service [req-26a239fc-aabc-4cc2-af87-505fbe785a2e - - - - -] Creating RPC server for service conductor start /usr/lib/python3/dist-packages/nova/service.py:182
2025-10-09 00:38:40.034 121057 DEBUG oslo_service.service [req-0c68cb8e-56cb-4e0f-bf1d-3f83a3ad60c6 - - - - -] oslo_messaging_metrics.metrics_thread_stop_timeout = 10 log_opt_values /usr/lib/python3/dist-packages/oslo_config/cfg.py:2609
2025-10-09 00:38:40.034 121057 WARNING oslo_config.cfg [req-0c68cb8e-56cb-4e0f-bf1d-3f83a3ad60c6 - - - - -] Deprecated: Option "auth_strategy" from group "api" is deprecated for removal ( The only non-default choice, ``noauth2``, is for internal development and testing purposes only and should not be used in deployments. This option and its middleware, NoAuthMiddleware[V2_18], will be removed in a future release. ). Its value may be silently ignored in the future.
2025-10-09 00:38:40.034 121057 DEBUG oslo_service.service [req-0c68cb8e-56cb-4e0f-bf1d-3f83a3ad60c6 - - - - -] api.auth_strategy = keystone log_opt_values /usr/lib/python3/dist-packages/oslo_config/cfg.py:2609
2025-10-09 00:38:40.034 121057 DEBUG oslo_service.service [req-0c68cb8e-56cb-4e0f-bf1d-3f83a3ad60c6 - - - - -] api.compute_link_prefix = None log_opt_values /usr/lib/python3/dist-packages/oslo_config/cfg.py:2609
2025-10-09 00:38:40.035 121057 DEBUG oslo_service.service [req-0c68cb8e-56cb-4e0f-bf1d-3f83a3ad60c6 - - - - -] api.config_drive_skip_versions = 1.0 2007-01-19 2007-03-01 2007-08-29 2007-10-10 2007-12-15 2008-02-01 2008-09-01 log_opt_values /usr/lib/python3/dist-packages/oslo_config/cfg.py:2609
2025-10-09 00:38:40.036 121057 DEBUG oslo_service.service [req-0c68cb8e-56cb-4e0f-bf1d-3f83a3ad60c6 - - - - -] api.dhcp_domain = novalocal log_opt_values /usr/lib/python3/dist-packages/oslo_config/cfg.py:2609
2025-10-09 00:38:40.036 121057 DEBUG oslo_service.service [req-0c68cb8e-56cb-4e0f-bf1d-3f83a3ad60c6 - - - - -] api.enable_instance_password = True log_opt_values /usr/lib/python3/dist-packages/oslo_config/cfg.py:2609
2025-10-09 00:38:40.036 121057 DEBUG oslo_service.service [req-0c68cb8e-56cb-4e0f-bf1d-3f83a3ad60c6 - - - - -] api.glance_link_prefix = None log_opt_values /usr/lib/python3/dist-packages/oslo_config/cfg.py:2609
2025-10-09 00:38:40.036 121057 DEBUG oslo_service.service [req-0c68cb8e-56cb-4e0f-bf1d-3f83a3ad60c6 - - - - -] api.instance_list_cells_batch_fixed_size = 100 log_opt_values /usr/lib/python3/dist-packages/oslo_config/cfg.py:2609
2025-10-09 00:38:40.036 121057 DEBUG oslo_service.service [req-0c68cb8e-56cb-4e0f-bf1d-3f83a3ad60c6 - - - - -] api.instance_list_cells_batch_strategy = distributed log_opt_values /usr/lib/python3/dist-packages/oslo_config/cfg.py:2609
2025-10-09 00:38:40.037 121057 DEBUG oslo_service.service [req-0c68cb8e-56cb-4e0f-bf1d-3f83a3ad60c6 - - - - -] api.instance_list_per_project_cells = False log_opt_values /usr/lib/python3/dist-packages/oslo_config/cfg.py:2609
2025-10-09 00:38:40.037 121057 DEBUG oslo_service.service [req-0c68cb8e-56cb-4e0f-bf1d-3f83a3ad60c6 - - - - -] api.list_records_by_skipping_down_cells = True log_opt_values /usr/lib/python3/dist-packages/oslo_config/cfg.py:2609
2025-10-09 00:38:40.041 121057 DEBUG oslo_service.service [req-0c68cb8e-56cb-4e0f-bf1d-3f83a3ad60c6 - - - - -] api.local_metadata_per_cell = False log_opt_values /usr/lib/python3/dist-packages/oslo_config/cfg.py:2609
2025-10-09 00:38:40.042 121057 DEBUG oslo_service.service [req-0c68cb8e-56cb-4e0f-bf1d-3f83a3ad60c6 - - - - -] api.max_limit = 1000 log_opt_values /usr/lib/python3/dist-packages/oslo_config/cfg.py:2609
2025-10-09 00:38:40.043 121057 DEBUG oslo_service.service [req-0c68cb8e-56cb-4e0f-bf1d-3f83a3ad60c6 - - - - -] api.metadata_cache_expiration = 15 log_opt_values /usr/lib/python3/dist-packages/oslo_config/cfg.py:2609
2025-10-09 00:38:40.043 121057 DEBUG oslo_service.service [req-0c68cb8e-56cb-4e0f-bf1d-3f83a3ad60c6 - - - - -] api.neutron_default_tenant_id = default log_opt_values /usr/lib/python3/dist-packages/oslo_config/cfg.py:2609
2025-10-09 00:38:40.043 121057 DEBUG oslo_service.service [req-0c68cb8e-56cb-4e0f-bf1d-3f83a3ad60c6 - - - - -] api.use_forwarded_for = False log_opt_values /usr/lib/python3/dist-packages/oslo_config/cfg.py:2609
2025-10-09 00:38:40.043 121057 DEBUG oslo_service.service [req-0c68cb8e-56cb-4e0f-bf1d-3f83a3ad60c6 - - - - -] api.use_neutron_default_nets = False log_opt_values /usr/lib/python3/dist-packages/oslo_config/cfg.py:2609
2025-10-09 00:38:40.043 121057 DEBUG oslo_service.service [req-0c68cb8e-56cb-4e0f-bf1d-3f83a3ad60c6 - - - - -] api.vendordata_dynamic_connect_timeout = 5 log_opt_values /usr/lib/python3/dist-packages/oslo_config/cfg.py:2609
2025-10-09 00:38:40.047 121057 DEBUG oslo_service.service [req-0c68cb8e-56cb-4e0f-bf1d-3f83a3ad60c6 - - - - -] api.vendordata_dynamic_failure_fatal = False log_opt_values /usr/lib/python3/dist-packages/oslo_config/cfg.py:2609
2025-10-09 00:38:40.052 121057 DEBUG oslo_service.service [req-0c68cb8e-56cb-4e0f-bf1d-3f83a3ad60c6 - - - - -] api.vendordata_dynamic_read_timeout = 5 log_opt_values /usr/lib/python3/dist-packages/oslo_config/cfg.py:2609
2025-10-09 00:38:40.057 121057 DEBUG oslo_service.service [req-0c68cb8e-56cb-4e0f-bf1d-3f83a3ad60c6 - - - - -] api.vendordata_dynamic_ssl_certfile = log_opt_values /usr/lib/python3/dist-packages/oslo_config/cfg.py:2609
2025-10-09 00:38:40.061 121364 DEBUG oslo_messaging._drivers.amqpdriver [-] Listener is running poll /usr/lib/python3/dist-packages/oslo_messaging/_drivers/amqpdriver.py:343
2025-10-09 00:38:40.061 121364 DEBUG oslo_messaging._drivers.amqpdriver [-] AMQPListener connection consume poll /usr/lib/python3/dist-packages/oslo_messaging/_drivers/amqpdriver.py:357
2025-10-09 00:38:40.061 121057 DEBUG oslo_service.service [req-0c68cb8e-56cb-4e0f-bf1d-3f83a3ad60c6 - - - - -] api.vendordata_dynamic_targets = [] log_opt_values /usr/lib/python3/dist-packages/oslo_config/cfg.py:2609
