2025-10-09 00:39:30.470 37878 DEBUG oslo_service.service [-] clients_neutron.endpoint_type = None log_opt_values /usr/lib/python3/dist-packages/oslo_config/cfg.py:2609
2025-10-09 00:39:30.470 37878 DEBUG oslo_service.service [-] clients_neutron.insecure = None log_opt_values /usr/lib/python3/dist-packages/oslo_config/cfg.py:2609
2025-10-09 00:39:30.470 37878 DEBUG oslo_service.service [-] clients_neutron.key_file = None log_opt_values /usr/lib/python3/dist-packages/oslo_config/cfg.py:2609
2025-10-09 00:39:30.471 37878 DEBUG oslo_service.service [-] clients_nova.ca_file = None log_opt_values /usr/lib/python3/dist-packages/oslo_config/cfg.py:2609
2025-10-09 00:39:30.470 38097 INFO heat.engine.worker [-] Starting engine_worker (1.4) in engine 4f731dd9-5c0f-4027-8be8-76f487e9892e.
2025-10-09 00:39:30.471 37878 DEBUG oslo_service.service [-] clients_nova.cert_file = None log_opt_values /usr/lib/python3/dist-packages/oslo_config/cfg.py:2609
2025-10-09 00:39:30.471 37878 DEBUG oslo_service.service [-] clients_nova.endpoint_type = None log_opt_values /usr/lib/python3/dist-packages/oslo_config/cfg.py:2609
2025-10-09 00:39:30.471 37878 DEBUG oslo_service.service [-] clients_nova.http_log_debug = False log_opt_values /usr/lib/python3/dist-packages/oslo_config/cfg.py:2609
2025-10-09 00:39:30.471 37878 DEBUG oslo_service.service [-] clients_nova.insecure = None log_opt_values /usr/lib/python3/dist-packages/oslo_config/cfg.py:2609
2025-10-09 00:39:30.471 37878 DEBUG oslo_service.service [-] clients_nova.key_file = None log_opt_values /usr/lib/python3/dist-packages/oslo_config/cfg.py:2609
2025-10-09 00:39:30.471 37878 DEBUG oslo_service.service [-] clients_octavia.ca_file = None log_opt_values /usr/lib/python3/dist-packages/oslo_config/cfg.py:2609
2025-10-09 00:39:30.471 37878 DEBUG oslo_service.service [-] clients_octavia.cert_file = None log_opt_values /usr/lib/python3/dist-packages/oslo_config/cfg.py:2609
2025-10-09 00:39:30.471 37878 DEBUG oslo_service.service [-] clients_octavia.endpoint_type = None log_opt_values /usr/lib/python3/dist-packages/oslo_config/cfg.py:2609
2025-10-09 00:39:30.471 37878 DEBUG oslo_service.service [-] clients_octavia.insecure = None log_opt_values /usr/lib/python3/dist-packages/oslo_config/cfg.py:2609
2025-10-09 00:39:30.472 37878 DEBUG oslo_service.service [-] clients_octavia.key_file = None log_opt_values /usr/lib/python3/dist-packages/oslo_config/cfg.py:2609
2025-10-09 00:39:30.472 37878 DEBUG oslo_service.service [-] clients_sahara.ca_file = None log_opt_values /usr/lib/python3/dist-packages/oslo_config/cfg.py:2609
2025-10-09 00:39:30.472 37878 DEBUG oslo_service.service [-] clients_sahara.cert_file = None log_opt_values /usr/lib/python3/dist-packages/oslo_config/cfg.py:2609
2025-10-09 00:39:30.472 37878 DEBUG oslo_service.service [-] clients_sahara.endpoint_type = None log_opt_values /usr/lib/python3/dist-packages/oslo_config/cfg.py:2609
2025-10-09 00:39:30.472 37878 DEBUG oslo_service.service [-] clients_sahara.insecure = None log_opt_values /usr/lib/python3/dist-packages/oslo_config/cfg.py:2609
2025-10-09 00:39:30.473 37878 DEBUG oslo_service.service [-] clients_sahara.key_file = None log_opt_values /usr/lib/python3/dist-packages/oslo_config/cfg.py:2609
2025-10-09 00:39:30.473 37878 DEBUG oslo_service.service [-] clients_senlin.ca_file = None log_opt_values /usr/lib/python3/dist-packages/oslo_config/cfg.py:2609
2025-10-09 00:39:30.473 37878 DEBUG oslo_service.service [-] clients_senlin.cert_file = None log_opt_values /usr/lib/python3/dist-packages/oslo_config/cfg.py:2609
2025-10-09 00:39:30.474 37878 DEBUG oslo_service.service [-] clients_senlin.endpoint_type = None log_opt_values /usr/lib/python3/dist-packages/oslo_config/cfg.py:2609
2025-10-09 00:39:30.474 37878 DEBUG oslo_service.service [-] clients_senlin.insecure = None log_opt_values /usr/lib/python3/dist-packages/oslo_config/cfg.py:2609
2025-10-09 00:39:30.477 37878 DEBUG oslo_service.service [-] clients_senlin.key_file = None log_opt_values /usr/lib/python3/dist-packages/oslo_config/cfg.py:2609
2025-10-09 00:39:30.477 37878 DEBUG oslo_service.service [-] clients_swift.ca_file = None log_opt_values /usr/lib/python3/dist-packages/oslo_config/cfg.py:2609
2025-10-09 00:39:30.477 37878 DEBUG oslo_service.service [-] clients_swift.cert_file = None log_opt_values /usr/lib/python3/dist-packages/oslo_config/cfg.py:2609
2025-10-09 00:39:30.477 37878 DEBUG oslo_service.service [-] clients_swift.endpoint_type = None log_opt_values /usr/lib/python3/dist-packages/oslo_config/cfg.py:2609
2025-10-09 00:39:30.477 37878 DEBUG oslo_service.service [-] clients_swift.insecure = None log_opt_values /usr/lib/python3/dist-packages/oslo_config/cfg.py:2609
2025-10-09 00:39:30.478 37878 DEBUG oslo_service.service [-] clients_swift.key_file = None log_opt_values /usr/lib/python3/dist-packages/oslo_config/cfg.py:2609
2025-10-09 00:39:30.478 37878 DEBUG oslo_service.service [-] clients_trove.ca_file = None log_opt_values /usr/lib/python3/dist-packages/oslo_config/cfg.py:2609
2025-10-09 00:39:30.478 37878 DEBUG oslo_service.service [-] clients_trove.cert_file = None log_opt_values /usr/lib/python3/dist-packages/oslo_config/cfg.py:2609
2025-10-09 00:39:30.478 37878 DEBUG oslo_service.service [-] clients_trove.endpoint_type = None log_opt_values /usr/lib/python3/dist-packages/oslo_config/cfg.py:2609
2025-10-09 00:39:30.478 37878 DEBUG oslo_service.service [-] clients_trove.insecure = None log_opt_values /usr/lib/python3/dist-packages/oslo_config/cfg.py:2609
2025-10-09 00:39:30.478 37878 DEBUG oslo_service.service [-] clients_trove.key_file = None log_opt_values /usr/lib/python3/dist-packages/oslo_config/cfg.py:2609
2025-10-09 00:39:30.478 37878 DEBUG oslo_service.service [-] clients_vitrage.ca_file = None log_opt_values /usr/lib/python3/dist-packages/oslo_config/cfg.py:2609
2025-10-09 00:39:30.478 37878 DEBUG oslo_service.service [-] clients_vitrage.cert_file = None log_opt_values /usr/lib/python3/dist-packages/oslo_config/cfg.py:2609
2025-10-09 00:39:30.478 37878 DEBUG oslo_service.service [-] clients_vitrage.endpoint_type = None log_opt_values /usr/lib/python3/dist-packages/oslo_config/cfg.py:2609
2025-10-09 00:39:30.478 37878 DEBUG oslo_service.service [-] clients_vitrage.insecure = None log_opt_values /usr/lib/python3/dist-packages/oslo_config/cfg.py:2609
2025-10-09 00:39:30.479 37878 DEBUG oslo_service.service [-] clients_vitrage.key_file = None log_opt_values /usr/lib/python3/dist-packages/oslo_config/cfg.py:2609
2025-10-09 00:39:30.479 37878 DEBUG oslo_service.service [-] clients_zaqar.ca_file = None log_opt_values /usr/lib/python3/dist-packages/oslo_config/cfg.py:2609
2025-10-09 00:39:30.479 37878 DEBUG oslo_service.service [-] clients_zaqar.cert_file = None log_opt_values /usr/lib/python3/dist-packages/oslo_config/cfg.py:2609
2025-10-09 00:39:30.479 37878 DEBUG oslo_service.service [-] clients_zaqar.endpoint_type = None log_opt_values /usr/lib/python3/dist-packages/oslo_config/cfg.py:2609
2025-10-09 00:39:30.479 37878 DEBUG oslo_service.service [-] clients_zaqar.insecure = None log_opt_values /usr/lib/python3/dist-packages/oslo_config/cfg.py:2609
2025-10-09 00:39:30.479 37878 DEBUG oslo_service.service [-] clients_zaqar.key_file = None log_opt_values /usr/lib/python3/dist-packages/oslo_config/cfg.py:2609
2025-10-09 00:39:30.479 37878 DEBUG oslo_service.service [-] database.backend = sqlalchemy log_opt_values /usr/lib/python3/dist-packages/oslo_config/cfg.py:2609
2025-10-09 00:39:30.479 37878 DEBUG oslo_service.service [-] database.connection = **** log_opt_values /usr/lib/python3/dist-packages/oslo_config/cfg.py:2609
2025-10-09 00:39:30.480 37878 DEBUG oslo_service.service [-] database.connection_debug = 0 log_opt_values /usr/lib/python3/dist-packages/oslo_config/cfg.py:2609
2025-10-09 00:39:30.481 37878 DEBUG oslo_service.service [-] database.connection_parameters = log_opt_values /usr/lib/python3/dist-packages/oslo_config/cfg.py:2609
2025-10-09 00:39:30.481 37878 DEBUG oslo_service.service [-] database.connection_recycle_time = 3600 log_opt_values /usr/lib/python3/dist-packages/oslo_config/cfg.py:2609
2025-10-09 00:39:30.482 37878 DEBUG oslo_service.service [-] database.connection_trace = False log_opt_values /usr/lib/python3/dist-packages/oslo_config/cfg.py:2609
2025-10-09 00:39:30.482 37878 DEBUG oslo_service.service [-] database.db_inc_retry_interval = True log_opt_values /usr/lib/python3/dist-packages/oslo_config/cfg.py:2609
2025-10-09 00:39:30.482 37878 DEBUG oslo_service.service [-] database.db_max_retries = 20 log_opt_values /usr/lib/python3/dist-packages/oslo_config/cfg.py:2609
2025-10-09 00:39:30.482 37878 DEBUG oslo_service.service [-] database.db_max_retry_interval = 10 log_opt_values /usr/lib/python3/dist-packages/oslo_config/cfg.py:2609
2025-10-09 00:39:30.482 37878 DEBUG oslo_service.service [-] database.db_retry_interval = 1 log_opt_values /usr/lib/python3/dist-packages/oslo_config/cfg.py:2609
2025-10-09 00:39:30.482 37878 DEBUG oslo_service.service [-] database.max_overflow = 50 log_opt_values /usr/lib/python3/dist-packages/oslo_config/cfg.py:2609
2025-10-09 00:39:30.484 37878 DEBUG oslo_service.service [-] database.max_pool_size = 5 log_opt_values /usr/lib/python3/dist-packages/oslo_config/cfg.py:2609
2025-10-09 00:39:30.485 37878 DEBUG oslo_service.service [-] database.max_retries = 10 log_opt_values /usr/lib/python3/dist-packages/oslo_config/cfg.py:2609
2025-10-09 00:39:30.485 37878 DEBUG oslo_service.service [-] database.mysql_enable_ndb = False log_opt_values /usr/lib/python3/dist-packages/oslo_config/cfg.py:2609
2025-10-09 00:39:30.487 37878 DEBUG oslo_service.service [-] database.mysql_sql_mode = TRADITIONAL log_opt_values /usr/lib/python3/dist-packages/oslo_config/cfg.py:2609
2025-10-09 00:39:30.490 37878 DEBUG oslo_service.service [-] database.pool_timeout = None log_opt_values /usr/lib/python3/dist-packages/oslo_config/cfg.py:2609
2025-10-09 00:39:30.490 37878 DEBUG oslo_service.service [-] database.retry_interval = 10 log_opt_values /usr/lib/python3/dist-packages/oslo_config/cfg.py:2609
2025-10-09 00:39:30.490 37878 DEBUG oslo_service.service [-] database.slave_connection = **** log_opt_values /usr/lib/python3/dist-packages/oslo_config/cfg.py:2609
2025-10-09 00:39:30.490 37878 DEBUG oslo_service.service [-] database.sqlite_synchronous = True log_opt_values /usr/lib/python3/dist-packages/oslo_config/cfg.py:2609
2025-10-09 00:39:30.490 37878 DEBUG oslo_service.service [-] database.use_db_reconnect = False log_opt_values /usr/lib/python3/dist-packages/oslo_config/cfg.py:2609
2025-10-09 00:39:30.498 37878 DEBUG oslo_service.service [-] oslo_messaging_metrics.metrics_buffer_size = 1000 log_opt_values /usr/lib/python3/dist-packages/oslo_config/cfg.py:2609
2025-10-09 00:39:30.501 37878 DEBUG oslo_service.service [-] oslo_messaging_metrics.metrics_enabled = False log_opt_values /usr/lib/python3/dist-packages/oslo_config/cfg.py:2609
2025-10-09 00:39:30.503 37878 DEBUG oslo_service.service [-] oslo_messaging_metrics.metrics_process_name = log_opt_values /usr/lib/python3/dist-packages/oslo_config/cfg.py:2609
2025-10-09 00:39:30.503 37878 DEBUG oslo_service.service [-] oslo_messaging_metrics.metrics_socket_file = /var/tmp/metrics_collector.sock log_opt_values /usr/lib/python3/dist-packages/oslo_config/cfg.py:2609
2025-10-09 00:39:30.503 37878 DEBUG oslo_service.service [-] oslo_messaging_metrics.metrics_thread_stop_timeout = 10 log_opt_values /usr/lib/python3/dist-packages/oslo_config/cfg.py:2609
2025-10-09 00:39:30.504 37878 DEBUG oslo_service.service [-] oslo_policy.enforce_new_defaults = False log_opt_values /usr/lib/python3/dist-packages/oslo_config/cfg.py:2609
2025-10-09 00:39:30.504 37878 DEBUG oslo_service.service [-] oslo_policy.enforce_scope = False log_opt_values /usr/lib/python3/dist-packages/oslo_config/cfg.py:2609
2025-10-09 00:39:30.504 37878 DEBUG oslo_service.service [-] oslo_policy.policy_default_rule = default log_opt_values /usr/lib/python3/dist-packages/oslo_config/cfg.py:2609
2025-10-09 00:39:30.504 37878 DEBUG oslo_service.service [-] oslo_policy.policy_dirs = ['policy.d'] log_opt_values /usr/lib/python3/dist-packages/oslo_config/cfg.py:2609
2025-10-09 00:39:30.504 37878 DEBUG oslo_service.service [-] oslo_policy.policy_file = policy.yaml log_opt_values /usr/lib/python3/dist-packages/oslo_config/cfg.py:2609
2025-10-09 00:39:30.506 37878 DEBUG oslo_service.service [-] oslo_policy.remote_content_type = application/x-www-form-urlencoded log_opt_values /usr/lib/python3/dist-packages/oslo_config/cfg.py:2609
2025-10-09 00:39:30.508 37878 DEBUG oslo_service.service [-] oslo_policy.remote_ssl_ca_crt_file = None log_opt_values /usr/lib/python3/dist-packages/oslo_config/cfg.py:2609
2025-10-09 00:39:30.508 37878 DEBUG oslo_service.service [-] oslo_policy.remote_ssl_client_crt_file = None log_opt_values /usr/lib/python3/dist-packages/oslo_config/cfg.py:2609
2025-10-09 00:39:30.509 37878 DEBUG oslo_service.service [-] oslo_policy.remote_ssl_client_key_file = None log_opt_values /usr/lib/python3/dist-packages/oslo_config/cfg.py:2609
2025-10-09 00:39:30.509 37878 DEBUG oslo_service.service [-] oslo_policy.remote_ssl_verify_server_crt = False log_opt_values /usr/lib/python3/dist-packages/oslo_config/cfg.py:2609
2025-10-09 00:39:30.509 37878 DEBUG oslo_service.service [-] trustee.auth_section = None log_opt_values /usr/lib/python3/dist-packages/oslo_config/cfg.py:2609
2025-10-09 00:39:30.509 37878 WARNING oslo_config.cfg [-] Deprecated: Option "auth_plugin" from group "trustee" is deprecated. Use option "auth_type" from group "trustee".
2025-10-09 00:39:30.510 37878 DEBUG oslo_service.service [-] trustee.auth_type = password log_opt_values /usr/lib/python3/dist-packages/oslo_config/cfg.py:2609
2025-10-09 00:39:30.510 37878 DEBUG oslo_service.service [-] oslo_versionedobjects.fatal_exception_format_errors = False log_opt_values /usr/lib/python3/dist-packages/oslo_config/cfg.py:2609
2025-10-09 00:39:30.510 37878 DEBUG oslo_service.service [-] oslo_messaging_rabbit.amqp_auto_delete = False log_opt_values /usr/lib/python3/dist-packages/oslo_config/cfg.py:2609
2025-10-09 00:39:30.511 37878 DEBUG oslo_service.service [-] oslo_messaging_rabbit.amqp_durable_queues = False log_opt_values /usr/lib/python3/dist-packages/oslo_config/cfg.py:2609
2025-10-09 00:39:30.512 37878 DEBUG oslo_service.service [-] oslo_messaging_rabbit.conn_pool_min_size = 2 log_opt_values /usr/lib/python3/dist-packages/oslo_config/cfg.py:2609
2025-10-09 00:39:30.513 37878 DEBUG oslo_service.service [-] oslo_messaging_rabbit.conn_pool_ttl = 1200 log_opt_values /usr/lib/python3/dist-packages/oslo_config/cfg.py:2609
2025-10-09 00:39:30.513 37878 DEBUG oslo_service.service [-] oslo_messaging_rabbit.direct_mandatory_flag = True log_opt_values /usr/lib/python3/dist-packages/oslo_config/cfg.py:2609
2025-10-09 00:39:30.513 37878 DEBUG oslo_service.service [-] oslo_messaging_rabbit.enable_cancel_on_failover = False log_opt_values /usr/lib/python3/dist-packages/oslo_config/cfg.py:2609
2025-10-09 00:39:30.513 37878 DEBUG oslo_service.service [-] oslo_messaging_rabbit.heartbeat_in_pthread = False log_opt_values /usr/lib/python3/dist-packages/oslo_config/cfg.py:2609
2025-10-09 00:39:30.514 37878 DEBUG oslo_service.service [-] oslo_messaging_rabbit.heartbeat_rate = 2 log_opt_values /usr/lib/python3/dist-packages/oslo_config/cfg.py:2609
2025-10-09 00:39:30.514 37878 DEBUG oslo_service.service [-] oslo_messaging_rabbit.heartbeat_timeout_threshold = 60 log_opt_values /usr/lib/python3/dist-packages/oslo_config/cfg.py:2609
2025-10-09 00:39:30.514 37878 DEBUG oslo_service.service [-] oslo_messaging_rabbit.kombu_compression = None log_opt_values /usr/lib/python3/dist-packages/oslo_config/cfg.py:2609
2025-10-09 00:39:30.515 37878 DEBUG oslo_service.service [-] oslo_messaging_rabbit.kombu_failover_strategy = round-robin log_opt_values /usr/lib/python3/dist-packages/oslo_config/cfg.py:2609
2025-10-09 00:39:30.515 37878 DEBUG oslo_service.service [-] oslo_messaging_rabbit.kombu_missing_consumer_retry_timeout = 60 log_opt_values /usr/lib/python3/dist-packages/oslo_config/cfg.py:2609
2025-10-09 00:39:30.515 37878 DEBUG oslo_service.service [-] oslo_messaging_rabbit.kombu_reconnect_delay = 1.0 log_opt_values /usr/lib/python3/dist-packages/oslo_config/cfg.py:2609
2025-10-09 00:39:30.515 37878 DEBUG oslo_service.service [-] oslo_messaging_rabbit.rabbit_ha_queues = False log_opt_values /usr/lib/python3/dist-packages/oslo_config/cfg.py:2609
2025-10-09 00:39:30.515 37878 DEBUG oslo_service.service [-] oslo_messaging_rabbit.rabbit_interval_max = 30 log_opt_values /usr/lib/python3/dist-packages/oslo_config/cfg.py:2609
2025-10-09 00:39:30.515 37878 DEBUG oslo_service.service [-] oslo_messaging_rabbit.rabbit_login_method = AMQPLAIN log_opt_values /usr/lib/python3/dist-packages/oslo_config/cfg.py:2609
2025-10-09 00:39:30.515 37878 DEBUG oslo_service.service [-] oslo_messaging_rabbit.rabbit_qos_prefetch_count = 0 log_opt_values /usr/lib/python3/dist-packages/oslo_config/cfg.py:2609
2025-10-09 00:39:30.515 37878 DEBUG oslo_service.service [-] oslo_messaging_rabbit.rabbit_quorum_queue = False log_opt_values /usr/lib/python3/dist-packages/oslo_config/cfg.py:2609
2025-10-09 00:39:30.531 37878 DEBUG oslo_service.service [-] oslo_messaging_rabbit.rabbit_retry_backoff = 2 log_opt_values /usr/lib/python3/dist-packages/oslo_config/cfg.py:2609
2025-10-09 00:39:30.531 37878 DEBUG oslo_service.service [-] oslo_messaging_rabbit.rabbit_retry_interval = 1 log_opt_values /usr/lib/python3/dist-packages/oslo_config/cfg.py:2609
2025-10-09 00:39:30.531 37878 DEBUG oslo_service.service [-] oslo_messaging_rabbit.rabbit_transient_queues_ttl = 1800 log_opt_values /usr/lib/python3/dist-packages/oslo_config/cfg.py:2609
2025-10-09 00:39:30.531 37878 DEBUG oslo_service.service [-] oslo_messaging_rabbit.rpc_conn_pool_size = 30 log_opt_values /usr/lib/python3/dist-packages/oslo_config/cfg.py:2609
2025-10-09 00:39:30.531 37878 DEBUG oslo_service.service [-] oslo_messaging_rabbit.ssl = False log_opt_values /usr/lib/python3/dist-packages/oslo_config/cfg.py:2609
2025-10-09 00:39:30.532 37878 DEBUG oslo_service.service [-] oslo_messaging_rabbit.ssl_ca_file = log_opt_values /usr/lib/python3/dist-packages/oslo_config/cfg.py:2609
2025-10-09 00:39:30.532 37878 DEBUG oslo_service.service [-] oslo_messaging_rabbit.ssl_cert_file = log_opt_values /usr/lib/python3/dist-packages/oslo_config/cfg.py:2609
2025-10-09 00:39:30.532 37878 DEBUG oslo_service.service [-] oslo_messaging_rabbit.ssl_key_file = log_opt_values /usr/lib/python3/dist-packages/oslo_config/cfg.py:2609
2025-10-09 00:39:30.532 37878 DEBUG oslo_service.service [-] oslo_messaging_rabbit.ssl_version = log_opt_values /usr/lib/python3/dist-packages/oslo_config/cfg.py:2609
2025-10-09 00:39:30.532 37878 DEBUG oslo_service.service [-] oslo_messaging_notifications.driver = [] log_opt_values /usr/lib/python3/dist-packages/oslo_config/cfg.py:2609
2025-10-09 00:39:30.533 37878 DEBUG oslo_service.service [-] oslo_messaging_notifications.retry = -1 log_opt_values /usr/lib/python3/dist-packages/oslo_config/cfg.py:2609
2025-10-09 00:39:30.534 37878 DEBUG oslo_service.service [-] oslo_messaging_notifications.topics = ['notifications'] log_opt_values /usr/lib/python3/dist-packages/oslo_config/cfg.py:2609
2025-10-09 00:39:30.534 37878 DEBUG oslo_service.service [-] oslo_messaging_notifications.transport_url = **** log_opt_values /usr/lib/python3/dist-packages/oslo_config/cfg.py:2609
2025-10-09 00:39:30.534 37878 DEBUG oslo_service.service [-] cache.backend = dogpile.cache.null log_opt_values /usr/lib/python3/dist-packages/oslo_config/cfg.py:2609
2025-10-09 00:39:30.534 37878 DEBUG oslo_service.service [-] cache.backend_argument = **** log_opt_values /usr/lib/python3/dist-packages/oslo_config/cfg.py:2609
2025-10-09 00:39:30.534 37878 DEBUG oslo_service.service [-] cache.config_prefix = cache.oslo log_opt_values /usr/lib/python3/dist-packages/oslo_config/cfg.py:2609
2025-10-09 00:39:30.534 37878 DEBUG oslo_service.service [-] cache.debug_cache_backend = False log_opt_values /usr/lib/python3/dist-packages/oslo_config/cfg.py:2609
2025-10-09 00:39:30.535 37878 DEBUG oslo_service.service [-] cache.enabled = False log_opt_values /usr/lib/python3/dist-packages/oslo_config/cfg.py:2609
2025-10-09 00:39:30.535 37878 DEBUG oslo_service.service [-] cache.expiration_time = 600 log_opt_values /usr/lib/python3/dist-packages/oslo_config/cfg.py:2609
2025-10-09 00:39:30.535 37878 DEBUG oslo_service.service [-] cache.memcache_dead_retry = 300 log_opt_values /usr/lib/python3/dist-packages/oslo_config/cfg.py:2609
2025-10-09 00:39:30.535 37878 DEBUG oslo_service.service [-] cache.memcache_pool_connection_get_timeout = 10 log_opt_values /usr/lib/python3/dist-packages/oslo_config/cfg.py:2609
2025-10-09 00:39:30.536 37878 DEBUG oslo_service.service [-] cache.memcache_pool_flush_on_reconnect = False log_opt_values /usr/lib/python3/dist-packages/oslo_config/cfg.py:2609
2025-10-09 00:39:30.536 37878 DEBUG oslo_service.service [-] cache.memcache_pool_maxsize = 10 log_opt_values /usr/lib/python3/dist-packages/oslo_config/cfg.py:2609
2025-10-09 00:39:30.537 37878 DEBUG oslo_service.service [-] cache.memcache_pool_unused_timeout = 60 log_opt_values /usr/lib/python3/dist-packages/oslo_config/cfg.py:2609
2025-10-09 00:39:30.537 37878 DEBUG oslo_service.service [-] cache.memcache_servers = ['localhost:11211'] log_opt_values /usr/lib/python3/dist-packages/oslo_config/cfg.py:2609
2025-10-09 00:39:30.537 37878 DEBUG oslo_service.service [-] cache.memcache_socket_timeout = 1.0 log_opt_values /usr/lib/python3/dist-packages/oslo_config/cfg.py:2609
2025-10-09 00:39:30.538 37878 DEBUG oslo_service.service [-] cache.proxies = [] log_opt_values /usr/lib/python3/dist-packages/oslo_config/cfg.py:2609
2025-10-09 00:39:30.538 37878 DEBUG oslo_service.service [-] cache.tls_allowed_ciphers = None log_opt_values /usr/lib/python3/dist-packages/oslo_config/cfg.py:2609
2025-10-09 00:39:30.538 37878 DEBUG oslo_service.service [-] cache.tls_cafile = None log_opt_values /usr/lib/python3/dist-packages/oslo_config/cfg.py:2609
2025-10-09 00:39:30.539 37878 DEBUG oslo_service.service [-] cache.tls_certfile = None log_opt_values /usr/lib/python3/dist-packages/oslo_config/cfg.py:2609
2025-10-09 00:39:30.539 37878 DEBUG oslo_service.service [-] cache.tls_enabled = False log_opt_values /usr/lib/python3/dist-packages/oslo_config/cfg.py:2609
2025-10-09 00:39:30.539 37878 DEBUG oslo_service.service [-] cache.tls_keyfile = None log_opt_values /usr/lib/python3/dist-packages/oslo_config/cfg.py:2609
2025-10-09 00:39:30.539 37878 DEBUG oslo_service.service [-] constraint_validation_cache.caching = True log_opt_values /usr/lib/python3/dist-packages/oslo_config/cfg.py:2609
2025-10-09 00:39:30.539 37878 DEBUG oslo_service.service [-] constraint_validation_cache.expiration_time = 60 log_opt_values /usr/lib/python3/dist-packages/oslo_config/cfg.py:2609
2025-10-09 00:39:30.539 37878 DEBUG oslo_service.service [-] service_extension_cache.caching = True log_opt_values /usr/lib/python3/dist-packages/oslo_config/cfg.py:2609
2025-10-09 00:39:30.539 37878 DEBUG oslo_service.service [-] service_extension_cache.expiration_time = 3600 log_opt_values /usr/lib/python3/dist-packages/oslo_config/cfg.py:2609
2025-10-09 00:39:30.539 37878 DEBUG oslo_service.service [-] resource_finder_cache.caching = True log_opt_values /usr/lib/python3/dist-packages/oslo_config/cfg.py:2609
2025-10-09 00:39:30.540 37878 DEBUG oslo_service.service [-] resource_finder_cache.expiration_time = 3600 log_opt_values /usr/lib/python3/dist-packages/oslo_config/cfg.py:2609
2025-10-09 00:39:30.540 37878 DEBUG oslo_service.service [-] yaql.limit_iterators = 200 log_opt_values /usr/lib/python3/dist-packages/oslo_config/cfg.py:2609
2025-10-09 00:39:30.540 37878 DEBUG oslo_service.service [-] yaql.memory_quota = 10000 log_opt_values /usr/lib/python3/dist-packages/oslo_config/cfg.py:2609
2025-10-09 00:39:30.540 37878 DEBUG oslo_service.service [-] ******************************************************************************** log_opt_values /usr/lib/python3/dist-packages/oslo_config/cfg.py:2613
2025-10-09 00:39:30.586 38097 DEBUG oslo_db.sqlalchemy.engines [req-2a764ecc-cba9-4d07-8627-d553f606d9c3 - - - - -] MySQL server mode set to STRICT_TRANS_TABLES,STRICT_ALL_TABLES,NO_ZERO_IN_DATE,NO_ZERO_DATE,ERROR_FOR_DIVISION_BY_ZERO,TRADITIONAL,NO_ENGINE_SUBSTITUTION _check_effective_sql_mode /usr/lib/python3/dist-packages/oslo_db/sqlalchemy/engines.py:314
2025-10-09 00:39:30.589 38099 DEBUG oslo_db.sqlalchemy.engines [req-14708c48-ae79-45d1-9daf-d0f5f7ec481b - - - - -] MySQL server mode set to STRICT_TRANS_TABLES,STRICT_ALL_TABLES,NO_ZERO_IN_DATE,NO_ZERO_DATE,ERROR_FOR_DIVISION_BY_ZERO,TRADITIONAL,NO_ENGINE_SUBSTITUTION _check_effective_sql_mode /usr/lib/python3/dist-packages/oslo_db/sqlalchemy/engines.py:314
2025-10-09 00:39:30.594 38098 DEBUG oslo_db.sqlalchemy.engines [req-2041265a-5c98-4b9a-b9b9-1499a7a4fbcd - - - - -] MySQL server mode set to STRICT_TRANS_TABLES,STRICT_ALL_TABLES,NO_ZERO_IN_DATE,NO_ZERO_DATE,ERROR_FOR_DIVISION_BY_ZERO,TRADITIONAL,NO_ENGINE_SUBSTITUTION _check_effective_sql_mode /usr/lib/python3/dist-packages/oslo_db/sqlalchemy/engines.py:314
2025-10-09 00:39:30.602 38096 DEBUG oslo_db.sqlalchemy.engines [req-f5098406-edec-41c7-991d-a830614e0742 - - - - -] MySQL server mode set to STRICT_TRANS_TABLES,STRICT_ALL_TABLES,NO_ZERO_IN_DATE,NO_ZERO_DATE,ERROR_FOR_DIVISION_BY_ZERO,TRADITIONAL,NO_ENGINE_SUBSTITUTION _check_effective_sql_mode /usr/lib/python3/dist-packages/oslo_db/sqlalchemy/engines.py:314
2025-10-09 00:39:30.676 38097 DEBUG heat.engine.service [req-10e14e88-eef7-403e-a904-a10e01438031 - - - - -] Service e93b3ace-fcb2-4712-9314-84b150731fa4 is started service_manage_report /usr/lib/python3/dist-packages/heat/engine/service.py:2363
2025-10-09 00:39:30.689 38099 DEBUG heat.engine.service [req-7bdad9d5-15a0-4f51-806a-463ac4561877 - - - - -] Service c74125e3-e509-475a-8c60-ef266792689f is started service_manage_report /usr/lib/python3/dist-packages/heat/engine/service.py:2363
2025-10-09 00:39:30.697 38097 DEBUG heat.engine.service [req-10e14e88-eef7-403e-a904-a10e01438031 - - - - -] Service e93b3ace-fcb2-4712-9314-84b150731fa4 is updated service_manage_report /usr/lib/python3/dist-packages/heat/engine/service.py:2370
2025-10-09 00:39:30.697 38098 DEBUG heat.engine.service [req-494f32c5-8c7d-4f37-8dea-064697776a7c - - - - -] Service f524b309-cca2-4db9-ada0-b9646618e5f2 is started service_manage_report /usr/lib/python3/dist-packages/heat/engine/service.py:2363
2025-10-09 00:39:30.710 38099 DEBUG heat.engine.service [req-7bdad9d5-15a0-4f51-806a-463ac4561877 - - - - -] Service c74125e3-e509-475a-8c60-ef266792689f is updated service_manage_report /usr/lib/python3/dist-packages/heat/engine/service.py:2370
2025-10-09 00:39:30.722 38096 DEBUG heat.engine.service [req-9bbd1649-b745-48c2-9b12-d83dabd121f8 - - - - -] Service 2c223126-6738-4d24-b597-b82eb0161f27 is started service_manage_report /usr/lib/python3/dist-packages/heat/engine/service.py:2363
2025-10-09 00:39:30.724 38098 DEBUG heat.engine.service [req-494f32c5-8c7d-4f37-8dea-064697776a7c - - - - -] Service f524b309-cca2-4db9-ada0-b9646618e5f2 is updated service_manage_report /usr/lib/python3/dist-packages/heat/engine/service.py:2370
2025-10-09 00:39:30.739 38096 DEBUG heat.engine.service [req-9bbd1649-b745-48c2-9b12-d83dabd121f8 - - - - -] Service 2c223126-6738-4d24-b597-b82eb0161f27 is updated service_manage_report /usr/lib/python3/dist-packages/heat/engine/service.py:2370
2025-10-09 00:40:30.661 38097 DEBUG heat.engine.service [req-3c7666f8-a958-4d95-aade-de44b2ad65fa - - - - -] Service e93b3ace-fcb2-4712-9314-84b150731fa4 is updated service_manage_report /usr/lib/python3/dist-packages/heat/engine/service.py:2370
2025-10-09 00:40:30.676 38099 DEBUG heat.engine.service [req-6a8a7838-a194-48bd-b26a-aa8f6ffc3e7f - - - - -] Service c74125e3-e509-475a-8c60-ef266792689f is updated service_manage_report /usr/lib/python3/dist-packages/heat/engine/service.py:2370
2025-10-09 00:40:30.679 38098 DEBUG heat.engine.service [req-6714bed5-d1fb-4938-abb1-5a723400e9c0 - - - - -] Service f524b309-cca2-4db9-ada0-b9646618e5f2 is updated service_manage_report /usr/lib/python3/dist-packages/heat/engine/service.py:2370
2025-10-09 00:40:30.693 38096 DEBUG heat.engine.service [req-7cd2d02e-3251-442e-b298-808a4d56f34f - - - - -] Service 2c223126-6738-4d24-b597-b82eb0161f27 is updated service_manage_report /usr/lib/python3/dist-packages/heat/engine/service.py:2370
2025-10-09 00:41:30.665 38097 DEBUG heat.engine.service [req-e539394c-9732-47d2-b68a-24e59a34ab5b - - - - -] Service e93b3ace-fcb2-4712-9314-84b150731fa4 is updated service_manage_report /usr/lib/python3/dist-packages/heat/engine/service.py:2370
2025-10-09 00:41:30.679 38099 DEBUG heat.engine.service [req-e175bcb4-a17d-402d-b471-3fb791404f57 - - - - -] Service c74125e3-e509-475a-8c60-ef266792689f is updated service_manage_report /usr/lib/python3/dist-packages/heat/engine/service.py:2370
2025-10-09 00:41:30.682 38098 DEBUG heat.engine.service [req-401b5532-4ccc-4b8c-864c-aba7ba46b945 - - - - -] Service f524b309-cca2-4db9-ada0-b9646618e5f2 is updated service_manage_report /usr/lib/python3/dist-packages/heat/engine/service.py:2370
2025-10-09 00:41:30.698 38096 DEBUG heat.engine.service [req-abb2f1eb-f0fd-44ea-bbdf-72d47d9aa64c - - - - -] Service 2c223126-6738-4d24-b597-b82eb0161f27 is updated service_manage_report /usr/lib/python3/dist-packages/heat/engine/service.py:2370
2025-10-09 00:42:30.668 38097 DEBUG heat.engine.service [req-38065204-d078-4ffb-afc7-b94e0f89576e - - - - -] Service e93b3ace-fcb2-4712-9314-84b150731fa4 is updated service_manage_report /usr/lib/python3/dist-packages/heat/engine/service.py:2370
2025-10-09 00:42:30.684 38099 DEBUG heat.engine.service [req-af220b89-d0c4-4e4a-b3b7-fd1c4dc0bedd - - - - -] Service c74125e3-e509-475a-8c60-ef266792689f is updated service_manage_report /usr/lib/python3/dist-packages/heat/engine/service.py:2370
2025-10-09 00:42:30.685 38098 DEBUG heat.engine.service [req-5e56914a-5b22-4366-81dd-7a1e30389cfa - - - - -] Service f524b309-cca2-4db9-ada0-b9646618e5f2 is updated service_manage_report /usr/lib/python3/dist-packages/heat/engine/service.py:2370
2025-10-09 00:42:30.700 38096 DEBUG heat.engine.service [req-0292e263-65c1-4d60-916d-f8af4d10a7b1 - - - - -] Service 2c223126-6738-4d24-b597-b82eb0161f27 is updated service_manage_report /usr/lib/python3/dist-packages/heat/engine/service.py:2370
2025-10-09 00:43:30.673 38097 DEBUG heat.engine.service [req-b1a22f88-23a4-4a35-8997-66116680c932 - - - - -] Service e93b3ace-fcb2-4712-9314-84b150731fa4 is updated service_manage_report /usr/lib/python3/dist-packages/heat/engine/service.py:2370
2025-10-09 00:43:30.687 38099 DEBUG heat.engine.service [req-0ee9b672-bd20-4731-ba0a-91cab2e65911 - - - - -] Service c74125e3-e509-475a-8c60-ef266792689f is updated service_manage_report /usr/lib/python3/dist-packages/heat/engine/service.py:2370
2025-10-09 00:43:30.690 38098 DEBUG heat.engine.service [req-54abb4ac-3a8d-4dc6-a824-a29f52cd4d60 - - - - -] Service f524b309-cca2-4db9-ada0-b9646618e5f2 is updated service_manage_report /usr/lib/python3/dist-packages/heat/engine/service.py:2370
2025-10-09 00:43:30.705 38096 DEBUG heat.engine.service [req-5eb928a5-0f6b-4e9c-b6c3-6b8e0c69848e - - - - -] Service 2c223126-6738-4d24-b597-b82eb0161f27 is updated service_manage_report /usr/lib/python3/dist-packages/heat/engine/service.py:2370
2025-10-09 00:44:30.678 38097 DEBUG heat.engine.service [req-9f667492-298d-41c4-bb23-d193adffc029 - - - - -] Service e93b3ace-fcb2-4712-9314-84b150731fa4 is updated service_manage_report /usr/lib/python3/dist-packages/heat/engine/service.py:2370
2025-10-09 00:44:30.691 38099 DEBUG heat.engine.service [req-fa4fccaf-66bd-445e-9759-d588ae9a57ea - - - - -] Service c74125e3-e509-475a-8c60-ef266792689f is updated service_manage_report /usr/lib/python3/dist-packages/heat/engine/service.py:2370
2025-10-09 00:44:30.693 38098 DEBUG heat.engine.service [req-db018d3f-7d68-4c6a-aa49-52a583a8d85b - - - - -] Service f524b309-cca2-4db9-ada0-b9646618e5f2 is updated service_manage_report /usr/lib/python3/dist-packages/heat/engine/service.py:2370
2025-10-09 00:44:30.708 38096 DEBUG heat.engine.service [req-f36ccbfd-44f4-4ca2-a6a1-a834b8e790da - - - - -] Service 2c223126-6738-4d24-b597-b82eb0161f27 is updated service_manage_report /usr/lib/python3/dist-packages/heat/engine/service.py:2370
2025-10-09 00:45:30.682 38097 DEBUG heat.engine.service [req-f400db40-2d2f-4667-a5e4-3c70f6a9027b - - - - -] Service e93b3ace-fcb2-4712-9314-84b150731fa4 is updated service_manage_report /usr/lib/python3/dist-packages/heat/engine/service.py:2370
2025-10-09 00:45:30.694 38099 DEBUG heat.engine.service [req-1a74998a-5ada-47ab-9bb1-701e949c32bb - - - - -] Service c74125e3-e509-475a-8c60-ef266792689f is updated service_manage_report /usr/lib/python3/dist-packages/heat/engine/service.py:2370
2025-10-09 00:45:30.696 38098 DEBUG heat.engine.service [req-a70543a8-5fe4-4a62-abbf-048e37c71179 - - - - -] Service f524b309-cca2-4db9-ada0-b9646618e5f2 is updated service_manage_report /usr/lib/python3/dist-packages/heat/engine/service.py:2370
2025-10-09 00:45:30.712 38096 DEBUG heat.engine.service [req-975d7f93-97bc-4be6-84fc-7a9dca7fb53d - - - - -] Service 2c223126-6738-4d24-b597-b82eb0161f27 is updated service_manage_report /usr/lib/python3/dist-packages/heat/engine/service.py:2370
2025-10-09 00:46:30.685 38097 DEBUG heat.engine.service [req-c16e39ca-f3f6-4389-86a7-87b4b7e9f270 - - - - -] Service e93b3ace-fcb2-4712-9314-84b150731fa4 is updated service_manage_report /usr/lib/python3/dist-packages/heat/engine/service.py:2370
2025-10-09 00:46:30.697 38099 DEBUG heat.engine.service [req-746edf0e-44e7-4a65-9081-fe9c896e259f - - - - -] Service c74125e3-e509-475a-8c60-ef266792689f is updated service_manage_report /usr/lib/python3/dist-packages/heat/engine/service.py:2370
2025-10-09 00:46:30.699 38098 DEBUG heat.engine.service [req-b49aeb85-0342-4989-ad90-94ceb6cb755c - - - - -] Service f524b309-cca2-4db9-ada0-b9646618e5f2 is updated service_manage_report /usr/lib/python3/dist-packages/heat/engine/service.py:2370
2025-10-09 00:46:30.715 38096 DEBUG heat.engine.service [req-14502e99-80ef-4657-9e01-ed7f8f5551e3 - - - - -] Service 2c223126-6738-4d24-b597-b82eb0161f27 is updated service_manage_report /usr/lib/python3/dist-packages/heat/engine/service.py:2370
2025-10-09 00:47:30.690 38097 DEBUG heat.engine.service [req-57495ce4-e3b1-44bd-b58e-24e96653311b - - - - -] Service e93b3ace-fcb2-4712-9314-84b150731fa4 is updated service_manage_report /usr/lib/python3/dist-packages/heat/engine/service.py:2370
2025-10-09 00:47:30.700 38099 DEBUG heat.engine.service [req-871f9388-2a1f-4fd4-939d-9eb36e04a3fa - - - - -] Service c74125e3-e509-475a-8c60-ef266792689f is updated service_manage_report /usr/lib/python3/dist-packages/heat/engine/service.py:2370
2025-10-09 00:47:30.701 38098 DEBUG heat.engine.service [req-1cebea10-4830-49ab-9a08-c43e96577b93 - - - - -] Service f524b309-cca2-4db9-ada0-b9646618e5f2 is updated service_manage_report /usr/lib/python3/dist-packages/heat/engine/service.py:2370
2025-10-09 00:47:30.719 38096 DEBUG heat.engine.service [req-a6ff2ca9-f914-4d49-80b5-c081d3d784fb - - - - -] Service 2c223126-6738-4d24-b597-b82eb0161f27 is updated service_manage_report /usr/lib/python3/dist-packages/heat/engine/service.py:2370
2025-10-09 00:48:30.692 38097 DEBUG heat.engine.service [req-839f5e7d-8350-4089-b95b-ff0f85b26f92 - - - - -] Service e93b3ace-fcb2-4712-9314-84b150731fa4 is updated service_manage_report /usr/lib/python3/dist-packages/heat/engine/service.py:2370
2025-10-09 00:48:30.704 38099 DEBUG heat.engine.service [req-d6d2f416-37db-40c9-8cb5-8e5e87a24dcb - - - - -] Service c74125e3-e509-475a-8c60-ef266792689f is updated service_manage_report /usr/lib/python3/dist-packages/heat/engine/service.py:2370
2025-10-09 00:48:30.706 38098 DEBUG heat.engine.service [req-a7f830e6-b35c-4717-b64c-edfbded22198 - - - - -] Service f524b309-cca2-4db9-ada0-b9646618e5f2 is updated service_manage_report /usr/lib/python3/dist-packages/heat/engine/service.py:2370
2025-10-09 00:48:30.724 38096 DEBUG heat.engine.service [req-5d6e5ef5-8499-4dd6-bb06-838fdef9e3ef - - - - -] Service 2c223126-6738-4d24-b597-b82eb0161f27 is updated service_manage_report /usr/lib/python3/dist-packages/heat/engine/service.py:2370
2025-10-09 00:49:30.698 38097 DEBUG heat.engine.service [req-f8f8bce8-fa4e-4fd0-ae64-148a3a20d1ed - - - - -] Service e93b3ace-fcb2-4712-9314-84b150731fa4 is updated service_manage_report /usr/lib/python3/dist-packages/heat/engine/service.py:2370
2025-10-09 00:49:30.707 38099 DEBUG heat.engine.service [req-ab6f0da5-7e72-49bc-b104-e925bbf20d2c - - - - -] Service c74125e3-e509-475a-8c60-ef266792689f is updated service_manage_report /usr/lib/python3/dist-packages/heat/engine/service.py:2370
2025-10-09 00:49:30.712 38098 DEBUG heat.engine.service [req-7d91f4dd-01e5-4d94-b0e8-59b717133df3 - - - - -] Service f524b309-cca2-4db9-ada0-b9646618e5f2 is updated service_manage_report /usr/lib/python3/dist-packages/heat/engine/service.py:2370
2025-10-09 00:49:30.727 38096 DEBUG heat.engine.service [req-97e584d3-3832-4ac2-81dc-01be32768060 - - - - -] Service 2c223126-6738-4d24-b597-b82eb0161f27 is updated service_manage_report /usr/lib/python3/dist-packages/heat/engine/service.py:2370
2025-10-09 00:50:30.692 38097 DEBUG heat.engine.service [req-87707697-a947-43e7-b617-44e1a7cb0b06 - - - - -] Service e93b3ace-fcb2-4712-9314-84b150731fa4 is updated service_manage_report /usr/lib/python3/dist-packages/heat/engine/service.py:2370
2025-10-09 00:50:30.704 38098 DEBUG heat.engine.service [req-52260817-e13c-47bc-b213-a966410568bf - - - - -] Service f524b309-cca2-4db9-ada0-b9646618e5f2 is updated service_manage_report /usr/lib/python3/dist-packages/heat/engine/service.py:2370
2025-10-09 00:50:30.709 38099 DEBUG heat.engine.service [req-b65a868a-caea-4792-abbc-28d2f807f177 - - - - -] Service c74125e3-e509-475a-8c60-ef266792689f is updated service_manage_report /usr/lib/python3/dist-packages/heat/engine/service.py:2370
2025-10-09 00:50:30.731 38096 DEBUG heat.engine.service [req-b857452c-5082-46d0-8d48-7cd6c6a9d1aa - - - - -] Service 2c223126-6738-4d24-b597-b82eb0161f27 is updated service_manage_report /usr/lib/python3/dist-packages/heat/engine/service.py:2370
2025-10-09 00:51:30.696 38097 DEBUG heat.engine.service [req-1063286e-53fb-422e-be88-a71d88136abd - - - - -] Service e93b3ace-fcb2-4712-9314-84b150731fa4 is updated service_manage_report /usr/lib/python3/dist-packages/heat/engine/service.py:2370
2025-10-09 00:51:30.708 38098 DEBUG heat.engine.service [req-a6773b48-e089-4b25-a88f-afa81a029775 - - - - -] Service f524b309-cca2-4db9-ada0-b9646618e5f2 is updated service_manage_report /usr/lib/python3/dist-packages/heat/engine/service.py:2370
2025-10-09 00:51:30.712 38099 DEBUG heat.engine.service [req-a5c88c0c-e1c8-42e2-b15c-7c3507827c54 - - - - -] Service c74125e3-e509-475a-8c60-ef266792689f is updated service_manage_report /usr/lib/python3/dist-packages/heat/engine/service.py:2370
2025-10-09 00:51:30.733 38096 DEBUG heat.engine.service [req-04d52d29-ed11-46d0-a7d1-34e503a1e692 - - - - -] Service 2c223126-6738-4d24-b597-b82eb0161f27 is updated service_manage_report /usr/lib/python3/dist-packages/heat/engine/service.py:2370
2025-10-09 00:52:30.699 38097 DEBUG heat.engine.service [req-f59c76a7-bb49-4ae7-8ebb-9fb1bf0edccc - - - - -] Service e93b3ace-fcb2-4712-9314-84b150731fa4 is updated service_manage_report /usr/lib/python3/dist-packages/heat/engine/service.py:2370
2025-10-09 00:52:30.710 38098 DEBUG heat.engine.service [req-313ec865-9435-4ade-9025-5ac6e334c26c - - - - -] Service f524b309-cca2-4db9-ada0-b9646618e5f2 is updated service_manage_report /usr/lib/python3/dist-packages/heat/engine/service.py:2370
2025-10-09 00:52:30.715 38099 DEBUG heat.engine.service [req-dee18c01-6334-43e9-b823-22262b1242e9 - - - - -] Service c74125e3-e509-475a-8c60-ef266792689f is updated service_manage_report /usr/lib/python3/dist-packages/heat/engine/service.py:2370
2025-10-09 00:52:30.734 38096 DEBUG heat.engine.service [req-a0f1a832-0517-44c5-a720-c29add85d11c - - - - -] Service 2c223126-6738-4d24-b597-b82eb0161f27 is updated service_manage_report /usr/lib/python3/dist-packages/heat/engine/service.py:2370
2025-10-09 00:53:30.708 38097 DEBUG heat.engine.service [req-609b9162-8ae8-419c-ac81-d3d3a4eaaf1d - - - - -] Service e93b3ace-fcb2-4712-9314-84b150731fa4 is updated service_manage_report /usr/lib/python3/dist-packages/heat/engine/service.py:2370
2025-10-09 00:53:30.717 38098 DEBUG heat.engine.service [req-06c0271c-9335-44e3-8dcf-438364ef202a - - - - -] Service f524b309-cca2-4db9-ada0-b9646618e5f2 is updated service_manage_report /usr/lib/python3/dist-packages/heat/engine/service.py:2370
2025-10-09 00:53:30.724 38099 DEBUG heat.engine.service [req-c683294e-5333-4ad7-9aaa-c29e6c502012 - - - - -] Service c74125e3-e509-475a-8c60-ef266792689f is updated service_manage_report /usr/lib/python3/dist-packages/heat/engine/service.py:2370
2025-10-09 00:53:30.738 38096 DEBUG heat.engine.service [req-d01b0445-3b23-43b5-8458-d0ef42d9efdd - - - - -] Service 2c223126-6738-4d24-b597-b82eb0161f27 is updated service_manage_report /usr/lib/python3/dist-packages/heat/engine/service.py:2370
2025-10-09 00:54:30.703 38097 DEBUG heat.engine.service [req-fe0e9ad9-3d10-42fd-b43c-666cf71dfa85 - - - - -] Service e93b3ace-fcb2-4712-9314-84b150731fa4 is updated service_manage_report /usr/lib/python3/dist-packages/heat/engine/service.py:2370
2025-10-09 00:54:30.709 38098 DEBUG heat.engine.service [req-5737ac8d-adac-4e7b-8ed2-e18be6d125ef - - - - -] Service f524b309-cca2-4db9-ada0-b9646618e5f2 is updated service_manage_report /usr/lib/python3/dist-packages/heat/engine/service.py:2370
2025-10-09 00:54:30.715 38099 DEBUG heat.engine.service [req-d5ed9153-3fc7-48c8-ace4-df1f67af6598 - - - - -] Service c74125e3-e509-475a-8c60-ef266792689f is updated service_manage_report /usr/lib/python3/dist-packages/heat/engine/service.py:2370
2025-10-09 00:54:30.741 38096 DEBUG heat.engine.service [req-9f13591d-7de8-4cbd-9f0b-956b0d01c5d7 - - - - -] Service 2c223126-6738-4d24-b597-b82eb0161f27 is updated service_manage_report /usr/lib/python3/dist-packages/heat/engine/service.py:2370
2025-10-09 00:55:30.705 38097 DEBUG heat.engine.service [req-bed99078-55e1-43c5-b71b-97a2d4ed7bb0 - - - - -] Service e93b3ace-fcb2-4712-9314-84b150731fa4 is updated service_manage_report /usr/lib/python3/dist-packages/heat/engine/service.py:2370
2025-10-09 00:55:30.711 38098 DEBUG heat.engine.service [req-a04caf3a-44d0-4c47-8fac-46c13e2959db - - - - -] Service f524b309-cca2-4db9-ada0-b9646618e5f2 is updated service_manage_report /usr/lib/python3/dist-packages/heat/engine/service.py:2370
2025-10-09 00:55:30.716 38099 DEBUG heat.engine.service [req-3b36abb1-0e43-49a8-82cf-86c522883560 - - - - -] Service c74125e3-e509-475a-8c60-ef266792689f is updated service_manage_report /usr/lib/python3/dist-packages/heat/engine/service.py:2370
2025-10-09 00:55:30.743 38096 DEBUG heat.engine.service [req-5ba2667b-1d7a-4a61-91c6-02b8ac61fade - - - - -] Service 2c223126-6738-4d24-b597-b82eb0161f27 is updated service_manage_report /usr/lib/python3/dist-packages/heat/engine/service.py:2370
2025-10-09 00:56:30.711 38097 DEBUG heat.engine.service [req-0007115d-49c7-489d-ad72-7c51e786f7e3 - - - - -] Service e93b3ace-fcb2-4712-9314-84b150731fa4 is updated service_manage_report /usr/lib/python3/dist-packages/heat/engine/service.py:2370
2025-10-09 00:56:30.716 38098 DEBUG heat.engine.service [req-537cc60c-3791-4564-b15f-e03a13208b85 - - - - -] Service f524b309-cca2-4db9-ada0-b9646618e5f2 is updated service_manage_report /usr/lib/python3/dist-packages/heat/engine/service.py:2370
2025-10-09 00:56:30.724 38099 DEBUG heat.engine.service [req-8bcf6fd0-d6f6-4cf0-9c55-fea6474297de - - - - -] Service c74125e3-e509-475a-8c60-ef266792689f is updated service_manage_report /usr/lib/python3/dist-packages/heat/engine/service.py:2370
2025-10-09 00:56:30.746 38096 DEBUG heat.engine.service [req-bab96fd3-3265-4b08-a625-53539e382911 - - - - -] Service 2c223126-6738-4d24-b597-b82eb0161f27 is updated service_manage_report /usr/lib/python3/dist-packages/heat/engine/service.py:2370
2025-10-09 00:57:30.704 38097 DEBUG heat.engine.service [req-38895cc4-fa33-468c-9e84-bf2488c51c83 - - - - -] Service e93b3ace-fcb2-4712-9314-84b150731fa4 is updated service_manage_report /usr/lib/python3/dist-packages/heat/engine/service.py:2370
2025-10-09 00:57:30.718 38099 DEBUG heat.engine.service [req-214ebf03-db1d-4a63-a302-d0994c1c0070 - - - - -] Service c74125e3-e509-475a-8c60-ef266792689f is updated service_manage_report /usr/lib/python3/dist-packages/heat/engine/service.py:2370
2025-10-09 00:57:30.722 38098 DEBUG heat.engine.service [req-a4f2dac4-8ef4-45db-bad5-579071b5db1d - - - - -] Service f524b309-cca2-4db9-ada0-b9646618e5f2 is updated service_manage_report /usr/lib/python3/dist-packages/heat/engine/service.py:2370
2025-10-09 00:57:30.747 38096 DEBUG heat.engine.service [req-8ee706d9-b322-46bc-80c8-56d675f81f39 - - - - -] Service 2c223126-6738-4d24-b597-b82eb0161f27 is updated service_manage_report /usr/lib/python3/dist-packages/heat/engine/service.py:2370
2025-10-09 00:58:30.706 38097 DEBUG heat.engine.service [req-6b2fb41e-17ca-476a-b620-43875ffca855 - - - - -] Service e93b3ace-fcb2-4712-9314-84b150731fa4 is updated service_manage_report /usr/lib/python3/dist-packages/heat/engine/service.py:2370
2025-10-09 00:58:30.713 38098 DEBUG heat.engine.service [req-098d5b09-1e31-485b-a203-5c21473d2386 - - - - -] Service f524b309-cca2-4db9-ada0-b9646618e5f2 is updated service_manage_report /usr/lib/python3/dist-packages/heat/engine/service.py:2370
2025-10-09 00:58:30.722 38099 DEBUG heat.engine.service [req-2cc8fe82-659d-4764-9f10-9f022f9585d4 - - - - -] Service c74125e3-e509-475a-8c60-ef266792689f is updated service_manage_report /usr/lib/python3/dist-packages/heat/engine/service.py:2370
2025-10-09 00:58:30.748 38096 DEBUG heat.engine.service [req-7a00762e-f1f3-40b5-9f87-c72c0e927f0f - - - - -] Service 2c223126-6738-4d24-b597-b82eb0161f27 is updated service_manage_report /usr/lib/python3/dist-packages/heat/engine/service.py:2370
2025-10-09 00:59:30.711 38097 DEBUG heat.engine.service [req-ac6ce7a5-7ce1-468d-974e-bfea186d84e8 - - - - -] Service e93b3ace-fcb2-4712-9314-84b150731fa4 is updated service_manage_report /usr/lib/python3/dist-packages/heat/engine/service.py:2370
2025-10-09 00:59:30.715 38098 DEBUG heat.engine.service [req-46a9c6bc-f569-4b8a-8043-f270692d68c2 - - - - -] Service f524b309-cca2-4db9-ada0-b9646618e5f2 is updated service_manage_report /usr/lib/python3/dist-packages/heat/engine/service.py:2370
2025-10-09 00:59:30.724 38099 DEBUG heat.engine.service [req-6828c4d1-65fa-47d2-8d3c-b1ada63bae35 - - - - -] Service c74125e3-e509-475a-8c60-ef266792689f is updated service_manage_report /usr/lib/python3/dist-packages/heat/engine/service.py:2370
2025-10-09 00:59:30.750 38096 DEBUG heat.engine.service [req-354cabf2-d687-4931-97ed-dc0e82950d95 - - - - -] Service 2c223126-6738-4d24-b597-b82eb0161f27 is updated service_manage_report /usr/lib/python3/dist-packages/heat/engine/service.py:2370
2025-10-09 01:00:30.717 38097 DEBUG heat.engine.service [req-99c757b5-55f0-4f5f-ab6d-942504e10771 - - - - -] Service e93b3ace-fcb2-4712-9314-84b150731fa4 is updated service_manage_report /usr/lib/python3/dist-packages/heat/engine/service.py:2370
2025-10-09 01:00:30.719 38098 DEBUG heat.engine.service [req-c4d04109-3f96-49b0-8a72-6836522c4ed3 - - - - -] Service f524b309-cca2-4db9-ada0-b9646618e5f2 is updated service_manage_report /usr/lib/python3/dist-packages/heat/engine/service.py:2370
2025-10-09 01:00:30.727 38099 DEBUG heat.engine.service [req-03ce4278-ac22-48e9-818d-0e66260ef1cf - - - - -] Service c74125e3-e509-475a-8c60-ef266792689f is updated service_manage_report /usr/lib/python3/dist-packages/heat/engine/service.py:2370
2025-10-09 01:00:30.753 38096 DEBUG heat.engine.service [req-938a6988-7609-4625-956f-1c55ce968afe - - - - -] Service 2c223126-6738-4d24-b597-b82eb0161f27 is updated service_manage_report /usr/lib/python3/dist-packages/heat/engine/service.py:2370
2025-10-09 01:01:30.716 38097 DEBUG heat.engine.service [req-2b644f8e-b981-4827-b352-7d645e77b190 - - - - -] Service e93b3ace-fcb2-4712-9314-84b150731fa4 is updated service_manage_report /usr/lib/python3/dist-packages/heat/engine/service.py:2370
2025-10-09 01:01:30.725 38098 DEBUG heat.engine.service [req-408d0b9b-a2e1-4401-909c-eaaf57f7000e - - - - -] Service f524b309-cca2-4db9-ada0-b9646618e5f2 is updated service_manage_report /usr/lib/python3/dist-packages/heat/engine/service.py:2370
2025-10-09 01:01:30.735 38099 DEBUG heat.engine.service [req-8fe2995b-47c5-4f8c-bd87-797754e9d4e7 - - - - -] Service c74125e3-e509-475a-8c60-ef266792689f is updated service_manage_report /usr/lib/python3/dist-packages/heat/engine/service.py:2370
2025-10-09 01:01:30.764 38096 DEBUG heat.engine.service [req-27a26307-9ff3-4903-aaef-01eb6d633eb0 - - - - -] Service 2c223126-6738-4d24-b597-b82eb0161f27 is updated service_manage_report /usr/lib/python3/dist-packages/heat/engine/service.py:2370
2025-10-09 01:02:30.711 38097 DEBUG heat.engine.service [req-b8adc1aa-a70f-4d1b-bd1f-3d55bad988e3 - - - - -] Service e93b3ace-fcb2-4712-9314-84b150731fa4 is updated service_manage_report /usr/lib/python3/dist-packages/heat/engine/service.py:2370
2025-10-09 01:02:30.720 38098 DEBUG heat.engine.service [req-40a76eda-fb54-4bdd-bc8c-20965a13a02b - - - - -] Service f524b309-cca2-4db9-ada0-b9646618e5f2 is updated service_manage_report /usr/lib/python3/dist-packages/heat/engine/service.py:2370
2025-10-09 01:02:30.728 38099 DEBUG heat.engine.service [req-039dfde8-9ebe-46f0-b100-6c48262cf7bd - - - - -] Service c74125e3-e509-475a-8c60-ef266792689f is updated service_manage_report /usr/lib/python3/dist-packages/heat/engine/service.py:2370
