2025-10-09 01:48:41.103 7 DEBUG oslo_service.service [-] ml2_type_gre.tunnel_id_ranges = [] log_opt_values /var/lib/kolla/venv/lib/python3.6/site-packages/oslo_config/cfg.py:2611
2025-10-09 01:48:41.103 7 DEBUG oslo_service.service [-] ml2_type_vlan.network_vlan_ranges = [] log_opt_values /var/lib/kolla/venv/lib/python3.6/site-packages/oslo_config/cfg.py:2611
2025-10-09 01:48:41.103 7 DEBUG oslo_service.service [-] ml2_type_vxlan.vni_ranges = [] log_opt_values /var/lib/kolla/venv/lib/python3.6/site-packages/oslo_config/cfg.py:2611
2025-10-09 01:48:41.103 7 DEBUG oslo_service.service [-] ml2_type_vxlan.vxlan_group = None log_opt_values /var/lib/kolla/venv/lib/python3.6/site-packages/oslo_config/cfg.py:2611
2025-10-09 01:48:41.103 7 DEBUG oslo_service.service [-] database.backend = sqlalchemy log_opt_values /var/lib/kolla/venv/lib/python3.6/site-packages/oslo_config/cfg.py:2611
2025-10-09 01:48:41.103 7 DEBUG oslo_service.service [-] database.connection = **** log_opt_values /var/lib/kolla/venv/lib/python3.6/site-packages/oslo_config/cfg.py:2611
2025-10-09 01:48:41.103 7 DEBUG oslo_service.service [-] database.connection_debug = 0 log_opt_values /var/lib/kolla/venv/lib/python3.6/site-packages/oslo_config/cfg.py:2611
2025-10-09 01:48:41.103 7 DEBUG oslo_service.service [-] database.connection_parameters = log_opt_values /var/lib/kolla/venv/lib/python3.6/site-packages/oslo_config/cfg.py:2611
2025-10-09 01:48:41.103 7 DEBUG oslo_service.service [-] database.connection_recycle_time = 10 log_opt_values /var/lib/kolla/venv/lib/python3.6/site-packages/oslo_config/cfg.py:2611
2025-10-09 01:48:41.103 7 DEBUG oslo_service.service [-] database.connection_trace = False log_opt_values /var/lib/kolla/venv/lib/python3.6/site-packages/oslo_config/cfg.py:2611
2025-10-09 01:48:41.103 7 DEBUG oslo_service.service [-] database.db_inc_retry_interval = True log_opt_values /var/lib/kolla/venv/lib/python3.6/site-packages/oslo_config/cfg.py:2611
2025-10-09 01:48:41.103 7 DEBUG oslo_service.service [-] database.db_max_retries = 20 log_opt_values /var/lib/kolla/venv/lib/python3.6/site-packages/oslo_config/cfg.py:2611
2025-10-09 01:48:41.103 7 DEBUG oslo_service.service [-] database.db_max_retry_interval = 10 log_opt_values /var/lib/kolla/venv/lib/python3.6/site-packages/oslo_config/cfg.py:2611
2025-10-09 01:48:41.103 7 DEBUG oslo_service.service [-] database.db_retry_interval = 1 log_opt_values /var/lib/kolla/venv/lib/python3.6/site-packages/oslo_config/cfg.py:2611
2025-10-09 01:48:41.103 7 DEBUG oslo_service.service [-] database.max_overflow = 50 log_opt_values /var/lib/kolla/venv/lib/python3.6/site-packages/oslo_config/cfg.py:2611
2025-10-09 01:48:41.103 7 DEBUG oslo_service.service [-] database.max_pool_size = 1 log_opt_values /var/lib/kolla/venv/lib/python3.6/site-packages/oslo_config/cfg.py:2611
2025-10-09 01:48:41.103 7 DEBUG oslo_service.service [-] database.max_retries = -1 log_opt_values /var/lib/kolla/venv/lib/python3.6/site-packages/oslo_config/cfg.py:2611
2025-10-09 01:48:41.104 7 DEBUG oslo_service.service [-] database.mysql_enable_ndb = False log_opt_values /var/lib/kolla/venv/lib/python3.6/site-packages/oslo_config/cfg.py:2611
2025-10-09 01:48:41.104 7 DEBUG oslo_service.service [-] database.mysql_sql_mode = TRADITIONAL log_opt_values /var/lib/kolla/venv/lib/python3.6/site-packages/oslo_config/cfg.py:2611
2025-10-09 01:48:41.104 7 DEBUG oslo_service.service [-] database.pool_timeout = None log_opt_values /var/lib/kolla/venv/lib/python3.6/site-packages/oslo_config/cfg.py:2611
2025-10-09 01:48:41.104 7 DEBUG oslo_service.service [-] database.retry_interval = 10 log_opt_values /var/lib/kolla/venv/lib/python3.6/site-packages/oslo_config/cfg.py:2611
2025-10-09 01:48:41.104 7 DEBUG oslo_service.service [-] database.slave_connection = **** log_opt_values /var/lib/kolla/venv/lib/python3.6/site-packages/oslo_config/cfg.py:2611
2025-10-09 01:48:41.104 7 DEBUG oslo_service.service [-] database.sqlite_synchronous = True log_opt_values /var/lib/kolla/venv/lib/python3.6/site-packages/oslo_config/cfg.py:2611
2025-10-09 01:48:41.104 7 DEBUG oslo_service.service [-] database.use_db_reconnect = False log_opt_values /var/lib/kolla/venv/lib/python3.6/site-packages/oslo_config/cfg.py:2611
2025-10-09 01:48:41.104 7 DEBUG oslo_service.service [-] ******************************************************************************** log_opt_values /var/lib/kolla/venv/lib/python3.6/site-packages/oslo_config/cfg.py:2613
2025-10-09 01:48:42.641 22 DEBUG neutron.wsgi [-] (22) accepted ('10.0.0.50', 55776) server /var/lib/kolla/venv/lib/python3.6/site-packages/eventlet/wsgi.py:1004
2025-10-09 01:48:42.647 22 INFO neutron.wsgi [-] 10.0.0.50 "GET / HTTP/1.1" status: 200 len: 227 time: 0.0049193
2025-10-09 01:48:44.643 25 DEBUG neutron.api.rpc.handlers.dhcp_rpc [req-d361ac35-e553-446c-96e5-2995d7d6b167 - - - - -] get_active_networks_info from cn-jenkins-deploy-platform-ansible-os-4251-1 get_active_networks_info /var/lib/kolla/venv/lib/python3.6/site-packages/neutron/api/rpc/handlers/dhcp_rpc.py:159
2025-10-09 01:48:44.666 28 DEBUG neutron_lib.callbacks.manager [req-c0fb8b30-753d-4aaf-be8d-45dd1e5cbbfd - - - - -] Publish callbacks ['neutron.services.segments.db._update_segment_host_mapping_for_agent-8767209955392', 'neutron.services.l3_router.l3_router_plugin.DVRResourceOperationHandler.create_fip_agent_gw_ports-637373'] for agent (773b49a0-c11c-4cee-b444-7f15031a683b), after_create _notify_loop /var/lib/kolla/venv/lib/python3.6/site-packages/neutron_lib/callbacks/manager.py:177
2025-10-09 01:48:44.684 25 DEBUG neutron.scheduler.dhcp_agent_scheduler [req-d361ac35-e553-446c-96e5-2995d7d6b167 - - - - -] No non-hosted networks auto_schedule_networks /var/lib/kolla/venv/lib/python3.6/site-packages/neutron/scheduler/dhcp_agent_scheduler.py:60
2025-10-09 01:49:02.099 26 DEBUG neutron_lib.callbacks.manager [req-a31a11ab-702c-451b-a575-f9c78a1b4c48 - - - - -] Publish callbacks ['neutron.services.segments.db._update_segment_host_mapping_for_agent-8767209955392', 'neutron.services.l3_router.l3_router_plugin.DVRResourceOperationHandler.create_fip_agent_gw_ports-637373'] for agent (4f47ec84-b096-45c1-91d5-f83fb76286a7), after_create _notify_loop /var/lib/kolla/venv/lib/python3.6/site-packages/neutron_lib/callbacks/manager.py:177
2025-10-09 01:49:12.692 22 DEBUG neutron.wsgi [-] (22) accepted ('10.0.0.50', 56404) server /var/lib/kolla/venv/lib/python3.6/site-packages/eventlet/wsgi.py:1004
2025-10-09 01:49:12.697 22 INFO neutron.wsgi [-] 10.0.0.50 "GET / HTTP/1.1" status: 200 len: 227 time: 0.0034831
2025-10-09 01:49:14.655 27 DEBUG neutron_lib.callbacks.manager [req-0c317ad2-6c10-4fb8-9e5a-7b534c1436a8 - - - - -] Publish callbacks ['neutron.services.segments.db._update_segment_host_mapping_for_agent-8767209955392', 'neutron.plugins.ml2.plugin.Ml2Plugin._retry_binding_revived_agents--9223372036853409764'] for agent (773b49a0-c11c-4cee-b444-7f15031a683b), after_update _notify_loop /var/lib/kolla/venv/lib/python3.6/site-packages/neutron_lib/callbacks/manager.py:177
2025-10-09 01:49:26.055 29 DEBUG neutron.db.agents_db [req-a135e1ff-b651-4ebe-a6f7-3978b4320bce - - - - -] Agent healthcheck: found 2 active agents agent_health_check /var/lib/kolla/venv/lib/python3.6/site-packages/neutron/db/agents_db.py:318
2025-10-09 01:49:32.078 25 DEBUG neutron_lib.callbacks.manager [req-a31a11ab-702c-451b-a575-f9c78a1b4c48 - - - - -] Publish callbacks ['neutron.services.segments.db._update_segment_host_mapping_for_agent-8767209955392', 'neutron.plugins.ml2.plugin.Ml2Plugin._retry_binding_revived_agents--9223372036853409764'] for agent (4f47ec84-b096-45c1-91d5-f83fb76286a7), after_update _notify_loop /var/lib/kolla/venv/lib/python3.6/site-packages/neutron_lib/callbacks/manager.py:177
2025-10-09 01:49:42.738 22 DEBUG neutron.wsgi [-] (22) accepted ('10.0.0.50', 38996) server /var/lib/kolla/venv/lib/python3.6/site-packages/eventlet/wsgi.py:1004
2025-10-09 01:49:42.742 22 INFO neutron.wsgi [-] 10.0.0.50 "GET / HTTP/1.1" status: 200 len: 227 time: 0.0029213
2025-10-09 01:49:44.647 23 DEBUG neutron_lib.callbacks.manager [req-accfe195-fcb1-4ee2-8295-3dfa23b24470 - - - - -] Publish callbacks ['neutron.services.segments.db._update_segment_host_mapping_for_agent-8767209955392', 'neutron.plugins.ml2.plugin.Ml2Plugin._retry_binding_revived_agents--9223372036853409764'] for agent (773b49a0-c11c-4cee-b444-7f15031a683b), after_update _notify_loop /var/lib/kolla/venv/lib/python3.6/site-packages/neutron_lib/callbacks/manager.py:177
2025-10-09 01:50:02.089 24 DEBUG neutron_lib.callbacks.manager [req-a31a11ab-702c-451b-a575-f9c78a1b4c48 - - - - -] Publish callbacks ['neutron.services.segments.db._update_segment_host_mapping_for_agent-8767209955392', 'neutron.plugins.ml2.plugin.Ml2Plugin._retry_binding_revived_agents--9223372036853409764'] for agent (4f47ec84-b096-45c1-91d5-f83fb76286a7), after_update _notify_loop /var/lib/kolla/venv/lib/python3.6/site-packages/neutron_lib/callbacks/manager.py:177
2025-10-09 01:50:03.042 29 DEBUG neutron.db.agents_db [req-a135e1ff-b651-4ebe-a6f7-3978b4320bce - - - - -] Agent healthcheck: found 2 active agents agent_health_check /var/lib/kolla/venv/lib/python3.6/site-packages/neutron/db/agents_db.py:318
2025-10-09 01:50:12.780 22 DEBUG neutron.wsgi [-] (22) accepted ('10.0.0.50', 54678) server /var/lib/kolla/venv/lib/python3.6/site-packages/eventlet/wsgi.py:1004
2025-10-09 01:50:12.784 22 INFO neutron.wsgi [-] 10.0.0.50 "GET / HTTP/1.1" status: 200 len: 227 time: 0.0025740
2025-10-09 01:50:14.632 28 DEBUG neutron_lib.callbacks.manager [req-d0916e55-ed38-47d5-8543-0c5fa04f03f1 - - - - -] Publish callbacks ['neutron.services.segments.db._update_segment_host_mapping_for_agent-8767209955392', 'neutron.plugins.ml2.plugin.Ml2Plugin._retry_binding_revived_agents--9223372036853409764'] for agent (773b49a0-c11c-4cee-b444-7f15031a683b), after_update _notify_loop /var/lib/kolla/venv/lib/python3.6/site-packages/neutron_lib/callbacks/manager.py:177
2025-10-09 01:50:32.080 26 DEBUG neutron_lib.callbacks.manager [req-a31a11ab-702c-451b-a575-f9c78a1b4c48 - - - - -] Publish callbacks ['neutron.services.segments.db._update_segment_host_mapping_for_agent-8767209955392', 'neutron.plugins.ml2.plugin.Ml2Plugin._retry_binding_revived_agents--9223372036853409764'] for agent (4f47ec84-b096-45c1-91d5-f83fb76286a7), after_update _notify_loop /var/lib/kolla/venv/lib/python3.6/site-packages/neutron_lib/callbacks/manager.py:177
2025-10-09 01:50:40.042 29 DEBUG neutron.db.agents_db [req-a135e1ff-b651-4ebe-a6f7-3978b4320bce - - - - -] Agent healthcheck: found 2 active agents agent_health_check /var/lib/kolla/venv/lib/python3.6/site-packages/neutron/db/agents_db.py:318
2025-10-09 01:50:42.823 22 DEBUG neutron.wsgi [-] (22) accepted ('10.0.0.50', 57042) server /var/lib/kolla/venv/lib/python3.6/site-packages/eventlet/wsgi.py:1004
2025-10-09 01:50:42.827 22 INFO neutron.wsgi [-] 10.0.0.50 "GET / HTTP/1.1" status: 200 len: 227 time: 0.0024891
2025-10-09 01:50:44.627 27 DEBUG neutron_lib.callbacks.manager [req-2f3e72b9-3784-45ab-ba6c-c110b00d9622 - - - - -] Publish callbacks ['neutron.services.segments.db._update_segment_host_mapping_for_agent-8767209955392', 'neutron.plugins.ml2.plugin.Ml2Plugin._retry_binding_revived_agents--9223372036853409764'] for agent (773b49a0-c11c-4cee-b444-7f15031a683b), after_update _notify_loop /var/lib/kolla/venv/lib/python3.6/site-packages/neutron_lib/callbacks/manager.py:177
2025-10-09 01:51:02.078 25 DEBUG neutron_lib.callbacks.manager [req-a31a11ab-702c-451b-a575-f9c78a1b4c48 - - - - -] Publish callbacks ['neutron.services.segments.db._update_segment_host_mapping_for_agent-8767209955392', 'neutron.plugins.ml2.plugin.Ml2Plugin._retry_binding_revived_agents--9223372036853409764'] for agent (4f47ec84-b096-45c1-91d5-f83fb76286a7), after_update _notify_loop /var/lib/kolla/venv/lib/python3.6/site-packages/neutron_lib/callbacks/manager.py:177
2025-10-09 01:51:12.866 22 DEBUG neutron.wsgi [-] (22) accepted ('10.0.0.50', 35086) server /var/lib/kolla/venv/lib/python3.6/site-packages/eventlet/wsgi.py:1004
2025-10-09 01:51:12.871 22 INFO neutron.wsgi [-] 10.0.0.50 "GET / HTTP/1.1" status: 200 len: 227 time: 0.0044041
2025-10-09 01:51:14.632 23 DEBUG neutron_lib.callbacks.manager [req-43a52fda-1816-4a07-9c95-91ddbcdb28fe - - - - -] Publish callbacks ['neutron.services.segments.db._update_segment_host_mapping_for_agent-8767209955392', 'neutron.plugins.ml2.plugin.Ml2Plugin._retry_binding_revived_agents--9223372036853409764'] for agent (773b49a0-c11c-4cee-b444-7f15031a683b), after_update _notify_loop /var/lib/kolla/venv/lib/python3.6/site-packages/neutron_lib/callbacks/manager.py:177
2025-10-09 01:51:17.041 29 DEBUG neutron.db.agents_db [req-a135e1ff-b651-4ebe-a6f7-3978b4320bce - - - - -] Agent healthcheck: found 2 active agents agent_health_check /var/lib/kolla/venv/lib/python3.6/site-packages/neutron/db/agents_db.py:318
2025-10-09 01:51:32.081 24 DEBUG neutron_lib.callbacks.manager [req-a31a11ab-702c-451b-a575-f9c78a1b4c48 - - - - -] Publish callbacks ['neutron.services.segments.db._update_segment_host_mapping_for_agent-8767209955392', 'neutron.plugins.ml2.plugin.Ml2Plugin._retry_binding_revived_agents--9223372036853409764'] for agent (4f47ec84-b096-45c1-91d5-f83fb76286a7), after_update _notify_loop /var/lib/kolla/venv/lib/python3.6/site-packages/neutron_lib/callbacks/manager.py:177
2025-10-09 01:51:42.915 22 DEBUG neutron.wsgi [-] (22) accepted ('10.0.0.50', 49800) server /var/lib/kolla/venv/lib/python3.6/site-packages/eventlet/wsgi.py:1004
2025-10-09 01:51:42.919 22 INFO neutron.wsgi [-] 10.0.0.50 "GET / HTTP/1.1" status: 200 len: 227 time: 0.0025809
2025-10-09 01:51:44.638 28 DEBUG neutron_lib.callbacks.manager [req-9ddeeba7-9fc9-438f-8a81-fc4b8f1a2e31 - - - - -] Publish callbacks ['neutron.services.segments.db._update_segment_host_mapping_for_agent-8767209955392', 'neutron.plugins.ml2.plugin.Ml2Plugin._retry_binding_revived_agents--9223372036853409764'] for agent (773b49a0-c11c-4cee-b444-7f15031a683b), after_update _notify_loop /var/lib/kolla/venv/lib/python3.6/site-packages/neutron_lib/callbacks/manager.py:177
2025-10-09 01:51:54.039 29 DEBUG neutron.db.agents_db [req-a135e1ff-b651-4ebe-a6f7-3978b4320bce - - - - -] Agent healthcheck: found 2 active agents agent_health_check /var/lib/kolla/venv/lib/python3.6/site-packages/neutron/db/agents_db.py:318
2025-10-09 01:52:02.130 26 DEBUG neutron_lib.callbacks.manager [req-a31a11ab-702c-451b-a575-f9c78a1b4c48 - - - - -] Publish callbacks ['neutron.services.segments.db._update_segment_host_mapping_for_agent-8767209955392', 'neutron.plugins.ml2.plugin.Ml2Plugin._retry_binding_revived_agents--9223372036853409764'] for agent (4f47ec84-b096-45c1-91d5-f83fb76286a7), after_update _notify_loop /var/lib/kolla/venv/lib/python3.6/site-packages/neutron_lib/callbacks/manager.py:177
2025-10-09 01:52:12.961 22 DEBUG neutron.wsgi [-] (22) accepted ('10.0.0.50', 46388) server /var/lib/kolla/venv/lib/python3.6/site-packages/eventlet/wsgi.py:1004
2025-10-09 01:52:12.965 22 INFO neutron.wsgi [-] 10.0.0.50 "GET / HTTP/1.1" status: 200 len: 227 time: 0.0026186
2025-10-09 01:52:14.634 27 DEBUG neutron_lib.callbacks.manager [req-663fcd1d-410c-422b-b6e8-3a1d3c1142f4 - - - - -] Publish callbacks ['neutron.services.segments.db._update_segment_host_mapping_for_agent-8767209955392', 'neutron.plugins.ml2.plugin.Ml2Plugin._retry_binding_revived_agents--9223372036853409764'] for agent (773b49a0-c11c-4cee-b444-7f15031a683b), after_update _notify_loop /var/lib/kolla/venv/lib/python3.6/site-packages/neutron_lib/callbacks/manager.py:177
2025-10-09 01:52:31.038 29 DEBUG neutron.db.agents_db [req-a135e1ff-b651-4ebe-a6f7-3978b4320bce - - - - -] Agent healthcheck: found 2 active agents agent_health_check /var/lib/kolla/venv/lib/python3.6/site-packages/neutron/db/agents_db.py:318
2025-10-09 01:52:32.085 25 DEBUG neutron_lib.callbacks.manager [req-a31a11ab-702c-451b-a575-f9c78a1b4c48 - - - - -] Publish callbacks ['neutron.services.segments.db._update_segment_host_mapping_for_agent-8767209955392', 'neutron.plugins.ml2.plugin.Ml2Plugin._retry_binding_revived_agents--9223372036853409764'] for agent (4f47ec84-b096-45c1-91d5-f83fb76286a7), after_update _notify_loop /var/lib/kolla/venv/lib/python3.6/site-packages/neutron_lib/callbacks/manager.py:177
2025-10-09 01:52:43.006 22 DEBUG neutron.wsgi [-] (22) accepted ('10.0.0.50', 46760) server /var/lib/kolla/venv/lib/python3.6/site-packages/eventlet/wsgi.py:1004
2025-10-09 01:52:43.010 22 INFO neutron.wsgi [-] 10.0.0.50 "GET / HTTP/1.1" status: 200 len: 227 time: 0.0033655
2025-10-09 01:52:44.639 23 DEBUG neutron_lib.callbacks.manager [req-1984ea08-47ea-4eaa-9eb8-ff59b39d05ae - - - - -] Publish callbacks ['neutron.services.segments.db._update_segment_host_mapping_for_agent-8767209955392', 'neutron.plugins.ml2.plugin.Ml2Plugin._retry_binding_revived_agents--9223372036853409764'] for agent (773b49a0-c11c-4cee-b444-7f15031a683b), after_update _notify_loop /var/lib/kolla/venv/lib/python3.6/site-packages/neutron_lib/callbacks/manager.py:177
2025-10-09 01:53:02.086 24 DEBUG neutron_lib.callbacks.manager [req-a31a11ab-702c-451b-a575-f9c78a1b4c48 - - - - -] Publish callbacks ['neutron.services.segments.db._update_segment_host_mapping_for_agent-8767209955392', 'neutron.plugins.ml2.plugin.Ml2Plugin._retry_binding_revived_agents--9223372036853409764'] for agent (4f47ec84-b096-45c1-91d5-f83fb76286a7), after_update _notify_loop /var/lib/kolla/venv/lib/python3.6/site-packages/neutron_lib/callbacks/manager.py:177
2025-10-09 01:53:08.036 29 DEBUG neutron.db.agents_db [req-a135e1ff-b651-4ebe-a6f7-3978b4320bce - - - - -] Agent healthcheck: found 2 active agents agent_health_check /var/lib/kolla/venv/lib/python3.6/site-packages/neutron/db/agents_db.py:318
2025-10-09 01:53:13.051 22 DEBUG neutron.wsgi [-] (22) accepted ('10.0.0.50', 43910) server /var/lib/kolla/venv/lib/python3.6/site-packages/eventlet/wsgi.py:1004
2025-10-09 01:53:13.055 22 INFO neutron.wsgi [-] 10.0.0.50 "GET / HTTP/1.1" status: 200 len: 227 time: 0.0025146
2025-10-09 01:53:14.645 28 DEBUG neutron_lib.callbacks.manager [req-b493bba5-8618-4902-89aa-72c434b01b7c - - - - -] Publish callbacks ['neutron.services.segments.db._update_segment_host_mapping_for_agent-8767209955392', 'neutron.plugins.ml2.plugin.Ml2Plugin._retry_binding_revived_agents--9223372036853409764'] for agent (773b49a0-c11c-4cee-b444-7f15031a683b), after_update _notify_loop /var/lib/kolla/venv/lib/python3.6/site-packages/neutron_lib/callbacks/manager.py:177
2025-10-09 01:53:32.090 26 DEBUG neutron_lib.callbacks.manager [req-a31a11ab-702c-451b-a575-f9c78a1b4c48 - - - - -] Publish callbacks ['neutron.services.segments.db._update_segment_host_mapping_for_agent-8767209955392', 'neutron.plugins.ml2.plugin.Ml2Plugin._retry_binding_revived_agents--9223372036853409764'] for agent (4f47ec84-b096-45c1-91d5-f83fb76286a7), after_update _notify_loop /var/lib/kolla/venv/lib/python3.6/site-packages/neutron_lib/callbacks/manager.py:177
2025-10-09 01:53:43.096 22 DEBUG neutron.wsgi [-] (22) accepted ('10.0.0.50', 58452) server /var/lib/kolla/venv/lib/python3.6/site-packages/eventlet/wsgi.py:1004
2025-10-09 01:53:43.100 22 INFO neutron.wsgi [-] 10.0.0.50 "GET / HTTP/1.1" status: 200 len: 227 time: 0.0030968
2025-10-09 01:53:44.651 27 DEBUG neutron_lib.callbacks.manager [req-deb24851-16b8-4759-8e41-029218209e31 - - - - -] Publish callbacks ['neutron.services.segments.db._update_segment_host_mapping_for_agent-8767209955392', 'neutron.plugins.ml2.plugin.Ml2Plugin._retry_binding_revived_agents--9223372036853409764'] for agent (773b49a0-c11c-4cee-b444-7f15031a683b), after_update _notify_loop /var/lib/kolla/venv/lib/python3.6/site-packages/neutron_lib/callbacks/manager.py:177
2025-10-09 01:53:45.046 29 DEBUG neutron.db.agents_db [req-a135e1ff-b651-4ebe-a6f7-3978b4320bce - - - - -] Agent healthcheck: found 2 active agents agent_health_check /var/lib/kolla/venv/lib/python3.6/site-packages/neutron/db/agents_db.py:318
2025-10-09 01:54:02.091 25 DEBUG neutron_lib.callbacks.manager [req-a31a11ab-702c-451b-a575-f9c78a1b4c48 - - - - -] Publish callbacks ['neutron.services.segments.db._update_segment_host_mapping_for_agent-8767209955392', 'neutron.plugins.ml2.plugin.Ml2Plugin._retry_binding_revived_agents--9223372036853409764'] for agent (4f47ec84-b096-45c1-91d5-f83fb76286a7), after_update _notify_loop /var/lib/kolla/venv/lib/python3.6/site-packages/neutron_lib/callbacks/manager.py:177
2025-10-09 01:54:13.142 22 DEBUG neutron.wsgi [-] (22) accepted ('10.0.0.50', 46106) server /var/lib/kolla/venv/lib/python3.6/site-packages/eventlet/wsgi.py:1004
2025-10-09 01:54:13.145 22 INFO neutron.wsgi [-] 10.0.0.50 "GET / HTTP/1.1" status: 200 len: 227 time: 0.0024748
2025-10-09 01:54:14.647 23 DEBUG neutron_lib.callbacks.manager [req-186cfe02-bd32-4fb6-b650-5d2389f0c2a1 - - - - -] Publish callbacks ['neutron.services.segments.db._update_segment_host_mapping_for_agent-8767209955392', 'neutron.plugins.ml2.plugin.Ml2Plugin._retry_binding_revived_agents--9223372036853409764'] for agent (773b49a0-c11c-4cee-b444-7f15031a683b), after_update _notify_loop /var/lib/kolla/venv/lib/python3.6/site-packages/neutron_lib/callbacks/manager.py:177
2025-10-09 01:54:22.043 29 DEBUG neutron.db.agents_db [req-a135e1ff-b651-4ebe-a6f7-3978b4320bce - - - - -] Agent healthcheck: found 2 active agents agent_health_check /var/lib/kolla/venv/lib/python3.6/site-packages/neutron/db/agents_db.py:318
2025-10-09 01:54:32.093 24 DEBUG neutron_lib.callbacks.manager [req-a31a11ab-702c-451b-a575-f9c78a1b4c48 - - - - -] Publish callbacks ['neutron.services.segments.db._update_segment_host_mapping_for_agent-8767209955392', 'neutron.plugins.ml2.plugin.Ml2Plugin._retry_binding_revived_agents--9223372036853409764'] for agent (4f47ec84-b096-45c1-91d5-f83fb76286a7), after_update _notify_loop /var/lib/kolla/venv/lib/python3.6/site-packages/neutron_lib/callbacks/manager.py:177
2025-10-09 01:54:43.186 22 DEBUG neutron.wsgi [-] (22) accepted ('10.0.0.50', 55092) server /var/lib/kolla/venv/lib/python3.6/site-packages/eventlet/wsgi.py:1004
2025-10-09 01:54:43.190 22 INFO neutron.wsgi [-] 10.0.0.50 "GET / HTTP/1.1" status: 200 len: 227 time: 0.0031672
2025-10-09 01:54:44.652 28 DEBUG neutron_lib.callbacks.manager [req-2924a6a3-c9a0-4648-b434-cad6010f0f81 - - - - -] Publish callbacks ['neutron.services.segments.db._update_segment_host_mapping_for_agent-8767209955392', 'neutron.plugins.ml2.plugin.Ml2Plugin._retry_binding_revived_agents--9223372036853409764'] for agent (773b49a0-c11c-4cee-b444-7f15031a683b), after_update _notify_loop /var/lib/kolla/venv/lib/python3.6/site-packages/neutron_lib/callbacks/manager.py:177
2025-10-09 01:54:59.043 29 DEBUG neutron.db.agents_db [req-a135e1ff-b651-4ebe-a6f7-3978b4320bce - - - - -] Agent healthcheck: found 2 active agents agent_health_check /var/lib/kolla/venv/lib/python3.6/site-packages/neutron/db/agents_db.py:318
2025-10-09 01:55:02.096 26 DEBUG neutron_lib.callbacks.manager [req-a31a11ab-702c-451b-a575-f9c78a1b4c48 - - - - -] Publish callbacks ['neutron.services.segments.db._update_segment_host_mapping_for_agent-8767209955392', 'neutron.plugins.ml2.plugin.Ml2Plugin._retry_binding_revived_agents--9223372036853409764'] for agent (4f47ec84-b096-45c1-91d5-f83fb76286a7), after_update _notify_loop /var/lib/kolla/venv/lib/python3.6/site-packages/neutron_lib/callbacks/manager.py:177
2025-10-09 01:55:13.231 22 DEBUG neutron.wsgi [-] (22) accepted ('10.0.0.50', 44412) server /var/lib/kolla/venv/lib/python3.6/site-packages/eventlet/wsgi.py:1004
2025-10-09 01:55:13.235 22 INFO neutron.wsgi [-] 10.0.0.50 "GET / HTTP/1.1" status: 200 len: 227 time: 0.0035665
2025-10-09 01:55:14.690 27 DEBUG neutron_lib.callbacks.manager [req-6c7f37b0-d65d-419d-9399-5b841a722dda - - - - -] Publish callbacks ['neutron.services.segments.db._update_segment_host_mapping_for_agent-8767209955392', 'neutron.plugins.ml2.plugin.Ml2Plugin._retry_binding_revived_agents--9223372036853409764'] for agent (773b49a0-c11c-4cee-b444-7f15031a683b), after_update _notify_loop /var/lib/kolla/venv/lib/python3.6/site-packages/neutron_lib/callbacks/manager.py:177
2025-10-09 01:55:32.100 25 DEBUG neutron_lib.callbacks.manager [req-a31a11ab-702c-451b-a575-f9c78a1b4c48 - - - - -] Publish callbacks ['neutron.services.segments.db._update_segment_host_mapping_for_agent-8767209955392', 'neutron.plugins.ml2.plugin.Ml2Plugin._retry_binding_revived_agents--9223372036853409764'] for agent (4f47ec84-b096-45c1-91d5-f83fb76286a7), after_update _notify_loop /var/lib/kolla/venv/lib/python3.6/site-packages/neutron_lib/callbacks/manager.py:177
2025-10-09 01:55:36.043 29 DEBUG neutron.db.agents_db [req-a135e1ff-b651-4ebe-a6f7-3978b4320bce - - - - -] Agent healthcheck: found 2 active agents agent_health_check /var/lib/kolla/venv/lib/python3.6/site-packages/neutron/db/agents_db.py:318
2025-10-09 01:55:43.276 22 DEBUG neutron.wsgi [-] (22) accepted ('10.0.0.50', 45578) server /var/lib/kolla/venv/lib/python3.6/site-packages/eventlet/wsgi.py:1004
2025-10-09 01:55:43.280 22 INFO neutron.wsgi [-] 10.0.0.50 "GET / HTTP/1.1" status: 200 len: 227 time: 0.0031838
2025-10-09 01:55:44.657 23 DEBUG neutron_lib.callbacks.manager [req-bd445ade-f943-465c-8543-c39cc31d031e - - - - -] Publish callbacks ['neutron.services.segments.db._update_segment_host_mapping_for_agent-8767209955392', 'neutron.plugins.ml2.plugin.Ml2Plugin._retry_binding_revived_agents--9223372036853409764'] for agent (773b49a0-c11c-4cee-b444-7f15031a683b), after_update _notify_loop /var/lib/kolla/venv/lib/python3.6/site-packages/neutron_lib/callbacks/manager.py:177
2025-10-09 01:56:02.103 24 DEBUG neutron_lib.callbacks.manager [req-a31a11ab-702c-451b-a575-f9c78a1b4c48 - - - - -] Publish callbacks ['neutron.services.segments.db._update_segment_host_mapping_for_agent-8767209955392', 'neutron.plugins.ml2.plugin.Ml2Plugin._retry_binding_revived_agents--9223372036853409764'] for agent (4f47ec84-b096-45c1-91d5-f83fb76286a7), after_update _notify_loop /var/lib/kolla/venv/lib/python3.6/site-packages/neutron_lib/callbacks/manager.py:177
2025-10-09 01:56:13.041 29 DEBUG neutron.db.agents_db [req-a135e1ff-b651-4ebe-a6f7-3978b4320bce - - - - -] Agent healthcheck: found 2 active agents agent_health_check /var/lib/kolla/venv/lib/python3.6/site-packages/neutron/db/agents_db.py:318
2025-10-09 01:56:13.321 22 DEBUG neutron.wsgi [-] (22) accepted ('10.0.0.50', 33826) server /var/lib/kolla/venv/lib/python3.6/site-packages/eventlet/wsgi.py:1004
2025-10-09 01:56:13.325 22 INFO neutron.wsgi [-] 10.0.0.50 "GET / HTTP/1.1" status: 200 len: 227 time: 0.0029786
2025-10-09 01:56:14.659 28 DEBUG neutron_lib.callbacks.manager [req-5592ed0b-4449-4f14-81be-46720bc743e1 - - - - -] Publish callbacks ['neutron.services.segments.db._update_segment_host_mapping_for_agent-8767209955392', 'neutron.plugins.ml2.plugin.Ml2Plugin._retry_binding_revived_agents--9223372036853409764'] for agent (773b49a0-c11c-4cee-b444-7f15031a683b), after_update _notify_loop /var/lib/kolla/venv/lib/python3.6/site-packages/neutron_lib/callbacks/manager.py:177
2025-10-09 01:56:30.251 7 INFO oslo_service.service [-] Caught SIGTERM, stopping children
2025-10-09 01:56:30.252 7 DEBUG oslo_concurrency.lockutils [-] Acquired lock "singleton_lock" lock /var/lib/kolla/venv/lib/python3.6/site-packages/oslo_concurrency/lockutils.py:294
2025-10-09 01:56:30.252 7 DEBUG oslo_concurrency.lockutils [-] Releasing lock "singleton_lock" lock /var/lib/kolla/venv/lib/python3.6/site-packages/oslo_concurrency/lockutils.py:312
2025-10-09 01:56:30.252 7 DEBUG oslo_service.service [-] Stop services. stop /var/lib/kolla/venv/lib/python3.6/site-packages/oslo_service/service.py:695
2025-10-09 01:56:30.252 7 DEBUG neutron.service [-] calling RpcWorker stop() stop /var/lib/kolla/venv/lib/python3.6/site-packages/neutron/service.py:138
2025-10-09 01:56:30.252 7 DEBUG neutron.service [-] calling RpcWorker stop() stop /var/lib/kolla/venv/lib/python3.6/site-packages/neutron/service.py:138
2025-10-09 01:56:30.252 7 DEBUG oslo_service.service [-] Killing children. stop /var/lib/kolla/venv/lib/python3.6/site-packages/oslo_service/service.py:700
2025-10-09 01:56:30.253 7 INFO oslo_service.service [-] Waiting on 8 children to exit
2025-10-09 01:56:30.253 22 INFO neutron.wsgi [-] (22) wsgi exited, is_accepting=True
2025-10-09 01:56:30.253 25 DEBUG neutron.service [-] calling RpcWorker stop() stop /var/lib/kolla/venv/lib/python3.6/site-packages/neutron/service.py:138
2025-10-09 01:56:30.253 24 DEBUG neutron.service [-] calling RpcWorker stop() stop /var/lib/kolla/venv/lib/python3.6/site-packages/neutron/service.py:138
2025-10-09 01:56:30.253 26 DEBUG neutron.service [-] calling RpcWorker stop() stop /var/lib/kolla/venv/lib/python3.6/site-packages/neutron/service.py:138
2025-10-09 01:56:30.254 22 DEBUG oslo_concurrency.lockutils [req-886c8a52-0320-4aad-a55f-cd1343ae68b6 - - - - -] Acquired lock "singleton_lock" lock /var/lib/kolla/venv/lib/python3.6/site-packages/oslo_concurrency/lockutils.py:294
2025-10-09 01:56:30.254 22 DEBUG oslo_concurrency.lockutils [req-886c8a52-0320-4aad-a55f-cd1343ae68b6 - - - - -] Releasing lock "singleton_lock" lock /var/lib/kolla/venv/lib/python3.6/site-packages/oslo_concurrency/lockutils.py:312
2025-10-09 01:56:30.254 25 DEBUG neutron.service [-] calling stop on stop /var/lib/kolla/venv/lib/python3.6/site-packages/neutron/service.py:141
2025-10-09 01:56:30.255 23 DEBUG neutron.service [-] calling RpcWorker stop() stop /var/lib/kolla/venv/lib/python3.6/site-packages/neutron/service.py:138
2025-10-09 01:56:30.254 24 DEBUG neutron.service [-] calling stop on stop /var/lib/kolla/venv/lib/python3.6/site-packages/neutron/service.py:141
2025-10-09 01:56:30.254 26 DEBUG neutron.service [-] calling stop on stop /var/lib/kolla/venv/lib/python3.6/site-packages/neutron/service.py:141
2025-10-09 01:56:30.257 28 DEBUG neutron.service [-] calling RpcWorker stop() stop /var/lib/kolla/venv/lib/python3.6/site-packages/neutron/service.py:138
2025-10-09 01:56:30.255 23 DEBUG neutron.service [-] calling stop on stop /var/lib/kolla/venv/lib/python3.6/site-packages/neutron/service.py:141
2025-10-09 01:56:30.258 7 INFO oslo_service.service [-] Child 22 exited with status 0
2025-10-09 01:56:30.258 27 DEBUG neutron.service [-] calling RpcWorker stop() stop /var/lib/kolla/venv/lib/python3.6/site-packages/neutron/service.py:138
2025-10-09 01:56:30.258 29 DEBUG neutron.service [-] calling RpcWorker stop() stop /var/lib/kolla/venv/lib/python3.6/site-packages/neutron/service.py:138
2025-10-09 01:56:30.259 29 DEBUG neutron.service [-] calling stop on stop /var/lib/kolla/venv/lib/python3.6/site-packages/neutron/service.py:141
2025-10-09 01:56:30.258 28 DEBUG neutron.service [-] calling stop on stop /var/lib/kolla/venv/lib/python3.6/site-packages/neutron/service.py:141
2025-10-09 01:56:30.258 27 DEBUG neutron.service [-] calling stop on stop /var/lib/kolla/venv/lib/python3.6/site-packages/neutron/service.py:141
2025-10-09 01:56:31.034 23 DEBUG neutron.service [-] calling stop on stop /var/lib/kolla/venv/lib/python3.6/site-packages/neutron/service.py:141
2025-10-09 01:56:31.048 25 DEBUG neutron.service [-] calling stop on stop /var/lib/kolla/venv/lib/python3.6/site-packages/neutron/service.py:141
2025-10-09 01:56:31.049 26 DEBUG oslo_concurrency.lockutils [req-886c8a52-0320-4aad-a55f-cd1343ae68b6 - - - - -] Acquired lock "singleton_lock" lock /var/lib/kolla/venv/lib/python3.6/site-packages/oslo_concurrency/lockutils.py:294
2025-10-09 01:56:31.049 26 DEBUG oslo_concurrency.lockutils [req-886c8a52-0320-4aad-a55f-cd1343ae68b6 - - - - -] Releasing lock "singleton_lock" lock /var/lib/kolla/venv/lib/python3.6/site-packages/oslo_concurrency/lockutils.py:312
2025-10-09 01:56:31.049 24 DEBUG neutron.service [-] calling stop on stop /var/lib/kolla/venv/lib/python3.6/site-packages/neutron/service.py:141
2025-10-09 01:56:31.049 26 DEBUG neutron.service [req-886c8a52-0320-4aad-a55f-cd1343ae68b6 - - - - -] calling RpcWorker wait() _wait /var/lib/kolla/venv/lib/python3.6/site-packages/neutron/service.py:128
2025-10-09 01:56:31.049 26 DEBUG neutron.service [req-886c8a52-0320-4aad-a55f-cd1343ae68b6 - - - - -] calling wait on _wait /var/lib/kolla/venv/lib/python3.6/site-packages/neutron/service.py:131
2025-10-09 01:56:31.052 25 DEBUG neutron.service [-] calling stop on stop /var/lib/kolla/venv/lib/python3.6/site-packages/neutron/service.py:141
2025-10-09 01:56:31.054 24 DEBUG neutron.service [-] calling stop on stop /var/lib/kolla/venv/lib/python3.6/site-packages/neutron/service.py:141
2025-10-09 01:56:31.059 26 WARNING amqp [req-886c8a52-0320-4aad-a55f-cd1343ae68b6 - - - - -] Received method (60, 30) during closing channel 1. This method will be ignored
2025-10-09 01:56:31.061 26 DEBUG neutron.service [req-886c8a52-0320-4aad-a55f-cd1343ae68b6 - - - - -] returning from RpcWorker wait() _wait /var/lib/kolla/venv/lib/python3.6/site-packages/neutron/service.py:135
2025-10-09 01:56:31.067 29 DEBUG oslo_concurrency.lockutils [req-886c8a52-0320-4aad-a55f-cd1343ae68b6 - - - - -] Acquired lock "singleton_lock" lock /var/lib/kolla/venv/lib/python3.6/site-packages/oslo_concurrency/lockutils.py:294
2025-10-09 01:56:31.068 29 DEBUG oslo_concurrency.lockutils [req-886c8a52-0320-4aad-a55f-cd1343ae68b6 - - - - -] Releasing lock "singleton_lock" lock /var/lib/kolla/venv/lib/python3.6/site-packages/oslo_concurrency/lockutils.py:312
2025-10-09 01:56:31.069 23 DEBUG neutron.service [-] calling stop on stop /var/lib/kolla/venv/lib/python3.6/site-packages/neutron/service.py:141
2025-10-09 01:56:31.069 29 DEBUG neutron.service [req-886c8a52-0320-4aad-a55f-cd1343ae68b6 - - - - -] calling RpcWorker wait() _wait /var/lib/kolla/venv/lib/python3.6/site-packages/neutron/service.py:128
2025-10-09 01:56:31.070 27 DEBUG oslo_concurrency.lockutils [req-886c8a52-0320-4aad-a55f-cd1343ae68b6 - - - - -] Acquired lock "singleton_lock" lock /var/lib/kolla/venv/lib/python3.6/site-packages/oslo_concurrency/lockutils.py:294
2025-10-09 01:56:31.070 29 DEBUG neutron.service [req-886c8a52-0320-4aad-a55f-cd1343ae68b6 - - - - -] calling wait on _wait /var/lib/kolla/venv/lib/python3.6/site-packages/neutron/service.py:131
2025-10-09 01:56:31.072 27 DEBUG oslo_concurrency.lockutils [req-886c8a52-0320-4aad-a55f-cd1343ae68b6 - - - - -] Releasing lock "singleton_lock" lock /var/lib/kolla/venv/lib/python3.6/site-packages/oslo_concurrency/lockutils.py:312
2025-10-09 01:56:31.072 27 DEBUG neutron.service [req-886c8a52-0320-4aad-a55f-cd1343ae68b6 - - - - -] calling RpcWorker wait() _wait /var/lib/kolla/venv/lib/python3.6/site-packages/neutron/service.py:128
2025-10-09 01:56:31.074 27 DEBUG neutron.service [req-886c8a52-0320-4aad-a55f-cd1343ae68b6 - - - - -] calling wait on _wait /var/lib/kolla/venv/lib/python3.6/site-packages/neutron/service.py:131
2025-10-09 01:56:31.076 25 DEBUG neutron.service [-] calling stop on stop /var/lib/kolla/venv/lib/python3.6/site-packages/neutron/service.py:141
2025-10-09 01:56:31.077 29 WARNING amqp [req-886c8a52-0320-4aad-a55f-cd1343ae68b6 - - - - -] Received method (60, 30) during closing channel 1. This method will be ignored
2025-10-09 01:56:31.078 7 INFO oslo_service.service [-] Child 26 exited with status 0
2025-10-09 01:56:31.080 29 DEBUG neutron.service [req-886c8a52-0320-4aad-a55f-cd1343ae68b6 - - - - -] returning from RpcWorker wait() _wait /var/lib/kolla/venv/lib/python3.6/site-packages/neutron/service.py:135
2025-10-09 01:56:31.081 27 WARNING amqp [req-886c8a52-0320-4aad-a55f-cd1343ae68b6 - - - - -] Received method (60, 30) during closing channel 1. This method will be ignored
2025-10-09 01:56:31.082 27 DEBUG neutron.service [req-886c8a52-0320-4aad-a55f-cd1343ae68b6 - - - - -] returning from RpcWorker wait() _wait /var/lib/kolla/venv/lib/python3.6/site-packages/neutron/service.py:135
2025-10-09 01:56:31.088 7 INFO oslo_service.service [-] Child 27 exited with status 0
2025-10-09 01:56:31.088 7 INFO oslo_service.service [-] Child 29 exited with status 0
2025-10-09 01:56:31.090 25 DEBUG oslo_concurrency.lockutils [req-886c8a52-0320-4aad-a55f-cd1343ae68b6 - - - - -] Acquired lock "singleton_lock" lock /var/lib/kolla/venv/lib/python3.6/site-packages/oslo_concurrency/lockutils.py:294
2025-10-09 01:56:31.091 25 DEBUG oslo_concurrency.lockutils [req-886c8a52-0320-4aad-a55f-cd1343ae68b6 - - - - -] Releasing lock "singleton_lock" lock /var/lib/kolla/venv/lib/python3.6/site-packages/oslo_concurrency/lockutils.py:312
2025-10-09 01:56:31.091 25 DEBUG neutron.service [req-886c8a52-0320-4aad-a55f-cd1343ae68b6 - - - - -] calling RpcWorker wait() _wait /var/lib/kolla/venv/lib/python3.6/site-packages/neutron/service.py:128
2025-10-09 01:56:31.092 25 DEBUG neutron.service [req-886c8a52-0320-4aad-a55f-cd1343ae68b6 - - - - -] calling wait on _wait /var/lib/kolla/venv/lib/python3.6/site-packages/neutron/service.py:131
2025-10-09 01:56:31.097 25 WARNING amqp [req-886c8a52-0320-4aad-a55f-cd1343ae68b6 - - - - -] Received method (60, 30) during closing channel 1. This method will be ignored
2025-10-09 01:56:31.098 25 DEBUG neutron.service [req-886c8a52-0320-4aad-a55f-cd1343ae68b6 - - - - -] calling wait on _wait /var/lib/kolla/venv/lib/python3.6/site-packages/neutron/service.py:131
2025-10-09 01:56:31.104 25 WARNING amqp [req-886c8a52-0320-4aad-a55f-cd1343ae68b6 - - - - -] Received method (60, 30) during closing channel 1. This method will be ignored
2025-10-09 01:56:31.105 25 DEBUG neutron.service [req-886c8a52-0320-4aad-a55f-cd1343ae68b6 - - - - -] calling wait on _wait /var/lib/kolla/venv/lib/python3.6/site-packages/neutron/service.py:131
2025-10-09 01:56:31.111 25 WARNING amqp [req-886c8a52-0320-4aad-a55f-cd1343ae68b6 - - - - -] Received method (60, 30) during closing channel 1. This method will be ignored
2025-10-09 01:56:31.113 25 DEBUG neutron.service [req-886c8a52-0320-4aad-a55f-cd1343ae68b6 - - - - -] calling wait on _wait /var/lib/kolla/venv/lib/python3.6/site-packages/neutron/service.py:131
2025-10-09 01:56:31.118 25 WARNING amqp [req-886c8a52-0320-4aad-a55f-cd1343ae68b6 - - - - -] Received method (60, 30) during closing channel 1. This method will be ignored
2025-10-09 01:56:31.120 25 DEBUG neutron.service [req-886c8a52-0320-4aad-a55f-cd1343ae68b6 - - - - -] returning from RpcWorker wait() _wait /var/lib/kolla/venv/lib/python3.6/site-packages/neutron/service.py:135
2025-10-09 01:56:31.128 7 INFO oslo_service.service [-] Child 25 exited with status 0
2025-10-09 01:56:32.099 23 DEBUG neutron.service [-] calling stop on stop /var/lib/kolla/venv/lib/python3.6/site-packages/neutron/service.py:141
2025-10-09 01:56:32.102 23 DEBUG neutron_lib.callbacks.manager [req-a31a11ab-702c-451b-a575-f9c78a1b4c48 - - - - -] Publish callbacks ['neutron.services.segments.db._update_segment_host_mapping_for_agent-8767209955392', 'neutron.plugins.ml2.plugin.Ml2Plugin._retry_binding_revived_agents--9223372036853409764'] for agent (4f47ec84-b096-45c1-91d5-f83fb76286a7), after_update _notify_loop /var/lib/kolla/venv/lib/python3.6/site-packages/neutron_lib/callbacks/manager.py:177
2025-10-09 01:56:32.847 28 DEBUG oslo_concurrency.lockutils [req-886c8a52-0320-4aad-a55f-cd1343ae68b6 - - - - -] Acquired lock "singleton_lock" lock /var/lib/kolla/venv/lib/python3.6/site-packages/oslo_concurrency/lockutils.py:294
2025-10-09 01:56:32.848 28 DEBUG oslo_concurrency.lockutils [req-886c8a52-0320-4aad-a55f-cd1343ae68b6 - - - - -] Releasing lock "singleton_lock" lock /var/lib/kolla/venv/lib/python3.6/site-packages/oslo_concurrency/lockutils.py:312
2025-10-09 01:56:32.848 28 DEBUG neutron.service [req-886c8a52-0320-4aad-a55f-cd1343ae68b6 - - - - -] calling RpcWorker wait() _wait /var/lib/kolla/venv/lib/python3.6/site-packages/neutron/service.py:128
2025-10-09 01:56:32.848 28 DEBUG neutron.service [req-886c8a52-0320-4aad-a55f-cd1343ae68b6 - - - - -] calling wait on _wait /var/lib/kolla/venv/lib/python3.6/site-packages/neutron/service.py:131
2025-10-09 01:56:32.856 28 WARNING amqp [req-886c8a52-0320-4aad-a55f-cd1343ae68b6 - - - - -] Received method (60, 30) during closing channel 1. This method will be ignored
2025-10-09 01:56:32.859 28 DEBUG neutron.service [req-886c8a52-0320-4aad-a55f-cd1343ae68b6 - - - - -] returning from RpcWorker wait() _wait /var/lib/kolla/venv/lib/python3.6/site-packages/neutron/service.py:135
2025-10-09 01:56:32.866 7 INFO oslo_service.service [-] Child 28 exited with status 0
2025-10-09 01:56:35.312 24 DEBUG neutron.service [-] calling stop on stop /var/lib/kolla/venv/lib/python3.6/site-packages/neutron/service.py:141
2025-10-09 01:56:36.096 24 DEBUG oslo_concurrency.lockutils [req-886c8a52-0320-4aad-a55f-cd1343ae68b6 - - - - -] Acquired lock "singleton_lock" lock /var/lib/kolla/venv/lib/python3.6/site-packages/oslo_concurrency/lockutils.py:294
2025-10-09 01:56:36.096 24 DEBUG oslo_concurrency.lockutils [req-886c8a52-0320-4aad-a55f-cd1343ae68b6 - - - - -] Releasing lock "singleton_lock" lock /var/lib/kolla/venv/lib/python3.6/site-packages/oslo_concurrency/lockutils.py:312
2025-10-09 01:56:36.097 24 DEBUG neutron.service [req-886c8a52-0320-4aad-a55f-cd1343ae68b6 - - - - -] calling RpcWorker wait() _wait /var/lib/kolla/venv/lib/python3.6/site-packages/neutron/service.py:128
2025-10-09 01:56:36.097 24 DEBUG neutron.service [req-886c8a52-0320-4aad-a55f-cd1343ae68b6 - - - - -] calling wait on _wait /var/lib/kolla/venv/lib/python3.6/site-packages/neutron/service.py:131
2025-10-09 01:56:36.099 23 DEBUG oslo_concurrency.lockutils [req-886c8a52-0320-4aad-a55f-cd1343ae68b6 - - - - -] Acquired lock "singleton_lock" lock /var/lib/kolla/venv/lib/python3.6/site-packages/oslo_concurrency/lockutils.py:294
2025-10-09 01:56:36.100 23 DEBUG oslo_concurrency.lockutils [req-886c8a52-0320-4aad-a55f-cd1343ae68b6 - - - - -] Releasing lock "singleton_lock" lock /var/lib/kolla/venv/lib/python3.6/site-packages/oslo_concurrency/lockutils.py:312
2025-10-09 01:56:36.102 23 DEBUG neutron.service [req-886c8a52-0320-4aad-a55f-cd1343ae68b6 - - - - -] calling RpcWorker wait() _wait /var/lib/kolla/venv/lib/python3.6/site-packages/neutron/service.py:128
2025-10-09 01:56:36.103 23 DEBUG neutron.service [req-886c8a52-0320-4aad-a55f-cd1343ae68b6 - - - - -] calling wait on _wait /var/lib/kolla/venv/lib/python3.6/site-packages/neutron/service.py:131
2025-10-09 01:56:36.103 24 WARNING amqp [req-886c8a52-0320-4aad-a55f-cd1343ae68b6 - - - - -] Received method (60, 30) during closing channel 1. This method will be ignored
2025-10-09 01:56:36.104 24 DEBUG neutron.service [req-886c8a52-0320-4aad-a55f-cd1343ae68b6 - - - - -] calling wait on _wait /var/lib/kolla/venv/lib/python3.6/site-packages/neutron/service.py:131
2025-10-09 01:56:36.109 24 WARNING amqp [req-886c8a52-0320-4aad-a55f-cd1343ae68b6 - - - - -] Received method (60, 30) during closing channel 1. This method will be ignored
2025-10-09 01:56:36.110 24 DEBUG neutron.service [req-886c8a52-0320-4aad-a55f-cd1343ae68b6 - - - - -] calling wait on _wait /var/lib/kolla/venv/lib/python3.6/site-packages/neutron/service.py:131
2025-10-09 01:56:36.112 23 WARNING amqp [req-886c8a52-0320-4aad-a55f-cd1343ae68b6 - - - - -] Received method (60, 30) during closing channel 1. This method will be ignored
2025-10-09 01:56:36.113 23 DEBUG neutron.service [req-886c8a52-0320-4aad-a55f-cd1343ae68b6 - - - - -] calling wait on _wait /var/lib/kolla/venv/lib/python3.6/site-packages/neutron/service.py:131
2025-10-09 01:56:36.115 24 WARNING amqp [req-886c8a52-0320-4aad-a55f-cd1343ae68b6 - - - - -] Received method (60, 30) during closing channel 1. This method will be ignored
2025-10-09 01:56:36.117 24 DEBUG neutron.service [req-886c8a52-0320-4aad-a55f-cd1343ae68b6 - - - - -] calling wait on _wait /var/lib/kolla/venv/lib/python3.6/site-packages/neutron/service.py:131
2025-10-09 01:56:36.119 23 WARNING amqp [req-886c8a52-0320-4aad-a55f-cd1343ae68b6 - - - - -] Received method (60, 30) during closing channel 1. This method will be ignored
2025-10-09 01:56:36.120 23 DEBUG neutron.service [req-886c8a52-0320-4aad-a55f-cd1343ae68b6 - - - - -] calling wait on _wait /var/lib/kolla/venv/lib/python3.6/site-packages/neutron/service.py:131
2025-10-09 01:56:36.122 24 WARNING amqp [req-886c8a52-0320-4aad-a55f-cd1343ae68b6 - - - - -] Received method (60, 30) during closing channel 1. This method will be ignored
2025-10-09 01:56:36.123 24 DEBUG neutron.service [req-886c8a52-0320-4aad-a55f-cd1343ae68b6 - - - - -] returning from RpcWorker wait() _wait /var/lib/kolla/venv/lib/python3.6/site-packages/neutron/service.py:135
2025-10-09 01:56:36.125 23 WARNING amqp [req-886c8a52-0320-4aad-a55f-cd1343ae68b6 - - - - -] Received method (60, 30) during closing channel 1. This method will be ignored
2025-10-09 01:56:36.126 23 DEBUG neutron.service [req-886c8a52-0320-4aad-a55f-cd1343ae68b6 - - - - -] calling wait on _wait /var/lib/kolla/venv/lib/python3.6/site-packages/neutron/service.py:131
2025-10-09 01:56:36.128 7 INFO oslo_service.service [-] Child 24 exited with status 0
2025-10-09 01:56:36.141 23 WARNING amqp [req-886c8a52-0320-4aad-a55f-cd1343ae68b6 - - - - -] Received method (60, 30) during closing channel 1. This method will be ignored
2025-10-09 01:56:36.142 23 DEBUG neutron.service [req-886c8a52-0320-4aad-a55f-cd1343ae68b6 - - - - -] returning from RpcWorker wait() _wait /var/lib/kolla/venv/lib/python3.6/site-packages/neutron/service.py:135
2025-10-09 01:56:36.146 7 INFO oslo_service.service [-] Child 23 exited with status 0
2025-10-09 01:56:36.146 7 INFO oslo_service.service [-] Wait called after thread killed. Cleaning up.
2025-10-09 01:56:36.147 7 DEBUG oslo_service.service [-] Stop services. stop /var/lib/kolla/venv/lib/python3.6/site-packages/oslo_service/service.py:695
2025-10-09 01:56:36.147 7 DEBUG oslo_service.service [-] Killing children. stop /var/lib/kolla/venv/lib/python3.6/site-packages/oslo_service/service.py:700
2025-10-09 01:56:40.026 7 INFO neutron.common.config [-] Logging enabled!
2025-10-09 01:56:40.027 7 INFO neutron.common.config [-] /var/lib/kolla/venv/bin/neutron-server version 20.5.1.dev23
2025-10-09 01:56:40.027 7 DEBUG neutron.common.config [-] command line: /var/lib/kolla/venv/bin/neutron-server --config-file /etc/neutron/neutron.conf --config-file /etc/neutron/ContrailPlugin.ini --config-file /etc/neutron/api-paste.ini setup_logging /var/lib/kolla/venv/lib/python3.6/site-packages/neutron/common/config.py:115
2025-10-09 01:56:40.030 7 INFO neutron.common.config [-] Logging enabled!
2025-10-09 01:56:40.030 7 INFO neutron.common.config [-] /var/lib/kolla/venv/bin/neutron-server version 20.5.1.dev23
2025-10-09 01:56:40.031 7 DEBUG neutron.common.config [-] command line: /var/lib/kolla/venv/bin/neutron-server --config-file /etc/neutron/neutron.conf --config-file /etc/neutron/ContrailPlugin.ini --config-file /etc/neutron/api-paste.ini setup_logging /var/lib/kolla/venv/lib/python3.6/site-packages/neutron/common/config.py:115
2025-10-09 01:56:40.031 7 DEBUG neutron.common.config [-] ******************************************************************************** log_opt_values /var/lib/kolla/venv/lib/python3.6/site-packages/oslo_config/cfg.py:2589
2025-10-09 01:56:40.031 7 DEBUG neutron.common.config [-] Configuration options gathered from: log_opt_values /var/lib/kolla/venv/lib/python3.6/site-packages/oslo_config/cfg.py:2590
2025-10-09 01:56:40.031 7 DEBUG neutron.common.config [-] command line args: ['--config-file', '/etc/neutron/neutron.conf', '--config-file', '/etc/neutron/ContrailPlugin.ini', '--config-file', '/etc/neutron/api-paste.ini'] log_opt_values /var/lib/kolla/venv/lib/python3.6/site-packages/oslo_config/cfg.py:2591
2025-10-09 01:56:40.033 7 DEBUG neutron.common.config [-] config files: ['/etc/neutron/neutron.conf', '/etc/neutron/ContrailPlugin.ini', '/etc/neutron/api-paste.ini'] log_opt_values /var/lib/kolla/venv/lib/python3.6/site-packages/oslo_config/cfg.py:2593
2025-10-09 01:56:40.033 7 DEBUG neutron.common.config [-] ================================================================================ log_opt_values /var/lib/kolla/venv/lib/python3.6/site-packages/oslo_config/cfg.py:2594
2025-10-09 01:56:40.033 7 DEBUG neutron.common.config [-] allow_bulk = True log_opt_values /var/lib/kolla/venv/lib/python3.6/site-packages/oslo_config/cfg.py:2603
2025-10-09 01:56:40.033 7 WARNING oslo_config.cfg [-] Deprecated: Option "allow_overlapping_ips" from group "DEFAULT" is deprecated for removal. Its value may be silently ignored in the future.
2025-10-09 01:56:40.033 7 DEBUG neutron.common.config [-] allow_overlapping_ips = True log_opt_values /var/lib/kolla/venv/lib/python3.6/site-packages/oslo_config/cfg.py:2603
2025-10-09 01:56:40.034 7 DEBUG neutron.common.config [-] api_extensions_path = /opt/plugin/site-packages/neutron_plugin_contrail/extensions:/opt/plugin/site-packages/neutron_lbaas/extensions log_opt_values /var/lib/kolla/venv/lib/python3.6/site-packages/oslo_config/cfg.py:2603
2025-10-09 01:56:40.035 7 DEBUG neutron.common.config [-] api_paste_config = /etc/neutron/api-paste.ini log_opt_values /var/lib/kolla/venv/lib/python3.6/site-packages/oslo_config/cfg.py:2603
2025-10-09 01:56:40.035 7 DEBUG neutron.common.config [-] api_workers = 1 log_opt_values /var/lib/kolla/venv/lib/python3.6/site-packages/oslo_config/cfg.py:2603
2025-10-09 01:56:40.035 7 DEBUG neutron.common.config [-] auth_strategy = keystone log_opt_values /var/lib/kolla/venv/lib/python3.6/site-packages/oslo_config/cfg.py:2603
2025-10-09 01:56:40.035 7 DEBUG neutron.common.config [-] backlog = 4096 log_opt_values /var/lib/kolla/venv/lib/python3.6/site-packages/oslo_config/cfg.py:2603
2025-10-09 01:56:40.035 7 DEBUG neutron.common.config [-] base_mac = fa:16:3e:00:00:00 log_opt_values /var/lib/kolla/venv/lib/python3.6/site-packages/oslo_config/cfg.py:2603
2025-10-09 01:56:40.035 7 DEBUG neutron.common.config [-] bind_host = 10.0.0.50 log_opt_values /var/lib/kolla/venv/lib/python3.6/site-packages/oslo_config/cfg.py:2603
2025-10-09 01:56:40.035 7 DEBUG neutron.common.config [-] bind_port = 9696 log_opt_values /var/lib/kolla/venv/lib/python3.6/site-packages/oslo_config/cfg.py:2603
