2025-10-06 00:38:33.333 130560 DEBUG oslo_service.service [req-ca510552-8aa2-4542-bd93-1576c2f04b19 - - - - -] cinder.cross_az_attach = True log_opt_values /usr/lib/python3/dist-packages/oslo_config/cfg.py:2609
2025-10-06 00:38:33.334 130560 DEBUG oslo_service.service [req-ca510552-8aa2-4542-bd93-1576c2f04b19 - - - - -] cinder.debug = False log_opt_values /usr/lib/python3/dist-packages/oslo_config/cfg.py:2609
2025-10-06 00:38:33.334 130560 DEBUG oslo_service.service [req-ca510552-8aa2-4542-bd93-1576c2f04b19 - - - - -] cinder.endpoint_template = None log_opt_values /usr/lib/python3/dist-packages/oslo_config/cfg.py:2609
2025-10-06 00:38:33.334 130560 DEBUG oslo_service.service [req-ca510552-8aa2-4542-bd93-1576c2f04b19 - - - - -] cinder.http_retries = 3 log_opt_values /usr/lib/python3/dist-packages/oslo_config/cfg.py:2609
2025-10-06 00:38:33.334 130560 DEBUG oslo_service.service [req-ca510552-8aa2-4542-bd93-1576c2f04b19 - - - - -] cinder.insecure = False log_opt_values /usr/lib/python3/dist-packages/oslo_config/cfg.py:2609
2025-10-06 00:38:33.335 130560 DEBUG oslo_service.service [req-ca510552-8aa2-4542-bd93-1576c2f04b19 - - - - -] cinder.keyfile = None log_opt_values /usr/lib/python3/dist-packages/oslo_config/cfg.py:2609
2025-10-06 00:38:33.335 130560 DEBUG oslo_service.service [req-ca510552-8aa2-4542-bd93-1576c2f04b19 - - - - -] cinder.os_region_name = None log_opt_values /usr/lib/python3/dist-packages/oslo_config/cfg.py:2609
2025-10-06 00:38:33.335 130560 DEBUG oslo_service.service [req-ca510552-8aa2-4542-bd93-1576c2f04b19 - - - - -] cinder.split_loggers = False log_opt_values /usr/lib/python3/dist-packages/oslo_config/cfg.py:2609
2025-10-06 00:38:33.336 130560 DEBUG oslo_service.service [req-ca510552-8aa2-4542-bd93-1576c2f04b19 - - - - -] cinder.timeout = None log_opt_values /usr/lib/python3/dist-packages/oslo_config/cfg.py:2609
2025-10-06 00:38:33.336 130560 DEBUG oslo_service.service [req-ca510552-8aa2-4542-bd93-1576c2f04b19 - - - - -] compute.consecutive_build_service_disable_threshold = 10 log_opt_values /usr/lib/python3/dist-packages/oslo_config/cfg.py:2609
2025-10-06 00:38:33.336 130560 DEBUG oslo_service.service [req-ca510552-8aa2-4542-bd93-1576c2f04b19 - - - - -] compute.cpu_dedicated_set = None log_opt_values /usr/lib/python3/dist-packages/oslo_config/cfg.py:2609
2025-10-06 00:38:33.336 130560 DEBUG oslo_service.service [req-ca510552-8aa2-4542-bd93-1576c2f04b19 - - - - -] compute.cpu_shared_set = None log_opt_values /usr/lib/python3/dist-packages/oslo_config/cfg.py:2609
2025-10-06 00:38:33.336 130560 DEBUG oslo_service.service [req-ca510552-8aa2-4542-bd93-1576c2f04b19 - - - - -] compute.image_type_exclude_list = [] log_opt_values /usr/lib/python3/dist-packages/oslo_config/cfg.py:2609
2025-10-06 00:38:33.337 130560 DEBUG oslo_service.service [req-ca510552-8aa2-4542-bd93-1576c2f04b19 - - - - -] compute.live_migration_wait_for_vif_plug = True log_opt_values /usr/lib/python3/dist-packages/oslo_config/cfg.py:2609
2025-10-06 00:38:33.337 130560 DEBUG oslo_service.service [req-ca510552-8aa2-4542-bd93-1576c2f04b19 - - - - -] compute.max_concurrent_disk_ops = 0 log_opt_values /usr/lib/python3/dist-packages/oslo_config/cfg.py:2609
2025-10-06 00:38:33.337 130560 DEBUG oslo_service.service [req-ca510552-8aa2-4542-bd93-1576c2f04b19 - - - - -] compute.max_disk_devices_to_attach = -1 log_opt_values /usr/lib/python3/dist-packages/oslo_config/cfg.py:2609
2025-10-06 00:38:33.337 130560 DEBUG oslo_service.service [req-ca510552-8aa2-4542-bd93-1576c2f04b19 - - - - -] compute.packing_host_numa_cells_allocation_strategy = True log_opt_values /usr/lib/python3/dist-packages/oslo_config/cfg.py:2609
2025-10-06 00:38:33.338 130560 DEBUG oslo_service.service [req-ca510552-8aa2-4542-bd93-1576c2f04b19 - - - - -] compute.provider_config_location = /etc/nova/provider_config/ log_opt_values /usr/lib/python3/dist-packages/oslo_config/cfg.py:2609
2025-10-06 00:38:33.338 130560 DEBUG oslo_service.service [req-ca510552-8aa2-4542-bd93-1576c2f04b19 - - - - -] compute.resource_provider_association_refresh = 300 log_opt_values /usr/lib/python3/dist-packages/oslo_config/cfg.py:2609
2025-10-06 00:38:33.338 130560 DEBUG oslo_service.service [req-ca510552-8aa2-4542-bd93-1576c2f04b19 - - - - -] compute.shutdown_retry_interval = 10 log_opt_values /usr/lib/python3/dist-packages/oslo_config/cfg.py:2609
2025-10-06 00:38:33.338 130560 DEBUG oslo_service.service [req-ca510552-8aa2-4542-bd93-1576c2f04b19 - - - - -] compute.vmdk_allowed_types = ['streamOptimized', 'monolithicSparse'] log_opt_values /usr/lib/python3/dist-packages/oslo_config/cfg.py:2609
2025-10-06 00:38:33.340 130560 DEBUG oslo_service.service [req-ca510552-8aa2-4542-bd93-1576c2f04b19 - - - - -] conductor.workers = 4 log_opt_values /usr/lib/python3/dist-packages/oslo_config/cfg.py:2609
2025-10-06 00:38:33.340 130560 DEBUG oslo_service.service [req-ca510552-8aa2-4542-bd93-1576c2f04b19 - - - - -] console.allowed_origins = [] log_opt_values /usr/lib/python3/dist-packages/oslo_config/cfg.py:2609
2025-10-06 00:38:33.340 130560 DEBUG oslo_service.service [req-ca510552-8aa2-4542-bd93-1576c2f04b19 - - - - -] console.ssl_ciphers = None log_opt_values /usr/lib/python3/dist-packages/oslo_config/cfg.py:2609
2025-10-06 00:38:33.340 130560 DEBUG oslo_service.service [req-ca510552-8aa2-4542-bd93-1576c2f04b19 - - - - -] console.ssl_minimum_version = default log_opt_values /usr/lib/python3/dist-packages/oslo_config/cfg.py:2609
2025-10-06 00:38:33.341 130560 DEBUG oslo_service.service [req-ca510552-8aa2-4542-bd93-1576c2f04b19 - - - - -] consoleauth.token_ttl = 600 log_opt_values /usr/lib/python3/dist-packages/oslo_config/cfg.py:2609
2025-10-06 00:38:33.341 130560 DEBUG oslo_service.service [req-ca510552-8aa2-4542-bd93-1576c2f04b19 - - - - -] cyborg.cafile = None log_opt_values /usr/lib/python3/dist-packages/oslo_config/cfg.py:2609
2025-10-06 00:38:33.341 130560 DEBUG oslo_service.service [req-ca510552-8aa2-4542-bd93-1576c2f04b19 - - - - -] cyborg.certfile = None log_opt_values /usr/lib/python3/dist-packages/oslo_config/cfg.py:2609
2025-10-06 00:38:33.341 130560 DEBUG oslo_service.service [req-ca510552-8aa2-4542-bd93-1576c2f04b19 - - - - -] cyborg.collect_timing = False log_opt_values /usr/lib/python3/dist-packages/oslo_config/cfg.py:2609
2025-10-06 00:38:33.341 130560 DEBUG oslo_service.service [req-ca510552-8aa2-4542-bd93-1576c2f04b19 - - - - -] cyborg.connect_retries = None log_opt_values /usr/lib/python3/dist-packages/oslo_config/cfg.py:2609
2025-10-06 00:38:33.342 130560 DEBUG oslo_service.service [req-ca510552-8aa2-4542-bd93-1576c2f04b19 - - - - -] cyborg.connect_retry_delay = None log_opt_values /usr/lib/python3/dist-packages/oslo_config/cfg.py:2609
2025-10-06 00:38:33.342 130560 DEBUG oslo_service.service [req-ca510552-8aa2-4542-bd93-1576c2f04b19 - - - - -] cyborg.endpoint_override = None log_opt_values /usr/lib/python3/dist-packages/oslo_config/cfg.py:2609
2025-10-06 00:38:33.342 130560 DEBUG oslo_service.service [req-ca510552-8aa2-4542-bd93-1576c2f04b19 - - - - -] cyborg.insecure = False log_opt_values /usr/lib/python3/dist-packages/oslo_config/cfg.py:2609
2025-10-06 00:38:33.342 130560 DEBUG oslo_service.service [req-ca510552-8aa2-4542-bd93-1576c2f04b19 - - - - -] cyborg.keyfile = None log_opt_values /usr/lib/python3/dist-packages/oslo_config/cfg.py:2609
2025-10-06 00:38:33.342 130560 DEBUG oslo_service.service [req-ca510552-8aa2-4542-bd93-1576c2f04b19 - - - - -] cyborg.max_version = None log_opt_values /usr/lib/python3/dist-packages/oslo_config/cfg.py:2609
2025-10-06 00:38:33.343 130560 DEBUG oslo_service.service [req-ca510552-8aa2-4542-bd93-1576c2f04b19 - - - - -] cyborg.min_version = None log_opt_values /usr/lib/python3/dist-packages/oslo_config/cfg.py:2609
2025-10-06 00:38:33.343 130560 DEBUG oslo_service.service [req-ca510552-8aa2-4542-bd93-1576c2f04b19 - - - - -] cyborg.region_name = None log_opt_values /usr/lib/python3/dist-packages/oslo_config/cfg.py:2609
2025-10-06 00:38:33.343 130560 DEBUG oslo_service.service [req-ca510552-8aa2-4542-bd93-1576c2f04b19 - - - - -] cyborg.service_name = None log_opt_values /usr/lib/python3/dist-packages/oslo_config/cfg.py:2609
2025-10-06 00:38:33.343 130560 DEBUG oslo_service.service [req-ca510552-8aa2-4542-bd93-1576c2f04b19 - - - - -] cyborg.service_type = accelerator log_opt_values /usr/lib/python3/dist-packages/oslo_config/cfg.py:2609
2025-10-06 00:38:33.343 130560 DEBUG oslo_service.service [req-ca510552-8aa2-4542-bd93-1576c2f04b19 - - - - -] cyborg.split_loggers = False log_opt_values /usr/lib/python3/dist-packages/oslo_config/cfg.py:2609
2025-10-06 00:38:33.344 130560 DEBUG oslo_service.service [req-ca510552-8aa2-4542-bd93-1576c2f04b19 - - - - -] cyborg.status_code_retries = None log_opt_values /usr/lib/python3/dist-packages/oslo_config/cfg.py:2609
2025-10-06 00:38:33.344 130560 DEBUG oslo_service.service [req-ca510552-8aa2-4542-bd93-1576c2f04b19 - - - - -] cyborg.status_code_retry_delay = None log_opt_values /usr/lib/python3/dist-packages/oslo_config/cfg.py:2609
2025-10-06 00:38:33.344 130560 DEBUG oslo_service.service [req-ca510552-8aa2-4542-bd93-1576c2f04b19 - - - - -] cyborg.timeout = None log_opt_values /usr/lib/python3/dist-packages/oslo_config/cfg.py:2609
2025-10-06 00:38:33.344 130560 DEBUG oslo_service.service [req-ca510552-8aa2-4542-bd93-1576c2f04b19 - - - - -] cyborg.valid_interfaces = ['internal', 'public'] log_opt_values /usr/lib/python3/dist-packages/oslo_config/cfg.py:2609
2025-10-06 00:38:33.345 130560 DEBUG oslo_service.service [req-ca510552-8aa2-4542-bd93-1576c2f04b19 - - - - -] cyborg.version = None log_opt_values /usr/lib/python3/dist-packages/oslo_config/cfg.py:2609
2025-10-06 00:38:33.345 130560 DEBUG oslo_service.service [req-ca510552-8aa2-4542-bd93-1576c2f04b19 - - - - -] database.backend = sqlalchemy log_opt_values /usr/lib/python3/dist-packages/oslo_config/cfg.py:2609
2025-10-06 00:38:33.345 130560 DEBUG oslo_service.service [req-ca510552-8aa2-4542-bd93-1576c2f04b19 - - - - -] database.connection = **** log_opt_values /usr/lib/python3/dist-packages/oslo_config/cfg.py:2609
2025-10-06 00:38:33.345 130560 DEBUG oslo_service.service [req-ca510552-8aa2-4542-bd93-1576c2f04b19 - - - - -] database.connection_debug = 0 log_opt_values /usr/lib/python3/dist-packages/oslo_config/cfg.py:2609
2025-10-06 00:38:33.345 130560 DEBUG oslo_service.service [req-ca510552-8aa2-4542-bd93-1576c2f04b19 - - - - -] database.connection_parameters = log_opt_values /usr/lib/python3/dist-packages/oslo_config/cfg.py:2609
2025-10-06 00:38:33.346 130560 DEBUG oslo_service.service [req-ca510552-8aa2-4542-bd93-1576c2f04b19 - - - - -] database.connection_recycle_time = 3600 log_opt_values /usr/lib/python3/dist-packages/oslo_config/cfg.py:2609
2025-10-06 00:38:33.346 130560 DEBUG oslo_service.service [req-ca510552-8aa2-4542-bd93-1576c2f04b19 - - - - -] database.connection_trace = False log_opt_values /usr/lib/python3/dist-packages/oslo_config/cfg.py:2609
2025-10-06 00:38:33.346 130560 DEBUG oslo_service.service [req-ca510552-8aa2-4542-bd93-1576c2f04b19 - - - - -] database.db_inc_retry_interval = True log_opt_values /usr/lib/python3/dist-packages/oslo_config/cfg.py:2609
2025-10-06 00:38:33.346 130560 DEBUG oslo_service.service [req-ca510552-8aa2-4542-bd93-1576c2f04b19 - - - - -] database.db_max_retries = 20 log_opt_values /usr/lib/python3/dist-packages/oslo_config/cfg.py:2609
2025-10-06 00:38:33.346 130560 DEBUG oslo_service.service [req-ca510552-8aa2-4542-bd93-1576c2f04b19 - - - - -] database.db_max_retry_interval = 10 log_opt_values /usr/lib/python3/dist-packages/oslo_config/cfg.py:2609
2025-10-06 00:38:33.347 130560 DEBUG oslo_service.service [req-ca510552-8aa2-4542-bd93-1576c2f04b19 - - - - -] database.db_retry_interval = 1 log_opt_values /usr/lib/python3/dist-packages/oslo_config/cfg.py:2609
2025-10-06 00:38:33.347 130560 DEBUG oslo_service.service [req-ca510552-8aa2-4542-bd93-1576c2f04b19 - - - - -] database.max_overflow = 50 log_opt_values /usr/lib/python3/dist-packages/oslo_config/cfg.py:2609
2025-10-06 00:38:33.347 130560 DEBUG oslo_service.service [req-ca510552-8aa2-4542-bd93-1576c2f04b19 - - - - -] database.max_pool_size = 4 log_opt_values /usr/lib/python3/dist-packages/oslo_config/cfg.py:2609
2025-10-06 00:38:33.347 130560 DEBUG oslo_service.service [req-ca510552-8aa2-4542-bd93-1576c2f04b19 - - - - -] database.max_retries = 10 log_opt_values /usr/lib/python3/dist-packages/oslo_config/cfg.py:2609
2025-10-06 00:38:33.347 130560 DEBUG oslo_service.service [req-ca510552-8aa2-4542-bd93-1576c2f04b19 - - - - -] database.mysql_enable_ndb = False log_opt_values /usr/lib/python3/dist-packages/oslo_config/cfg.py:2609
2025-10-06 00:38:33.348 130560 DEBUG oslo_service.service [req-ca510552-8aa2-4542-bd93-1576c2f04b19 - - - - -] database.mysql_sql_mode = TRADITIONAL log_opt_values /usr/lib/python3/dist-packages/oslo_config/cfg.py:2609
2025-10-06 00:38:33.348 130560 DEBUG oslo_service.service [req-ca510552-8aa2-4542-bd93-1576c2f04b19 - - - - -] database.pool_timeout = None log_opt_values /usr/lib/python3/dist-packages/oslo_config/cfg.py:2609
2025-10-06 00:38:33.348 130560 DEBUG oslo_service.service [req-ca510552-8aa2-4542-bd93-1576c2f04b19 - - - - -] database.retry_interval = 10 log_opt_values /usr/lib/python3/dist-packages/oslo_config/cfg.py:2609
2025-10-06 00:38:33.349 130560 DEBUG oslo_service.service [req-ca510552-8aa2-4542-bd93-1576c2f04b19 - - - - -] database.slave_connection = **** log_opt_values /usr/lib/python3/dist-packages/oslo_config/cfg.py:2609
2025-10-06 00:38:33.349 130560 DEBUG oslo_service.service [req-ca510552-8aa2-4542-bd93-1576c2f04b19 - - - - -] database.sqlite_synchronous = True log_opt_values /usr/lib/python3/dist-packages/oslo_config/cfg.py:2609
2025-10-06 00:38:33.349 130560 DEBUG oslo_service.service [req-ca510552-8aa2-4542-bd93-1576c2f04b19 - - - - -] database.use_db_reconnect = False log_opt_values /usr/lib/python3/dist-packages/oslo_config/cfg.py:2609
2025-10-06 00:38:33.349 131324 DEBUG oslo_messaging._drivers.amqpdriver [-] Listener is running poll /usr/lib/python3/dist-packages/oslo_messaging/_drivers/amqpdriver.py:343
2025-10-06 00:38:33.349 131324 DEBUG oslo_messaging._drivers.amqpdriver [-] AMQPListener connection consume poll /usr/lib/python3/dist-packages/oslo_messaging/_drivers/amqpdriver.py:357
2025-10-06 00:38:33.349 130560 DEBUG oslo_service.service [req-ca510552-8aa2-4542-bd93-1576c2f04b19 - - - - -] api_database.backend = sqlalchemy log_opt_values /usr/lib/python3/dist-packages/oslo_config/cfg.py:2609
2025-10-06 00:38:33.350 130560 DEBUG oslo_service.service [req-ca510552-8aa2-4542-bd93-1576c2f04b19 - - - - -] api_database.connection = **** log_opt_values /usr/lib/python3/dist-packages/oslo_config/cfg.py:2609
2025-10-06 00:38:33.350 130560 DEBUG oslo_service.service [req-ca510552-8aa2-4542-bd93-1576c2f04b19 - - - - -] api_database.connection_debug = 0 log_opt_values /usr/lib/python3/dist-packages/oslo_config/cfg.py:2609
2025-10-06 00:38:33.351 130560 DEBUG oslo_service.service [req-ca510552-8aa2-4542-bd93-1576c2f04b19 - - - - -] api_database.connection_parameters = log_opt_values /usr/lib/python3/dist-packages/oslo_config/cfg.py:2609
2025-10-06 00:38:33.351 130560 DEBUG oslo_service.service [req-ca510552-8aa2-4542-bd93-1576c2f04b19 - - - - -] api_database.connection_recycle_time = 3600 log_opt_values /usr/lib/python3/dist-packages/oslo_config/cfg.py:2609
2025-10-06 00:38:33.351 130560 DEBUG oslo_service.service [req-ca510552-8aa2-4542-bd93-1576c2f04b19 - - - - -] api_database.connection_trace = False log_opt_values /usr/lib/python3/dist-packages/oslo_config/cfg.py:2609
2025-10-06 00:38:33.351 130560 DEBUG oslo_service.service [req-ca510552-8aa2-4542-bd93-1576c2f04b19 - - - - -] api_database.db_inc_retry_interval = True log_opt_values /usr/lib/python3/dist-packages/oslo_config/cfg.py:2609
2025-10-06 00:38:33.352 130560 DEBUG oslo_service.service [req-ca510552-8aa2-4542-bd93-1576c2f04b19 - - - - -] api_database.db_max_retries = 20 log_opt_values /usr/lib/python3/dist-packages/oslo_config/cfg.py:2609
2025-10-06 00:38:33.352 130560 DEBUG oslo_service.service [req-ca510552-8aa2-4542-bd93-1576c2f04b19 - - - - -] api_database.db_max_retry_interval = 10 log_opt_values /usr/lib/python3/dist-packages/oslo_config/cfg.py:2609
2025-10-06 00:38:33.350 131324 DEBUG nova.service [req-be633453-2a61-4bac-9412-2f1057912f8f - - - - -] Join ServiceGroup membership for this service conductor start /usr/lib/python3/dist-packages/nova/service.py:199
2025-10-06 00:38:33.352 130560 DEBUG oslo_service.service [req-ca510552-8aa2-4542-bd93-1576c2f04b19 - - - - -] api_database.db_retry_interval = 1 log_opt_values /usr/lib/python3/dist-packages/oslo_config/cfg.py:2609
2025-10-06 00:38:33.352 131324 DEBUG nova.servicegroup.drivers.db [req-be633453-2a61-4bac-9412-2f1057912f8f - - - - -] DB_Driver: join new ServiceGroup member juju-2ee950-0-lxd-7 to the conductor group, service = join /usr/lib/python3/dist-packages/nova/servicegroup/drivers/db.py:44
2025-10-06 00:38:33.352 130560 DEBUG oslo_service.service [req-ca510552-8aa2-4542-bd93-1576c2f04b19 - - - - -] api_database.max_overflow = 50 log_opt_values /usr/lib/python3/dist-packages/oslo_config/cfg.py:2609
2025-10-06 00:38:33.352 130560 DEBUG oslo_service.service [req-ca510552-8aa2-4542-bd93-1576c2f04b19 - - - - -] api_database.max_pool_size = 4 log_opt_values /usr/lib/python3/dist-packages/oslo_config/cfg.py:2609
2025-10-06 00:38:33.353 130560 DEBUG oslo_service.service [req-ca510552-8aa2-4542-bd93-1576c2f04b19 - - - - -] api_database.max_retries = 10 log_opt_values /usr/lib/python3/dist-packages/oslo_config/cfg.py:2609
2025-10-06 00:38:33.353 130560 DEBUG oslo_service.service [req-ca510552-8aa2-4542-bd93-1576c2f04b19 - - - - -] api_database.mysql_enable_ndb = False log_opt_values /usr/lib/python3/dist-packages/oslo_config/cfg.py:2609
2025-10-06 00:38:33.354 130560 DEBUG oslo_service.service [req-ca510552-8aa2-4542-bd93-1576c2f04b19 - - - - -] api_database.mysql_sql_mode = TRADITIONAL log_opt_values /usr/lib/python3/dist-packages/oslo_config/cfg.py:2609
2025-10-06 00:38:33.354 130560 DEBUG oslo_service.service [req-ca510552-8aa2-4542-bd93-1576c2f04b19 - - - - -] api_database.pool_timeout = None log_opt_values /usr/lib/python3/dist-packages/oslo_config/cfg.py:2609
2025-10-06 00:38:33.354 130560 DEBUG oslo_service.service [req-ca510552-8aa2-4542-bd93-1576c2f04b19 - - - - -] api_database.retry_interval = 10 log_opt_values /usr/lib/python3/dist-packages/oslo_config/cfg.py:2609
2025-10-06 00:38:33.355 131324 DEBUG oslo_messaging._drivers.amqpdriver [-] AMQPListener connection timeout poll /usr/lib/python3/dist-packages/oslo_messaging/_drivers/amqpdriver.py:360
2025-10-06 00:38:33.354 130560 DEBUG oslo_service.service [req-ca510552-8aa2-4542-bd93-1576c2f04b19 - - - - -] api_database.slave_connection = **** log_opt_values /usr/lib/python3/dist-packages/oslo_config/cfg.py:2609
2025-10-06 00:38:33.355 131324 DEBUG oslo_messaging._drivers.amqpdriver [-] Listener is running poll /usr/lib/python3/dist-packages/oslo_messaging/_drivers/amqpdriver.py:343
2025-10-06 00:38:33.355 130560 DEBUG oslo_service.service [req-ca510552-8aa2-4542-bd93-1576c2f04b19 - - - - -] api_database.sqlite_synchronous = True log_opt_values /usr/lib/python3/dist-packages/oslo_config/cfg.py:2609
2025-10-06 00:38:33.355 130560 DEBUG oslo_service.service [req-ca510552-8aa2-4542-bd93-1576c2f04b19 - - - - -] devices.enabled_mdev_types = [] log_opt_values /usr/lib/python3/dist-packages/oslo_config/cfg.py:2609
2025-10-06 00:38:33.355 130560 DEBUG oslo_service.service [req-ca510552-8aa2-4542-bd93-1576c2f04b19 - - - - -] ephemeral_storage_encryption.cipher = aes-xts-plain64 log_opt_values /usr/lib/python3/dist-packages/oslo_config/cfg.py:2609
2025-10-06 00:38:33.355 130560 DEBUG oslo_service.service [req-ca510552-8aa2-4542-bd93-1576c2f04b19 - - - - -] ephemeral_storage_encryption.enabled = False log_opt_values /usr/lib/python3/dist-packages/oslo_config/cfg.py:2609
2025-10-06 00:38:33.355 131324 DEBUG oslo_messaging._drivers.amqpdriver [-] AMQPListener connection consume poll /usr/lib/python3/dist-packages/oslo_messaging/_drivers/amqpdriver.py:357
2025-10-06 00:38:33.356 130560 DEBUG oslo_service.service [req-ca510552-8aa2-4542-bd93-1576c2f04b19 - - - - -] ephemeral_storage_encryption.key_size = 512 log_opt_values /usr/lib/python3/dist-packages/oslo_config/cfg.py:2609
2025-10-06 00:38:33.356 130560 WARNING oslo_config.cfg [req-ca510552-8aa2-4542-bd93-1576c2f04b19 - - - - -] Deprecated: Option "api_servers" from group "glance" is deprecated for removal ( Support for image service configuration via standard keystoneauth1 Adapter options was added in the 17.0.0 Queens release. The api_servers option was retained temporarily to allow consumers time to cut over to a real load balancing solution. ). Its value may be silently ignored in the future.
2025-10-06 00:38:33.356 130560 DEBUG oslo_service.service [req-ca510552-8aa2-4542-bd93-1576c2f04b19 - - - - -] glance.api_servers = ['http://252.57.122.151:9292'] log_opt_values /usr/lib/python3/dist-packages/oslo_config/cfg.py:2609
2025-10-06 00:38:33.356 130560 DEBUG oslo_service.service [req-ca510552-8aa2-4542-bd93-1576c2f04b19 - - - - -] glance.cafile = None log_opt_values /usr/lib/python3/dist-packages/oslo_config/cfg.py:2609
2025-10-06 00:38:33.357 130560 DEBUG oslo_service.service [req-ca510552-8aa2-4542-bd93-1576c2f04b19 - - - - -] glance.certfile = None log_opt_values /usr/lib/python3/dist-packages/oslo_config/cfg.py:2609
2025-10-06 00:38:33.357 130560 DEBUG oslo_service.service [req-ca510552-8aa2-4542-bd93-1576c2f04b19 - - - - -] glance.collect_timing = False log_opt_values /usr/lib/python3/dist-packages/oslo_config/cfg.py:2609
2025-10-06 00:38:33.357 130560 DEBUG oslo_service.service [req-ca510552-8aa2-4542-bd93-1576c2f04b19 - - - - -] glance.connect_retries = None log_opt_values /usr/lib/python3/dist-packages/oslo_config/cfg.py:2609
2025-10-06 00:38:33.357 130560 DEBUG oslo_service.service [req-ca510552-8aa2-4542-bd93-1576c2f04b19 - - - - -] glance.connect_retry_delay = None log_opt_values /usr/lib/python3/dist-packages/oslo_config/cfg.py:2609
2025-10-06 00:38:33.357 130560 DEBUG oslo_service.service [req-ca510552-8aa2-4542-bd93-1576c2f04b19 - - - - -] glance.debug = False log_opt_values /usr/lib/python3/dist-packages/oslo_config/cfg.py:2609
2025-10-06 00:38:33.358 131327 DEBUG nova.service [req-999cce97-4e55-4d14-85e5-d20b3490ed3f - - - - -] Creating RPC server for service conductor start /usr/lib/python3/dist-packages/nova/service.py:182
2025-10-06 00:38:33.358 130560 DEBUG oslo_service.service [req-ca510552-8aa2-4542-bd93-1576c2f04b19 - - - - -] glance.default_trusted_certificate_ids = [] log_opt_values /usr/lib/python3/dist-packages/oslo_config/cfg.py:2609
2025-10-06 00:38:33.358 130560 DEBUG oslo_service.service [req-ca510552-8aa2-4542-bd93-1576c2f04b19 - - - - -] glance.enable_certificate_validation = False log_opt_values /usr/lib/python3/dist-packages/oslo_config/cfg.py:2609
2025-10-06 00:38:33.358 130560 DEBUG oslo_service.service [req-ca510552-8aa2-4542-bd93-1576c2f04b19 - - - - -] glance.enable_rbd_download = False log_opt_values /usr/lib/python3/dist-packages/oslo_config/cfg.py:2609
2025-10-06 00:38:33.358 130560 DEBUG oslo_service.service [req-ca510552-8aa2-4542-bd93-1576c2f04b19 - - - - -] glance.endpoint_override = None log_opt_values /usr/lib/python3/dist-packages/oslo_config/cfg.py:2609
2025-10-06 00:38:33.359 130560 DEBUG oslo_service.service [req-ca510552-8aa2-4542-bd93-1576c2f04b19 - - - - -] glance.insecure = False log_opt_values /usr/lib/python3/dist-packages/oslo_config/cfg.py:2609
2025-10-06 00:38:33.359 130560 DEBUG oslo_service.service [req-ca510552-8aa2-4542-bd93-1576c2f04b19 - - - - -] glance.keyfile = None log_opt_values /usr/lib/python3/dist-packages/oslo_config/cfg.py:2609
2025-10-06 00:38:33.359 130560 DEBUG oslo_service.service [req-ca510552-8aa2-4542-bd93-1576c2f04b19 - - - - -] glance.max_version = None log_opt_values /usr/lib/python3/dist-packages/oslo_config/cfg.py:2609
2025-10-06 00:38:33.359 130560 DEBUG oslo_service.service [req-ca510552-8aa2-4542-bd93-1576c2f04b19 - - - - -] glance.min_version = None log_opt_values /usr/lib/python3/dist-packages/oslo_config/cfg.py:2609
2025-10-06 00:38:33.360 130560 DEBUG oslo_service.service [req-ca510552-8aa2-4542-bd93-1576c2f04b19 - - - - -] glance.num_retries = 3 log_opt_values /usr/lib/python3/dist-packages/oslo_config/cfg.py:2609
2025-10-06 00:38:33.360 130560 DEBUG oslo_service.service [req-ca510552-8aa2-4542-bd93-1576c2f04b19 - - - - -] glance.rbd_ceph_conf = log_opt_values /usr/lib/python3/dist-packages/oslo_config/cfg.py:2609
2025-10-06 00:38:33.360 130560 DEBUG oslo_service.service [req-ca510552-8aa2-4542-bd93-1576c2f04b19 - - - - -] glance.rbd_connect_timeout = 5 log_opt_values /usr/lib/python3/dist-packages/oslo_config/cfg.py:2609
2025-10-06 00:38:33.360 130560 DEBUG oslo_service.service [req-ca510552-8aa2-4542-bd93-1576c2f04b19 - - - - -] glance.rbd_pool = log_opt_values /usr/lib/python3/dist-packages/oslo_config/cfg.py:2609
2025-10-06 00:38:33.360 130560 DEBUG oslo_service.service [req-ca510552-8aa2-4542-bd93-1576c2f04b19 - - - - -] glance.rbd_user = log_opt_values /usr/lib/python3/dist-packages/oslo_config/cfg.py:2609
2025-10-06 00:38:33.361 130560 DEBUG oslo_service.service [req-ca510552-8aa2-4542-bd93-1576c2f04b19 - - - - -] glance.region_name = None log_opt_values /usr/lib/python3/dist-packages/oslo_config/cfg.py:2609
2025-10-06 00:38:33.361 130560 DEBUG oslo_service.service [req-ca510552-8aa2-4542-bd93-1576c2f04b19 - - - - -] glance.service_name = None log_opt_values /usr/lib/python3/dist-packages/oslo_config/cfg.py:2609
2025-10-06 00:38:33.361 130560 DEBUG oslo_service.service [req-ca510552-8aa2-4542-bd93-1576c2f04b19 - - - - -] glance.service_type = image log_opt_values /usr/lib/python3/dist-packages/oslo_config/cfg.py:2609
2025-10-06 00:38:33.362 130560 DEBUG oslo_service.service [req-ca510552-8aa2-4542-bd93-1576c2f04b19 - - - - -] glance.split_loggers = False log_opt_values /usr/lib/python3/dist-packages/oslo_config/cfg.py:2609
2025-10-06 00:38:33.362 130560 DEBUG oslo_service.service [req-ca510552-8aa2-4542-bd93-1576c2f04b19 - - - - -] glance.status_code_retries = None log_opt_values /usr/lib/python3/dist-packages/oslo_config/cfg.py:2609
2025-10-06 00:38:33.362 130560 DEBUG oslo_service.service [req-ca510552-8aa2-4542-bd93-1576c2f04b19 - - - - -] glance.status_code_retry_delay = None log_opt_values /usr/lib/python3/dist-packages/oslo_config/cfg.py:2609
2025-10-06 00:38:33.362 130560 DEBUG oslo_service.service [req-ca510552-8aa2-4542-bd93-1576c2f04b19 - - - - -] glance.timeout = None log_opt_values /usr/lib/python3/dist-packages/oslo_config/cfg.py:2609
2025-10-06 00:38:33.362 130560 DEBUG oslo_service.service [req-ca510552-8aa2-4542-bd93-1576c2f04b19 - - - - -] glance.valid_interfaces = ['internal', 'public'] log_opt_values /usr/lib/python3/dist-packages/oslo_config/cfg.py:2609
2025-10-06 00:38:33.363 130560 DEBUG oslo_service.service [req-ca510552-8aa2-4542-bd93-1576c2f04b19 - - - - -] glance.verify_glance_signatures = False log_opt_values /usr/lib/python3/dist-packages/oslo_config/cfg.py:2609
2025-10-06 00:38:33.363 130560 DEBUG oslo_service.service [req-ca510552-8aa2-4542-bd93-1576c2f04b19 - - - - -] glance.version = None log_opt_values /usr/lib/python3/dist-packages/oslo_config/cfg.py:2609
2025-10-06 00:38:33.363 130560 DEBUG oslo_service.service [req-ca510552-8aa2-4542-bd93-1576c2f04b19 - - - - -] guestfs.debug = False log_opt_values /usr/lib/python3/dist-packages/oslo_config/cfg.py:2609
2025-10-06 00:38:33.363 131325 DEBUG oslo_messaging._drivers.amqpdriver [-] Listener is running poll /usr/lib/python3/dist-packages/oslo_messaging/_drivers/amqpdriver.py:343
2025-10-06 00:38:33.363 130560 DEBUG oslo_service.service [req-ca510552-8aa2-4542-bd93-1576c2f04b19 - - - - -] hyperv.config_drive_cdrom = False log_opt_values /usr/lib/python3/dist-packages/oslo_config/cfg.py:2609
2025-10-06 00:38:33.363 131325 DEBUG oslo_messaging._drivers.amqpdriver [-] AMQPListener connection consume poll /usr/lib/python3/dist-packages/oslo_messaging/_drivers/amqpdriver.py:357
2025-10-06 00:38:33.363 130560 DEBUG oslo_service.service [req-ca510552-8aa2-4542-bd93-1576c2f04b19 - - - - -] hyperv.config_drive_inject_password = False log_opt_values /usr/lib/python3/dist-packages/oslo_config/cfg.py:2609
2025-10-06 00:38:33.364 130560 DEBUG oslo_service.service [req-ca510552-8aa2-4542-bd93-1576c2f04b19 - - - - -] hyperv.dynamic_memory_ratio = 1.0 log_opt_values /usr/lib/python3/dist-packages/oslo_config/cfg.py:2609
2025-10-06 00:38:33.364 131325 DEBUG nova.service [req-0e7f7020-eba8-4388-8f3a-7a7f0fc7bac8 - - - - -] Join ServiceGroup membership for this service conductor start /usr/lib/python3/dist-packages/nova/service.py:199
2025-10-06 00:38:33.364 130560 DEBUG oslo_service.service [req-ca510552-8aa2-4542-bd93-1576c2f04b19 - - - - -] hyperv.enable_instance_metrics_collection = False log_opt_values /usr/lib/python3/dist-packages/oslo_config/cfg.py:2609
2025-10-06 00:38:33.364 131325 DEBUG nova.servicegroup.drivers.db [req-0e7f7020-eba8-4388-8f3a-7a7f0fc7bac8 - - - - -] DB_Driver: join new ServiceGroup member juju-2ee950-0-lxd-7 to the conductor group, service = join /usr/lib/python3/dist-packages/nova/servicegroup/drivers/db.py:44
2025-10-06 00:38:33.364 130560 DEBUG oslo_service.service [req-ca510552-8aa2-4542-bd93-1576c2f04b19 - - - - -] hyperv.enable_remotefx = False log_opt_values /usr/lib/python3/dist-packages/oslo_config/cfg.py:2609
2025-10-06 00:38:33.364 130560 DEBUG oslo_service.service [req-ca510552-8aa2-4542-bd93-1576c2f04b19 - - - - -] hyperv.instances_path_share = log_opt_values /usr/lib/python3/dist-packages/oslo_config/cfg.py:2609
2025-10-06 00:38:33.365 130560 DEBUG oslo_service.service [req-ca510552-8aa2-4542-bd93-1576c2f04b19 - - - - -] hyperv.iscsi_initiator_list = [] log_opt_values /usr/lib/python3/dist-packages/oslo_config/cfg.py:2609
2025-10-06 00:38:33.365 130560 DEBUG oslo_service.service [req-ca510552-8aa2-4542-bd93-1576c2f04b19 - - - - -] hyperv.limit_cpu_features = False log_opt_values /usr/lib/python3/dist-packages/oslo_config/cfg.py:2609
2025-10-06 00:38:33.365 130560 DEBUG oslo_service.service [req-ca510552-8aa2-4542-bd93-1576c2f04b19 - - - - -] hyperv.mounted_disk_query_retry_count = 10 log_opt_values /usr/lib/python3/dist-packages/oslo_config/cfg.py:2609
2025-10-06 00:38:33.365 130560 DEBUG oslo_service.service [req-ca510552-8aa2-4542-bd93-1576c2f04b19 - - - - -] hyperv.mounted_disk_query_retry_interval = 5 log_opt_values /usr/lib/python3/dist-packages/oslo_config/cfg.py:2609
2025-10-06 00:38:33.366 130560 DEBUG oslo_service.service [req-ca510552-8aa2-4542-bd93-1576c2f04b19 - - - - -] hyperv.power_state_check_timeframe = 60 log_opt_values /usr/lib/python3/dist-packages/oslo_config/cfg.py:2609
2025-10-06 00:38:33.366 130560 DEBUG oslo_service.service [req-ca510552-8aa2-4542-bd93-1576c2f04b19 - - - - -] hyperv.power_state_event_polling_interval = 2 log_opt_values /usr/lib/python3/dist-packages/oslo_config/cfg.py:2609
2025-10-06 00:38:33.366 130560 DEBUG oslo_service.service [req-ca510552-8aa2-4542-bd93-1576c2f04b19 - - - - -] hyperv.qemu_img_cmd = qemu-img.exe log_opt_values /usr/lib/python3/dist-packages/oslo_config/cfg.py:2609
2025-10-06 00:38:33.366 130560 DEBUG oslo_service.service [req-ca510552-8aa2-4542-bd93-1576c2f04b19 - - - - -] hyperv.use_multipath_io = False log_opt_values /usr/lib/python3/dist-packages/oslo_config/cfg.py:2609
2025-10-06 00:38:33.367 130560 DEBUG oslo_service.service [req-ca510552-8aa2-4542-bd93-1576c2f04b19 - - - - -] hyperv.volume_attach_retry_count = 10 log_opt_values /usr/lib/python3/dist-packages/oslo_config/cfg.py:2609
2025-10-06 00:38:33.367 130560 DEBUG oslo_service.service [req-ca510552-8aa2-4542-bd93-1576c2f04b19 - - - - -] hyperv.volume_attach_retry_interval = 5 log_opt_values /usr/lib/python3/dist-packages/oslo_config/cfg.py:2609
2025-10-06 00:38:33.367 130560 DEBUG oslo_service.service [req-ca510552-8aa2-4542-bd93-1576c2f04b19 - - - - -] hyperv.vswitch_name = None log_opt_values /usr/lib/python3/dist-packages/oslo_config/cfg.py:2609
2025-10-06 00:38:33.367 130560 DEBUG oslo_service.service [req-ca510552-8aa2-4542-bd93-1576c2f04b19 - - - - -] hyperv.wait_soft_reboot_seconds = 60 log_opt_values /usr/lib/python3/dist-packages/oslo_config/cfg.py:2609
2025-10-06 00:38:33.367 130560 DEBUG oslo_service.service [req-ca510552-8aa2-4542-bd93-1576c2f04b19 - - - - -] mks.enabled = False log_opt_values /usr/lib/python3/dist-packages/oslo_config/cfg.py:2609
2025-10-06 00:38:33.368 130560 DEBUG oslo_service.service [req-ca510552-8aa2-4542-bd93-1576c2f04b19 - - - - -] mks.mksproxy_base_url = http://127.0.0.1:6090/ log_opt_values /usr/lib/python3/dist-packages/oslo_config/cfg.py:2609
2025-10-06 00:38:33.368 131325 DEBUG oslo_messaging._drivers.amqpdriver [-] AMQPListener connection timeout poll /usr/lib/python3/dist-packages/oslo_messaging/_drivers/amqpdriver.py:360
2025-10-06 00:38:33.368 130560 DEBUG oslo_service.service [req-ca510552-8aa2-4542-bd93-1576c2f04b19 - - - - -] image_cache.manager_interval = 2400 log_opt_values /usr/lib/python3/dist-packages/oslo_config/cfg.py:2609
2025-10-06 00:38:33.368 131325 DEBUG oslo_messaging._drivers.amqpdriver [-] Listener is running poll /usr/lib/python3/dist-packages/oslo_messaging/_drivers/amqpdriver.py:343
2025-10-06 00:38:33.368 131325 DEBUG oslo_messaging._drivers.amqpdriver [-] AMQPListener connection consume poll /usr/lib/python3/dist-packages/oslo_messaging/_drivers/amqpdriver.py:357
2025-10-06 00:38:33.368 130560 DEBUG oslo_service.service [req-ca510552-8aa2-4542-bd93-1576c2f04b19 - - - - -] image_cache.precache_concurrency = 1 log_opt_values /usr/lib/python3/dist-packages/oslo_config/cfg.py:2609
2025-10-06 00:38:33.368 130560 DEBUG oslo_service.service [req-ca510552-8aa2-4542-bd93-1576c2f04b19 - - - - -] image_cache.remove_unused_base_images = True log_opt_values /usr/lib/python3/dist-packages/oslo_config/cfg.py:2609
2025-10-06 00:38:33.369 130560 DEBUG oslo_service.service [req-ca510552-8aa2-4542-bd93-1576c2f04b19 - - - - -] image_cache.remove_unused_original_minimum_age_seconds = 86400 log_opt_values /usr/lib/python3/dist-packages/oslo_config/cfg.py:2609
2025-10-06 00:38:33.369 130560 DEBUG oslo_service.service [req-ca510552-8aa2-4542-bd93-1576c2f04b19 - - - - -] image_cache.remove_unused_resized_minimum_age_seconds = 3600 log_opt_values /usr/lib/python3/dist-packages/oslo_config/cfg.py:2609
2025-10-06 00:38:33.369 130560 DEBUG oslo_service.service [req-ca510552-8aa2-4542-bd93-1576c2f04b19 - - - - -] image_cache.subdirectory_name = _base log_opt_values /usr/lib/python3/dist-packages/oslo_config/cfg.py:2609
2025-10-06 00:38:33.369 130560 DEBUG oslo_service.service [req-ca510552-8aa2-4542-bd93-1576c2f04b19 - - - - -] ironic.api_max_retries = 60 log_opt_values /usr/lib/python3/dist-packages/oslo_config/cfg.py:2609
2025-10-06 00:38:33.369 130560 DEBUG oslo_service.service [req-ca510552-8aa2-4542-bd93-1576c2f04b19 - - - - -] ironic.api_retry_interval = 2 log_opt_values /usr/lib/python3/dist-packages/oslo_config/cfg.py:2609
2025-10-06 00:38:33.370 130560 DEBUG oslo_service.service [req-ca510552-8aa2-4542-bd93-1576c2f04b19 - - - - -] ironic.auth_section = None log_opt_values /usr/lib/python3/dist-packages/oslo_config/cfg.py:2609
2025-10-06 00:38:33.370 130560 DEBUG oslo_service.service [req-ca510552-8aa2-4542-bd93-1576c2f04b19 - - - - -] ironic.auth_type = None log_opt_values /usr/lib/python3/dist-packages/oslo_config/cfg.py:2609
2025-10-06 00:38:33.370 130560 DEBUG oslo_service.service [req-ca510552-8aa2-4542-bd93-1576c2f04b19 - - - - -] ironic.cafile = None log_opt_values /usr/lib/python3/dist-packages/oslo_config/cfg.py:2609
2025-10-06 00:38:33.370 130560 DEBUG oslo_service.service [req-ca510552-8aa2-4542-bd93-1576c2f04b19 - - - - -] ironic.certfile = None log_opt_values /usr/lib/python3/dist-packages/oslo_config/cfg.py:2609
2025-10-06 00:38:33.371 130560 DEBUG oslo_service.service [req-ca510552-8aa2-4542-bd93-1576c2f04b19 - - - - -] ironic.collect_timing = False log_opt_values /usr/lib/python3/dist-packages/oslo_config/cfg.py:2609
2025-10-06 00:38:33.371 130560 DEBUG oslo_service.service [req-ca510552-8aa2-4542-bd93-1576c2f04b19 - - - - -] ironic.connect_retries = None log_opt_values /usr/lib/python3/dist-packages/oslo_config/cfg.py:2609
2025-10-06 00:38:33.371 130560 DEBUG oslo_service.service [req-ca510552-8aa2-4542-bd93-1576c2f04b19 - - - - -] ironic.connect_retry_delay = None log_opt_values /usr/lib/python3/dist-packages/oslo_config/cfg.py:2609
2025-10-06 00:38:33.371 130560 DEBUG oslo_service.service [req-ca510552-8aa2-4542-bd93-1576c2f04b19 - - - - -] ironic.endpoint_override = None log_opt_values /usr/lib/python3/dist-packages/oslo_config/cfg.py:2609
2025-10-06 00:38:33.372 130560 DEBUG oslo_service.service [req-ca510552-8aa2-4542-bd93-1576c2f04b19 - - - - -] ironic.insecure = False log_opt_values /usr/lib/python3/dist-packages/oslo_config/cfg.py:2609
2025-10-06 00:38:33.372 130560 DEBUG oslo_service.service [req-ca510552-8aa2-4542-bd93-1576c2f04b19 - - - - -] ironic.keyfile = None log_opt_values /usr/lib/python3/dist-packages/oslo_config/cfg.py:2609
2025-10-06 00:38:33.372 130560 DEBUG oslo_service.service [req-ca510552-8aa2-4542-bd93-1576c2f04b19 - - - - -] ironic.max_version = None log_opt_values /usr/lib/python3/dist-packages/oslo_config/cfg.py:2609
2025-10-06 00:38:33.372 130560 DEBUG oslo_service.service [req-ca510552-8aa2-4542-bd93-1576c2f04b19 - - - - -] ironic.min_version = None log_opt_values /usr/lib/python3/dist-packages/oslo_config/cfg.py:2609
2025-10-06 00:38:33.372 130560 DEBUG oslo_service.service [req-ca510552-8aa2-4542-bd93-1576c2f04b19 - - - - -] ironic.partition_key = None log_opt_values /usr/lib/python3/dist-packages/oslo_config/cfg.py:2609
2025-10-06 00:38:33.373 130560 DEBUG oslo_service.service [req-ca510552-8aa2-4542-bd93-1576c2f04b19 - - - - -] ironic.peer_list = [] log_opt_values /usr/lib/python3/dist-packages/oslo_config/cfg.py:2609
2025-10-06 00:38:33.373 130560 DEBUG oslo_service.service [req-ca510552-8aa2-4542-bd93-1576c2f04b19 - - - - -] ironic.region_name = None log_opt_values /usr/lib/python3/dist-packages/oslo_config/cfg.py:2609
2025-10-06 00:38:33.373 130560 DEBUG oslo_service.service [req-ca510552-8aa2-4542-bd93-1576c2f04b19 - - - - -] ironic.serial_console_state_timeout = 10 log_opt_values /usr/lib/python3/dist-packages/oslo_config/cfg.py:2609
2025-10-06 00:38:33.373 130560 DEBUG oslo_service.service [req-ca510552-8aa2-4542-bd93-1576c2f04b19 - - - - -] ironic.service_name = None log_opt_values /usr/lib/python3/dist-packages/oslo_config/cfg.py:2609
2025-10-06 00:38:33.373 130560 DEBUG oslo_service.service [req-ca510552-8aa2-4542-bd93-1576c2f04b19 - - - - -] ironic.service_type = baremetal log_opt_values /usr/lib/python3/dist-packages/oslo_config/cfg.py:2609
2025-10-06 00:38:33.373 130560 DEBUG oslo_service.service [req-ca510552-8aa2-4542-bd93-1576c2f04b19 - - - - -] ironic.split_loggers = False log_opt_values /usr/lib/python3/dist-packages/oslo_config/cfg.py:2609
2025-10-06 00:38:33.374 130560 DEBUG oslo_service.service [req-ca510552-8aa2-4542-bd93-1576c2f04b19 - - - - -] ironic.status_code_retries = None log_opt_values /usr/lib/python3/dist-packages/oslo_config/cfg.py:2609
2025-10-06 00:38:33.374 130560 DEBUG oslo_service.service [req-ca510552-8aa2-4542-bd93-1576c2f04b19 - - - - -] ironic.status_code_retry_delay = None log_opt_values /usr/lib/python3/dist-packages/oslo_config/cfg.py:2609
2025-10-06 00:38:33.374 130560 DEBUG oslo_service.service [req-ca510552-8aa2-4542-bd93-1576c2f04b19 - - - - -] ironic.timeout = None log_opt_values /usr/lib/python3/dist-packages/oslo_config/cfg.py:2609
2025-10-06 00:38:33.375 130560 DEBUG oslo_service.service [req-ca510552-8aa2-4542-bd93-1576c2f04b19 - - - - -] ironic.valid_interfaces = ['internal', 'public'] log_opt_values /usr/lib/python3/dist-packages/oslo_config/cfg.py:2609
2025-10-06 00:38:33.375 130560 DEBUG oslo_service.service [req-ca510552-8aa2-4542-bd93-1576c2f04b19 - - - - -] ironic.version = None log_opt_values /usr/lib/python3/dist-packages/oslo_config/cfg.py:2609
2025-10-06 00:38:33.375 130560 DEBUG oslo_service.service [req-ca510552-8aa2-4542-bd93-1576c2f04b19 - - - - -] key_manager.backend = barbican log_opt_values /usr/lib/python3/dist-packages/oslo_config/cfg.py:2609
2025-10-06 00:38:33.375 130560 DEBUG oslo_service.service [req-ca510552-8aa2-4542-bd93-1576c2f04b19 - - - - -] key_manager.fixed_key = **** log_opt_values /usr/lib/python3/dist-packages/oslo_config/cfg.py:2609
2025-10-06 00:38:33.376 130560 DEBUG oslo_service.service [req-ca510552-8aa2-4542-bd93-1576c2f04b19 - - - - -] barbican.auth_endpoint = http://localhost/identity/v3 log_opt_values /usr/lib/python3/dist-packages/oslo_config/cfg.py:2609
2025-10-06 00:38:33.376 130560 DEBUG oslo_service.service [req-ca510552-8aa2-4542-bd93-1576c2f04b19 - - - - -] barbican.barbican_api_version = None log_opt_values /usr/lib/python3/dist-packages/oslo_config/cfg.py:2609
2025-10-06 00:38:33.376 130560 DEBUG oslo_service.service [req-ca510552-8aa2-4542-bd93-1576c2f04b19 - - - - -] barbican.barbican_endpoint = None log_opt_values /usr/lib/python3/dist-packages/oslo_config/cfg.py:2609
2025-10-06 00:38:33.377 130560 DEBUG oslo_service.service [req-ca510552-8aa2-4542-bd93-1576c2f04b19 - - - - -] barbican.barbican_endpoint_type = public log_opt_values /usr/lib/python3/dist-packages/oslo_config/cfg.py:2609
2025-10-06 00:38:33.377 130560 DEBUG oslo_service.service [req-ca510552-8aa2-4542-bd93-1576c2f04b19 - - - - -] barbican.barbican_region_name = None log_opt_values /usr/lib/python3/dist-packages/oslo_config/cfg.py:2609
2025-10-06 00:38:33.377 130560 DEBUG oslo_service.service [req-ca510552-8aa2-4542-bd93-1576c2f04b19 - - - - -] barbican.cafile = None log_opt_values /usr/lib/python3/dist-packages/oslo_config/cfg.py:2609
2025-10-06 00:38:33.377 130560 DEBUG oslo_service.service [req-ca510552-8aa2-4542-bd93-1576c2f04b19 - - - - -] barbican.certfile = None log_opt_values /usr/lib/python3/dist-packages/oslo_config/cfg.py:2609
2025-10-06 00:38:33.378 130560 DEBUG oslo_service.service [req-ca510552-8aa2-4542-bd93-1576c2f04b19 - - - - -] barbican.collect_timing = False log_opt_values /usr/lib/python3/dist-packages/oslo_config/cfg.py:2609
2025-10-06 00:38:33.379 130560 DEBUG oslo_service.service [req-ca510552-8aa2-4542-bd93-1576c2f04b19 - - - - -] barbican.insecure = False log_opt_values /usr/lib/python3/dist-packages/oslo_config/cfg.py:2609
2025-10-06 00:38:33.379 130560 DEBUG oslo_service.service [req-ca510552-8aa2-4542-bd93-1576c2f04b19 - - - - -] barbican.keyfile = None log_opt_values /usr/lib/python3/dist-packages/oslo_config/cfg.py:2609
2025-10-06 00:38:33.384 131327 DEBUG oslo_messaging._drivers.amqpdriver [-] Listener is running poll /usr/lib/python3/dist-packages/oslo_messaging/_drivers/amqpdriver.py:343
2025-10-06 00:38:33.500 130560 DEBUG oslo_service.service [req-ca510552-8aa2-4542-bd93-1576c2f04b19 - - - - -] barbican.number_of_retries = 60 log_opt_values /usr/lib/python3/dist-packages/oslo_config/cfg.py:2609
2025-10-06 00:38:33.532 131327 DEBUG oslo_messaging._drivers.amqpdriver [-] AMQPListener connection consume poll /usr/lib/python3/dist-packages/oslo_messaging/_drivers/amqpdriver.py:357
2025-10-06 00:38:33.532 130560 DEBUG oslo_service.service [req-ca510552-8aa2-4542-bd93-1576c2f04b19 - - - - -] barbican.retry_delay = 1 log_opt_values /usr/lib/python3/dist-packages/oslo_config/cfg.py:2609
2025-10-06 00:38:33.532 130560 DEBUG oslo_service.service [req-ca510552-8aa2-4542-bd93-1576c2f04b19 - - - - -] barbican.send_service_user_token = False log_opt_values /usr/lib/python3/dist-packages/oslo_config/cfg.py:2609
2025-10-06 00:38:33.532 130560 DEBUG oslo_service.service [req-ca510552-8aa2-4542-bd93-1576c2f04b19 - - - - -] barbican.split_loggers = False log_opt_values /usr/lib/python3/dist-packages/oslo_config/cfg.py:2609
2025-10-06 00:38:33.532 130560 DEBUG oslo_service.service [req-ca510552-8aa2-4542-bd93-1576c2f04b19 - - - - -] barbican.timeout = None log_opt_values /usr/lib/python3/dist-packages/oslo_config/cfg.py:2609
2025-10-06 00:38:33.533 130560 DEBUG oslo_service.service [req-ca510552-8aa2-4542-bd93-1576c2f04b19 - - - - -] barbican.verify_ssl = True log_opt_values /usr/lib/python3/dist-packages/oslo_config/cfg.py:2609
2025-10-06 00:38:33.532 131327 DEBUG nova.service [req-999cce97-4e55-4d14-85e5-d20b3490ed3f - - - - -] Join ServiceGroup membership for this service conductor start /usr/lib/python3/dist-packages/nova/service.py:199
2025-10-06 00:38:33.533 131327 DEBUG nova.servicegroup.drivers.db [req-999cce97-4e55-4d14-85e5-d20b3490ed3f - - - - -] DB_Driver: join new ServiceGroup member juju-2ee950-0-lxd-7 to the conductor group, service = join /usr/lib/python3/dist-packages/nova/servicegroup/drivers/db.py:44
2025-10-06 00:38:33.533 130560 DEBUG oslo_service.service [req-ca510552-8aa2-4542-bd93-1576c2f04b19 - - - - -] barbican.verify_ssl_path = None log_opt_values /usr/lib/python3/dist-packages/oslo_config/cfg.py:2609
2025-10-06 00:38:33.533 130560 DEBUG oslo_service.service [req-ca510552-8aa2-4542-bd93-1576c2f04b19 - - - - -] barbican_service_user.auth_section = None log_opt_values /usr/lib/python3/dist-packages/oslo_config/cfg.py:2609
2025-10-06 00:38:33.534 130560 DEBUG oslo_service.service [req-ca510552-8aa2-4542-bd93-1576c2f04b19 - - - - -] barbican_service_user.auth_type = None log_opt_values /usr/lib/python3/dist-packages/oslo_config/cfg.py:2609
2025-10-06 00:38:33.534 130560 DEBUG oslo_service.service [req-ca510552-8aa2-4542-bd93-1576c2f04b19 - - - - -] barbican_service_user.cafile = None log_opt_values /usr/lib/python3/dist-packages/oslo_config/cfg.py:2609
2025-10-06 00:38:33.534 130560 DEBUG oslo_service.service [req-ca510552-8aa2-4542-bd93-1576c2f04b19 - - - - -] barbican_service_user.certfile = None log_opt_values /usr/lib/python3/dist-packages/oslo_config/cfg.py:2609
2025-10-06 00:38:33.534 130560 DEBUG oslo_service.service [req-ca510552-8aa2-4542-bd93-1576c2f04b19 - - - - -] barbican_service_user.collect_timing = False log_opt_values /usr/lib/python3/dist-packages/oslo_config/cfg.py:2609
2025-10-06 00:38:33.535 130560 DEBUG oslo_service.service [req-ca510552-8aa2-4542-bd93-1576c2f04b19 - - - - -] barbican_service_user.insecure = False log_opt_values /usr/lib/python3/dist-packages/oslo_config/cfg.py:2609
2025-10-06 00:38:33.535 130560 DEBUG oslo_service.service [req-ca510552-8aa2-4542-bd93-1576c2f04b19 - - - - -] barbican_service_user.keyfile = None log_opt_values /usr/lib/python3/dist-packages/oslo_config/cfg.py:2609
2025-10-06 00:38:33.535 130560 DEBUG oslo_service.service [req-ca510552-8aa2-4542-bd93-1576c2f04b19 - - - - -] barbican_service_user.split_loggers = False log_opt_values /usr/lib/python3/dist-packages/oslo_config/cfg.py:2609
2025-10-06 00:38:33.535 130560 DEBUG oslo_service.service [req-ca510552-8aa2-4542-bd93-1576c2f04b19 - - - - -] barbican_service_user.timeout = None log_opt_values /usr/lib/python3/dist-packages/oslo_config/cfg.py:2609
2025-10-06 00:38:33.535 130560 DEBUG oslo_service.service [req-ca510552-8aa2-4542-bd93-1576c2f04b19 - - - - -] vault.approle_role_id = None log_opt_values /usr/lib/python3/dist-packages/oslo_config/cfg.py:2609
2025-10-06 00:38:33.535 130560 DEBUG oslo_service.service [req-ca510552-8aa2-4542-bd93-1576c2f04b19 - - - - -] vault.approle_secret_id = None log_opt_values /usr/lib/python3/dist-packages/oslo_config/cfg.py:2609
2025-10-06 00:38:33.536 130560 DEBUG oslo_service.service [req-ca510552-8aa2-4542-bd93-1576c2f04b19 - - - - -] vault.cafile = None log_opt_values /usr/lib/python3/dist-packages/oslo_config/cfg.py:2609
2025-10-06 00:38:33.536 131327 DEBUG oslo_messaging._drivers.amqpdriver [-] AMQPListener connection timeout poll /usr/lib/python3/dist-packages/oslo_messaging/_drivers/amqpdriver.py:360
2025-10-06 00:38:33.536 130560 DEBUG oslo_service.service [req-ca510552-8aa2-4542-bd93-1576c2f04b19 - - - - -] vault.certfile = None log_opt_values /usr/lib/python3/dist-packages/oslo_config/cfg.py:2609
2025-10-06 00:38:33.536 131327 DEBUG oslo_messaging._drivers.amqpdriver [-] Listener is running poll /usr/lib/python3/dist-packages/oslo_messaging/_drivers/amqpdriver.py:343
2025-10-06 00:38:33.536 130560 DEBUG oslo_service.service [req-ca510552-8aa2-4542-bd93-1576c2f04b19 - - - - -] vault.collect_timing = False log_opt_values /usr/lib/python3/dist-packages/oslo_config/cfg.py:2609
2025-10-06 00:38:33.536 130560 DEBUG oslo_service.service [req-ca510552-8aa2-4542-bd93-1576c2f04b19 - - - - -] vault.insecure = False log_opt_values /usr/lib/python3/dist-packages/oslo_config/cfg.py:2609
2025-10-06 00:38:33.536 131327 DEBUG oslo_messaging._drivers.amqpdriver [-] AMQPListener connection consume poll /usr/lib/python3/dist-packages/oslo_messaging/_drivers/amqpdriver.py:357
2025-10-06 00:38:33.536 130560 DEBUG oslo_service.service [req-ca510552-8aa2-4542-bd93-1576c2f04b19 - - - - -] vault.keyfile = None log_opt_values /usr/lib/python3/dist-packages/oslo_config/cfg.py:2609
2025-10-06 00:38:33.536 130560 DEBUG oslo_service.service [req-ca510552-8aa2-4542-bd93-1576c2f04b19 - - - - -] vault.kv_mountpoint = secret log_opt_values /usr/lib/python3/dist-packages/oslo_config/cfg.py:2609
2025-10-06 00:38:33.537 130560 DEBUG oslo_service.service [req-ca510552-8aa2-4542-bd93-1576c2f04b19 - - - - -] vault.kv_version = 2 log_opt_values /usr/lib/python3/dist-packages/oslo_config/cfg.py:2609
2025-10-06 00:38:33.537 130560 DEBUG oslo_service.service [req-ca510552-8aa2-4542-bd93-1576c2f04b19 - - - - -] vault.namespace = None log_opt_values /usr/lib/python3/dist-packages/oslo_config/cfg.py:2609
2025-10-06 00:38:33.537 130560 DEBUG oslo_service.service [req-ca510552-8aa2-4542-bd93-1576c2f04b19 - - - - -] vault.root_token_id = None log_opt_values /usr/lib/python3/dist-packages/oslo_config/cfg.py:2609
