2025-10-06 00:38:49.432 136262 DEBUG oslo_service.service [req-d779bed7-8183-4dd1-a749-43536f767027 - - - - -] volume_usage_poll_interval = 0 log_opt_values /usr/lib/python3/dist-packages/oslo_config/cfg.py:2602
2025-10-06 00:38:49.432 136262 DEBUG oslo_service.service [req-d779bed7-8183-4dd1-a749-43536f767027 - - - - -] watch_log_file = False log_opt_values /usr/lib/python3/dist-packages/oslo_config/cfg.py:2602
2025-10-06 00:38:49.433 136262 DEBUG oslo_service.service [req-d779bed7-8183-4dd1-a749-43536f767027 - - - - -] web = /usr/share/spice-html5 log_opt_values /usr/lib/python3/dist-packages/oslo_config/cfg.py:2602
2025-10-06 00:38:49.433 136262 DEBUG oslo_service.service [req-d779bed7-8183-4dd1-a749-43536f767027 - - - - -] oslo_concurrency.disable_process_locking = False log_opt_values /usr/lib/python3/dist-packages/oslo_config/cfg.py:2609
2025-10-06 00:38:49.433 136262 DEBUG oslo_service.service [req-d779bed7-8183-4dd1-a749-43536f767027 - - - - -] oslo_concurrency.lock_path = /var/lock/nova log_opt_values /usr/lib/python3/dist-packages/oslo_config/cfg.py:2609
2025-10-06 00:38:49.433 136262 DEBUG oslo_service.service [req-d779bed7-8183-4dd1-a749-43536f767027 - - - - -] oslo_messaging_metrics.metrics_buffer_size = 1000 log_opt_values /usr/lib/python3/dist-packages/oslo_config/cfg.py:2609
2025-10-06 00:38:49.434 136262 DEBUG oslo_service.service [req-d779bed7-8183-4dd1-a749-43536f767027 - - - - -] oslo_messaging_metrics.metrics_enabled = False log_opt_values /usr/lib/python3/dist-packages/oslo_config/cfg.py:2609
2025-10-06 00:38:49.434 136262 DEBUG oslo_service.service [req-d779bed7-8183-4dd1-a749-43536f767027 - - - - -] oslo_messaging_metrics.metrics_process_name = log_opt_values /usr/lib/python3/dist-packages/oslo_config/cfg.py:2609
2025-10-06 00:38:49.434 136262 DEBUG oslo_service.service [req-d779bed7-8183-4dd1-a749-43536f767027 - - - - -] oslo_messaging_metrics.metrics_socket_file = /var/tmp/metrics_collector.sock log_opt_values /usr/lib/python3/dist-packages/oslo_config/cfg.py:2609
2025-10-06 00:38:49.434 136262 DEBUG oslo_service.service [req-d779bed7-8183-4dd1-a749-43536f767027 - - - - -] oslo_messaging_metrics.metrics_thread_stop_timeout = 10 log_opt_values /usr/lib/python3/dist-packages/oslo_config/cfg.py:2609
2025-10-06 00:38:49.434 136586 DEBUG nova.service [req-2f479da3-e0ae-42e6-b314-7ee0f30248e8 - - - - -] Creating RPC server for service conductor start /usr/lib/python3/dist-packages/nova/service.py:182
2025-10-06 00:38:49.435 136262 WARNING oslo_config.cfg [req-d779bed7-8183-4dd1-a749-43536f767027 - - - - -] Deprecated: Option "auth_strategy" from group "api" is deprecated for removal ( The only non-default choice, ``noauth2``, is for internal development and testing purposes only and should not be used in deployments. This option and its middleware, NoAuthMiddleware[V2_18], will be removed in a future release. ). Its value may be silently ignored in the future.
2025-10-06 00:38:49.435 136262 DEBUG oslo_service.service [req-d779bed7-8183-4dd1-a749-43536f767027 - - - - -] api.auth_strategy = keystone log_opt_values /usr/lib/python3/dist-packages/oslo_config/cfg.py:2609
2025-10-06 00:38:49.435 136262 DEBUG oslo_service.service [req-d779bed7-8183-4dd1-a749-43536f767027 - - - - -] api.compute_link_prefix = None log_opt_values /usr/lib/python3/dist-packages/oslo_config/cfg.py:2609
2025-10-06 00:38:49.436 136262 DEBUG oslo_service.service [req-d779bed7-8183-4dd1-a749-43536f767027 - - - - -] api.config_drive_skip_versions = 1.0 2007-01-19 2007-03-01 2007-08-29 2007-10-10 2007-12-15 2008-02-01 2008-09-01 log_opt_values /usr/lib/python3/dist-packages/oslo_config/cfg.py:2609
2025-10-06 00:38:49.436 136262 DEBUG oslo_service.service [req-d779bed7-8183-4dd1-a749-43536f767027 - - - - -] api.dhcp_domain = novalocal log_opt_values /usr/lib/python3/dist-packages/oslo_config/cfg.py:2609
2025-10-06 00:38:49.436 136262 DEBUG oslo_service.service [req-d779bed7-8183-4dd1-a749-43536f767027 - - - - -] api.enable_instance_password = True log_opt_values /usr/lib/python3/dist-packages/oslo_config/cfg.py:2609
2025-10-06 00:38:49.436 136262 DEBUG oslo_service.service [req-d779bed7-8183-4dd1-a749-43536f767027 - - - - -] api.glance_link_prefix = None log_opt_values /usr/lib/python3/dist-packages/oslo_config/cfg.py:2609
2025-10-06 00:38:49.436 136262 DEBUG oslo_service.service [req-d779bed7-8183-4dd1-a749-43536f767027 - - - - -] api.instance_list_cells_batch_fixed_size = 100 log_opt_values /usr/lib/python3/dist-packages/oslo_config/cfg.py:2609
2025-10-06 00:38:49.436 136262 DEBUG oslo_service.service [req-d779bed7-8183-4dd1-a749-43536f767027 - - - - -] api.instance_list_cells_batch_strategy = distributed log_opt_values /usr/lib/python3/dist-packages/oslo_config/cfg.py:2609
2025-10-06 00:38:49.437 136262 DEBUG oslo_service.service [req-d779bed7-8183-4dd1-a749-43536f767027 - - - - -] api.instance_list_per_project_cells = False log_opt_values /usr/lib/python3/dist-packages/oslo_config/cfg.py:2609
2025-10-06 00:38:49.437 136262 DEBUG oslo_service.service [req-d779bed7-8183-4dd1-a749-43536f767027 - - - - -] api.list_records_by_skipping_down_cells = True log_opt_values /usr/lib/python3/dist-packages/oslo_config/cfg.py:2609
2025-10-06 00:38:49.437 136262 DEBUG oslo_service.service [req-d779bed7-8183-4dd1-a749-43536f767027 - - - - -] api.local_metadata_per_cell = False log_opt_values /usr/lib/python3/dist-packages/oslo_config/cfg.py:2609
2025-10-06 00:38:49.437 136262 DEBUG oslo_service.service [req-d779bed7-8183-4dd1-a749-43536f767027 - - - - -] api.max_limit = 1000 log_opt_values /usr/lib/python3/dist-packages/oslo_config/cfg.py:2609
2025-10-06 00:38:49.437 136262 DEBUG oslo_service.service [req-d779bed7-8183-4dd1-a749-43536f767027 - - - - -] api.metadata_cache_expiration = 15 log_opt_values /usr/lib/python3/dist-packages/oslo_config/cfg.py:2609
2025-10-06 00:38:49.437 136262 DEBUG oslo_service.service [req-d779bed7-8183-4dd1-a749-43536f767027 - - - - -] api.neutron_default_tenant_id = default log_opt_values /usr/lib/python3/dist-packages/oslo_config/cfg.py:2609
2025-10-06 00:38:49.438 136262 DEBUG oslo_service.service [req-d779bed7-8183-4dd1-a749-43536f767027 - - - - -] api.use_forwarded_for = False log_opt_values /usr/lib/python3/dist-packages/oslo_config/cfg.py:2609
2025-10-06 00:38:49.438 136262 DEBUG oslo_service.service [req-d779bed7-8183-4dd1-a749-43536f767027 - - - - -] api.use_neutron_default_nets = False log_opt_values /usr/lib/python3/dist-packages/oslo_config/cfg.py:2609
2025-10-06 00:38:49.440 136262 DEBUG oslo_service.service [req-d779bed7-8183-4dd1-a749-43536f767027 - - - - -] api.vendordata_dynamic_connect_timeout = 5 log_opt_values /usr/lib/python3/dist-packages/oslo_config/cfg.py:2609
2025-10-06 00:38:49.440 136262 DEBUG oslo_service.service [req-d779bed7-8183-4dd1-a749-43536f767027 - - - - -] api.vendordata_dynamic_failure_fatal = False log_opt_values /usr/lib/python3/dist-packages/oslo_config/cfg.py:2609
2025-10-06 00:38:49.441 136262 DEBUG oslo_service.service [req-d779bed7-8183-4dd1-a749-43536f767027 - - - - -] api.vendordata_dynamic_read_timeout = 5 log_opt_values /usr/lib/python3/dist-packages/oslo_config/cfg.py:2609
2025-10-06 00:38:49.441 136583 DEBUG oslo_messaging._drivers.amqpdriver [-] Listener is running poll /usr/lib/python3/dist-packages/oslo_messaging/_drivers/amqpdriver.py:343
2025-10-06 00:38:49.441 136262 DEBUG oslo_service.service [req-d779bed7-8183-4dd1-a749-43536f767027 - - - - -] api.vendordata_dynamic_ssl_certfile = log_opt_values /usr/lib/python3/dist-packages/oslo_config/cfg.py:2609
2025-10-06 00:38:49.441 136583 DEBUG oslo_messaging._drivers.amqpdriver [-] AMQPListener connection consume poll /usr/lib/python3/dist-packages/oslo_messaging/_drivers/amqpdriver.py:357
2025-10-06 00:38:49.441 136262 DEBUG oslo_service.service [req-d779bed7-8183-4dd1-a749-43536f767027 - - - - -] api.vendordata_dynamic_targets = [] log_opt_values /usr/lib/python3/dist-packages/oslo_config/cfg.py:2609
2025-10-06 00:38:49.441 136262 DEBUG oslo_service.service [req-d779bed7-8183-4dd1-a749-43536f767027 - - - - -] api.vendordata_jsonfile_path = None log_opt_values /usr/lib/python3/dist-packages/oslo_config/cfg.py:2609
2025-10-06 00:38:49.442 136583 DEBUG nova.service [req-dd7d3536-7f80-47c0-8d89-0e2963ae75ef - - - - -] Join ServiceGroup membership for this service conductor start /usr/lib/python3/dist-packages/nova/service.py:199
2025-10-06 00:38:49.442 136262 DEBUG oslo_service.service [req-d779bed7-8183-4dd1-a749-43536f767027 - - - - -] api.vendordata_providers = ['StaticJSON'] log_opt_values /usr/lib/python3/dist-packages/oslo_config/cfg.py:2609
2025-10-06 00:38:49.442 136262 DEBUG oslo_service.service [req-d779bed7-8183-4dd1-a749-43536f767027 - - - - -] cache.backend = dogpile.cache.null log_opt_values /usr/lib/python3/dist-packages/oslo_config/cfg.py:2609
2025-10-06 00:38:49.442 136262 DEBUG oslo_service.service [req-d779bed7-8183-4dd1-a749-43536f767027 - - - - -] cache.backend_argument = **** log_opt_values /usr/lib/python3/dist-packages/oslo_config/cfg.py:2609
2025-10-06 00:38:49.442 136262 DEBUG oslo_service.service [req-d779bed7-8183-4dd1-a749-43536f767027 - - - - -] cache.config_prefix = cache.oslo log_opt_values /usr/lib/python3/dist-packages/oslo_config/cfg.py:2609
2025-10-06 00:38:49.443 136262 DEBUG oslo_service.service [req-d779bed7-8183-4dd1-a749-43536f767027 - - - - -] cache.debug_cache_backend = False log_opt_values /usr/lib/python3/dist-packages/oslo_config/cfg.py:2609
2025-10-06 00:38:49.443 136262 DEBUG oslo_service.service [req-d779bed7-8183-4dd1-a749-43536f767027 - - - - -] cache.enabled = False log_opt_values /usr/lib/python3/dist-packages/oslo_config/cfg.py:2609
2025-10-06 00:38:49.443 136262 DEBUG oslo_service.service [req-d779bed7-8183-4dd1-a749-43536f767027 - - - - -] cache.expiration_time = 600 log_opt_values /usr/lib/python3/dist-packages/oslo_config/cfg.py:2609
2025-10-06 00:38:49.443 136262 DEBUG oslo_service.service [req-d779bed7-8183-4dd1-a749-43536f767027 - - - - -] cache.memcache_dead_retry = 300 log_opt_values /usr/lib/python3/dist-packages/oslo_config/cfg.py:2609
2025-10-06 00:38:49.443 136583 DEBUG nova.servicegroup.drivers.db [req-dd7d3536-7f80-47c0-8d89-0e2963ae75ef - - - - -] DB_Driver: join new ServiceGroup member juju-2ee950-0-lxd-7 to the conductor group, service = join /usr/lib/python3/dist-packages/nova/servicegroup/drivers/db.py:44
2025-10-06 00:38:49.443 136262 DEBUG oslo_service.service [req-d779bed7-8183-4dd1-a749-43536f767027 - - - - -] cache.memcache_pool_connection_get_timeout = 10 log_opt_values /usr/lib/python3/dist-packages/oslo_config/cfg.py:2609
2025-10-06 00:38:49.444 136583 DEBUG oslo_messaging._drivers.amqpdriver [-] received message msg_id: cbc43c41796c47d6a67cd4967ef52609 reply to reply_46a0fb98237c45398d886a8e1881eed2 __call__ /usr/lib/python3/dist-packages/oslo_messaging/_drivers/amqpdriver.py:320
2025-10-06 00:38:49.444 136262 DEBUG oslo_service.service [req-d779bed7-8183-4dd1-a749-43536f767027 - - - - -] cache.memcache_pool_flush_on_reconnect = False log_opt_values /usr/lib/python3/dist-packages/oslo_config/cfg.py:2609
2025-10-06 00:38:49.445 136262 DEBUG oslo_service.service [req-d779bed7-8183-4dd1-a749-43536f767027 - - - - -] cache.memcache_pool_maxsize = 10 log_opt_values /usr/lib/python3/dist-packages/oslo_config/cfg.py:2609
2025-10-06 00:38:49.445 136262 DEBUG oslo_service.service [req-d779bed7-8183-4dd1-a749-43536f767027 - - - - -] cache.memcache_pool_unused_timeout = 60 log_opt_values /usr/lib/python3/dist-packages/oslo_config/cfg.py:2609
2025-10-06 00:38:49.445 136262 DEBUG oslo_service.service [req-d779bed7-8183-4dd1-a749-43536f767027 - - - - -] cache.memcache_servers = ['localhost:11211'] log_opt_values /usr/lib/python3/dist-packages/oslo_config/cfg.py:2609
2025-10-06 00:38:49.445 136262 DEBUG oslo_service.service [req-d779bed7-8183-4dd1-a749-43536f767027 - - - - -] cache.memcache_socket_timeout = 1.0 log_opt_values /usr/lib/python3/dist-packages/oslo_config/cfg.py:2609
2025-10-06 00:38:49.445 136262 DEBUG oslo_service.service [req-d779bed7-8183-4dd1-a749-43536f767027 - - - - -] cache.proxies = [] log_opt_values /usr/lib/python3/dist-packages/oslo_config/cfg.py:2609
2025-10-06 00:38:49.445 136262 DEBUG oslo_service.service [req-d779bed7-8183-4dd1-a749-43536f767027 - - - - -] cache.tls_allowed_ciphers = None log_opt_values /usr/lib/python3/dist-packages/oslo_config/cfg.py:2609
2025-10-06 00:38:49.446 136262 DEBUG oslo_service.service [req-d779bed7-8183-4dd1-a749-43536f767027 - - - - -] cache.tls_cafile = None log_opt_values /usr/lib/python3/dist-packages/oslo_config/cfg.py:2609
2025-10-06 00:38:49.446 136262 DEBUG oslo_service.service [req-d779bed7-8183-4dd1-a749-43536f767027 - - - - -] cache.tls_certfile = None log_opt_values /usr/lib/python3/dist-packages/oslo_config/cfg.py:2609
2025-10-06 00:38:49.446 136262 DEBUG oslo_service.service [req-d779bed7-8183-4dd1-a749-43536f767027 - - - - -] cache.tls_enabled = False log_opt_values /usr/lib/python3/dist-packages/oslo_config/cfg.py:2609
2025-10-06 00:38:49.446 136262 DEBUG oslo_service.service [req-d779bed7-8183-4dd1-a749-43536f767027 - - - - -] cache.tls_keyfile = None log_opt_values /usr/lib/python3/dist-packages/oslo_config/cfg.py:2609
2025-10-06 00:38:49.446 136262 DEBUG oslo_service.service [req-d779bed7-8183-4dd1-a749-43536f767027 - - - - -] cinder.auth_section = None log_opt_values /usr/lib/python3/dist-packages/oslo_config/cfg.py:2609
2025-10-06 00:38:49.446 136583 DEBUG oslo_messaging._drivers.amqpdriver [-] AMQPListener connection timeout poll /usr/lib/python3/dist-packages/oslo_messaging/_drivers/amqpdriver.py:360
2025-10-06 00:38:49.446 136583 DEBUG oslo_messaging._drivers.amqpdriver [-] Listener is running poll /usr/lib/python3/dist-packages/oslo_messaging/_drivers/amqpdriver.py:343
2025-10-06 00:38:49.446 136262 DEBUG oslo_service.service [req-d779bed7-8183-4dd1-a749-43536f767027 - - - - -] cinder.auth_type = None log_opt_values /usr/lib/python3/dist-packages/oslo_config/cfg.py:2609
2025-10-06 00:38:49.447 136583 DEBUG oslo_messaging._drivers.amqpdriver [-] Poll the incoming message with unique_id: 66bbf978ccac471a8aee313fadea30a2 poll /usr/lib/python3/dist-packages/oslo_messaging/_drivers/amqpdriver.py:346
2025-10-06 00:38:49.447 136262 DEBUG oslo_service.service [req-d779bed7-8183-4dd1-a749-43536f767027 - - - - -] cinder.cafile = None log_opt_values /usr/lib/python3/dist-packages/oslo_config/cfg.py:2609
2025-10-06 00:38:49.447 136262 DEBUG oslo_service.service [req-d779bed7-8183-4dd1-a749-43536f767027 - - - - -] cinder.catalog_info = volumev3::publicURL log_opt_values /usr/lib/python3/dist-packages/oslo_config/cfg.py:2609
2025-10-06 00:38:49.447 136583 DEBUG oslo_messaging._drivers.amqpdriver [-] Listener is running poll /usr/lib/python3/dist-packages/oslo_messaging/_drivers/amqpdriver.py:343
2025-10-06 00:38:49.447 136262 DEBUG oslo_service.service [req-d779bed7-8183-4dd1-a749-43536f767027 - - - - -] cinder.certfile = None log_opt_values /usr/lib/python3/dist-packages/oslo_config/cfg.py:2609
2025-10-06 00:38:49.447 136585 DEBUG nova.service [req-76c768e4-293b-4f69-aa0e-d2c9706b7a1d - - - - -] Creating RPC server for service conductor start /usr/lib/python3/dist-packages/nova/service.py:182
2025-10-06 00:38:49.447 136583 DEBUG oslo_messaging._drivers.amqpdriver [-] AMQPListener connection consume poll /usr/lib/python3/dist-packages/oslo_messaging/_drivers/amqpdriver.py:357
2025-10-06 00:38:49.447 136262 DEBUG oslo_service.service [req-d779bed7-8183-4dd1-a749-43536f767027 - - - - -] cinder.collect_timing = False log_opt_values /usr/lib/python3/dist-packages/oslo_config/cfg.py:2609
2025-10-06 00:38:49.447 136262 DEBUG oslo_service.service [req-d779bed7-8183-4dd1-a749-43536f767027 - - - - -] cinder.cross_az_attach = True log_opt_values /usr/lib/python3/dist-packages/oslo_config/cfg.py:2609
2025-10-06 00:38:49.448 136262 DEBUG oslo_service.service [req-d779bed7-8183-4dd1-a749-43536f767027 - - - - -] cinder.debug = False log_opt_values /usr/lib/python3/dist-packages/oslo_config/cfg.py:2609
2025-10-06 00:38:49.448 136262 DEBUG oslo_service.service [req-d779bed7-8183-4dd1-a749-43536f767027 - - - - -] cinder.endpoint_template = None log_opt_values /usr/lib/python3/dist-packages/oslo_config/cfg.py:2609
2025-10-06 00:38:49.448 136262 DEBUG oslo_service.service [req-d779bed7-8183-4dd1-a749-43536f767027 - - - - -] cinder.http_retries = 3 log_opt_values /usr/lib/python3/dist-packages/oslo_config/cfg.py:2609
2025-10-06 00:38:49.448 136262 DEBUG oslo_service.service [req-d779bed7-8183-4dd1-a749-43536f767027 - - - - -] cinder.insecure = False log_opt_values /usr/lib/python3/dist-packages/oslo_config/cfg.py:2609
2025-10-06 00:38:49.449 136262 DEBUG oslo_service.service [req-d779bed7-8183-4dd1-a749-43536f767027 - - - - -] cinder.keyfile = None log_opt_values /usr/lib/python3/dist-packages/oslo_config/cfg.py:2609
2025-10-06 00:38:49.449 136262 DEBUG oslo_service.service [req-d779bed7-8183-4dd1-a749-43536f767027 - - - - -] cinder.os_region_name = None log_opt_values /usr/lib/python3/dist-packages/oslo_config/cfg.py:2609
2025-10-06 00:38:49.449 136262 DEBUG oslo_service.service [req-d779bed7-8183-4dd1-a749-43536f767027 - - - - -] cinder.split_loggers = False log_opt_values /usr/lib/python3/dist-packages/oslo_config/cfg.py:2609
2025-10-06 00:38:49.449 136262 DEBUG oslo_service.service [req-d779bed7-8183-4dd1-a749-43536f767027 - - - - -] cinder.timeout = None log_opt_values /usr/lib/python3/dist-packages/oslo_config/cfg.py:2609
2025-10-06 00:38:49.449 136262 DEBUG oslo_service.service [req-d779bed7-8183-4dd1-a749-43536f767027 - - - - -] compute.consecutive_build_service_disable_threshold = 10 log_opt_values /usr/lib/python3/dist-packages/oslo_config/cfg.py:2609
2025-10-06 00:38:49.449 136262 DEBUG oslo_service.service [req-d779bed7-8183-4dd1-a749-43536f767027 - - - - -] compute.cpu_dedicated_set = None log_opt_values /usr/lib/python3/dist-packages/oslo_config/cfg.py:2609
2025-10-06 00:38:49.450 136262 DEBUG oslo_service.service [req-d779bed7-8183-4dd1-a749-43536f767027 - - - - -] compute.cpu_shared_set = None log_opt_values /usr/lib/python3/dist-packages/oslo_config/cfg.py:2609
2025-10-06 00:38:49.450 136262 DEBUG oslo_service.service [req-d779bed7-8183-4dd1-a749-43536f767027 - - - - -] compute.image_type_exclude_list = [] log_opt_values /usr/lib/python3/dist-packages/oslo_config/cfg.py:2609
2025-10-06 00:38:49.450 136262 DEBUG oslo_service.service [req-d779bed7-8183-4dd1-a749-43536f767027 - - - - -] compute.live_migration_wait_for_vif_plug = True log_opt_values /usr/lib/python3/dist-packages/oslo_config/cfg.py:2609
2025-10-06 00:38:49.450 136262 DEBUG oslo_service.service [req-d779bed7-8183-4dd1-a749-43536f767027 - - - - -] compute.max_concurrent_disk_ops = 0 log_opt_values /usr/lib/python3/dist-packages/oslo_config/cfg.py:2609
2025-10-06 00:38:49.451 136262 DEBUG oslo_service.service [req-d779bed7-8183-4dd1-a749-43536f767027 - - - - -] compute.max_disk_devices_to_attach = -1 log_opt_values /usr/lib/python3/dist-packages/oslo_config/cfg.py:2609
2025-10-06 00:38:49.451 136262 DEBUG oslo_service.service [req-d779bed7-8183-4dd1-a749-43536f767027 - - - - -] compute.packing_host_numa_cells_allocation_strategy = True log_opt_values /usr/lib/python3/dist-packages/oslo_config/cfg.py:2609
2025-10-06 00:38:49.451 136262 DEBUG oslo_service.service [req-d779bed7-8183-4dd1-a749-43536f767027 - - - - -] compute.provider_config_location = /etc/nova/provider_config/ log_opt_values /usr/lib/python3/dist-packages/oslo_config/cfg.py:2609
2025-10-06 00:38:49.451 136262 DEBUG oslo_service.service [req-d779bed7-8183-4dd1-a749-43536f767027 - - - - -] compute.resource_provider_association_refresh = 300 log_opt_values /usr/lib/python3/dist-packages/oslo_config/cfg.py:2609
2025-10-06 00:38:49.451 136262 DEBUG oslo_service.service [req-d779bed7-8183-4dd1-a749-43536f767027 - - - - -] compute.shutdown_retry_interval = 10 log_opt_values /usr/lib/python3/dist-packages/oslo_config/cfg.py:2609
2025-10-06 00:38:49.451 136262 DEBUG oslo_service.service [req-d779bed7-8183-4dd1-a749-43536f767027 - - - - -] compute.vmdk_allowed_types = ['streamOptimized', 'monolithicSparse'] log_opt_values /usr/lib/python3/dist-packages/oslo_config/cfg.py:2609
2025-10-06 00:38:49.452 136262 DEBUG oslo_service.service [req-d779bed7-8183-4dd1-a749-43536f767027 - - - - -] conductor.workers = 4 log_opt_values /usr/lib/python3/dist-packages/oslo_config/cfg.py:2609
2025-10-06 00:38:49.452 136262 DEBUG oslo_service.service [req-d779bed7-8183-4dd1-a749-43536f767027 - - - - -] console.allowed_origins = [] log_opt_values /usr/lib/python3/dist-packages/oslo_config/cfg.py:2609
2025-10-06 00:38:49.452 136262 DEBUG oslo_service.service [req-d779bed7-8183-4dd1-a749-43536f767027 - - - - -] console.ssl_ciphers = None log_opt_values /usr/lib/python3/dist-packages/oslo_config/cfg.py:2609
2025-10-06 00:38:49.452 136262 DEBUG oslo_service.service [req-d779bed7-8183-4dd1-a749-43536f767027 - - - - -] console.ssl_minimum_version = default log_opt_values /usr/lib/python3/dist-packages/oslo_config/cfg.py:2609
2025-10-06 00:38:49.452 136262 DEBUG oslo_service.service [req-d779bed7-8183-4dd1-a749-43536f767027 - - - - -] consoleauth.token_ttl = 600 log_opt_values /usr/lib/python3/dist-packages/oslo_config/cfg.py:2609
2025-10-06 00:38:49.452 136262 DEBUG oslo_service.service [req-d779bed7-8183-4dd1-a749-43536f767027 - - - - -] cyborg.cafile = None log_opt_values /usr/lib/python3/dist-packages/oslo_config/cfg.py:2609
2025-10-06 00:38:49.453 136262 DEBUG oslo_service.service [req-d779bed7-8183-4dd1-a749-43536f767027 - - - - -] cyborg.certfile = None log_opt_values /usr/lib/python3/dist-packages/oslo_config/cfg.py:2609
2025-10-06 00:38:49.453 136262 DEBUG oslo_service.service [req-d779bed7-8183-4dd1-a749-43536f767027 - - - - -] cyborg.collect_timing = False log_opt_values /usr/lib/python3/dist-packages/oslo_config/cfg.py:2609
2025-10-06 00:38:49.453 136262 DEBUG oslo_service.service [req-d779bed7-8183-4dd1-a749-43536f767027 - - - - -] cyborg.connect_retries = None log_opt_values /usr/lib/python3/dist-packages/oslo_config/cfg.py:2609
2025-10-06 00:38:49.453 136262 DEBUG oslo_service.service [req-d779bed7-8183-4dd1-a749-43536f767027 - - - - -] cyborg.connect_retry_delay = None log_opt_values /usr/lib/python3/dist-packages/oslo_config/cfg.py:2609
2025-10-06 00:38:49.454 136262 DEBUG oslo_service.service [req-d779bed7-8183-4dd1-a749-43536f767027 - - - - -] cyborg.endpoint_override = None log_opt_values /usr/lib/python3/dist-packages/oslo_config/cfg.py:2609
2025-10-06 00:38:49.454 136262 DEBUG oslo_service.service [req-d779bed7-8183-4dd1-a749-43536f767027 - - - - -] cyborg.insecure = False log_opt_values /usr/lib/python3/dist-packages/oslo_config/cfg.py:2609
2025-10-06 00:38:49.454 136262 DEBUG oslo_service.service [req-d779bed7-8183-4dd1-a749-43536f767027 - - - - -] cyborg.keyfile = None log_opt_values /usr/lib/python3/dist-packages/oslo_config/cfg.py:2609
2025-10-06 00:38:49.454 136262 DEBUG oslo_service.service [req-d779bed7-8183-4dd1-a749-43536f767027 - - - - -] cyborg.max_version = None log_opt_values /usr/lib/python3/dist-packages/oslo_config/cfg.py:2609
2025-10-06 00:38:49.454 136262 DEBUG oslo_service.service [req-d779bed7-8183-4dd1-a749-43536f767027 - - - - -] cyborg.min_version = None log_opt_values /usr/lib/python3/dist-packages/oslo_config/cfg.py:2609
2025-10-06 00:38:49.455 136262 DEBUG oslo_service.service [req-d779bed7-8183-4dd1-a749-43536f767027 - - - - -] cyborg.region_name = None log_opt_values /usr/lib/python3/dist-packages/oslo_config/cfg.py:2609
2025-10-06 00:38:49.455 136262 DEBUG oslo_service.service [req-d779bed7-8183-4dd1-a749-43536f767027 - - - - -] cyborg.service_name = None log_opt_values /usr/lib/python3/dist-packages/oslo_config/cfg.py:2609
2025-10-06 00:38:49.455 136262 DEBUG oslo_service.service [req-d779bed7-8183-4dd1-a749-43536f767027 - - - - -] cyborg.service_type = accelerator log_opt_values /usr/lib/python3/dist-packages/oslo_config/cfg.py:2609
2025-10-06 00:38:49.456 136262 DEBUG oslo_service.service [req-d779bed7-8183-4dd1-a749-43536f767027 - - - - -] cyborg.split_loggers = False log_opt_values /usr/lib/python3/dist-packages/oslo_config/cfg.py:2609
2025-10-06 00:38:49.456 136262 DEBUG oslo_service.service [req-d779bed7-8183-4dd1-a749-43536f767027 - - - - -] cyborg.status_code_retries = None log_opt_values /usr/lib/python3/dist-packages/oslo_config/cfg.py:2609
2025-10-06 00:38:49.456 136262 DEBUG oslo_service.service [req-d779bed7-8183-4dd1-a749-43536f767027 - - - - -] cyborg.status_code_retry_delay = None log_opt_values /usr/lib/python3/dist-packages/oslo_config/cfg.py:2609
2025-10-06 00:38:49.456 136262 DEBUG oslo_service.service [req-d779bed7-8183-4dd1-a749-43536f767027 - - - - -] cyborg.timeout = None log_opt_values /usr/lib/python3/dist-packages/oslo_config/cfg.py:2609
2025-10-06 00:38:49.456 136262 DEBUG oslo_service.service [req-d779bed7-8183-4dd1-a749-43536f767027 - - - - -] cyborg.valid_interfaces = ['internal', 'public'] log_opt_values /usr/lib/python3/dist-packages/oslo_config/cfg.py:2609
2025-10-06 00:38:49.457 136262 DEBUG oslo_service.service [req-d779bed7-8183-4dd1-a749-43536f767027 - - - - -] cyborg.version = None log_opt_values /usr/lib/python3/dist-packages/oslo_config/cfg.py:2609
2025-10-06 00:38:49.457 136262 DEBUG oslo_service.service [req-d779bed7-8183-4dd1-a749-43536f767027 - - - - -] database.backend = sqlalchemy log_opt_values /usr/lib/python3/dist-packages/oslo_config/cfg.py:2609
2025-10-06 00:38:49.457 136584 DEBUG oslo_messaging._drivers.amqpdriver [-] Listener is running poll /usr/lib/python3/dist-packages/oslo_messaging/_drivers/amqpdriver.py:343
2025-10-06 00:38:49.457 136586 DEBUG oslo_messaging._drivers.amqpdriver [-] Listener is running poll /usr/lib/python3/dist-packages/oslo_messaging/_drivers/amqpdriver.py:343
2025-10-06 00:38:49.457 136584 DEBUG oslo_messaging._drivers.amqpdriver [-] AMQPListener connection consume poll /usr/lib/python3/dist-packages/oslo_messaging/_drivers/amqpdriver.py:357
2025-10-06 00:38:49.457 136262 DEBUG oslo_service.service [req-d779bed7-8183-4dd1-a749-43536f767027 - - - - -] database.connection = **** log_opt_values /usr/lib/python3/dist-packages/oslo_config/cfg.py:2609
2025-10-06 00:38:49.457 136586 DEBUG oslo_messaging._drivers.amqpdriver [-] AMQPListener connection consume poll /usr/lib/python3/dist-packages/oslo_messaging/_drivers/amqpdriver.py:357
2025-10-06 00:38:49.457 136262 DEBUG oslo_service.service [req-d779bed7-8183-4dd1-a749-43536f767027 - - - - -] database.connection_debug = 0 log_opt_values /usr/lib/python3/dist-packages/oslo_config/cfg.py:2609
2025-10-06 00:38:49.458 136262 DEBUG oslo_service.service [req-d779bed7-8183-4dd1-a749-43536f767027 - - - - -] database.connection_parameters = log_opt_values /usr/lib/python3/dist-packages/oslo_config/cfg.py:2609
2025-10-06 00:38:49.458 136586 DEBUG nova.service [req-2f479da3-e0ae-42e6-b314-7ee0f30248e8 - - - - -] Join ServiceGroup membership for this service conductor start /usr/lib/python3/dist-packages/nova/service.py:199
2025-10-06 00:38:49.458 136262 DEBUG oslo_service.service [req-d779bed7-8183-4dd1-a749-43536f767027 - - - - -] database.connection_recycle_time = 3600 log_opt_values /usr/lib/python3/dist-packages/oslo_config/cfg.py:2609
2025-10-06 00:38:49.458 136586 DEBUG nova.servicegroup.drivers.db [req-2f479da3-e0ae-42e6-b314-7ee0f30248e8 - - - - -] DB_Driver: join new ServiceGroup member juju-2ee950-0-lxd-7 to the conductor group, service = join /usr/lib/python3/dist-packages/nova/servicegroup/drivers/db.py:44
2025-10-06 00:38:49.458 136262 DEBUG oslo_service.service [req-d779bed7-8183-4dd1-a749-43536f767027 - - - - -] database.connection_trace = False log_opt_values /usr/lib/python3/dist-packages/oslo_config/cfg.py:2609
2025-10-06 00:38:49.458 136262 DEBUG oslo_service.service [req-d779bed7-8183-4dd1-a749-43536f767027 - - - - -] database.db_inc_retry_interval = True log_opt_values /usr/lib/python3/dist-packages/oslo_config/cfg.py:2609
2025-10-06 00:38:49.459 136262 DEBUG oslo_service.service [req-d779bed7-8183-4dd1-a749-43536f767027 - - - - -] database.db_max_retries = 20 log_opt_values /usr/lib/python3/dist-packages/oslo_config/cfg.py:2609
2025-10-06 00:38:49.458 136584 DEBUG nova.service [req-b39596a6-049c-4c2d-8284-17fb3e57cf75 - - - - -] Join ServiceGroup membership for this service conductor start /usr/lib/python3/dist-packages/nova/service.py:199
2025-10-06 00:38:49.459 136262 DEBUG oslo_service.service [req-d779bed7-8183-4dd1-a749-43536f767027 - - - - -] database.db_max_retry_interval = 10 log_opt_values /usr/lib/python3/dist-packages/oslo_config/cfg.py:2609
2025-10-06 00:38:49.459 136262 DEBUG oslo_service.service [req-d779bed7-8183-4dd1-a749-43536f767027 - - - - -] database.db_retry_interval = 1 log_opt_values /usr/lib/python3/dist-packages/oslo_config/cfg.py:2609
2025-10-06 00:38:49.459 136584 DEBUG nova.servicegroup.drivers.db [req-b39596a6-049c-4c2d-8284-17fb3e57cf75 - - - - -] DB_Driver: join new ServiceGroup member juju-2ee950-0-lxd-7 to the conductor group, service = join /usr/lib/python3/dist-packages/nova/servicegroup/drivers/db.py:44
2025-10-06 00:38:49.459 136262 DEBUG oslo_service.service [req-d779bed7-8183-4dd1-a749-43536f767027 - - - - -] database.max_overflow = 50 log_opt_values /usr/lib/python3/dist-packages/oslo_config/cfg.py:2609
2025-10-06 00:38:49.460 136262 DEBUG oslo_service.service [req-d779bed7-8183-4dd1-a749-43536f767027 - - - - -] database.max_pool_size = 4 log_opt_values /usr/lib/python3/dist-packages/oslo_config/cfg.py:2609
2025-10-06 00:38:49.460 136262 DEBUG oslo_service.service [req-d779bed7-8183-4dd1-a749-43536f767027 - - - - -] database.max_retries = 10 log_opt_values /usr/lib/python3/dist-packages/oslo_config/cfg.py:2609
2025-10-06 00:38:49.460 136262 DEBUG oslo_service.service [req-d779bed7-8183-4dd1-a749-43536f767027 - - - - -] database.mysql_enable_ndb = False log_opt_values /usr/lib/python3/dist-packages/oslo_config/cfg.py:2609
2025-10-06 00:38:49.460 136262 DEBUG oslo_service.service [req-d779bed7-8183-4dd1-a749-43536f767027 - - - - -] database.mysql_sql_mode = TRADITIONAL log_opt_values /usr/lib/python3/dist-packages/oslo_config/cfg.py:2609
2025-10-06 00:38:49.460 136262 DEBUG oslo_service.service [req-d779bed7-8183-4dd1-a749-43536f767027 - - - - -] database.pool_timeout = None log_opt_values /usr/lib/python3/dist-packages/oslo_config/cfg.py:2609
2025-10-06 00:38:49.460 136262 DEBUG oslo_service.service [req-d779bed7-8183-4dd1-a749-43536f767027 - - - - -] database.retry_interval = 10 log_opt_values /usr/lib/python3/dist-packages/oslo_config/cfg.py:2609
2025-10-06 00:38:49.461 136262 DEBUG oslo_service.service [req-d779bed7-8183-4dd1-a749-43536f767027 - - - - -] database.slave_connection = **** log_opt_values /usr/lib/python3/dist-packages/oslo_config/cfg.py:2609
2025-10-06 00:38:49.461 136586 DEBUG oslo_messaging._drivers.amqpdriver [-] AMQPListener connection timeout poll /usr/lib/python3/dist-packages/oslo_messaging/_drivers/amqpdriver.py:360
2025-10-06 00:38:49.461 136586 DEBUG oslo_messaging._drivers.amqpdriver [-] Listener is running poll /usr/lib/python3/dist-packages/oslo_messaging/_drivers/amqpdriver.py:343
2025-10-06 00:38:49.461 136262 DEBUG oslo_service.service [req-d779bed7-8183-4dd1-a749-43536f767027 - - - - -] database.sqlite_synchronous = True log_opt_values /usr/lib/python3/dist-packages/oslo_config/cfg.py:2609
2025-10-06 00:38:49.462 136586 DEBUG oslo_messaging._drivers.amqpdriver [-] AMQPListener connection consume poll /usr/lib/python3/dist-packages/oslo_messaging/_drivers/amqpdriver.py:357
2025-10-06 00:38:49.462 136262 DEBUG oslo_service.service [req-d779bed7-8183-4dd1-a749-43536f767027 - - - - -] database.use_db_reconnect = False log_opt_values /usr/lib/python3/dist-packages/oslo_config/cfg.py:2609
2025-10-06 00:38:49.462 136262 DEBUG oslo_service.service [req-d779bed7-8183-4dd1-a749-43536f767027 - - - - -] api_database.backend = sqlalchemy log_opt_values /usr/lib/python3/dist-packages/oslo_config/cfg.py:2609
2025-10-06 00:38:49.463 136262 DEBUG oslo_service.service [req-d779bed7-8183-4dd1-a749-43536f767027 - - - - -] api_database.connection = **** log_opt_values /usr/lib/python3/dist-packages/oslo_config/cfg.py:2609
2025-10-06 00:38:49.461 136584 DEBUG oslo_messaging._drivers.amqpdriver [-] AMQPListener connection timeout poll /usr/lib/python3/dist-packages/oslo_messaging/_drivers/amqpdriver.py:360
2025-10-06 00:38:49.463 136262 DEBUG oslo_service.service [req-d779bed7-8183-4dd1-a749-43536f767027 - - - - -] api_database.connection_debug = 0 log_opt_values /usr/lib/python3/dist-packages/oslo_config/cfg.py:2609
2025-10-06 00:38:49.463 136584 DEBUG oslo_messaging._drivers.amqpdriver [-] Listener is running poll /usr/lib/python3/dist-packages/oslo_messaging/_drivers/amqpdriver.py:343
2025-10-06 00:38:49.463 136584 DEBUG oslo_messaging._drivers.amqpdriver [-] AMQPListener connection consume poll /usr/lib/python3/dist-packages/oslo_messaging/_drivers/amqpdriver.py:357
2025-10-06 00:38:49.463 136262 DEBUG oslo_service.service [req-d779bed7-8183-4dd1-a749-43536f767027 - - - - -] api_database.connection_parameters = log_opt_values /usr/lib/python3/dist-packages/oslo_config/cfg.py:2609
2025-10-06 00:38:49.463 136262 DEBUG oslo_service.service [req-d779bed7-8183-4dd1-a749-43536f767027 - - - - -] api_database.connection_recycle_time = 3600 log_opt_values /usr/lib/python3/dist-packages/oslo_config/cfg.py:2609
2025-10-06 00:38:49.463 136262 DEBUG oslo_service.service [req-d779bed7-8183-4dd1-a749-43536f767027 - - - - -] api_database.connection_trace = False log_opt_values /usr/lib/python3/dist-packages/oslo_config/cfg.py:2609
2025-10-06 00:38:49.464 136262 DEBUG oslo_service.service [req-d779bed7-8183-4dd1-a749-43536f767027 - - - - -] api_database.db_inc_retry_interval = True log_opt_values /usr/lib/python3/dist-packages/oslo_config/cfg.py:2609
2025-10-06 00:38:49.464 136262 DEBUG oslo_service.service [req-d779bed7-8183-4dd1-a749-43536f767027 - - - - -] api_database.db_max_retries = 20 log_opt_values /usr/lib/python3/dist-packages/oslo_config/cfg.py:2609
2025-10-06 00:38:49.464 136262 DEBUG oslo_service.service [req-d779bed7-8183-4dd1-a749-43536f767027 - - - - -] api_database.db_max_retry_interval = 10 log_opt_values /usr/lib/python3/dist-packages/oslo_config/cfg.py:2609
2025-10-06 00:38:49.465 136262 DEBUG oslo_service.service [req-d779bed7-8183-4dd1-a749-43536f767027 - - - - -] api_database.db_retry_interval = 1 log_opt_values /usr/lib/python3/dist-packages/oslo_config/cfg.py:2609
2025-10-06 00:38:49.465 136262 DEBUG oslo_service.service [req-d779bed7-8183-4dd1-a749-43536f767027 - - - - -] api_database.max_overflow = 50 log_opt_values /usr/lib/python3/dist-packages/oslo_config/cfg.py:2609
2025-10-06 00:38:49.465 136262 DEBUG oslo_service.service [req-d779bed7-8183-4dd1-a749-43536f767027 - - - - -] api_database.max_pool_size = 4 log_opt_values /usr/lib/python3/dist-packages/oslo_config/cfg.py:2609
2025-10-06 00:38:49.465 136262 DEBUG oslo_service.service [req-d779bed7-8183-4dd1-a749-43536f767027 - - - - -] api_database.max_retries = 10 log_opt_values /usr/lib/python3/dist-packages/oslo_config/cfg.py:2609
2025-10-06 00:38:49.465 136262 DEBUG oslo_service.service [req-d779bed7-8183-4dd1-a749-43536f767027 - - - - -] api_database.mysql_enable_ndb = False log_opt_values /usr/lib/python3/dist-packages/oslo_config/cfg.py:2609
2025-10-06 00:38:49.466 136262 DEBUG oslo_service.service [req-d779bed7-8183-4dd1-a749-43536f767027 - - - - -] api_database.mysql_sql_mode = TRADITIONAL log_opt_values /usr/lib/python3/dist-packages/oslo_config/cfg.py:2609
2025-10-06 00:38:49.466 136262 DEBUG oslo_service.service [req-d779bed7-8183-4dd1-a749-43536f767027 - - - - -] api_database.pool_timeout = None log_opt_values /usr/lib/python3/dist-packages/oslo_config/cfg.py:2609
2025-10-06 00:38:49.466 136262 DEBUG oslo_service.service [req-d779bed7-8183-4dd1-a749-43536f767027 - - - - -] api_database.retry_interval = 10 log_opt_values /usr/lib/python3/dist-packages/oslo_config/cfg.py:2609
2025-10-06 00:38:49.466 136262 DEBUG oslo_service.service [req-d779bed7-8183-4dd1-a749-43536f767027 - - - - -] api_database.slave_connection = **** log_opt_values /usr/lib/python3/dist-packages/oslo_config/cfg.py:2609
2025-10-06 00:38:49.467 136262 DEBUG oslo_service.service [req-d779bed7-8183-4dd1-a749-43536f767027 - - - - -] api_database.sqlite_synchronous = True log_opt_values /usr/lib/python3/dist-packages/oslo_config/cfg.py:2609
2025-10-06 00:38:49.467 136262 DEBUG oslo_service.service [req-d779bed7-8183-4dd1-a749-43536f767027 - - - - -] devices.enabled_mdev_types = [] log_opt_values /usr/lib/python3/dist-packages/oslo_config/cfg.py:2609
2025-10-06 00:38:49.468 136262 DEBUG oslo_service.service [req-d779bed7-8183-4dd1-a749-43536f767027 - - - - -] ephemeral_storage_encryption.cipher = aes-xts-plain64 log_opt_values /usr/lib/python3/dist-packages/oslo_config/cfg.py:2609
2025-10-06 00:38:49.469 136262 DEBUG oslo_service.service [req-d779bed7-8183-4dd1-a749-43536f767027 - - - - -] ephemeral_storage_encryption.enabled = False log_opt_values /usr/lib/python3/dist-packages/oslo_config/cfg.py:2609
2025-10-06 00:38:49.470 136262 DEBUG oslo_service.service [req-d779bed7-8183-4dd1-a749-43536f767027 - - - - -] ephemeral_storage_encryption.key_size = 512 log_opt_values /usr/lib/python3/dist-packages/oslo_config/cfg.py:2609
2025-10-06 00:38:49.470 136583 DEBUG oslo_messaging._drivers.amqpdriver [req-4efbda17-80f8-4fd2-8116-9fa313cc79e5 - - - - -] sending reply msg_id: cbc43c41796c47d6a67cd4967ef52609 reply queue: reply_46a0fb98237c45398d886a8e1881eed2 time elapsed: 0.02533764899999369s _send_reply /usr/lib/python3/dist-packages/oslo_messaging/_drivers/amqpdriver.py:118
2025-10-06 00:38:49.471 136262 WARNING oslo_config.cfg [req-d779bed7-8183-4dd1-a749-43536f767027 - - - - -] Deprecated: Option "api_servers" from group "glance" is deprecated for removal ( Support for image service configuration via standard keystoneauth1 Adapter options was added in the 17.0.0 Queens release. The api_servers option was retained temporarily to allow consumers time to cut over to a real load balancing solution. ). Its value may be silently ignored in the future.
2025-10-06 00:38:49.471 136262 DEBUG oslo_service.service [req-d779bed7-8183-4dd1-a749-43536f767027 - - - - -] glance.api_servers = ['http://252.57.122.151:9292'] log_opt_values /usr/lib/python3/dist-packages/oslo_config/cfg.py:2609
2025-10-06 00:38:49.472 136262 DEBUG oslo_service.service [req-d779bed7-8183-4dd1-a749-43536f767027 - - - - -] glance.cafile = None log_opt_values /usr/lib/python3/dist-packages/oslo_config/cfg.py:2609
2025-10-06 00:38:49.472 136262 DEBUG oslo_service.service [req-d779bed7-8183-4dd1-a749-43536f767027 - - - - -] glance.certfile = None log_opt_values /usr/lib/python3/dist-packages/oslo_config/cfg.py:2609
2025-10-06 00:38:49.472 136262 DEBUG oslo_service.service [req-d779bed7-8183-4dd1-a749-43536f767027 - - - - -] glance.collect_timing = False log_opt_values /usr/lib/python3/dist-packages/oslo_config/cfg.py:2609
2025-10-06 00:38:49.473 136262 DEBUG oslo_service.service [req-d779bed7-8183-4dd1-a749-43536f767027 - - - - -] glance.connect_retries = None log_opt_values /usr/lib/python3/dist-packages/oslo_config/cfg.py:2609
2025-10-06 00:38:49.473 136262 DEBUG oslo_service.service [req-d779bed7-8183-4dd1-a749-43536f767027 - - - - -] glance.connect_retry_delay = None log_opt_values /usr/lib/python3/dist-packages/oslo_config/cfg.py:2609
2025-10-06 00:38:49.474 136262 DEBUG oslo_service.service [req-d779bed7-8183-4dd1-a749-43536f767027 - - - - -] glance.debug = False log_opt_values /usr/lib/python3/dist-packages/oslo_config/cfg.py:2609
2025-10-06 00:38:49.474 136262 DEBUG oslo_service.service [req-d779bed7-8183-4dd1-a749-43536f767027 - - - - -] glance.default_trusted_certificate_ids = [] log_opt_values /usr/lib/python3/dist-packages/oslo_config/cfg.py:2609
2025-10-06 00:38:49.474 136262 DEBUG oslo_service.service [req-d779bed7-8183-4dd1-a749-43536f767027 - - - - -] glance.enable_certificate_validation = False log_opt_values /usr/lib/python3/dist-packages/oslo_config/cfg.py:2609
2025-10-06 00:38:49.474 136262 DEBUG oslo_service.service [req-d779bed7-8183-4dd1-a749-43536f767027 - - - - -] glance.enable_rbd_download = False log_opt_values /usr/lib/python3/dist-packages/oslo_config/cfg.py:2609
2025-10-06 00:38:49.475 136262 DEBUG oslo_service.service [req-d779bed7-8183-4dd1-a749-43536f767027 - - - - -] glance.endpoint_override = None log_opt_values /usr/lib/python3/dist-packages/oslo_config/cfg.py:2609
2025-10-06 00:38:49.475 136262 DEBUG oslo_service.service [req-d779bed7-8183-4dd1-a749-43536f767027 - - - - -] glance.insecure = False log_opt_values /usr/lib/python3/dist-packages/oslo_config/cfg.py:2609
2025-10-06 00:38:49.475 136262 DEBUG oslo_service.service [req-d779bed7-8183-4dd1-a749-43536f767027 - - - - -] glance.keyfile = None log_opt_values /usr/lib/python3/dist-packages/oslo_config/cfg.py:2609
2025-10-06 00:38:49.475 136262 DEBUG oslo_service.service [req-d779bed7-8183-4dd1-a749-43536f767027 - - - - -] glance.max_version = None log_opt_values /usr/lib/python3/dist-packages/oslo_config/cfg.py:2609
2025-10-06 00:38:49.475 136262 DEBUG oslo_service.service [req-d779bed7-8183-4dd1-a749-43536f767027 - - - - -] glance.min_version = None log_opt_values /usr/lib/python3/dist-packages/oslo_config/cfg.py:2609
2025-10-06 00:38:49.476 136262 DEBUG oslo_service.service [req-d779bed7-8183-4dd1-a749-43536f767027 - - - - -] glance.num_retries = 3 log_opt_values /usr/lib/python3/dist-packages/oslo_config/cfg.py:2609
2025-10-06 00:38:49.476 136262 DEBUG oslo_service.service [req-d779bed7-8183-4dd1-a749-43536f767027 - - - - -] glance.rbd_ceph_conf = log_opt_values /usr/lib/python3/dist-packages/oslo_config/cfg.py:2609
2025-10-06 00:38:49.476 136262 DEBUG oslo_service.service [req-d779bed7-8183-4dd1-a749-43536f767027 - - - - -] glance.rbd_connect_timeout = 5 log_opt_values /usr/lib/python3/dist-packages/oslo_config/cfg.py:2609
2025-10-06 00:38:49.476 136262 DEBUG oslo_service.service [req-d779bed7-8183-4dd1-a749-43536f767027 - - - - -] glance.rbd_pool = log_opt_values /usr/lib/python3/dist-packages/oslo_config/cfg.py:2609
2025-10-06 00:38:49.476 136583 DEBUG oslo_messaging._drivers.amqpdriver [-] received message msg_id: a258029cb00041809505912ebb5d1da8 reply to reply_46a0fb98237c45398d886a8e1881eed2 __call__ /usr/lib/python3/dist-packages/oslo_messaging/_drivers/amqpdriver.py:320
2025-10-06 00:38:49.476 136262 DEBUG oslo_service.service [req-d779bed7-8183-4dd1-a749-43536f767027 - - - - -] glance.rbd_user = log_opt_values /usr/lib/python3/dist-packages/oslo_config/cfg.py:2609
2025-10-06 00:38:49.477 136262 DEBUG oslo_service.service [req-d779bed7-8183-4dd1-a749-43536f767027 - - - - -] glance.region_name = None log_opt_values /usr/lib/python3/dist-packages/oslo_config/cfg.py:2609
2025-10-06 00:38:49.477 136262 DEBUG oslo_service.service [req-d779bed7-8183-4dd1-a749-43536f767027 - - - - -] glance.service_name = None log_opt_values /usr/lib/python3/dist-packages/oslo_config/cfg.py:2609
2025-10-06 00:38:49.477 136583 DEBUG oslo_messaging._drivers.amqpdriver [-] Listener is running poll /usr/lib/python3/dist-packages/oslo_messaging/_drivers/amqpdriver.py:343
2025-10-06 00:38:49.478 136583 DEBUG oslo_messaging._drivers.amqpdriver [-] Poll the incoming message with unique_id: 7b056ba2ab9b47caa9a553b061cb8bf2 poll /usr/lib/python3/dist-packages/oslo_messaging/_drivers/amqpdriver.py:346
2025-10-06 00:38:49.478 136583 DEBUG oslo_messaging._drivers.amqpdriver [-] Listener is running poll /usr/lib/python3/dist-packages/oslo_messaging/_drivers/amqpdriver.py:343
2025-10-06 00:38:49.478 136583 DEBUG oslo_messaging._drivers.amqpdriver [-] AMQPListener connection consume poll /usr/lib/python3/dist-packages/oslo_messaging/_drivers/amqpdriver.py:357
2025-10-06 00:38:49.477 136262 DEBUG oslo_service.service [req-d779bed7-8183-4dd1-a749-43536f767027 - - - - -] glance.service_type = image log_opt_values /usr/lib/python3/dist-packages/oslo_config/cfg.py:2609
2025-10-06 00:38:49.479 136262 DEBUG oslo_service.service [req-d779bed7-8183-4dd1-a749-43536f767027 - - - - -] glance.split_loggers = False log_opt_values /usr/lib/python3/dist-packages/oslo_config/cfg.py:2609
2025-10-06 00:38:49.479 136262 DEBUG oslo_service.service [req-d779bed7-8183-4dd1-a749-43536f767027 - - - - -] glance.status_code_retries = None log_opt_values /usr/lib/python3/dist-packages/oslo_config/cfg.py:2609
2025-10-06 00:38:49.479 136262 DEBUG oslo_service.service [req-d779bed7-8183-4dd1-a749-43536f767027 - - - - -] glance.status_code_retry_delay = None log_opt_values /usr/lib/python3/dist-packages/oslo_config/cfg.py:2609
2025-10-06 00:38:49.479 136262 DEBUG oslo_service.service [req-d779bed7-8183-4dd1-a749-43536f767027 - - - - -] glance.timeout = None log_opt_values /usr/lib/python3/dist-packages/oslo_config/cfg.py:2609
2025-10-06 00:38:49.479 136262 DEBUG oslo_service.service [req-d779bed7-8183-4dd1-a749-43536f767027 - - - - -] glance.valid_interfaces = ['internal', 'public'] log_opt_values /usr/lib/python3/dist-packages/oslo_config/cfg.py:2609
2025-10-06 00:38:49.479 136262 DEBUG oslo_service.service [req-d779bed7-8183-4dd1-a749-43536f767027 - - - - -] glance.verify_glance_signatures = False log_opt_values /usr/lib/python3/dist-packages/oslo_config/cfg.py:2609
2025-10-06 00:38:49.482 136585 DEBUG oslo_messaging._drivers.amqpdriver [-] Listener is running poll /usr/lib/python3/dist-packages/oslo_messaging/_drivers/amqpdriver.py:343
2025-10-06 00:38:49.482 136262 DEBUG oslo_service.service [req-d779bed7-8183-4dd1-a749-43536f767027 - - - - -] glance.version = None log_opt_values /usr/lib/python3/dist-packages/oslo_config/cfg.py:2609
2025-10-06 00:38:49.482 136585 DEBUG oslo_messaging._drivers.amqpdriver [-] AMQPListener connection consume poll /usr/lib/python3/dist-packages/oslo_messaging/_drivers/amqpdriver.py:357
2025-10-06 00:38:49.482 136262 DEBUG oslo_service.service [req-d779bed7-8183-4dd1-a749-43536f767027 - - - - -] guestfs.debug = False log_opt_values /usr/lib/python3/dist-packages/oslo_config/cfg.py:2609
2025-10-06 00:38:49.483 136262 DEBUG oslo_service.service [req-d779bed7-8183-4dd1-a749-43536f767027 - - - - -] hyperv.config_drive_cdrom = False log_opt_values /usr/lib/python3/dist-packages/oslo_config/cfg.py:2609
2025-10-06 00:38:49.483 136585 DEBUG nova.service [req-76c768e4-293b-4f69-aa0e-d2c9706b7a1d - - - - -] Join ServiceGroup membership for this service conductor start /usr/lib/python3/dist-packages/nova/service.py:199
2025-10-06 00:38:49.483 136262 DEBUG oslo_service.service [req-d779bed7-8183-4dd1-a749-43536f767027 - - - - -] hyperv.config_drive_inject_password = False log_opt_values /usr/lib/python3/dist-packages/oslo_config/cfg.py:2609
2025-10-06 00:38:49.483 136585 DEBUG nova.servicegroup.drivers.db [req-76c768e4-293b-4f69-aa0e-d2c9706b7a1d - - - - -] DB_Driver: join new ServiceGroup member juju-2ee950-0-lxd-7 to the conductor group, service = join /usr/lib/python3/dist-packages/nova/servicegroup/drivers/db.py:44
2025-10-06 00:38:49.483 136262 DEBUG oslo_service.service [req-d779bed7-8183-4dd1-a749-43536f767027 - - - - -] hyperv.dynamic_memory_ratio = 1.0 log_opt_values /usr/lib/python3/dist-packages/oslo_config/cfg.py:2609
2025-10-06 00:38:49.483 136262 DEBUG oslo_service.service [req-d779bed7-8183-4dd1-a749-43536f767027 - - - - -] hyperv.enable_instance_metrics_collection = False log_opt_values /usr/lib/python3/dist-packages/oslo_config/cfg.py:2609
2025-10-06 00:38:49.484 136262 DEBUG oslo_service.service [req-d779bed7-8183-4dd1-a749-43536f767027 - - - - -] hyperv.enable_remotefx = False log_opt_values /usr/lib/python3/dist-packages/oslo_config/cfg.py:2609
2025-10-06 00:38:49.484 136262 DEBUG oslo_service.service [req-d779bed7-8183-4dd1-a749-43536f767027 - - - - -] hyperv.instances_path_share = log_opt_values /usr/lib/python3/dist-packages/oslo_config/cfg.py:2609
2025-10-06 00:38:49.484 136262 DEBUG oslo_service.service [req-d779bed7-8183-4dd1-a749-43536f767027 - - - - -] hyperv.iscsi_initiator_list = [] log_opt_values /usr/lib/python3/dist-packages/oslo_config/cfg.py:2609
2025-10-06 00:38:49.484 136262 DEBUG oslo_service.service [req-d779bed7-8183-4dd1-a749-43536f767027 - - - - -] hyperv.limit_cpu_features = False log_opt_values /usr/lib/python3/dist-packages/oslo_config/cfg.py:2609
2025-10-06 00:38:49.484 136262 DEBUG oslo_service.service [req-d779bed7-8183-4dd1-a749-43536f767027 - - - - -] hyperv.mounted_disk_query_retry_count = 10 log_opt_values /usr/lib/python3/dist-packages/oslo_config/cfg.py:2609
2025-10-06 00:38:49.485 136262 DEBUG oslo_service.service [req-d779bed7-8183-4dd1-a749-43536f767027 - - - - -] hyperv.mounted_disk_query_retry_interval = 5 log_opt_values /usr/lib/python3/dist-packages/oslo_config/cfg.py:2609
2025-10-06 00:38:49.485 136262 DEBUG oslo_service.service [req-d779bed7-8183-4dd1-a749-43536f767027 - - - - -] hyperv.power_state_check_timeframe = 60 log_opt_values /usr/lib/python3/dist-packages/oslo_config/cfg.py:2609
2025-10-06 00:38:49.485 136262 DEBUG oslo_service.service [req-d779bed7-8183-4dd1-a749-43536f767027 - - - - -] hyperv.power_state_event_polling_interval = 2 log_opt_values /usr/lib/python3/dist-packages/oslo_config/cfg.py:2609
2025-10-06 00:38:49.485 136262 DEBUG oslo_service.service [req-d779bed7-8183-4dd1-a749-43536f767027 - - - - -] hyperv.qemu_img_cmd = qemu-img.exe log_opt_values /usr/lib/python3/dist-packages/oslo_config/cfg.py:2609
2025-10-06 00:38:49.485 136262 DEBUG oslo_service.service [req-d779bed7-8183-4dd1-a749-43536f767027 - - - - -] hyperv.use_multipath_io = False log_opt_values /usr/lib/python3/dist-packages/oslo_config/cfg.py:2609
2025-10-06 00:38:49.485 136262 DEBUG oslo_service.service [req-d779bed7-8183-4dd1-a749-43536f767027 - - - - -] hyperv.volume_attach_retry_count = 10 log_opt_values /usr/lib/python3/dist-packages/oslo_config/cfg.py:2609
