2025-10-06 00:37:04.333 37989 DEBUG oslo_service.service [-] clients_designate.key_file = None log_opt_values /usr/lib/python3/dist-packages/oslo_config/cfg.py:2609
2025-10-06 00:37:04.336 37989 DEBUG oslo_service.service [-] clients_glance.ca_file = None log_opt_values /usr/lib/python3/dist-packages/oslo_config/cfg.py:2609
2025-10-06 00:37:04.337 37989 DEBUG oslo_service.service [-] clients_glance.cert_file = None log_opt_values /usr/lib/python3/dist-packages/oslo_config/cfg.py:2609
2025-10-06 00:37:04.338 37989 DEBUG oslo_service.service [-] clients_glance.endpoint_type = None log_opt_values /usr/lib/python3/dist-packages/oslo_config/cfg.py:2609
2025-10-06 00:37:04.338 37989 DEBUG oslo_service.service [-] clients_glance.insecure = None log_opt_values /usr/lib/python3/dist-packages/oslo_config/cfg.py:2609
2025-10-06 00:37:04.338 37989 DEBUG oslo_service.service [-] clients_glance.key_file = None log_opt_values /usr/lib/python3/dist-packages/oslo_config/cfg.py:2609
2025-10-06 00:37:04.339 37989 DEBUG oslo_service.service [-] clients_heat.ca_file = None log_opt_values /usr/lib/python3/dist-packages/oslo_config/cfg.py:2609
2025-10-06 00:37:04.340 37989 DEBUG oslo_service.service [-] clients_heat.cert_file = None log_opt_values /usr/lib/python3/dist-packages/oslo_config/cfg.py:2609
2025-10-06 00:37:04.340 37989 DEBUG oslo_service.service [-] clients_heat.endpoint_type = None log_opt_values /usr/lib/python3/dist-packages/oslo_config/cfg.py:2609
2025-10-06 00:37:04.340 37989 DEBUG oslo_service.service [-] clients_heat.insecure = None log_opt_values /usr/lib/python3/dist-packages/oslo_config/cfg.py:2609
2025-10-06 00:37:04.340 37989 DEBUG oslo_service.service [-] clients_heat.key_file = None log_opt_values /usr/lib/python3/dist-packages/oslo_config/cfg.py:2609
2025-10-06 00:37:04.341 37989 DEBUG oslo_service.service [-] clients_heat.url = log_opt_values /usr/lib/python3/dist-packages/oslo_config/cfg.py:2609
2025-10-06 00:37:04.341 37989 DEBUG oslo_service.service [-] clients_keystone.auth_uri = http://252.57.186.236:5050 log_opt_values /usr/lib/python3/dist-packages/oslo_config/cfg.py:2609
2025-10-06 00:37:04.342 37989 DEBUG oslo_service.service [-] clients_keystone.ca_file = None log_opt_values /usr/lib/python3/dist-packages/oslo_config/cfg.py:2609
2025-10-06 00:37:04.342 37989 DEBUG oslo_service.service [-] clients_keystone.cert_file = None log_opt_values /usr/lib/python3/dist-packages/oslo_config/cfg.py:2609
2025-10-06 00:37:04.342 37989 DEBUG oslo_service.service [-] clients_keystone.endpoint_type = None log_opt_values /usr/lib/python3/dist-packages/oslo_config/cfg.py:2609
2025-10-06 00:37:04.342 37989 DEBUG oslo_service.service [-] clients_keystone.insecure = None log_opt_values /usr/lib/python3/dist-packages/oslo_config/cfg.py:2609
2025-10-06 00:37:04.343 37989 DEBUG oslo_service.service [-] clients_keystone.key_file = None log_opt_values /usr/lib/python3/dist-packages/oslo_config/cfg.py:2609
2025-10-06 00:37:04.343 37989 DEBUG oslo_service.service [-] clients_magnum.ca_file = None log_opt_values /usr/lib/python3/dist-packages/oslo_config/cfg.py:2609
2025-10-06 00:37:04.344 37989 DEBUG oslo_service.service [-] clients_magnum.cert_file = None log_opt_values /usr/lib/python3/dist-packages/oslo_config/cfg.py:2609
2025-10-06 00:37:04.344 37989 DEBUG oslo_service.service [-] clients_magnum.endpoint_type = None log_opt_values /usr/lib/python3/dist-packages/oslo_config/cfg.py:2609
2025-10-06 00:37:04.344 37989 DEBUG oslo_service.service [-] clients_magnum.insecure = None log_opt_values /usr/lib/python3/dist-packages/oslo_config/cfg.py:2609
2025-10-06 00:37:04.344 37989 DEBUG oslo_service.service [-] clients_magnum.key_file = None log_opt_values /usr/lib/python3/dist-packages/oslo_config/cfg.py:2609
2025-10-06 00:37:04.344 37989 DEBUG oslo_service.service [-] clients_manila.ca_file = None log_opt_values /usr/lib/python3/dist-packages/oslo_config/cfg.py:2609
2025-10-06 00:37:04.344 37989 DEBUG oslo_service.service [-] clients_manila.cert_file = None log_opt_values /usr/lib/python3/dist-packages/oslo_config/cfg.py:2609
2025-10-06 00:37:04.344 37989 DEBUG oslo_service.service [-] clients_manila.endpoint_type = None log_opt_values /usr/lib/python3/dist-packages/oslo_config/cfg.py:2609
2025-10-06 00:37:04.344 37989 DEBUG oslo_service.service [-] clients_manila.insecure = None log_opt_values /usr/lib/python3/dist-packages/oslo_config/cfg.py:2609
2025-10-06 00:37:04.345 37989 DEBUG oslo_service.service [-] clients_manila.key_file = None log_opt_values /usr/lib/python3/dist-packages/oslo_config/cfg.py:2609
2025-10-06 00:37:04.345 37989 DEBUG oslo_service.service [-] clients_mistral.ca_file = None log_opt_values /usr/lib/python3/dist-packages/oslo_config/cfg.py:2609
2025-10-06 00:37:04.345 37989 DEBUG oslo_service.service [-] clients_mistral.cert_file = None log_opt_values /usr/lib/python3/dist-packages/oslo_config/cfg.py:2609
2025-10-06 00:37:04.346 37989 DEBUG oslo_service.service [-] clients_mistral.endpoint_type = None log_opt_values /usr/lib/python3/dist-packages/oslo_config/cfg.py:2609
2025-10-06 00:37:04.346 37989 DEBUG oslo_service.service [-] clients_mistral.insecure = None log_opt_values /usr/lib/python3/dist-packages/oslo_config/cfg.py:2609
2025-10-06 00:37:04.346 37989 DEBUG oslo_service.service [-] clients_mistral.key_file = None log_opt_values /usr/lib/python3/dist-packages/oslo_config/cfg.py:2609
2025-10-06 00:37:04.346 37989 DEBUG oslo_service.service [-] clients_monasca.ca_file = None log_opt_values /usr/lib/python3/dist-packages/oslo_config/cfg.py:2609
2025-10-06 00:37:04.346 37989 DEBUG oslo_service.service [-] clients_monasca.cert_file = None log_opt_values /usr/lib/python3/dist-packages/oslo_config/cfg.py:2609
2025-10-06 00:37:04.346 37989 DEBUG oslo_service.service [-] clients_monasca.endpoint_type = None log_opt_values /usr/lib/python3/dist-packages/oslo_config/cfg.py:2609
2025-10-06 00:37:04.346 37989 DEBUG oslo_service.service [-] clients_monasca.insecure = None log_opt_values /usr/lib/python3/dist-packages/oslo_config/cfg.py:2609
2025-10-06 00:37:04.346 37989 DEBUG oslo_service.service [-] clients_monasca.key_file = None log_opt_values /usr/lib/python3/dist-packages/oslo_config/cfg.py:2609
2025-10-06 00:37:04.346 37989 DEBUG oslo_service.service [-] clients_neutron.ca_file = None log_opt_values /usr/lib/python3/dist-packages/oslo_config/cfg.py:2609
2025-10-06 00:37:04.346 37989 DEBUG oslo_service.service [-] clients_neutron.cert_file = None log_opt_values /usr/lib/python3/dist-packages/oslo_config/cfg.py:2609
2025-10-06 00:37:04.347 37989 DEBUG oslo_service.service [-] clients_neutron.endpoint_type = None log_opt_values /usr/lib/python3/dist-packages/oslo_config/cfg.py:2609
2025-10-06 00:37:04.347 37989 DEBUG oslo_service.service [-] clients_neutron.insecure = None log_opt_values /usr/lib/python3/dist-packages/oslo_config/cfg.py:2609
2025-10-06 00:37:04.347 37989 DEBUG oslo_service.service [-] clients_neutron.key_file = None log_opt_values /usr/lib/python3/dist-packages/oslo_config/cfg.py:2609
2025-10-06 00:37:04.347 37989 DEBUG oslo_service.service [-] clients_nova.ca_file = None log_opt_values /usr/lib/python3/dist-packages/oslo_config/cfg.py:2609
2025-10-06 00:37:04.348 37989 DEBUG oslo_service.service [-] clients_nova.cert_file = None log_opt_values /usr/lib/python3/dist-packages/oslo_config/cfg.py:2609
2025-10-06 00:37:04.348 37989 DEBUG oslo_service.service [-] clients_nova.endpoint_type = None log_opt_values /usr/lib/python3/dist-packages/oslo_config/cfg.py:2609
2025-10-06 00:37:04.348 37989 DEBUG oslo_service.service [-] clients_nova.http_log_debug = False log_opt_values /usr/lib/python3/dist-packages/oslo_config/cfg.py:2609
2025-10-06 00:37:04.349 37989 DEBUG oslo_service.service [-] clients_nova.insecure = None log_opt_values /usr/lib/python3/dist-packages/oslo_config/cfg.py:2609
2025-10-06 00:37:04.349 37989 DEBUG oslo_service.service [-] clients_nova.key_file = None log_opt_values /usr/lib/python3/dist-packages/oslo_config/cfg.py:2609
2025-10-06 00:37:04.349 37989 DEBUG oslo_service.service [-] clients_octavia.ca_file = None log_opt_values /usr/lib/python3/dist-packages/oslo_config/cfg.py:2609
2025-10-06 00:37:04.349 37989 DEBUG oslo_service.service [-] clients_octavia.cert_file = None log_opt_values /usr/lib/python3/dist-packages/oslo_config/cfg.py:2609
2025-10-06 00:37:04.349 37989 DEBUG oslo_service.service [-] clients_octavia.endpoint_type = None log_opt_values /usr/lib/python3/dist-packages/oslo_config/cfg.py:2609
2025-10-06 00:37:04.349 37989 DEBUG oslo_service.service [-] clients_octavia.insecure = None log_opt_values /usr/lib/python3/dist-packages/oslo_config/cfg.py:2609
2025-10-06 00:37:04.350 37989 DEBUG oslo_service.service [-] clients_octavia.key_file = None log_opt_values /usr/lib/python3/dist-packages/oslo_config/cfg.py:2609
2025-10-06 00:37:04.350 37989 DEBUG oslo_service.service [-] clients_sahara.ca_file = None log_opt_values /usr/lib/python3/dist-packages/oslo_config/cfg.py:2609
2025-10-06 00:37:04.350 37989 DEBUG oslo_service.service [-] clients_sahara.cert_file = None log_opt_values /usr/lib/python3/dist-packages/oslo_config/cfg.py:2609
2025-10-06 00:37:04.350 37989 DEBUG oslo_service.service [-] clients_sahara.endpoint_type = None log_opt_values /usr/lib/python3/dist-packages/oslo_config/cfg.py:2609
2025-10-06 00:37:04.350 37989 DEBUG oslo_service.service [-] clients_sahara.insecure = None log_opt_values /usr/lib/python3/dist-packages/oslo_config/cfg.py:2609
2025-10-06 00:37:04.350 37989 DEBUG oslo_service.service [-] clients_sahara.key_file = None log_opt_values /usr/lib/python3/dist-packages/oslo_config/cfg.py:2609
2025-10-06 00:37:04.350 37989 DEBUG oslo_service.service [-] clients_senlin.ca_file = None log_opt_values /usr/lib/python3/dist-packages/oslo_config/cfg.py:2609
2025-10-06 00:37:04.351 37989 DEBUG oslo_service.service [-] clients_senlin.cert_file = None log_opt_values /usr/lib/python3/dist-packages/oslo_config/cfg.py:2609
2025-10-06 00:37:04.351 37989 DEBUG oslo_service.service [-] clients_senlin.endpoint_type = None log_opt_values /usr/lib/python3/dist-packages/oslo_config/cfg.py:2609
2025-10-06 00:37:04.351 37989 DEBUG oslo_service.service [-] clients_senlin.insecure = None log_opt_values /usr/lib/python3/dist-packages/oslo_config/cfg.py:2609
2025-10-06 00:37:04.351 37989 DEBUG oslo_service.service [-] clients_senlin.key_file = None log_opt_values /usr/lib/python3/dist-packages/oslo_config/cfg.py:2609
2025-10-06 00:37:04.351 37989 DEBUG oslo_service.service [-] clients_swift.ca_file = None log_opt_values /usr/lib/python3/dist-packages/oslo_config/cfg.py:2609
2025-10-06 00:37:04.351 37989 DEBUG oslo_service.service [-] clients_swift.cert_file = None log_opt_values /usr/lib/python3/dist-packages/oslo_config/cfg.py:2609
2025-10-06 00:37:04.351 37989 DEBUG oslo_service.service [-] clients_swift.endpoint_type = None log_opt_values /usr/lib/python3/dist-packages/oslo_config/cfg.py:2609
2025-10-06 00:37:04.351 37989 DEBUG oslo_service.service [-] clients_swift.insecure = None log_opt_values /usr/lib/python3/dist-packages/oslo_config/cfg.py:2609
2025-10-06 00:37:04.351 37989 DEBUG oslo_service.service [-] clients_swift.key_file = None log_opt_values /usr/lib/python3/dist-packages/oslo_config/cfg.py:2609
2025-10-06 00:37:04.352 37989 DEBUG oslo_service.service [-] clients_trove.ca_file = None log_opt_values /usr/lib/python3/dist-packages/oslo_config/cfg.py:2609
2025-10-06 00:37:04.352 37989 DEBUG oslo_service.service [-] clients_trove.cert_file = None log_opt_values /usr/lib/python3/dist-packages/oslo_config/cfg.py:2609
2025-10-06 00:37:04.352 37989 DEBUG oslo_service.service [-] clients_trove.endpoint_type = None log_opt_values /usr/lib/python3/dist-packages/oslo_config/cfg.py:2609
2025-10-06 00:37:04.352 37989 DEBUG oslo_service.service [-] clients_trove.insecure = None log_opt_values /usr/lib/python3/dist-packages/oslo_config/cfg.py:2609
2025-10-06 00:37:04.352 37989 DEBUG oslo_service.service [-] clients_trove.key_file = None log_opt_values /usr/lib/python3/dist-packages/oslo_config/cfg.py:2609
2025-10-06 00:37:04.352 37989 DEBUG oslo_service.service [-] clients_vitrage.ca_file = None log_opt_values /usr/lib/python3/dist-packages/oslo_config/cfg.py:2609
2025-10-06 00:37:04.352 37989 DEBUG oslo_service.service [-] clients_vitrage.cert_file = None log_opt_values /usr/lib/python3/dist-packages/oslo_config/cfg.py:2609
2025-10-06 00:37:04.352 37989 DEBUG oslo_service.service [-] clients_vitrage.endpoint_type = None log_opt_values /usr/lib/python3/dist-packages/oslo_config/cfg.py:2609
2025-10-06 00:37:04.352 37989 DEBUG oslo_service.service [-] clients_vitrage.insecure = None log_opt_values /usr/lib/python3/dist-packages/oslo_config/cfg.py:2609
2025-10-06 00:37:04.354 37989 DEBUG oslo_service.service [-] clients_vitrage.key_file = None log_opt_values /usr/lib/python3/dist-packages/oslo_config/cfg.py:2609
2025-10-06 00:37:04.356 37989 DEBUG oslo_service.service [-] clients_zaqar.ca_file = None log_opt_values /usr/lib/python3/dist-packages/oslo_config/cfg.py:2609
2025-10-06 00:37:04.357 37989 DEBUG oslo_service.service [-] clients_zaqar.cert_file = None log_opt_values /usr/lib/python3/dist-packages/oslo_config/cfg.py:2609
2025-10-06 00:37:04.357 37989 DEBUG oslo_service.service [-] clients_zaqar.endpoint_type = None log_opt_values /usr/lib/python3/dist-packages/oslo_config/cfg.py:2609
2025-10-06 00:37:04.357 37989 DEBUG oslo_service.service [-] clients_zaqar.insecure = None log_opt_values /usr/lib/python3/dist-packages/oslo_config/cfg.py:2609
2025-10-06 00:37:04.357 37989 DEBUG oslo_service.service [-] clients_zaqar.key_file = None log_opt_values /usr/lib/python3/dist-packages/oslo_config/cfg.py:2609
2025-10-06 00:37:04.357 37989 DEBUG oslo_service.service [-] database.backend = sqlalchemy log_opt_values /usr/lib/python3/dist-packages/oslo_config/cfg.py:2609
2025-10-06 00:37:04.358 37989 DEBUG oslo_service.service [-] database.connection = **** log_opt_values /usr/lib/python3/dist-packages/oslo_config/cfg.py:2609
2025-10-06 00:37:04.359 37989 DEBUG oslo_service.service [-] database.connection_debug = 0 log_opt_values /usr/lib/python3/dist-packages/oslo_config/cfg.py:2609
2025-10-06 00:37:04.361 37989 DEBUG oslo_service.service [-] database.connection_parameters = log_opt_values /usr/lib/python3/dist-packages/oslo_config/cfg.py:2609
2025-10-06 00:37:04.361 37989 DEBUG oslo_service.service [-] database.connection_recycle_time = 3600 log_opt_values /usr/lib/python3/dist-packages/oslo_config/cfg.py:2609
2025-10-06 00:37:04.361 37989 DEBUG oslo_service.service [-] database.connection_trace = False log_opt_values /usr/lib/python3/dist-packages/oslo_config/cfg.py:2609
2025-10-06 00:37:04.361 37989 DEBUG oslo_service.service [-] database.db_inc_retry_interval = True log_opt_values /usr/lib/python3/dist-packages/oslo_config/cfg.py:2609
2025-10-06 00:37:04.364 37989 DEBUG oslo_service.service [-] database.db_max_retries = 20 log_opt_values /usr/lib/python3/dist-packages/oslo_config/cfg.py:2609
2025-10-06 00:37:04.365 37989 DEBUG oslo_service.service [-] database.db_max_retry_interval = 10 log_opt_values /usr/lib/python3/dist-packages/oslo_config/cfg.py:2609
2025-10-06 00:37:04.365 37989 DEBUG oslo_service.service [-] database.db_retry_interval = 1 log_opt_values /usr/lib/python3/dist-packages/oslo_config/cfg.py:2609
2025-10-06 00:37:04.365 37989 DEBUG oslo_service.service [-] database.max_overflow = 50 log_opt_values /usr/lib/python3/dist-packages/oslo_config/cfg.py:2609
2025-10-06 00:37:04.366 37989 DEBUG oslo_service.service [-] database.max_pool_size = 5 log_opt_values /usr/lib/python3/dist-packages/oslo_config/cfg.py:2609
2025-10-06 00:37:04.366 37989 DEBUG oslo_service.service [-] database.max_retries = 10 log_opt_values /usr/lib/python3/dist-packages/oslo_config/cfg.py:2609
2025-10-06 00:37:04.366 37989 DEBUG oslo_service.service [-] database.mysql_enable_ndb = False log_opt_values /usr/lib/python3/dist-packages/oslo_config/cfg.py:2609
2025-10-06 00:37:04.367 37989 DEBUG oslo_service.service [-] database.mysql_sql_mode = TRADITIONAL log_opt_values /usr/lib/python3/dist-packages/oslo_config/cfg.py:2609
2025-10-06 00:37:04.367 37989 DEBUG oslo_service.service [-] database.pool_timeout = None log_opt_values /usr/lib/python3/dist-packages/oslo_config/cfg.py:2609
2025-10-06 00:37:04.367 37989 DEBUG oslo_service.service [-] database.retry_interval = 10 log_opt_values /usr/lib/python3/dist-packages/oslo_config/cfg.py:2609
2025-10-06 00:37:04.367 37989 DEBUG oslo_service.service [-] database.slave_connection = **** log_opt_values /usr/lib/python3/dist-packages/oslo_config/cfg.py:2609
2025-10-06 00:37:04.367 37989 DEBUG oslo_service.service [-] database.sqlite_synchronous = True log_opt_values /usr/lib/python3/dist-packages/oslo_config/cfg.py:2609
2025-10-06 00:37:04.367 37989 DEBUG oslo_service.service [-] database.use_db_reconnect = False log_opt_values /usr/lib/python3/dist-packages/oslo_config/cfg.py:2609
2025-10-06 00:37:04.367 37989 DEBUG oslo_service.service [-] oslo_messaging_metrics.metrics_buffer_size = 1000 log_opt_values /usr/lib/python3/dist-packages/oslo_config/cfg.py:2609
2025-10-06 00:37:04.367 37989 DEBUG oslo_service.service [-] oslo_messaging_metrics.metrics_enabled = False log_opt_values /usr/lib/python3/dist-packages/oslo_config/cfg.py:2609
2025-10-06 00:37:04.368 37989 DEBUG oslo_service.service [-] oslo_messaging_metrics.metrics_process_name = log_opt_values /usr/lib/python3/dist-packages/oslo_config/cfg.py:2609
2025-10-06 00:37:04.368 37989 DEBUG oslo_service.service [-] oslo_messaging_metrics.metrics_socket_file = /var/tmp/metrics_collector.sock log_opt_values /usr/lib/python3/dist-packages/oslo_config/cfg.py:2609
2025-10-06 00:37:04.368 37989 DEBUG oslo_service.service [-] oslo_messaging_metrics.metrics_thread_stop_timeout = 10 log_opt_values /usr/lib/python3/dist-packages/oslo_config/cfg.py:2609
2025-10-06 00:37:04.368 37989 DEBUG oslo_service.service [-] oslo_policy.enforce_new_defaults = False log_opt_values /usr/lib/python3/dist-packages/oslo_config/cfg.py:2609
2025-10-06 00:37:04.368 37989 DEBUG oslo_service.service [-] oslo_policy.enforce_scope = False log_opt_values /usr/lib/python3/dist-packages/oslo_config/cfg.py:2609
2025-10-06 00:37:04.368 37989 DEBUG oslo_service.service [-] oslo_policy.policy_default_rule = default log_opt_values /usr/lib/python3/dist-packages/oslo_config/cfg.py:2609
2025-10-06 00:37:04.368 37989 DEBUG oslo_service.service [-] oslo_policy.policy_dirs = ['policy.d'] log_opt_values /usr/lib/python3/dist-packages/oslo_config/cfg.py:2609
2025-10-06 00:37:04.368 37989 DEBUG oslo_service.service [-] oslo_policy.policy_file = policy.yaml log_opt_values /usr/lib/python3/dist-packages/oslo_config/cfg.py:2609
2025-10-06 00:37:04.369 37989 DEBUG oslo_service.service [-] oslo_policy.remote_content_type = application/x-www-form-urlencoded log_opt_values /usr/lib/python3/dist-packages/oslo_config/cfg.py:2609
2025-10-06 00:37:04.369 37989 DEBUG oslo_service.service [-] oslo_policy.remote_ssl_ca_crt_file = None log_opt_values /usr/lib/python3/dist-packages/oslo_config/cfg.py:2609
2025-10-06 00:37:04.369 37989 DEBUG oslo_service.service [-] oslo_policy.remote_ssl_client_crt_file = None log_opt_values /usr/lib/python3/dist-packages/oslo_config/cfg.py:2609
2025-10-06 00:37:04.369 37989 DEBUG oslo_service.service [-] oslo_policy.remote_ssl_client_key_file = None log_opt_values /usr/lib/python3/dist-packages/oslo_config/cfg.py:2609
2025-10-06 00:37:04.369 37989 DEBUG oslo_service.service [-] oslo_policy.remote_ssl_verify_server_crt = False log_opt_values /usr/lib/python3/dist-packages/oslo_config/cfg.py:2609
2025-10-06 00:37:04.369 37989 DEBUG oslo_service.service [-] trustee.auth_section = None log_opt_values /usr/lib/python3/dist-packages/oslo_config/cfg.py:2609
2025-10-06 00:37:04.369 37989 WARNING oslo_config.cfg [-] Deprecated: Option "auth_plugin" from group "trustee" is deprecated. Use option "auth_type" from group "trustee".
2025-10-06 00:37:04.370 37989 DEBUG oslo_service.service [-] trustee.auth_type = password log_opt_values /usr/lib/python3/dist-packages/oslo_config/cfg.py:2609
2025-10-06 00:37:04.370 37989 DEBUG oslo_service.service [-] oslo_versionedobjects.fatal_exception_format_errors = False log_opt_values /usr/lib/python3/dist-packages/oslo_config/cfg.py:2609
2025-10-06 00:37:04.370 37989 DEBUG oslo_service.service [-] oslo_messaging_rabbit.amqp_auto_delete = False log_opt_values /usr/lib/python3/dist-packages/oslo_config/cfg.py:2609
2025-10-06 00:37:04.370 37989 DEBUG oslo_service.service [-] oslo_messaging_rabbit.amqp_durable_queues = False log_opt_values /usr/lib/python3/dist-packages/oslo_config/cfg.py:2609
2025-10-06 00:37:04.370 37989 DEBUG oslo_service.service [-] oslo_messaging_rabbit.conn_pool_min_size = 2 log_opt_values /usr/lib/python3/dist-packages/oslo_config/cfg.py:2609
2025-10-06 00:37:04.370 37989 DEBUG oslo_service.service [-] oslo_messaging_rabbit.conn_pool_ttl = 1200 log_opt_values /usr/lib/python3/dist-packages/oslo_config/cfg.py:2609
2025-10-06 00:37:04.371 37989 DEBUG oslo_service.service [-] oslo_messaging_rabbit.direct_mandatory_flag = True log_opt_values /usr/lib/python3/dist-packages/oslo_config/cfg.py:2609
2025-10-06 00:37:04.371 37989 DEBUG oslo_service.service [-] oslo_messaging_rabbit.enable_cancel_on_failover = False log_opt_values /usr/lib/python3/dist-packages/oslo_config/cfg.py:2609
2025-10-06 00:37:04.371 37989 DEBUG oslo_service.service [-] oslo_messaging_rabbit.heartbeat_in_pthread = False log_opt_values /usr/lib/python3/dist-packages/oslo_config/cfg.py:2609
2025-10-06 00:37:04.371 37989 DEBUG oslo_service.service [-] oslo_messaging_rabbit.heartbeat_rate = 2 log_opt_values /usr/lib/python3/dist-packages/oslo_config/cfg.py:2609
2025-10-06 00:37:04.371 37989 DEBUG oslo_service.service [-] oslo_messaging_rabbit.heartbeat_timeout_threshold = 60 log_opt_values /usr/lib/python3/dist-packages/oslo_config/cfg.py:2609
2025-10-06 00:37:04.371 37989 DEBUG oslo_service.service [-] oslo_messaging_rabbit.kombu_compression = None log_opt_values /usr/lib/python3/dist-packages/oslo_config/cfg.py:2609
2025-10-06 00:37:04.371 37989 DEBUG oslo_service.service [-] oslo_messaging_rabbit.kombu_failover_strategy = round-robin log_opt_values /usr/lib/python3/dist-packages/oslo_config/cfg.py:2609
2025-10-06 00:37:04.371 37989 DEBUG oslo_service.service [-] oslo_messaging_rabbit.kombu_missing_consumer_retry_timeout = 60 log_opt_values /usr/lib/python3/dist-packages/oslo_config/cfg.py:2609
2025-10-06 00:37:04.371 37989 DEBUG oslo_service.service [-] oslo_messaging_rabbit.kombu_reconnect_delay = 1.0 log_opt_values /usr/lib/python3/dist-packages/oslo_config/cfg.py:2609
2025-10-06 00:37:04.372 37989 DEBUG oslo_service.service [-] oslo_messaging_rabbit.rabbit_ha_queues = False log_opt_values /usr/lib/python3/dist-packages/oslo_config/cfg.py:2609
2025-10-06 00:37:04.372 37989 DEBUG oslo_service.service [-] oslo_messaging_rabbit.rabbit_interval_max = 30 log_opt_values /usr/lib/python3/dist-packages/oslo_config/cfg.py:2609
2025-10-06 00:37:04.372 37989 DEBUG oslo_service.service [-] oslo_messaging_rabbit.rabbit_login_method = AMQPLAIN log_opt_values /usr/lib/python3/dist-packages/oslo_config/cfg.py:2609
2025-10-06 00:37:04.372 37989 DEBUG oslo_service.service [-] oslo_messaging_rabbit.rabbit_qos_prefetch_count = 0 log_opt_values /usr/lib/python3/dist-packages/oslo_config/cfg.py:2609
2025-10-06 00:37:04.380 37989 DEBUG oslo_service.service [-] oslo_messaging_rabbit.rabbit_quorum_queue = False log_opt_values /usr/lib/python3/dist-packages/oslo_config/cfg.py:2609
2025-10-06 00:37:04.381 37989 DEBUG oslo_service.service [-] oslo_messaging_rabbit.rabbit_retry_backoff = 2 log_opt_values /usr/lib/python3/dist-packages/oslo_config/cfg.py:2609
2025-10-06 00:37:04.381 37989 DEBUG oslo_service.service [-] oslo_messaging_rabbit.rabbit_retry_interval = 1 log_opt_values /usr/lib/python3/dist-packages/oslo_config/cfg.py:2609
2025-10-06 00:37:04.382 37989 DEBUG oslo_service.service [-] oslo_messaging_rabbit.rabbit_transient_queues_ttl = 1800 log_opt_values /usr/lib/python3/dist-packages/oslo_config/cfg.py:2609
2025-10-06 00:37:04.382 37989 DEBUG oslo_service.service [-] oslo_messaging_rabbit.rpc_conn_pool_size = 30 log_opt_values /usr/lib/python3/dist-packages/oslo_config/cfg.py:2609
2025-10-06 00:37:04.382 37989 DEBUG oslo_service.service [-] oslo_messaging_rabbit.ssl = False log_opt_values /usr/lib/python3/dist-packages/oslo_config/cfg.py:2609
2025-10-06 00:37:04.382 37989 DEBUG oslo_service.service [-] oslo_messaging_rabbit.ssl_ca_file = log_opt_values /usr/lib/python3/dist-packages/oslo_config/cfg.py:2609
2025-10-06 00:37:04.382 37989 DEBUG oslo_service.service [-] oslo_messaging_rabbit.ssl_cert_file = log_opt_values /usr/lib/python3/dist-packages/oslo_config/cfg.py:2609
2025-10-06 00:37:04.382 37989 DEBUG oslo_service.service [-] oslo_messaging_rabbit.ssl_key_file = log_opt_values /usr/lib/python3/dist-packages/oslo_config/cfg.py:2609
2025-10-06 00:37:04.382 37989 DEBUG oslo_service.service [-] oslo_messaging_rabbit.ssl_version = log_opt_values /usr/lib/python3/dist-packages/oslo_config/cfg.py:2609
2025-10-06 00:37:04.382 37989 DEBUG oslo_service.service [-] oslo_messaging_notifications.driver = [] log_opt_values /usr/lib/python3/dist-packages/oslo_config/cfg.py:2609
2025-10-06 00:37:04.384 37989 DEBUG oslo_service.service [-] oslo_messaging_notifications.retry = -1 log_opt_values /usr/lib/python3/dist-packages/oslo_config/cfg.py:2609
2025-10-06 00:37:04.385 37989 DEBUG oslo_service.service [-] oslo_messaging_notifications.topics = ['notifications'] log_opt_values /usr/lib/python3/dist-packages/oslo_config/cfg.py:2609
2025-10-06 00:37:04.385 37989 DEBUG oslo_service.service [-] oslo_messaging_notifications.transport_url = **** log_opt_values /usr/lib/python3/dist-packages/oslo_config/cfg.py:2609
2025-10-06 00:37:04.385 37989 DEBUG oslo_service.service [-] cache.backend = dogpile.cache.null log_opt_values /usr/lib/python3/dist-packages/oslo_config/cfg.py:2609
2025-10-06 00:37:04.385 37989 DEBUG oslo_service.service [-] cache.backend_argument = **** log_opt_values /usr/lib/python3/dist-packages/oslo_config/cfg.py:2609
2025-10-06 00:37:04.386 37989 DEBUG oslo_service.service [-] cache.config_prefix = cache.oslo log_opt_values /usr/lib/python3/dist-packages/oslo_config/cfg.py:2609
2025-10-06 00:37:04.388 37989 DEBUG oslo_service.service [-] cache.debug_cache_backend = False log_opt_values /usr/lib/python3/dist-packages/oslo_config/cfg.py:2609
2025-10-06 00:37:04.389 37989 DEBUG oslo_service.service [-] cache.enabled = False log_opt_values /usr/lib/python3/dist-packages/oslo_config/cfg.py:2609
2025-10-06 00:37:04.389 37989 DEBUG oslo_service.service [-] cache.expiration_time = 600 log_opt_values /usr/lib/python3/dist-packages/oslo_config/cfg.py:2609
2025-10-06 00:37:04.389 37989 DEBUG oslo_service.service [-] cache.memcache_dead_retry = 300 log_opt_values /usr/lib/python3/dist-packages/oslo_config/cfg.py:2609
2025-10-06 00:37:04.390 37989 DEBUG oslo_service.service [-] cache.memcache_pool_connection_get_timeout = 10 log_opt_values /usr/lib/python3/dist-packages/oslo_config/cfg.py:2609
2025-10-06 00:37:04.390 37989 DEBUG oslo_service.service [-] cache.memcache_pool_flush_on_reconnect = False log_opt_values /usr/lib/python3/dist-packages/oslo_config/cfg.py:2609
2025-10-06 00:37:04.390 37989 DEBUG oslo_service.service [-] cache.memcache_pool_maxsize = 10 log_opt_values /usr/lib/python3/dist-packages/oslo_config/cfg.py:2609
2025-10-06 00:37:04.390 37989 DEBUG oslo_service.service [-] cache.memcache_pool_unused_timeout = 60 log_opt_values /usr/lib/python3/dist-packages/oslo_config/cfg.py:2609
2025-10-06 00:37:04.390 37989 DEBUG oslo_service.service [-] cache.memcache_servers = ['localhost:11211'] log_opt_values /usr/lib/python3/dist-packages/oslo_config/cfg.py:2609
2025-10-06 00:37:04.390 37989 DEBUG oslo_service.service [-] cache.memcache_socket_timeout = 1.0 log_opt_values /usr/lib/python3/dist-packages/oslo_config/cfg.py:2609
2025-10-06 00:37:04.402 38210 DEBUG oslo_db.sqlalchemy.engines [req-5dc5ee4c-bca1-46a9-b851-9f538a22fd2c - - - - -] MySQL server mode set to STRICT_TRANS_TABLES,STRICT_ALL_TABLES,NO_ZERO_IN_DATE,NO_ZERO_DATE,ERROR_FOR_DIVISION_BY_ZERO,TRADITIONAL,NO_ENGINE_SUBSTITUTION _check_effective_sql_mode /usr/lib/python3/dist-packages/oslo_db/sqlalchemy/engines.py:314
2025-10-06 00:37:04.403 37989 DEBUG oslo_service.service [-] cache.proxies = [] log_opt_values /usr/lib/python3/dist-packages/oslo_config/cfg.py:2609
2025-10-06 00:37:04.403 37989 DEBUG oslo_service.service [-] cache.tls_allowed_ciphers = None log_opt_values /usr/lib/python3/dist-packages/oslo_config/cfg.py:2609
2025-10-06 00:37:04.403 37989 DEBUG oslo_service.service [-] cache.tls_cafile = None log_opt_values /usr/lib/python3/dist-packages/oslo_config/cfg.py:2609
2025-10-06 00:37:04.403 37989 DEBUG oslo_service.service [-] cache.tls_certfile = None log_opt_values /usr/lib/python3/dist-packages/oslo_config/cfg.py:2609
2025-10-06 00:37:04.403 37989 DEBUG oslo_service.service [-] cache.tls_enabled = False log_opt_values /usr/lib/python3/dist-packages/oslo_config/cfg.py:2609
2025-10-06 00:37:04.403 37989 DEBUG oslo_service.service [-] cache.tls_keyfile = None log_opt_values /usr/lib/python3/dist-packages/oslo_config/cfg.py:2609
2025-10-06 00:37:04.404 37989 DEBUG oslo_service.service [-] constraint_validation_cache.caching = True log_opt_values /usr/lib/python3/dist-packages/oslo_config/cfg.py:2609
2025-10-06 00:37:04.404 37989 DEBUG oslo_service.service [-] constraint_validation_cache.expiration_time = 60 log_opt_values /usr/lib/python3/dist-packages/oslo_config/cfg.py:2609
2025-10-06 00:37:04.404 37989 DEBUG oslo_service.service [-] service_extension_cache.caching = True log_opt_values /usr/lib/python3/dist-packages/oslo_config/cfg.py:2609
2025-10-06 00:37:04.404 37989 DEBUG oslo_service.service [-] service_extension_cache.expiration_time = 3600 log_opt_values /usr/lib/python3/dist-packages/oslo_config/cfg.py:2609
2025-10-06 00:37:04.404 37989 DEBUG oslo_service.service [-] resource_finder_cache.caching = True log_opt_values /usr/lib/python3/dist-packages/oslo_config/cfg.py:2609
2025-10-06 00:37:04.404 37989 DEBUG oslo_service.service [-] resource_finder_cache.expiration_time = 3600 log_opt_values /usr/lib/python3/dist-packages/oslo_config/cfg.py:2609
2025-10-06 00:37:04.404 37989 DEBUG oslo_service.service [-] yaql.limit_iterators = 200 log_opt_values /usr/lib/python3/dist-packages/oslo_config/cfg.py:2609
2025-10-06 00:37:04.404 37989 DEBUG oslo_service.service [-] yaql.memory_quota = 10000 log_opt_values /usr/lib/python3/dist-packages/oslo_config/cfg.py:2609
2025-10-06 00:37:04.405 37989 DEBUG oslo_service.service [-] ******************************************************************************** log_opt_values /usr/lib/python3/dist-packages/oslo_config/cfg.py:2613
2025-10-06 00:37:04.407 38211 DEBUG oslo_db.sqlalchemy.engines [req-bd2e88a1-9090-45e0-8580-ad6c94cbe44d - - - - -] MySQL server mode set to STRICT_TRANS_TABLES,STRICT_ALL_TABLES,NO_ZERO_IN_DATE,NO_ZERO_DATE,ERROR_FOR_DIVISION_BY_ZERO,TRADITIONAL,NO_ENGINE_SUBSTITUTION _check_effective_sql_mode /usr/lib/python3/dist-packages/oslo_db/sqlalchemy/engines.py:314
2025-10-06 00:37:04.427 38213 DEBUG oslo_db.sqlalchemy.engines [req-dbdfb740-0c04-4d0a-9627-ad9ed206e571 - - - - -] MySQL server mode set to STRICT_TRANS_TABLES,STRICT_ALL_TABLES,NO_ZERO_IN_DATE,NO_ZERO_DATE,ERROR_FOR_DIVISION_BY_ZERO,TRADITIONAL,NO_ENGINE_SUBSTITUTION _check_effective_sql_mode /usr/lib/python3/dist-packages/oslo_db/sqlalchemy/engines.py:314
2025-10-06 00:37:04.429 38212 DEBUG oslo_db.sqlalchemy.engines [req-6d72de82-49ec-446e-8875-0990e8504460 - - - - -] MySQL server mode set to STRICT_TRANS_TABLES,STRICT_ALL_TABLES,NO_ZERO_IN_DATE,NO_ZERO_DATE,ERROR_FOR_DIVISION_BY_ZERO,TRADITIONAL,NO_ENGINE_SUBSTITUTION _check_effective_sql_mode /usr/lib/python3/dist-packages/oslo_db/sqlalchemy/engines.py:314
2025-10-06 00:37:04.463 38211 DEBUG heat.engine.service [req-9c5714c9-6fac-4d64-8c9a-eed76070b544 - - - - -] Service 45bbe08b-d290-4d80-8582-58f50eb05f5d is started service_manage_report /usr/lib/python3/dist-packages/heat/engine/service.py:2363
2025-10-06 00:37:04.467 38210 DEBUG heat.engine.service [req-acd7aeb6-4127-4248-a8d1-8a25d6ad564c - - - - -] Service b6d7e1b6-d33e-4521-8891-8443275a010a is started service_manage_report /usr/lib/python3/dist-packages/heat/engine/service.py:2363
2025-10-06 00:37:04.483 38210 DEBUG heat.engine.service [req-acd7aeb6-4127-4248-a8d1-8a25d6ad564c - - - - -] Service b6d7e1b6-d33e-4521-8891-8443275a010a is updated service_manage_report /usr/lib/python3/dist-packages/heat/engine/service.py:2370
2025-10-06 00:37:04.486 38211 DEBUG heat.engine.service [req-9c5714c9-6fac-4d64-8c9a-eed76070b544 - - - - -] Service 45bbe08b-d290-4d80-8582-58f50eb05f5d is updated service_manage_report /usr/lib/python3/dist-packages/heat/engine/service.py:2370
2025-10-06 00:37:04.512 38213 DEBUG heat.engine.service [req-5114d94d-3488-48ba-a206-b9bd069109f1 - - - - -] Service a4e0a33c-30ea-454b-8e4e-17ed6f52ced5 is started service_manage_report /usr/lib/python3/dist-packages/heat/engine/service.py:2363
2025-10-06 00:37:04.512 38212 DEBUG heat.engine.service [req-3c2beb4c-7ebc-4fcc-9721-d3b69b8dedae - - - - -] Service 7dd2bb9b-3115-4eeb-9789-38f9e85f37db is started service_manage_report /usr/lib/python3/dist-packages/heat/engine/service.py:2363
2025-10-06 00:37:04.529 38213 DEBUG heat.engine.service [req-5114d94d-3488-48ba-a206-b9bd069109f1 - - - - -] Service a4e0a33c-30ea-454b-8e4e-17ed6f52ced5 is updated service_manage_report /usr/lib/python3/dist-packages/heat/engine/service.py:2370
2025-10-06 00:37:04.530 38212 DEBUG heat.engine.service [req-3c2beb4c-7ebc-4fcc-9721-d3b69b8dedae - - - - -] Service 7dd2bb9b-3115-4eeb-9789-38f9e85f37db is updated service_manage_report /usr/lib/python3/dist-packages/heat/engine/service.py:2370
2025-10-06 00:38:04.459 38210 DEBUG heat.engine.service [req-fd1e5ec7-4728-4e4d-b17c-b8ae5948d1d8 - - - - -] Service b6d7e1b6-d33e-4521-8891-8443275a010a is updated service_manage_report /usr/lib/python3/dist-packages/heat/engine/service.py:2370
2025-10-06 00:38:04.462 38211 DEBUG heat.engine.service [req-7c632e22-c2ff-45bb-b443-4f1f55773519 - - - - -] Service 45bbe08b-d290-4d80-8582-58f50eb05f5d is updated service_manage_report /usr/lib/python3/dist-packages/heat/engine/service.py:2370
2025-10-06 00:38:04.493 38213 DEBUG heat.engine.service [req-375a2124-0748-4f44-b902-e54ce9f3f1ce - - - - -] Service a4e0a33c-30ea-454b-8e4e-17ed6f52ced5 is updated service_manage_report /usr/lib/python3/dist-packages/heat/engine/service.py:2370
2025-10-06 00:38:04.508 38212 DEBUG heat.engine.service [req-c5606866-ce89-48f4-9a18-a6078c030196 - - - - -] Service 7dd2bb9b-3115-4eeb-9789-38f9e85f37db is updated service_manage_report /usr/lib/python3/dist-packages/heat/engine/service.py:2370
2025-10-06 00:39:04.455 38211 DEBUG heat.engine.service [req-1cf62ee4-12fe-4804-b4bb-35771dce2ea0 - - - - -] Service 45bbe08b-d290-4d80-8582-58f50eb05f5d is updated service_manage_report /usr/lib/python3/dist-packages/heat/engine/service.py:2370
2025-10-06 00:39:04.466 38210 DEBUG heat.engine.service [req-803a7ca5-a7da-4098-9c16-557f7be79614 - - - - -] Service b6d7e1b6-d33e-4521-8891-8443275a010a is updated service_manage_report /usr/lib/python3/dist-packages/heat/engine/service.py:2370
2025-10-06 00:39:04.497 38213 DEBUG heat.engine.service [req-1e6770c4-d370-4de1-b38f-00e050836cfc - - - - -] Service a4e0a33c-30ea-454b-8e4e-17ed6f52ced5 is updated service_manage_report /usr/lib/python3/dist-packages/heat/engine/service.py:2370
2025-10-06 00:39:04.501 38212 DEBUG heat.engine.service [req-6c8427b3-3e8c-4a29-b0d0-60b2e59512df - - - - -] Service 7dd2bb9b-3115-4eeb-9789-38f9e85f37db is updated service_manage_report /usr/lib/python3/dist-packages/heat/engine/service.py:2370
2025-10-06 00:40:04.461 38211 DEBUG heat.engine.service [req-bb959beb-ba82-4dc9-8829-e4a22cc82e40 - - - - -] Service 45bbe08b-d290-4d80-8582-58f50eb05f5d is updated service_manage_report /usr/lib/python3/dist-packages/heat/engine/service.py:2370
2025-10-06 00:40:04.463 38210 DEBUG heat.engine.service [req-f689e62b-5c49-46d3-b802-b0396dcfc3b5 - - - - -] Service b6d7e1b6-d33e-4521-8891-8443275a010a is updated service_manage_report /usr/lib/python3/dist-packages/heat/engine/service.py:2370
2025-10-06 00:40:04.502 38213 DEBUG heat.engine.service [req-a2a1396f-56e1-4a01-9634-7a6f32d82ff5 - - - - -] Service a4e0a33c-30ea-454b-8e4e-17ed6f52ced5 is updated service_manage_report /usr/lib/python3/dist-packages/heat/engine/service.py:2370
2025-10-06 00:40:04.506 38212 DEBUG heat.engine.service [req-cdd6e9fb-0608-47cd-9f98-ab3c5e5eaa4c - - - - -] Service 7dd2bb9b-3115-4eeb-9789-38f9e85f37db is updated service_manage_report /usr/lib/python3/dist-packages/heat/engine/service.py:2370
2025-10-06 00:41:04.456 38211 DEBUG heat.engine.service [req-7b956bc3-bbcc-43a0-a8f4-4c790e8fc707 - - - - -] Service 45bbe08b-d290-4d80-8582-58f50eb05f5d is updated service_manage_report /usr/lib/python3/dist-packages/heat/engine/service.py:2370
2025-10-06 00:41:04.458 38210 DEBUG heat.engine.service [req-5adc3373-cf11-4964-8d4c-9fb36ddc684d - - - - -] Service b6d7e1b6-d33e-4521-8891-8443275a010a is updated service_manage_report /usr/lib/python3/dist-packages/heat/engine/service.py:2370
2025-10-06 00:41:04.503 38212 DEBUG heat.engine.service [req-9ea9efc7-58f0-4966-9665-b3974056251d - - - - -] Service 7dd2bb9b-3115-4eeb-9789-38f9e85f37db is updated service_manage_report /usr/lib/python3/dist-packages/heat/engine/service.py:2370
2025-10-06 00:41:04.505 38213 DEBUG heat.engine.service [req-744e2e4c-6a0c-416d-a5be-9bce9a9c8c2d - - - - -] Service a4e0a33c-30ea-454b-8e4e-17ed6f52ced5 is updated service_manage_report /usr/lib/python3/dist-packages/heat/engine/service.py:2370
2025-10-06 00:42:04.461 38211 DEBUG heat.engine.service [req-ecf9bbbf-7537-4f33-9116-21befcbdff69 - - - - -] Service 45bbe08b-d290-4d80-8582-58f50eb05f5d is updated service_manage_report /usr/lib/python3/dist-packages/heat/engine/service.py:2370
2025-10-06 00:42:04.465 38210 DEBUG heat.engine.service [req-c77dda43-d6d9-43c1-86d6-599580df74af - - - - -] Service b6d7e1b6-d33e-4521-8891-8443275a010a is updated service_manage_report /usr/lib/python3/dist-packages/heat/engine/service.py:2370
2025-10-06 00:42:04.497 38212 DEBUG heat.engine.service [req-b6ed9869-228b-41fc-aa23-2e94889690de - - - - -] Service 7dd2bb9b-3115-4eeb-9789-38f9e85f37db is updated service_manage_report /usr/lib/python3/dist-packages/heat/engine/service.py:2370
2025-10-06 00:42:04.508 38213 DEBUG heat.engine.service [req-ed6823d3-f34e-490a-bab6-7bd657e4d325 - - - - -] Service a4e0a33c-30ea-454b-8e4e-17ed6f52ced5 is updated service_manage_report /usr/lib/python3/dist-packages/heat/engine/service.py:2370
2025-10-06 00:43:04.461 38210 DEBUG heat.engine.service [req-b2f604ae-d2b3-4add-a46a-596b8021cd9a - - - - -] Service b6d7e1b6-d33e-4521-8891-8443275a010a is updated service_manage_report /usr/lib/python3/dist-packages/heat/engine/service.py:2370
2025-10-06 00:43:04.464 38211 DEBUG heat.engine.service [req-4bd9a9db-13b4-4ded-a7bf-06f6099825f0 - - - - -] Service 45bbe08b-d290-4d80-8582-58f50eb05f5d is updated service_manage_report /usr/lib/python3/dist-packages/heat/engine/service.py:2370
2025-10-06 00:43:04.500 38212 DEBUG heat.engine.service [req-00713cf9-cd55-4f27-aefa-cf5aaeab6602 - - - - -] Service 7dd2bb9b-3115-4eeb-9789-38f9e85f37db is updated service_manage_report /usr/lib/python3/dist-packages/heat/engine/service.py:2370
2025-10-06 00:43:04.511 38213 DEBUG heat.engine.service [req-50a1f263-4a08-4195-a7d4-beaf25a920bc - - - - -] Service a4e0a33c-30ea-454b-8e4e-17ed6f52ced5 is updated service_manage_report /usr/lib/python3/dist-packages/heat/engine/service.py:2370
2025-10-06 00:44:04.472 38211 DEBUG heat.engine.service [req-20630bdb-7efb-4ebc-94b0-4f31fd2e5e30 - - - - -] Service 45bbe08b-d290-4d80-8582-58f50eb05f5d is updated service_manage_report /usr/lib/python3/dist-packages/heat/engine/service.py:2370
2025-10-06 00:44:04.472 38210 DEBUG heat.engine.service [req-6387668f-020e-44bb-b198-90037009d0b3 - - - - -] Service b6d7e1b6-d33e-4521-8891-8443275a010a is updated service_manage_report /usr/lib/python3/dist-packages/heat/engine/service.py:2370
2025-10-06 00:44:04.503 38212 DEBUG heat.engine.service [req-c58372cf-bc34-4abc-8e62-e6778615dc5f - - - - -] Service 7dd2bb9b-3115-4eeb-9789-38f9e85f37db is updated service_manage_report /usr/lib/python3/dist-packages/heat/engine/service.py:2370
2025-10-06 00:44:04.513 38213 DEBUG heat.engine.service [req-6060a876-2c4e-42ce-9716-d4dab8bcae4d - - - - -] Service a4e0a33c-30ea-454b-8e4e-17ed6f52ced5 is updated service_manage_report /usr/lib/python3/dist-packages/heat/engine/service.py:2370
2025-10-06 00:45:04.467 38210 DEBUG heat.engine.service [req-292227f5-8454-457f-bab7-93b8a871d397 - - - - -] Service b6d7e1b6-d33e-4521-8891-8443275a010a is updated service_manage_report /usr/lib/python3/dist-packages/heat/engine/service.py:2370
2025-10-06 00:45:04.469 38211 DEBUG heat.engine.service [req-4fce0d66-936d-4d64-96b1-641ea770a260 - - - - -] Service 45bbe08b-d290-4d80-8582-58f50eb05f5d is updated service_manage_report /usr/lib/python3/dist-packages/heat/engine/service.py:2370
2025-10-06 00:45:04.506 38212 DEBUG heat.engine.service [req-d506f8e0-89ce-49e9-b440-d7b8eb8b8fad - - - - -] Service 7dd2bb9b-3115-4eeb-9789-38f9e85f37db is updated service_manage_report /usr/lib/python3/dist-packages/heat/engine/service.py:2370
2025-10-06 00:45:04.516 38213 DEBUG heat.engine.service [req-d56a3d15-c36d-4660-a56c-3ca0abf40dc5 - - - - -] Service a4e0a33c-30ea-454b-8e4e-17ed6f52ced5 is updated service_manage_report /usr/lib/python3/dist-packages/heat/engine/service.py:2370
2025-10-06 00:46:04.464 38211 DEBUG heat.engine.service [req-efa3aec3-857f-4871-95f9-aa233f938f4c - - - - -] Service 45bbe08b-d290-4d80-8582-58f50eb05f5d is updated service_manage_report /usr/lib/python3/dist-packages/heat/engine/service.py:2370
2025-10-06 00:46:04.476 38210 DEBUG heat.engine.service [req-368fff52-abb1-4e7a-b0e6-e88ab9faf721 - - - - -] Service b6d7e1b6-d33e-4521-8891-8443275a010a is updated service_manage_report /usr/lib/python3/dist-packages/heat/engine/service.py:2370
2025-10-06 00:46:04.508 38212 DEBUG heat.engine.service [req-92135526-2cfe-49a5-ae3e-8a0131db81c1 - - - - -] Service 7dd2bb9b-3115-4eeb-9789-38f9e85f37db is updated service_manage_report /usr/lib/python3/dist-packages/heat/engine/service.py:2370
2025-10-06 00:46:04.516 38213 DEBUG heat.engine.service [req-2a9ba5d7-7546-4b34-9eac-5123521d4dd2 - - - - -] Service a4e0a33c-30ea-454b-8e4e-17ed6f52ced5 is updated service_manage_report /usr/lib/python3/dist-packages/heat/engine/service.py:2370
2025-10-06 00:47:04.469 38211 DEBUG heat.engine.service [req-6196b3e9-d405-4b14-9ec6-a0a5bc93ea24 - - - - -] Service 45bbe08b-d290-4d80-8582-58f50eb05f5d is updated service_manage_report /usr/lib/python3/dist-packages/heat/engine/service.py:2370
2025-10-06 00:47:04.471 38210 DEBUG heat.engine.service [req-b6addb58-bbe4-4651-bd40-746998be1f38 - - - - -] Service b6d7e1b6-d33e-4521-8891-8443275a010a is updated service_manage_report /usr/lib/python3/dist-packages/heat/engine/service.py:2370
2025-10-06 00:47:04.514 38212 DEBUG heat.engine.service [req-fdb85fe7-ee57-45f2-b8d7-23593c94ddbc - - - - -] Service 7dd2bb9b-3115-4eeb-9789-38f9e85f37db is updated service_manage_report /usr/lib/python3/dist-packages/heat/engine/service.py:2370
2025-10-06 00:47:04.519 38213 DEBUG heat.engine.service [req-a715d2e9-d8a3-47d1-bc4b-3b2f4176388c - - - - -] Service a4e0a33c-30ea-454b-8e4e-17ed6f52ced5 is updated service_manage_report /usr/lib/python3/dist-packages/heat/engine/service.py:2370
2025-10-06 00:48:04.473 38211 DEBUG heat.engine.service [req-544546f6-621c-48a5-9ac1-c7149ebb095a - - - - -] Service 45bbe08b-d290-4d80-8582-58f50eb05f5d is updated service_manage_report /usr/lib/python3/dist-packages/heat/engine/service.py:2370
2025-10-06 00:48:04.480 38210 DEBUG heat.engine.service [req-fbed1e91-2de5-4dee-85f3-9b7bbe921901 - - - - -] Service b6d7e1b6-d33e-4521-8891-8443275a010a is updated service_manage_report /usr/lib/python3/dist-packages/heat/engine/service.py:2370
2025-10-06 00:48:04.518 38212 DEBUG heat.engine.service [req-3501b05c-10b4-407b-8620-29f859ed9382 - - - - -] Service 7dd2bb9b-3115-4eeb-9789-38f9e85f37db is updated service_manage_report /usr/lib/python3/dist-packages/heat/engine/service.py:2370
2025-10-06 00:48:04.522 38213 DEBUG heat.engine.service [req-f5f9b2d7-3a58-4499-b2c2-8a68d42040aa - - - - -] Service a4e0a33c-30ea-454b-8e4e-17ed6f52ced5 is updated service_manage_report /usr/lib/python3/dist-packages/heat/engine/service.py:2370
2025-10-06 00:49:04.475 38210 DEBUG heat.engine.service [req-0a64d8f0-fb8f-4822-b44b-6826de3f09d4 - - - - -] Service b6d7e1b6-d33e-4521-8891-8443275a010a is updated service_manage_report /usr/lib/python3/dist-packages/heat/engine/service.py:2370
2025-10-06 00:49:04.477 38211 DEBUG heat.engine.service [req-82fb19c5-4004-44a2-b49c-6ac0001d1b07 - - - - -] Service 45bbe08b-d290-4d80-8582-58f50eb05f5d is updated service_manage_report /usr/lib/python3/dist-packages/heat/engine/service.py:2370
2025-10-06 00:49:04.524 38212 DEBUG heat.engine.service [req-b743f817-d063-41da-9f40-8ced3ec7c3d1 - - - - -] Service 7dd2bb9b-3115-4eeb-9789-38f9e85f37db is updated service_manage_report /usr/lib/python3/dist-packages/heat/engine/service.py:2370
2025-10-06 00:49:04.527 38213 DEBUG heat.engine.service [req-9c62dc32-aaf2-4dfe-b913-517f63d36894 - - - - -] Service a4e0a33c-30ea-454b-8e4e-17ed6f52ced5 is updated service_manage_report /usr/lib/python3/dist-packages/heat/engine/service.py:2370
2025-10-06 00:50:04.482 38210 DEBUG heat.engine.service [req-9cc8aab5-6f2d-4771-a21f-d389c984464b - - - - -] Service b6d7e1b6-d33e-4521-8891-8443275a010a is updated service_manage_report /usr/lib/python3/dist-packages/heat/engine/service.py:2370
2025-10-06 00:50:04.483 38211 DEBUG heat.engine.service [req-b6050360-df40-4633-bc0e-d03742f22f14 - - - - -] Service 45bbe08b-d290-4d80-8582-58f50eb05f5d is updated service_manage_report /usr/lib/python3/dist-packages/heat/engine/service.py:2370
2025-10-06 00:50:04.520 38212 DEBUG heat.engine.service [req-7f21c51d-ccd4-4bef-b32e-f35d5a28a5a4 - - - - -] Service 7dd2bb9b-3115-4eeb-9789-38f9e85f37db is updated service_manage_report /usr/lib/python3/dist-packages/heat/engine/service.py:2370
2025-10-06 00:50:04.530 38213 DEBUG heat.engine.service [req-16108ff9-79b3-49e2-842b-cbde4e02f8b3 - - - - -] Service a4e0a33c-30ea-454b-8e4e-17ed6f52ced5 is updated service_manage_report /usr/lib/python3/dist-packages/heat/engine/service.py:2370
2025-10-06 00:51:04.477 38210 DEBUG heat.engine.service [req-09a39e33-18ae-4b1e-a18e-04bf941b0079 - - - - -] Service b6d7e1b6-d33e-4521-8891-8443275a010a is updated service_manage_report /usr/lib/python3/dist-packages/heat/engine/service.py:2370
2025-10-06 00:51:04.480 38211 DEBUG heat.engine.service [req-b70a028b-fd90-4fd5-973f-9d35f10a75f7 - - - - -] Service 45bbe08b-d290-4d80-8582-58f50eb05f5d is updated service_manage_report /usr/lib/python3/dist-packages/heat/engine/service.py:2370
2025-10-06 00:51:04.513 38212 DEBUG heat.engine.service [req-e82990f2-2f71-4b69-981d-0ab0d9e4a9cf - - - - -] Service 7dd2bb9b-3115-4eeb-9789-38f9e85f37db is updated service_manage_report /usr/lib/python3/dist-packages/heat/engine/service.py:2370
2025-10-06 00:51:04.532 38213 DEBUG heat.engine.service [req-ccadfe4a-c173-451a-a4a0-b0fae6816ca5 - - - - -] Service a4e0a33c-30ea-454b-8e4e-17ed6f52ced5 is updated service_manage_report /usr/lib/python3/dist-packages/heat/engine/service.py:2370
2025-10-06 00:52:04.481 38210 DEBUG heat.engine.service [req-33613c0f-b498-4393-829f-fe833a6ffcdc - - - - -] Service b6d7e1b6-d33e-4521-8891-8443275a010a is updated service_manage_report /usr/lib/python3/dist-packages/heat/engine/service.py:2370
2025-10-06 00:52:04.483 38211 DEBUG heat.engine.service [req-63bea233-6db4-4409-ad54-3c0f5a238793 - - - - -] Service 45bbe08b-d290-4d80-8582-58f50eb05f5d is updated service_manage_report /usr/lib/python3/dist-packages/heat/engine/service.py:2370
2025-10-06 00:52:04.517 38212 DEBUG heat.engine.service [req-30f3ad25-3b9a-471b-8388-ed71c50b56b1 - - - - -] Service 7dd2bb9b-3115-4eeb-9789-38f9e85f37db is updated service_manage_report /usr/lib/python3/dist-packages/heat/engine/service.py:2370
2025-10-06 00:52:04.534 38213 DEBUG heat.engine.service [req-223237eb-2b8e-44ba-85ee-17571178cc50 - - - - -] Service a4e0a33c-30ea-454b-8e4e-17ed6f52ced5 is updated service_manage_report /usr/lib/python3/dist-packages/heat/engine/service.py:2370
2025-10-06 00:53:04.485 38210 DEBUG heat.engine.service [req-a8bc358a-3f73-4c56-94cc-98c27d3b265f - - - - -] Service b6d7e1b6-d33e-4521-8891-8443275a010a is updated service_manage_report /usr/lib/python3/dist-packages/heat/engine/service.py:2370
2025-10-06 00:53:04.487 38211 DEBUG heat.engine.service [req-efc5e1a7-547e-45d0-b5d0-7814d9721465 - - - - -] Service 45bbe08b-d290-4d80-8582-58f50eb05f5d is updated service_manage_report /usr/lib/python3/dist-packages/heat/engine/service.py:2370
2025-10-06 00:53:04.518 38212 DEBUG heat.engine.service [req-21ef6821-dd51-4fb2-b94c-c7aae60243c9 - - - - -] Service 7dd2bb9b-3115-4eeb-9789-38f9e85f37db is updated service_manage_report /usr/lib/python3/dist-packages/heat/engine/service.py:2370
2025-10-06 00:53:04.537 38213 DEBUG heat.engine.service [req-0714421b-aa61-49aa-a4e8-1d71d877c579 - - - - -] Service a4e0a33c-30ea-454b-8e4e-17ed6f52ced5 is updated service_manage_report /usr/lib/python3/dist-packages/heat/engine/service.py:2370
2025-10-06 00:54:04.490 38211 DEBUG heat.engine.service [req-88e9be67-895d-433d-8a32-68cf0141a3ae - - - - -] Service 45bbe08b-d290-4d80-8582-58f50eb05f5d is updated service_manage_report /usr/lib/python3/dist-packages/heat/engine/service.py:2370
