2025-10-06 01:34:12.299 7 DEBUG oslo_service.service [-] ml2_type_gre.tunnel_id_ranges = [] log_opt_values /var/lib/kolla/venv/lib/python3.6/site-packages/oslo_config/cfg.py:2611
2025-10-06 01:34:12.299 7 DEBUG oslo_service.service [-] ml2_type_vlan.network_vlan_ranges = [] log_opt_values /var/lib/kolla/venv/lib/python3.6/site-packages/oslo_config/cfg.py:2611
2025-10-06 01:34:12.300 7 DEBUG oslo_service.service [-] ml2_type_vxlan.vni_ranges = [] log_opt_values /var/lib/kolla/venv/lib/python3.6/site-packages/oslo_config/cfg.py:2611
2025-10-06 01:34:12.300 7 DEBUG oslo_service.service [-] ml2_type_vxlan.vxlan_group = None log_opt_values /var/lib/kolla/venv/lib/python3.6/site-packages/oslo_config/cfg.py:2611
2025-10-06 01:34:12.300 7 DEBUG oslo_service.service [-] database.backend = sqlalchemy log_opt_values /var/lib/kolla/venv/lib/python3.6/site-packages/oslo_config/cfg.py:2611
2025-10-06 01:34:12.300 7 DEBUG oslo_service.service [-] database.connection = **** log_opt_values /var/lib/kolla/venv/lib/python3.6/site-packages/oslo_config/cfg.py:2611
2025-10-06 01:34:12.301 7 DEBUG oslo_service.service [-] database.connection_debug = 0 log_opt_values /var/lib/kolla/venv/lib/python3.6/site-packages/oslo_config/cfg.py:2611
2025-10-06 01:34:12.301 7 DEBUG oslo_service.service [-] database.connection_parameters = log_opt_values /var/lib/kolla/venv/lib/python3.6/site-packages/oslo_config/cfg.py:2611
2025-10-06 01:34:12.301 7 DEBUG oslo_service.service [-] database.connection_recycle_time = 10 log_opt_values /var/lib/kolla/venv/lib/python3.6/site-packages/oslo_config/cfg.py:2611
2025-10-06 01:34:12.301 7 DEBUG oslo_service.service [-] database.connection_trace = False log_opt_values /var/lib/kolla/venv/lib/python3.6/site-packages/oslo_config/cfg.py:2611
2025-10-06 01:34:12.301 7 DEBUG oslo_service.service [-] database.db_inc_retry_interval = True log_opt_values /var/lib/kolla/venv/lib/python3.6/site-packages/oslo_config/cfg.py:2611
2025-10-06 01:34:12.301 7 DEBUG oslo_service.service [-] database.db_max_retries = 20 log_opt_values /var/lib/kolla/venv/lib/python3.6/site-packages/oslo_config/cfg.py:2611
2025-10-06 01:34:12.301 7 DEBUG oslo_service.service [-] database.db_max_retry_interval = 10 log_opt_values /var/lib/kolla/venv/lib/python3.6/site-packages/oslo_config/cfg.py:2611
2025-10-06 01:34:12.301 7 DEBUG oslo_service.service [-] database.db_retry_interval = 1 log_opt_values /var/lib/kolla/venv/lib/python3.6/site-packages/oslo_config/cfg.py:2611
2025-10-06 01:34:12.301 7 DEBUG oslo_service.service [-] database.max_overflow = 50 log_opt_values /var/lib/kolla/venv/lib/python3.6/site-packages/oslo_config/cfg.py:2611
2025-10-06 01:34:12.301 7 DEBUG oslo_service.service [-] database.max_pool_size = 1 log_opt_values /var/lib/kolla/venv/lib/python3.6/site-packages/oslo_config/cfg.py:2611
2025-10-06 01:34:12.301 7 DEBUG oslo_service.service [-] database.max_retries = -1 log_opt_values /var/lib/kolla/venv/lib/python3.6/site-packages/oslo_config/cfg.py:2611
2025-10-06 01:34:12.301 7 DEBUG oslo_service.service [-] database.mysql_enable_ndb = False log_opt_values /var/lib/kolla/venv/lib/python3.6/site-packages/oslo_config/cfg.py:2611
2025-10-06 01:34:12.301 7 DEBUG oslo_service.service [-] database.mysql_sql_mode = TRADITIONAL log_opt_values /var/lib/kolla/venv/lib/python3.6/site-packages/oslo_config/cfg.py:2611
2025-10-06 01:34:12.301 7 DEBUG oslo_service.service [-] database.pool_timeout = None log_opt_values /var/lib/kolla/venv/lib/python3.6/site-packages/oslo_config/cfg.py:2611
2025-10-06 01:34:12.301 7 DEBUG oslo_service.service [-] database.retry_interval = 10 log_opt_values /var/lib/kolla/venv/lib/python3.6/site-packages/oslo_config/cfg.py:2611
2025-10-06 01:34:12.301 7 DEBUG oslo_service.service [-] database.slave_connection = **** log_opt_values /var/lib/kolla/venv/lib/python3.6/site-packages/oslo_config/cfg.py:2611
2025-10-06 01:34:12.302 7 DEBUG oslo_service.service [-] database.sqlite_synchronous = True log_opt_values /var/lib/kolla/venv/lib/python3.6/site-packages/oslo_config/cfg.py:2611
2025-10-06 01:34:12.302 7 DEBUG oslo_service.service [-] database.use_db_reconnect = False log_opt_values /var/lib/kolla/venv/lib/python3.6/site-packages/oslo_config/cfg.py:2611
2025-10-06 01:34:12.302 7 DEBUG oslo_service.service [-] ******************************************************************************** log_opt_values /var/lib/kolla/venv/lib/python3.6/site-packages/oslo_config/cfg.py:2613
2025-10-06 01:34:14.204 22 DEBUG neutron.wsgi [-] (22) accepted ('10.0.0.130', 48224) server /var/lib/kolla/venv/lib/python3.6/site-packages/eventlet/wsgi.py:1004
2025-10-06 01:34:14.210 22 INFO neutron.wsgi [-] 10.0.0.130 "GET / HTTP/1.1" status: 200 len: 228 time: 0.0044007
2025-10-06 01:34:16.092 23 DEBUG neutron.api.rpc.handlers.dhcp_rpc [req-d1106f2b-1101-4189-a14f-b9b50bc36e18 - - - - -] get_active_networks_info from cn-jenkins-deploy-platform-ansible-os-4218-1 get_active_networks_info /var/lib/kolla/venv/lib/python3.6/site-packages/neutron/api/rpc/handlers/dhcp_rpc.py:159
2025-10-06 01:34:16.113 27 DEBUG neutron_lib.callbacks.manager [req-6d234dde-6c3e-4e73-841e-3f6a5905c289 - - - - -] Publish callbacks ['neutron.services.segments.db._update_segment_host_mapping_for_agent-8792635945075', 'neutron.services.l3_router.l3_router_plugin.DVRResourceOperationHandler.create_fip_agent_gw_ports-1640451'] for agent (d501d20e-462e-4978-8548-50b6dcce66eb), after_create _notify_loop /var/lib/kolla/venv/lib/python3.6/site-packages/neutron_lib/callbacks/manager.py:177
2025-10-06 01:34:16.127 23 DEBUG neutron.scheduler.dhcp_agent_scheduler [req-d1106f2b-1101-4189-a14f-b9b50bc36e18 - - - - -] No non-hosted networks auto_schedule_networks /var/lib/kolla/venv/lib/python3.6/site-packages/neutron/scheduler/dhcp_agent_scheduler.py:60
2025-10-06 01:34:32.395 26 DEBUG neutron_lib.callbacks.manager [req-c243704a-9d8b-43a9-bbbd-778c558a4eec - - - - -] Publish callbacks ['neutron.services.segments.db._update_segment_host_mapping_for_agent-8792635945075', 'neutron.services.l3_router.l3_router_plugin.DVRResourceOperationHandler.create_fip_agent_gw_ports-1640451'] for agent (09d61bd4-53ca-427f-84fd-09fe3f4537ec), after_create _notify_loop /var/lib/kolla/venv/lib/python3.6/site-packages/neutron_lib/callbacks/manager.py:177
2025-10-06 01:34:44.247 22 DEBUG neutron.wsgi [-] (22) accepted ('10.0.0.130', 52916) server /var/lib/kolla/venv/lib/python3.6/site-packages/eventlet/wsgi.py:1004
2025-10-06 01:34:44.250 22 INFO neutron.wsgi [-] 10.0.0.130 "GET / HTTP/1.1" status: 200 len: 228 time: 0.0029964
2025-10-06 01:34:46.089 23 DEBUG neutron_lib.callbacks.manager [req-c9e6d9d4-43b9-48ee-8226-fb4935044439 - - - - -] Publish callbacks ['neutron.services.segments.db._update_segment_host_mapping_for_agent-8792635945075', 'neutron.plugins.ml2.plugin.Ml2Plugin._retry_binding_revived_agents--9223372036853454960'] for agent (d501d20e-462e-4978-8548-50b6dcce66eb), after_update _notify_loop /var/lib/kolla/venv/lib/python3.6/site-packages/neutron_lib/callbacks/manager.py:177
2025-10-06 01:35:02.381 28 DEBUG neutron_lib.callbacks.manager [req-c243704a-9d8b-43a9-bbbd-778c558a4eec - - - - -] Publish callbacks ['neutron.services.segments.db._update_segment_host_mapping_for_agent-8792635945075', 'neutron.plugins.ml2.plugin.Ml2Plugin._retry_binding_revived_agents--9223372036853454960'] for agent (09d61bd4-53ca-427f-84fd-09fe3f4537ec), after_update _notify_loop /var/lib/kolla/venv/lib/python3.6/site-packages/neutron_lib/callbacks/manager.py:177
2025-10-06 01:35:11.224 29 DEBUG neutron.db.agents_db [req-d3320a80-f156-45cb-84d9-699ce906d773 - - - - -] Agent healthcheck: found 2 active agents agent_health_check /var/lib/kolla/venv/lib/python3.6/site-packages/neutron/db/agents_db.py:318
2025-10-06 01:35:14.289 22 DEBUG neutron.wsgi [-] (22) accepted ('10.0.0.130', 55670) server /var/lib/kolla/venv/lib/python3.6/site-packages/eventlet/wsgi.py:1004
2025-10-06 01:35:14.292 22 INFO neutron.wsgi [-] 10.0.0.130 "GET / HTTP/1.1" status: 200 len: 228 time: 0.0025737
2025-10-06 01:35:16.099 25 DEBUG neutron_lib.callbacks.manager [req-d4baa65d-f0c0-4033-86a4-165e77bbf978 - - - - -] Publish callbacks ['neutron.services.segments.db._update_segment_host_mapping_for_agent-8792635945075', 'neutron.plugins.ml2.plugin.Ml2Plugin._retry_binding_revived_agents--9223372036853454960'] for agent (d501d20e-462e-4978-8548-50b6dcce66eb), after_update _notify_loop /var/lib/kolla/venv/lib/python3.6/site-packages/neutron_lib/callbacks/manager.py:177
2025-10-06 01:35:32.382 24 DEBUG neutron_lib.callbacks.manager [req-c243704a-9d8b-43a9-bbbd-778c558a4eec - - - - -] Publish callbacks ['neutron.services.segments.db._update_segment_host_mapping_for_agent-8792635945075', 'neutron.plugins.ml2.plugin.Ml2Plugin._retry_binding_revived_agents--9223372036853454960'] for agent (09d61bd4-53ca-427f-84fd-09fe3f4537ec), after_update _notify_loop /var/lib/kolla/venv/lib/python3.6/site-packages/neutron_lib/callbacks/manager.py:177
2025-10-06 01:35:44.332 22 DEBUG neutron.wsgi [-] (22) accepted ('10.0.0.130', 40964) server /var/lib/kolla/venv/lib/python3.6/site-packages/eventlet/wsgi.py:1004
2025-10-06 01:35:44.335 22 INFO neutron.wsgi [-] 10.0.0.130 "GET / HTTP/1.1" status: 200 len: 228 time: 0.0027151
2025-10-06 01:35:46.092 27 DEBUG neutron_lib.callbacks.manager [req-c8286c8a-ee49-4215-854d-f86da9240906 - - - - -] Publish callbacks ['neutron.services.segments.db._update_segment_host_mapping_for_agent-8792635945075', 'neutron.plugins.ml2.plugin.Ml2Plugin._retry_binding_revived_agents--9223372036853454960'] for agent (d501d20e-462e-4978-8548-50b6dcce66eb), after_update _notify_loop /var/lib/kolla/venv/lib/python3.6/site-packages/neutron_lib/callbacks/manager.py:177
2025-10-06 01:35:48.219 29 DEBUG neutron.db.agents_db [req-d3320a80-f156-45cb-84d9-699ce906d773 - - - - -] Agent healthcheck: found 2 active agents agent_health_check /var/lib/kolla/venv/lib/python3.6/site-packages/neutron/db/agents_db.py:318
2025-10-06 01:36:02.373 26 DEBUG neutron_lib.callbacks.manager [req-c243704a-9d8b-43a9-bbbd-778c558a4eec - - - - -] Publish callbacks ['neutron.services.segments.db._update_segment_host_mapping_for_agent-8792635945075', 'neutron.plugins.ml2.plugin.Ml2Plugin._retry_binding_revived_agents--9223372036853454960'] for agent (09d61bd4-53ca-427f-84fd-09fe3f4537ec), after_update _notify_loop /var/lib/kolla/venv/lib/python3.6/site-packages/neutron_lib/callbacks/manager.py:177
2025-10-06 01:36:14.372 22 DEBUG neutron.wsgi [-] (22) accepted ('10.0.0.130', 55536) server /var/lib/kolla/venv/lib/python3.6/site-packages/eventlet/wsgi.py:1004
2025-10-06 01:36:14.376 22 INFO neutron.wsgi [-] 10.0.0.130 "GET / HTTP/1.1" status: 200 len: 228 time: 0.0025086
2025-10-06 01:36:16.088 23 DEBUG neutron_lib.callbacks.manager [req-430116c2-146e-4513-abbf-b928c2a85832 - - - - -] Publish callbacks ['neutron.services.segments.db._update_segment_host_mapping_for_agent-8792635945075', 'neutron.plugins.ml2.plugin.Ml2Plugin._retry_binding_revived_agents--9223372036853454960'] for agent (d501d20e-462e-4978-8548-50b6dcce66eb), after_update _notify_loop /var/lib/kolla/venv/lib/python3.6/site-packages/neutron_lib/callbacks/manager.py:177
2025-10-06 01:36:25.226 29 DEBUG neutron.db.agents_db [req-d3320a80-f156-45cb-84d9-699ce906d773 - - - - -] Agent healthcheck: found 2 active agents agent_health_check /var/lib/kolla/venv/lib/python3.6/site-packages/neutron/db/agents_db.py:318
2025-10-06 01:36:32.377 28 DEBUG neutron_lib.callbacks.manager [req-c243704a-9d8b-43a9-bbbd-778c558a4eec - - - - -] Publish callbacks ['neutron.services.segments.db._update_segment_host_mapping_for_agent-8792635945075', 'neutron.plugins.ml2.plugin.Ml2Plugin._retry_binding_revived_agents--9223372036853454960'] for agent (09d61bd4-53ca-427f-84fd-09fe3f4537ec), after_update _notify_loop /var/lib/kolla/venv/lib/python3.6/site-packages/neutron_lib/callbacks/manager.py:177
2025-10-06 01:36:44.415 22 DEBUG neutron.wsgi [-] (22) accepted ('10.0.0.130', 35418) server /var/lib/kolla/venv/lib/python3.6/site-packages/eventlet/wsgi.py:1004
2025-10-06 01:36:44.419 22 INFO neutron.wsgi [-] 10.0.0.130 "GET / HTTP/1.1" status: 200 len: 228 time: 0.0031118
2025-10-06 01:36:46.092 25 DEBUG neutron_lib.callbacks.manager [req-5f62008a-e2d2-4d1b-936a-1d9fa3f454d5 - - - - -] Publish callbacks ['neutron.services.segments.db._update_segment_host_mapping_for_agent-8792635945075', 'neutron.plugins.ml2.plugin.Ml2Plugin._retry_binding_revived_agents--9223372036853454960'] for agent (d501d20e-462e-4978-8548-50b6dcce66eb), after_update _notify_loop /var/lib/kolla/venv/lib/python3.6/site-packages/neutron_lib/callbacks/manager.py:177
2025-10-06 01:37:02.233 29 DEBUG neutron.db.agents_db [req-d3320a80-f156-45cb-84d9-699ce906d773 - - - - -] Agent healthcheck: found 2 active agents agent_health_check /var/lib/kolla/venv/lib/python3.6/site-packages/neutron/db/agents_db.py:318
2025-10-06 01:37:02.374 24 DEBUG neutron_lib.callbacks.manager [req-c243704a-9d8b-43a9-bbbd-778c558a4eec - - - - -] Publish callbacks ['neutron.services.segments.db._update_segment_host_mapping_for_agent-8792635945075', 'neutron.plugins.ml2.plugin.Ml2Plugin._retry_binding_revived_agents--9223372036853454960'] for agent (09d61bd4-53ca-427f-84fd-09fe3f4537ec), after_update _notify_loop /var/lib/kolla/venv/lib/python3.6/site-packages/neutron_lib/callbacks/manager.py:177
2025-10-06 01:37:14.459 22 DEBUG neutron.wsgi [-] (22) accepted ('10.0.0.130', 53506) server /var/lib/kolla/venv/lib/python3.6/site-packages/eventlet/wsgi.py:1004
2025-10-06 01:37:14.463 22 INFO neutron.wsgi [-] 10.0.0.130 "GET / HTTP/1.1" status: 200 len: 228 time: 0.0039697
2025-10-06 01:37:16.102 27 DEBUG neutron_lib.callbacks.manager [req-8e3ebfda-161a-4a4d-8c7b-e37dee5d9ee6 - - - - -] Publish callbacks ['neutron.services.segments.db._update_segment_host_mapping_for_agent-8792635945075', 'neutron.plugins.ml2.plugin.Ml2Plugin._retry_binding_revived_agents--9223372036853454960'] for agent (d501d20e-462e-4978-8548-50b6dcce66eb), after_update _notify_loop /var/lib/kolla/venv/lib/python3.6/site-packages/neutron_lib/callbacks/manager.py:177
2025-10-06 01:37:32.376 26 DEBUG neutron_lib.callbacks.manager [req-c243704a-9d8b-43a9-bbbd-778c558a4eec - - - - -] Publish callbacks ['neutron.services.segments.db._update_segment_host_mapping_for_agent-8792635945075', 'neutron.plugins.ml2.plugin.Ml2Plugin._retry_binding_revived_agents--9223372036853454960'] for agent (09d61bd4-53ca-427f-84fd-09fe3f4537ec), after_update _notify_loop /var/lib/kolla/venv/lib/python3.6/site-packages/neutron_lib/callbacks/manager.py:177
2025-10-06 01:37:39.240 29 DEBUG neutron.db.agents_db [req-d3320a80-f156-45cb-84d9-699ce906d773 - - - - -] Agent healthcheck: found 2 active agents agent_health_check /var/lib/kolla/venv/lib/python3.6/site-packages/neutron/db/agents_db.py:318
2025-10-06 01:37:44.502 22 DEBUG neutron.wsgi [-] (22) accepted ('10.0.0.130', 32978) server /var/lib/kolla/venv/lib/python3.6/site-packages/eventlet/wsgi.py:1004
2025-10-06 01:37:44.505 22 INFO neutron.wsgi [-] 10.0.0.130 "GET / HTTP/1.1" status: 200 len: 228 time: 0.0025139
2025-10-06 01:37:46.098 23 DEBUG neutron_lib.callbacks.manager [req-4a22e23f-4c2b-425b-9355-05b1c340b881 - - - - -] Publish callbacks ['neutron.services.segments.db._update_segment_host_mapping_for_agent-8792635945075', 'neutron.plugins.ml2.plugin.Ml2Plugin._retry_binding_revived_agents--9223372036853454960'] for agent (d501d20e-462e-4978-8548-50b6dcce66eb), after_update _notify_loop /var/lib/kolla/venv/lib/python3.6/site-packages/neutron_lib/callbacks/manager.py:177
2025-10-06 01:38:02.378 28 DEBUG neutron_lib.callbacks.manager [req-c243704a-9d8b-43a9-bbbd-778c558a4eec - - - - -] Publish callbacks ['neutron.services.segments.db._update_segment_host_mapping_for_agent-8792635945075', 'neutron.plugins.ml2.plugin.Ml2Plugin._retry_binding_revived_agents--9223372036853454960'] for agent (09d61bd4-53ca-427f-84fd-09fe3f4537ec), after_update _notify_loop /var/lib/kolla/venv/lib/python3.6/site-packages/neutron_lib/callbacks/manager.py:177
2025-10-06 01:38:14.545 22 DEBUG neutron.wsgi [-] (22) accepted ('10.0.0.130', 60678) server /var/lib/kolla/venv/lib/python3.6/site-packages/eventlet/wsgi.py:1004
2025-10-06 01:38:14.548 22 INFO neutron.wsgi [-] 10.0.0.130 "GET / HTTP/1.1" status: 200 len: 228 time: 0.0025012
2025-10-06 01:38:16.093 25 DEBUG neutron_lib.callbacks.manager [req-c9468932-5896-4a78-9093-fa8bd399d8a0 - - - - -] Publish callbacks ['neutron.services.segments.db._update_segment_host_mapping_for_agent-8792635945075', 'neutron.plugins.ml2.plugin.Ml2Plugin._retry_binding_revived_agents--9223372036853454960'] for agent (d501d20e-462e-4978-8548-50b6dcce66eb), after_update _notify_loop /var/lib/kolla/venv/lib/python3.6/site-packages/neutron_lib/callbacks/manager.py:177
2025-10-06 01:38:16.249 29 DEBUG neutron.db.agents_db [req-d3320a80-f156-45cb-84d9-699ce906d773 - - - - -] Agent healthcheck: found 2 active agents agent_health_check /var/lib/kolla/venv/lib/python3.6/site-packages/neutron/db/agents_db.py:318
2025-10-06 01:38:32.382 24 DEBUG neutron_lib.callbacks.manager [req-c243704a-9d8b-43a9-bbbd-778c558a4eec - - - - -] Publish callbacks ['neutron.services.segments.db._update_segment_host_mapping_for_agent-8792635945075', 'neutron.plugins.ml2.plugin.Ml2Plugin._retry_binding_revived_agents--9223372036853454960'] for agent (09d61bd4-53ca-427f-84fd-09fe3f4537ec), after_update _notify_loop /var/lib/kolla/venv/lib/python3.6/site-packages/neutron_lib/callbacks/manager.py:177
2025-10-06 01:38:44.588 22 DEBUG neutron.wsgi [-] (22) accepted ('10.0.0.130', 42178) server /var/lib/kolla/venv/lib/python3.6/site-packages/eventlet/wsgi.py:1004
2025-10-06 01:38:44.593 22 INFO neutron.wsgi [-] 10.0.0.130 "GET / HTTP/1.1" status: 200 len: 228 time: 0.0041566
2025-10-06 01:38:46.097 27 DEBUG neutron_lib.callbacks.manager [req-ac310d01-97d5-4e38-aa55-355d66f0e1de - - - - -] Publish callbacks ['neutron.services.segments.db._update_segment_host_mapping_for_agent-8792635945075', 'neutron.plugins.ml2.plugin.Ml2Plugin._retry_binding_revived_agents--9223372036853454960'] for agent (d501d20e-462e-4978-8548-50b6dcce66eb), after_update _notify_loop /var/lib/kolla/venv/lib/python3.6/site-packages/neutron_lib/callbacks/manager.py:177
2025-10-06 01:38:53.254 29 DEBUG neutron.db.agents_db [req-d3320a80-f156-45cb-84d9-699ce906d773 - - - - -] Agent healthcheck: found 2 active agents agent_health_check /var/lib/kolla/venv/lib/python3.6/site-packages/neutron/db/agents_db.py:318
2025-10-06 01:39:02.383 26 DEBUG neutron_lib.callbacks.manager [req-c243704a-9d8b-43a9-bbbd-778c558a4eec - - - - -] Publish callbacks ['neutron.services.segments.db._update_segment_host_mapping_for_agent-8792635945075', 'neutron.plugins.ml2.plugin.Ml2Plugin._retry_binding_revived_agents--9223372036853454960'] for agent (09d61bd4-53ca-427f-84fd-09fe3f4537ec), after_update _notify_loop /var/lib/kolla/venv/lib/python3.6/site-packages/neutron_lib/callbacks/manager.py:177
2025-10-06 01:39:14.633 22 DEBUG neutron.wsgi [-] (22) accepted ('10.0.0.130', 55764) server /var/lib/kolla/venv/lib/python3.6/site-packages/eventlet/wsgi.py:1004
2025-10-06 01:39:14.669 22 INFO neutron.wsgi [-] 10.0.0.130 "GET / HTTP/1.1" status: 200 len: 228 time: 0.0026009
2025-10-06 01:39:16.102 23 DEBUG neutron_lib.callbacks.manager [req-783c76ae-4697-4bf0-9fcd-8b9e57ce5a1f - - - - -] Publish callbacks ['neutron.services.segments.db._update_segment_host_mapping_for_agent-8792635945075', 'neutron.plugins.ml2.plugin.Ml2Plugin._retry_binding_revived_agents--9223372036853454960'] for agent (d501d20e-462e-4978-8548-50b6dcce66eb), after_update _notify_loop /var/lib/kolla/venv/lib/python3.6/site-packages/neutron_lib/callbacks/manager.py:177
2025-10-06 01:39:30.261 29 DEBUG neutron.db.agents_db [req-d3320a80-f156-45cb-84d9-699ce906d773 - - - - -] Agent healthcheck: found 2 active agents agent_health_check /var/lib/kolla/venv/lib/python3.6/site-packages/neutron/db/agents_db.py:318
2025-10-06 01:39:32.384 28 DEBUG neutron_lib.callbacks.manager [req-c243704a-9d8b-43a9-bbbd-778c558a4eec - - - - -] Publish callbacks ['neutron.services.segments.db._update_segment_host_mapping_for_agent-8792635945075', 'neutron.plugins.ml2.plugin.Ml2Plugin._retry_binding_revived_agents--9223372036853454960'] for agent (09d61bd4-53ca-427f-84fd-09fe3f4537ec), after_update _notify_loop /var/lib/kolla/venv/lib/python3.6/site-packages/neutron_lib/callbacks/manager.py:177
2025-10-06 01:39:44.710 22 DEBUG neutron.wsgi [-] (22) accepted ('10.0.0.130', 37026) server /var/lib/kolla/venv/lib/python3.6/site-packages/eventlet/wsgi.py:1004
2025-10-06 01:39:44.713 22 INFO neutron.wsgi [-] 10.0.0.130 "GET / HTTP/1.1" status: 200 len: 228 time: 0.0024729
2025-10-06 01:39:46.107 25 DEBUG neutron_lib.callbacks.manager [req-f1e1a202-f790-4131-aef7-3c7e379647ae - - - - -] Publish callbacks ['neutron.services.segments.db._update_segment_host_mapping_for_agent-8792635945075', 'neutron.plugins.ml2.plugin.Ml2Plugin._retry_binding_revived_agents--9223372036853454960'] for agent (d501d20e-462e-4978-8548-50b6dcce66eb), after_update _notify_loop /var/lib/kolla/venv/lib/python3.6/site-packages/neutron_lib/callbacks/manager.py:177
2025-10-06 01:40:02.389 24 DEBUG neutron_lib.callbacks.manager [req-c243704a-9d8b-43a9-bbbd-778c558a4eec - - - - -] Publish callbacks ['neutron.services.segments.db._update_segment_host_mapping_for_agent-8792635945075', 'neutron.plugins.ml2.plugin.Ml2Plugin._retry_binding_revived_agents--9223372036853454960'] for agent (09d61bd4-53ca-427f-84fd-09fe3f4537ec), after_update _notify_loop /var/lib/kolla/venv/lib/python3.6/site-packages/neutron_lib/callbacks/manager.py:177
2025-10-06 01:40:07.266 29 DEBUG neutron.db.agents_db [req-d3320a80-f156-45cb-84d9-699ce906d773 - - - - -] Agent healthcheck: found 2 active agents agent_health_check /var/lib/kolla/venv/lib/python3.6/site-packages/neutron/db/agents_db.py:318
2025-10-06 01:40:14.753 22 DEBUG neutron.wsgi [-] (22) accepted ('10.0.0.130', 51858) server /var/lib/kolla/venv/lib/python3.6/site-packages/eventlet/wsgi.py:1004
2025-10-06 01:40:14.757 22 INFO neutron.wsgi [-] 10.0.0.130 "GET / HTTP/1.1" status: 200 len: 228 time: 0.0026860
2025-10-06 01:40:16.112 27 DEBUG neutron_lib.callbacks.manager [req-55d1f249-1845-4aea-b842-dbdff30d9737 - - - - -] Publish callbacks ['neutron.services.segments.db._update_segment_host_mapping_for_agent-8792635945075', 'neutron.plugins.ml2.plugin.Ml2Plugin._retry_binding_revived_agents--9223372036853454960'] for agent (d501d20e-462e-4978-8548-50b6dcce66eb), after_update _notify_loop /var/lib/kolla/venv/lib/python3.6/site-packages/neutron_lib/callbacks/manager.py:177
2025-10-06 01:40:32.389 26 DEBUG neutron_lib.callbacks.manager [req-c243704a-9d8b-43a9-bbbd-778c558a4eec - - - - -] Publish callbacks ['neutron.services.segments.db._update_segment_host_mapping_for_agent-8792635945075', 'neutron.plugins.ml2.plugin.Ml2Plugin._retry_binding_revived_agents--9223372036853454960'] for agent (09d61bd4-53ca-427f-84fd-09fe3f4537ec), after_update _notify_loop /var/lib/kolla/venv/lib/python3.6/site-packages/neutron_lib/callbacks/manager.py:177
2025-10-06 01:40:44.271 29 DEBUG neutron.db.agents_db [req-d3320a80-f156-45cb-84d9-699ce906d773 - - - - -] Agent healthcheck: found 2 active agents agent_health_check /var/lib/kolla/venv/lib/python3.6/site-packages/neutron/db/agents_db.py:318
2025-10-06 01:40:44.851 22 DEBUG neutron.wsgi [-] (22) accepted ('10.0.0.130', 36072) server /var/lib/kolla/venv/lib/python3.6/site-packages/eventlet/wsgi.py:1004
2025-10-06 01:40:44.854 22 INFO neutron.wsgi [-] 10.0.0.130 "GET / HTTP/1.1" status: 200 len: 228 time: 0.0027442
2025-10-06 01:40:46.118 23 DEBUG neutron_lib.callbacks.manager [req-f0d00a99-aca4-421f-b02e-15512d9d7d1f - - - - -] Publish callbacks ['neutron.services.segments.db._update_segment_host_mapping_for_agent-8792635945075', 'neutron.plugins.ml2.plugin.Ml2Plugin._retry_binding_revived_agents--9223372036853454960'] for agent (d501d20e-462e-4978-8548-50b6dcce66eb), after_update _notify_loop /var/lib/kolla/venv/lib/python3.6/site-packages/neutron_lib/callbacks/manager.py:177
2025-10-06 01:41:02.391 28 DEBUG neutron_lib.callbacks.manager [req-c243704a-9d8b-43a9-bbbd-778c558a4eec - - - - -] Publish callbacks ['neutron.services.segments.db._update_segment_host_mapping_for_agent-8792635945075', 'neutron.plugins.ml2.plugin.Ml2Plugin._retry_binding_revived_agents--9223372036853454960'] for agent (09d61bd4-53ca-427f-84fd-09fe3f4537ec), after_update _notify_loop /var/lib/kolla/venv/lib/python3.6/site-packages/neutron_lib/callbacks/manager.py:177
2025-10-06 01:41:14.894 22 DEBUG neutron.wsgi [-] (22) accepted ('10.0.0.130', 52630) server /var/lib/kolla/venv/lib/python3.6/site-packages/eventlet/wsgi.py:1004
2025-10-06 01:41:14.898 22 INFO neutron.wsgi [-] 10.0.0.130 "GET / HTTP/1.1" status: 200 len: 228 time: 0.0030067
2025-10-06 01:41:16.124 25 DEBUG neutron_lib.callbacks.manager [req-8768ccbe-dff0-4fdb-b810-ee4841f963db - - - - -] Publish callbacks ['neutron.services.segments.db._update_segment_host_mapping_for_agent-8792635945075', 'neutron.plugins.ml2.plugin.Ml2Plugin._retry_binding_revived_agents--9223372036853454960'] for agent (d501d20e-462e-4978-8548-50b6dcce66eb), after_update _notify_loop /var/lib/kolla/venv/lib/python3.6/site-packages/neutron_lib/callbacks/manager.py:177
2025-10-06 01:41:21.278 29 DEBUG neutron.db.agents_db [req-d3320a80-f156-45cb-84d9-699ce906d773 - - - - -] Agent healthcheck: found 2 active agents agent_health_check /var/lib/kolla/venv/lib/python3.6/site-packages/neutron/db/agents_db.py:318
2025-10-06 01:41:32.393 24 DEBUG neutron_lib.callbacks.manager [req-c243704a-9d8b-43a9-bbbd-778c558a4eec - - - - -] Publish callbacks ['neutron.services.segments.db._update_segment_host_mapping_for_agent-8792635945075', 'neutron.plugins.ml2.plugin.Ml2Plugin._retry_binding_revived_agents--9223372036853454960'] for agent (09d61bd4-53ca-427f-84fd-09fe3f4537ec), after_update _notify_loop /var/lib/kolla/venv/lib/python3.6/site-packages/neutron_lib/callbacks/manager.py:177
2025-10-06 01:41:44.937 22 DEBUG neutron.wsgi [-] (22) accepted ('10.0.0.130', 35774) server /var/lib/kolla/venv/lib/python3.6/site-packages/eventlet/wsgi.py:1004
2025-10-06 01:41:44.941 22 INFO neutron.wsgi [-] 10.0.0.130 "GET / HTTP/1.1" status: 200 len: 228 time: 0.0027814
2025-10-06 01:41:46.119 27 DEBUG neutron_lib.callbacks.manager [req-1bdc4cdf-09fc-4a8c-b470-67af2eacb258 - - - - -] Publish callbacks ['neutron.services.segments.db._update_segment_host_mapping_for_agent-8792635945075', 'neutron.plugins.ml2.plugin.Ml2Plugin._retry_binding_revived_agents--9223372036853454960'] for agent (d501d20e-462e-4978-8548-50b6dcce66eb), after_update _notify_loop /var/lib/kolla/venv/lib/python3.6/site-packages/neutron_lib/callbacks/manager.py:177
2025-10-06 01:41:58.283 29 DEBUG neutron.db.agents_db [req-d3320a80-f156-45cb-84d9-699ce906d773 - - - - -] Agent healthcheck: found 2 active agents agent_health_check /var/lib/kolla/venv/lib/python3.6/site-packages/neutron/db/agents_db.py:318
2025-10-06 01:42:02.395 26 DEBUG neutron_lib.callbacks.manager [req-c243704a-9d8b-43a9-bbbd-778c558a4eec - - - - -] Publish callbacks ['neutron.services.segments.db._update_segment_host_mapping_for_agent-8792635945075', 'neutron.plugins.ml2.plugin.Ml2Plugin._retry_binding_revived_agents--9223372036853454960'] for agent (09d61bd4-53ca-427f-84fd-09fe3f4537ec), after_update _notify_loop /var/lib/kolla/venv/lib/python3.6/site-packages/neutron_lib/callbacks/manager.py:177
2025-10-06 01:42:05.430 7 INFO oslo_service.service [-] Caught SIGTERM, stopping children
2025-10-06 01:42:05.431 7 DEBUG oslo_concurrency.lockutils [-] Acquired lock "singleton_lock" lock /var/lib/kolla/venv/lib/python3.6/site-packages/oslo_concurrency/lockutils.py:294
2025-10-06 01:42:05.431 7 DEBUG oslo_concurrency.lockutils [-] Releasing lock "singleton_lock" lock /var/lib/kolla/venv/lib/python3.6/site-packages/oslo_concurrency/lockutils.py:312
2025-10-06 01:42:05.431 7 DEBUG oslo_service.service [-] Stop services. stop /var/lib/kolla/venv/lib/python3.6/site-packages/oslo_service/service.py:695
2025-10-06 01:42:05.431 7 DEBUG neutron.service [-] calling RpcWorker stop() stop /var/lib/kolla/venv/lib/python3.6/site-packages/neutron/service.py:138
2025-10-06 01:42:05.431 7 DEBUG neutron.service [-] calling RpcWorker stop() stop /var/lib/kolla/venv/lib/python3.6/site-packages/neutron/service.py:138
2025-10-06 01:42:05.431 7 DEBUG oslo_service.service [-] Killing children. stop /var/lib/kolla/venv/lib/python3.6/site-packages/oslo_service/service.py:700
2025-10-06 01:42:05.431 7 INFO oslo_service.service [-] Waiting on 8 children to exit
2025-10-06 01:42:05.432 29 DEBUG neutron.service [-] calling RpcWorker stop() stop /var/lib/kolla/venv/lib/python3.6/site-packages/neutron/service.py:138
2025-10-06 01:42:05.432 28 DEBUG neutron.service [-] calling RpcWorker stop() stop /var/lib/kolla/venv/lib/python3.6/site-packages/neutron/service.py:138
2025-10-06 01:42:05.432 22 INFO neutron.wsgi [-] (22) wsgi exited, is_accepting=True
2025-10-06 01:42:05.432 26 DEBUG neutron.service [-] calling RpcWorker stop() stop /var/lib/kolla/venv/lib/python3.6/site-packages/neutron/service.py:138
2025-10-06 01:42:05.432 29 DEBUG neutron.service [-] calling stop on stop /var/lib/kolla/venv/lib/python3.6/site-packages/neutron/service.py:141
2025-10-06 01:42:05.433 22 DEBUG oslo_concurrency.lockutils [req-4024dfd2-72f8-4e64-853f-602791ba39c0 - - - - -] Acquired lock "singleton_lock" lock /var/lib/kolla/venv/lib/python3.6/site-packages/oslo_concurrency/lockutils.py:294
2025-10-06 01:42:05.433 22 DEBUG oslo_concurrency.lockutils [req-4024dfd2-72f8-4e64-853f-602791ba39c0 - - - - -] Releasing lock "singleton_lock" lock /var/lib/kolla/venv/lib/python3.6/site-packages/oslo_concurrency/lockutils.py:312
2025-10-06 01:42:05.434 25 DEBUG neutron.service [-] calling RpcWorker stop() stop /var/lib/kolla/venv/lib/python3.6/site-packages/neutron/service.py:138
2025-10-06 01:42:05.432 26 DEBUG neutron.service [-] calling stop on stop /var/lib/kolla/venv/lib/python3.6/site-packages/neutron/service.py:141
2025-10-06 01:42:05.432 28 DEBUG neutron.service [-] calling stop on stop /var/lib/kolla/venv/lib/python3.6/site-packages/neutron/service.py:141
2025-10-06 01:42:05.435 23 DEBUG neutron.service [-] calling RpcWorker stop() stop /var/lib/kolla/venv/lib/python3.6/site-packages/neutron/service.py:138
2025-10-06 01:42:05.434 25 DEBUG neutron.service [-] calling stop on stop /var/lib/kolla/venv/lib/python3.6/site-packages/neutron/service.py:141
2025-10-06 01:42:05.436 23 DEBUG neutron.service [-] calling stop on stop /var/lib/kolla/venv/lib/python3.6/site-packages/neutron/service.py:141
2025-10-06 01:42:05.438 24 DEBUG neutron.service [-] calling RpcWorker stop() stop /var/lib/kolla/venv/lib/python3.6/site-packages/neutron/service.py:138
2025-10-06 01:42:05.439 24 DEBUG neutron.service [-] calling stop on stop /var/lib/kolla/venv/lib/python3.6/site-packages/neutron/service.py:141
2025-10-06 01:42:05.441 7 INFO oslo_service.service [-] Child 22 exited with status 0
2025-10-06 01:42:05.454 27 DEBUG neutron.service [-] calling RpcWorker stop() stop /var/lib/kolla/venv/lib/python3.6/site-packages/neutron/service.py:138
2025-10-06 01:42:05.454 27 DEBUG neutron.service [-] calling stop on stop /var/lib/kolla/venv/lib/python3.6/site-packages/neutron/service.py:141
2025-10-06 01:42:06.491 26 DEBUG oslo_concurrency.lockutils [req-4024dfd2-72f8-4e64-853f-602791ba39c0 - - - - -] Acquired lock "singleton_lock" lock /var/lib/kolla/venv/lib/python3.6/site-packages/oslo_concurrency/lockutils.py:294
2025-10-06 01:42:06.491 26 DEBUG oslo_concurrency.lockutils [req-4024dfd2-72f8-4e64-853f-602791ba39c0 - - - - -] Releasing lock "singleton_lock" lock /var/lib/kolla/venv/lib/python3.6/site-packages/oslo_concurrency/lockutils.py:312
2025-10-06 01:42:06.491 26 DEBUG neutron.service [req-4024dfd2-72f8-4e64-853f-602791ba39c0 - - - - -] calling RpcWorker wait() _wait /var/lib/kolla/venv/lib/python3.6/site-packages/neutron/service.py:128
2025-10-06 01:42:06.491 26 DEBUG neutron.service [req-4024dfd2-72f8-4e64-853f-602791ba39c0 - - - - -] calling wait on _wait /var/lib/kolla/venv/lib/python3.6/site-packages/neutron/service.py:131
2025-10-06 01:42:06.499 26 WARNING amqp [req-4024dfd2-72f8-4e64-853f-602791ba39c0 - - - - -] Received method (60, 30) during closing channel 1. This method will be ignored
2025-10-06 01:42:06.499 26 DEBUG neutron.service [req-4024dfd2-72f8-4e64-853f-602791ba39c0 - - - - -] returning from RpcWorker wait() _wait /var/lib/kolla/venv/lib/python3.6/site-packages/neutron/service.py:135
2025-10-06 01:42:06.504 7 INFO oslo_service.service [-] Child 26 exited with status 0
2025-10-06 01:42:07.219 23 DEBUG neutron.service [-] calling stop on stop /var/lib/kolla/venv/lib/python3.6/site-packages/neutron/service.py:141
2025-10-06 01:42:07.226 25 DEBUG neutron.service [-] calling stop on stop /var/lib/kolla/venv/lib/python3.6/site-packages/neutron/service.py:141
2025-10-06 01:42:07.226 24 DEBUG neutron.service [-] calling stop on stop /var/lib/kolla/venv/lib/python3.6/site-packages/neutron/service.py:141
2025-10-06 01:42:07.239 23 DEBUG neutron.service [-] calling stop on stop /var/lib/kolla/venv/lib/python3.6/site-packages/neutron/service.py:141
2025-10-06 01:42:07.240 24 DEBUG neutron.service [-] calling stop on stop /var/lib/kolla/venv/lib/python3.6/site-packages/neutron/service.py:141
2025-10-06 01:42:07.240 25 DEBUG neutron.service [-] calling stop on stop /var/lib/kolla/venv/lib/python3.6/site-packages/neutron/service.py:141
2025-10-06 01:42:07.249 29 DEBUG oslo_concurrency.lockutils [req-4024dfd2-72f8-4e64-853f-602791ba39c0 - - - - -] Acquired lock "singleton_lock" lock /var/lib/kolla/venv/lib/python3.6/site-packages/oslo_concurrency/lockutils.py:294
2025-10-06 01:42:07.249 29 DEBUG oslo_concurrency.lockutils [req-4024dfd2-72f8-4e64-853f-602791ba39c0 - - - - -] Releasing lock "singleton_lock" lock /var/lib/kolla/venv/lib/python3.6/site-packages/oslo_concurrency/lockutils.py:312
2025-10-06 01:42:07.250 29 DEBUG neutron.service [req-4024dfd2-72f8-4e64-853f-602791ba39c0 - - - - -] calling RpcWorker wait() _wait /var/lib/kolla/venv/lib/python3.6/site-packages/neutron/service.py:128
2025-10-06 01:42:07.250 29 DEBUG neutron.service [req-4024dfd2-72f8-4e64-853f-602791ba39c0 - - - - -] calling wait on _wait /var/lib/kolla/venv/lib/python3.6/site-packages/neutron/service.py:131
2025-10-06 01:42:07.256 29 WARNING amqp [req-4024dfd2-72f8-4e64-853f-602791ba39c0 - - - - -] Received method (60, 30) during closing channel 1. This method will be ignored
2025-10-06 01:42:07.256 29 DEBUG neutron.service [req-4024dfd2-72f8-4e64-853f-602791ba39c0 - - - - -] returning from RpcWorker wait() _wait /var/lib/kolla/venv/lib/python3.6/site-packages/neutron/service.py:135
2025-10-06 01:42:07.256 23 DEBUG neutron.service [-] calling stop on stop /var/lib/kolla/venv/lib/python3.6/site-packages/neutron/service.py:141
2025-10-06 01:42:07.261 7 INFO oslo_service.service [-] Child 29 exited with status 0
2025-10-06 01:42:07.266 23 DEBUG oslo_concurrency.lockutils [req-4024dfd2-72f8-4e64-853f-602791ba39c0 - - - - -] Acquired lock "singleton_lock" lock /var/lib/kolla/venv/lib/python3.6/site-packages/oslo_concurrency/lockutils.py:294
2025-10-06 01:42:07.266 23 DEBUG oslo_concurrency.lockutils [req-4024dfd2-72f8-4e64-853f-602791ba39c0 - - - - -] Releasing lock "singleton_lock" lock /var/lib/kolla/venv/lib/python3.6/site-packages/oslo_concurrency/lockutils.py:312
2025-10-06 01:42:07.266 23 DEBUG neutron.service [req-4024dfd2-72f8-4e64-853f-602791ba39c0 - - - - -] calling RpcWorker wait() _wait /var/lib/kolla/venv/lib/python3.6/site-packages/neutron/service.py:128
2025-10-06 01:42:07.267 23 DEBUG neutron.service [req-4024dfd2-72f8-4e64-853f-602791ba39c0 - - - - -] calling wait on _wait /var/lib/kolla/venv/lib/python3.6/site-packages/neutron/service.py:131
2025-10-06 01:42:07.272 28 DEBUG oslo_concurrency.lockutils [req-4024dfd2-72f8-4e64-853f-602791ba39c0 - - - - -] Acquired lock "singleton_lock" lock /var/lib/kolla/venv/lib/python3.6/site-packages/oslo_concurrency/lockutils.py:294
2025-10-06 01:42:07.273 28 DEBUG oslo_concurrency.lockutils [req-4024dfd2-72f8-4e64-853f-602791ba39c0 - - - - -] Releasing lock "singleton_lock" lock /var/lib/kolla/venv/lib/python3.6/site-packages/oslo_concurrency/lockutils.py:312
2025-10-06 01:42:07.273 28 DEBUG neutron.service [req-4024dfd2-72f8-4e64-853f-602791ba39c0 - - - - -] calling RpcWorker wait() _wait /var/lib/kolla/venv/lib/python3.6/site-packages/neutron/service.py:128
2025-10-06 01:42:07.273 28 DEBUG neutron.service [req-4024dfd2-72f8-4e64-853f-602791ba39c0 - - - - -] calling wait on _wait /var/lib/kolla/venv/lib/python3.6/site-packages/neutron/service.py:131
2025-10-06 01:42:07.275 23 WARNING amqp [req-4024dfd2-72f8-4e64-853f-602791ba39c0 - - - - -] Received method (60, 30) during closing channel 1. This method will be ignored
2025-10-06 01:42:07.275 23 DEBUG neutron.service [req-4024dfd2-72f8-4e64-853f-602791ba39c0 - - - - -] calling wait on _wait /var/lib/kolla/venv/lib/python3.6/site-packages/neutron/service.py:131
2025-10-06 01:42:07.278 28 WARNING amqp [req-4024dfd2-72f8-4e64-853f-602791ba39c0 - - - - -] Received method (60, 30) during closing channel 1. This method will be ignored
2025-10-06 01:42:07.279 28 DEBUG neutron.service [req-4024dfd2-72f8-4e64-853f-602791ba39c0 - - - - -] returning from RpcWorker wait() _wait /var/lib/kolla/venv/lib/python3.6/site-packages/neutron/service.py:135
2025-10-06 01:42:07.283 23 WARNING amqp [req-4024dfd2-72f8-4e64-853f-602791ba39c0 - - - - -] Received method (60, 30) during closing channel 1. This method will be ignored
2025-10-06 01:42:07.283 7 INFO oslo_service.service [-] Child 28 exited with status 0
2025-10-06 01:42:07.283 23 DEBUG neutron.service [req-4024dfd2-72f8-4e64-853f-602791ba39c0 - - - - -] calling wait on _wait /var/lib/kolla/venv/lib/python3.6/site-packages/neutron/service.py:131
2025-10-06 01:42:07.287 23 WARNING amqp [req-4024dfd2-72f8-4e64-853f-602791ba39c0 - - - - -] Received method (60, 30) during closing channel 1. This method will be ignored
2025-10-06 01:42:07.288 23 DEBUG neutron.service [req-4024dfd2-72f8-4e64-853f-602791ba39c0 - - - - -] calling wait on _wait /var/lib/kolla/venv/lib/python3.6/site-packages/neutron/service.py:131
2025-10-06 01:42:07.292 23 WARNING amqp [req-4024dfd2-72f8-4e64-853f-602791ba39c0 - - - - -] Received method (60, 30) during closing channel 1. This method will be ignored
2025-10-06 01:42:07.292 23 DEBUG neutron.service [req-4024dfd2-72f8-4e64-853f-602791ba39c0 - - - - -] returning from RpcWorker wait() _wait /var/lib/kolla/venv/lib/python3.6/site-packages/neutron/service.py:135
2025-10-06 01:42:07.296 7 INFO oslo_service.service [-] Child 23 exited with status 0
2025-10-06 01:42:09.316 27 DEBUG oslo_concurrency.lockutils [req-4024dfd2-72f8-4e64-853f-602791ba39c0 - - - - -] Acquired lock "singleton_lock" lock /var/lib/kolla/venv/lib/python3.6/site-packages/oslo_concurrency/lockutils.py:294
2025-10-06 01:42:09.316 27 DEBUG oslo_concurrency.lockutils [req-4024dfd2-72f8-4e64-853f-602791ba39c0 - - - - -] Releasing lock "singleton_lock" lock /var/lib/kolla/venv/lib/python3.6/site-packages/oslo_concurrency/lockutils.py:312
2025-10-06 01:42:09.317 27 DEBUG neutron.service [req-4024dfd2-72f8-4e64-853f-602791ba39c0 - - - - -] calling RpcWorker wait() _wait /var/lib/kolla/venv/lib/python3.6/site-packages/neutron/service.py:128
2025-10-06 01:42:09.317 27 DEBUG neutron.service [req-4024dfd2-72f8-4e64-853f-602791ba39c0 - - - - -] calling wait on _wait /var/lib/kolla/venv/lib/python3.6/site-packages/neutron/service.py:131
2025-10-06 01:42:09.322 27 WARNING amqp [req-4024dfd2-72f8-4e64-853f-602791ba39c0 - - - - -] Received method (60, 30) during closing channel 1. This method will be ignored
2025-10-06 01:42:09.322 27 DEBUG neutron.service [req-4024dfd2-72f8-4e64-853f-602791ba39c0 - - - - -] returning from RpcWorker wait() _wait /var/lib/kolla/venv/lib/python3.6/site-packages/neutron/service.py:135
2025-10-06 01:42:09.326 25 DEBUG neutron.service [-] calling stop on stop /var/lib/kolla/venv/lib/python3.6/site-packages/neutron/service.py:141
2025-10-06 01:42:09.326 7 INFO oslo_service.service [-] Child 27 exited with status 0
2025-10-06 01:42:10.602 24 DEBUG neutron.service [-] calling stop on stop /var/lib/kolla/venv/lib/python3.6/site-packages/neutron/service.py:141
2025-10-06 01:42:18.194 7 INFO neutron.common.config [-] Logging enabled!
2025-10-06 01:42:18.195 7 INFO neutron.common.config [-] /var/lib/kolla/venv/bin/neutron-server version 20.5.1.dev23
2025-10-06 01:42:18.195 7 DEBUG neutron.common.config [-] command line: /var/lib/kolla/venv/bin/neutron-server --config-file /etc/neutron/neutron.conf --config-file /etc/neutron/ContrailPlugin.ini --config-file /etc/neutron/api-paste.ini setup_logging /var/lib/kolla/venv/lib/python3.6/site-packages/neutron/common/config.py:115
2025-10-06 01:42:18.199 7 INFO neutron.common.config [-] Logging enabled!
2025-10-06 01:42:18.199 7 INFO neutron.common.config [-] /var/lib/kolla/venv/bin/neutron-server version 20.5.1.dev23
2025-10-06 01:42:18.199 7 DEBUG neutron.common.config [-] command line: /var/lib/kolla/venv/bin/neutron-server --config-file /etc/neutron/neutron.conf --config-file /etc/neutron/ContrailPlugin.ini --config-file /etc/neutron/api-paste.ini setup_logging /var/lib/kolla/venv/lib/python3.6/site-packages/neutron/common/config.py:115
2025-10-06 01:42:18.200 7 DEBUG neutron.common.config [-] ******************************************************************************** log_opt_values /var/lib/kolla/venv/lib/python3.6/site-packages/oslo_config/cfg.py:2589
2025-10-06 01:42:18.200 7 DEBUG neutron.common.config [-] Configuration options gathered from: log_opt_values /var/lib/kolla/venv/lib/python3.6/site-packages/oslo_config/cfg.py:2590
2025-10-06 01:42:18.200 7 DEBUG neutron.common.config [-] command line args: ['--config-file', '/etc/neutron/neutron.conf', '--config-file', '/etc/neutron/ContrailPlugin.ini', '--config-file', '/etc/neutron/api-paste.ini'] log_opt_values /var/lib/kolla/venv/lib/python3.6/site-packages/oslo_config/cfg.py:2591
2025-10-06 01:42:18.201 7 DEBUG neutron.common.config [-] config files: ['/etc/neutron/neutron.conf', '/etc/neutron/ContrailPlugin.ini', '/etc/neutron/api-paste.ini'] log_opt_values /var/lib/kolla/venv/lib/python3.6/site-packages/oslo_config/cfg.py:2593
2025-10-06 01:42:18.201 7 DEBUG neutron.common.config [-] ================================================================================ log_opt_values /var/lib/kolla/venv/lib/python3.6/site-packages/oslo_config/cfg.py:2594
2025-10-06 01:42:18.201 7 DEBUG neutron.common.config [-] allow_bulk = True log_opt_values /var/lib/kolla/venv/lib/python3.6/site-packages/oslo_config/cfg.py:2603
2025-10-06 01:42:18.201 7 WARNING oslo_config.cfg [-] Deprecated: Option "allow_overlapping_ips" from group "DEFAULT" is deprecated for removal. Its value may be silently ignored in the future.
2025-10-06 01:42:18.201 7 DEBUG neutron.common.config [-] allow_overlapping_ips = True log_opt_values /var/lib/kolla/venv/lib/python3.6/site-packages/oslo_config/cfg.py:2603
2025-10-06 01:42:18.201 7 DEBUG neutron.common.config [-] api_extensions_path = /opt/plugin/site-packages/neutron_plugin_contrail/extensions:/opt/plugin/site-packages/neutron_lbaas/extensions log_opt_values /var/lib/kolla/venv/lib/python3.6/site-packages/oslo_config/cfg.py:2603
2025-10-06 01:42:18.202 7 DEBUG neutron.common.config [-] api_paste_config = /etc/neutron/api-paste.ini log_opt_values /var/lib/kolla/venv/lib/python3.6/site-packages/oslo_config/cfg.py:2603
2025-10-06 01:42:18.202 7 DEBUG neutron.common.config [-] api_workers = 1 log_opt_values /var/lib/kolla/venv/lib/python3.6/site-packages/oslo_config/cfg.py:2603
2025-10-06 01:42:18.202 7 DEBUG neutron.common.config [-] auth_strategy = keystone log_opt_values /var/lib/kolla/venv/lib/python3.6/site-packages/oslo_config/cfg.py:2603
2025-10-06 01:42:18.202 7 DEBUG neutron.common.config [-] backlog = 4096 log_opt_values /var/lib/kolla/venv/lib/python3.6/site-packages/oslo_config/cfg.py:2603
2025-10-06 01:42:18.202 7 DEBUG neutron.common.config [-] base_mac = fa:16:3e:00:00:00 log_opt_values /var/lib/kolla/venv/lib/python3.6/site-packages/oslo_config/cfg.py:2603
2025-10-06 01:42:18.202 7 DEBUG neutron.common.config [-] bind_host = 10.0.0.130 log_opt_values /var/lib/kolla/venv/lib/python3.6/site-packages/oslo_config/cfg.py:2603
2025-10-06 01:42:18.202 7 DEBUG neutron.common.config [-] bind_port = 9696 log_opt_values /var/lib/kolla/venv/lib/python3.6/site-packages/oslo_config/cfg.py:2603
2025-10-06 01:42:18.202 7 DEBUG neutron.common.config [-] client_socket_timeout = 900 log_opt_values /var/lib/kolla/venv/lib/python3.6/site-packages/oslo_config/cfg.py:2603
2025-10-06 01:42:18.203 7 DEBUG neutron.common.config [-] config_dir = [] log_opt_values /var/lib/kolla/venv/lib/python3.6/site-packages/oslo_config/cfg.py:2603
2025-10-06 01:42:18.203 7 DEBUG neutron.common.config [-] config_file = ['/etc/neutron/neutron.conf', '/etc/neutron/ContrailPlugin.ini', '/etc/neutron/api-paste.ini'] log_opt_values /var/lib/kolla/venv/lib/python3.6/site-packages/oslo_config/cfg.py:2603
2025-10-06 01:42:18.203 7 DEBUG neutron.common.config [-] config_source = [] log_opt_values /var/lib/kolla/venv/lib/python3.6/site-packages/oslo_config/cfg.py:2603
2025-10-06 01:42:18.203 7 DEBUG neutron.common.config [-] control_exchange = neutron log_opt_values /var/lib/kolla/venv/lib/python3.6/site-packages/oslo_config/cfg.py:2603
2025-10-06 01:42:18.203 7 DEBUG neutron.common.config [-] core_plugin = neutron_plugin_contrail.plugins.opencontrail.contrail_plugin.NeutronPluginContrailCoreV2 log_opt_values /var/lib/kolla/venv/lib/python3.6/site-packages/oslo_config/cfg.py:2603
2025-10-06 01:42:18.203 7 DEBUG neutron.common.config [-] debug = True log_opt_values /var/lib/kolla/venv/lib/python3.6/site-packages/oslo_config/cfg.py:2603
2025-10-06 01:42:18.203 7 DEBUG neutron.common.config [-] default_availability_zones = [] log_opt_values /var/lib/kolla/venv/lib/python3.6/site-packages/oslo_config/cfg.py:2603
2025-10-06 01:42:18.203 7 DEBUG neutron.common.config [-] default_log_levels = ['amqp=WARN', 'amqplib=WARN', 'boto=WARN', 'qpid=WARN', 'sqlalchemy=WARN', 'suds=INFO', 'oslo.messaging=INFO', 'oslo_messaging=INFO', 'iso8601=WARN', 'requests.packages.urllib3.connectionpool=WARN', 'urllib3.connectionpool=WARN', 'websocket=WARN', 'requests.packages.urllib3.util.retry=WARN', 'urllib3.util.retry=WARN', 'keystonemiddleware=WARN', 'routes.middleware=WARN', 'stevedore=WARN', 'taskflow=WARN', 'keystoneauth=WARN', 'oslo.cache=INFO', 'oslo_policy=INFO', 'dogpile.core.dogpile=INFO', 'OFPHandler=INFO', 'OfctlService=INFO', 'os_ken.base.app_manager=INFO', 'os_ken.controller.controller=INFO'] log_opt_values /var/lib/kolla/venv/lib/python3.6/site-packages/oslo_config/cfg.py:2603
2025-10-06 01:42:18.204 7 DEBUG neutron.common.config [-] dhcp_agent_notification = True log_opt_values /var/lib/kolla/venv/lib/python3.6/site-packages/oslo_config/cfg.py:2603
2025-10-06 01:42:18.204 7 DEBUG neutron.common.config [-] dhcp_lease_duration = 86400 log_opt_values /var/lib/kolla/venv/lib/python3.6/site-packages/oslo_config/cfg.py:2603
2025-10-06 01:42:18.204 7 DEBUG neutron.common.config [-] dns_domain = openstacklocal log_opt_values /var/lib/kolla/venv/lib/python3.6/site-packages/oslo_config/cfg.py:2603
2025-10-06 01:42:18.204 7 DEBUG neutron.common.config [-] enable_traditional_dhcp = True log_opt_values /var/lib/kolla/venv/lib/python3.6/site-packages/oslo_config/cfg.py:2603
2025-10-06 01:42:18.204 7 DEBUG neutron.common.config [-] external_dns_driver = None log_opt_values /var/lib/kolla/venv/lib/python3.6/site-packages/oslo_config/cfg.py:2603
2025-10-06 01:42:18.204 7 DEBUG neutron.common.config [-] filter_validation = True log_opt_values /var/lib/kolla/venv/lib/python3.6/site-packages/oslo_config/cfg.py:2603
2025-10-06 01:42:18.204 7 DEBUG neutron.common.config [-] global_physnet_mtu = 1500 log_opt_values /var/lib/kolla/venv/lib/python3.6/site-packages/oslo_config/cfg.py:2603
2025-10-06 01:42:18.204 7 DEBUG neutron.common.config [-] host = cn-jenkins-deploy-platform-ansible-os-4218-1 log_opt_values /var/lib/kolla/venv/lib/python3.6/site-packages/oslo_config/cfg.py:2603
2025-10-06 01:42:18.205 7 DEBUG neutron.common.config [-] http_retries = 3 log_opt_values /var/lib/kolla/venv/lib/python3.6/site-packages/oslo_config/cfg.py:2603
2025-10-06 01:42:18.205 7 DEBUG neutron.common.config [-] instance_format = [instance: %(uuid)s] log_opt_values /var/lib/kolla/venv/lib/python3.6/site-packages/oslo_config/cfg.py:2603
2025-10-06 01:42:18.205 7 DEBUG neutron.common.config [-] instance_uuid_format = [instance: %(uuid)s] log_opt_values /var/lib/kolla/venv/lib/python3.6/site-packages/oslo_config/cfg.py:2603
2025-10-06 01:42:18.205 7 DEBUG neutron.common.config [-] ipam_driver = internal log_opt_values /var/lib/kolla/venv/lib/python3.6/site-packages/oslo_config/cfg.py:2603
2025-10-06 01:42:18.205 7 DEBUG neutron.common.config [-] ipv6_pd_enabled = False log_opt_values /var/lib/kolla/venv/lib/python3.6/site-packages/oslo_config/cfg.py:2603
2025-10-06 01:42:18.205 7 DEBUG neutron.common.config [-] log_config_append = None log_opt_values /var/lib/kolla/venv/lib/python3.6/site-packages/oslo_config/cfg.py:2603
2025-10-06 01:42:18.205 7 DEBUG neutron.common.config [-] log_date_format = %Y-%m-%d %H:%M:%S log_opt_values /var/lib/kolla/venv/lib/python3.6/site-packages/oslo_config/cfg.py:2603
2025-10-06 01:42:18.205 7 DEBUG neutron.common.config [-] log_dir = /var/log/kolla/neutron log_opt_values /var/lib/kolla/venv/lib/python3.6/site-packages/oslo_config/cfg.py:2603
2025-10-06 01:42:18.206 7 DEBUG neutron.common.config [-] log_file = None log_opt_values /var/lib/kolla/venv/lib/python3.6/site-packages/oslo_config/cfg.py:2603
