2025-10-02 00:35:30.004 129200 DEBUG oslo_db.sqlalchemy.engines [req-74c6fa85-43f3-45ad-b209-c2b71752b11e - - - - -] MySQL server mode set to STRICT_TRANS_TABLES,STRICT_ALL_TABLES,NO_ZERO_IN_DATE,NO_ZERO_DATE,ERROR_FOR_DIVISION_BY_ZERO,TRADITIONAL,NO_ENGINE_SUBSTITUTION _check_effective_sql_mode /usr/lib/python3/dist-packages/oslo_db/sqlalchemy/engines.py:314
2025-10-02 00:35:30.005 128888 DEBUG oslo_service.service [req-88aeaeb4-bcc9-44be-8184-bb338e64a65a - - - - -] config_drive_format = iso9660 log_opt_values /usr/lib/python3/dist-packages/oslo_config/cfg.py:2602
2025-10-02 00:35:30.005 128888 DEBUG oslo_service.service [req-88aeaeb4-bcc9-44be-8184-bb338e64a65a - - - - -] config_file = ['/etc/nova/nova.conf'] log_opt_values /usr/lib/python3/dist-packages/oslo_config/cfg.py:2602
2025-10-02 00:35:30.005 128888 DEBUG oslo_service.service [req-88aeaeb4-bcc9-44be-8184-bb338e64a65a - - - - -] config_source = [] log_opt_values /usr/lib/python3/dist-packages/oslo_config/cfg.py:2602
2025-10-02 00:35:30.006 128888 DEBUG oslo_service.service [req-88aeaeb4-bcc9-44be-8184-bb338e64a65a - - - - -] console_host = juju-52b9b3-0-lxd-7 log_opt_values /usr/lib/python3/dist-packages/oslo_config/cfg.py:2602
2025-10-02 00:35:30.006 128888 DEBUG oslo_service.service [req-88aeaeb4-bcc9-44be-8184-bb338e64a65a - - - - -] control_exchange = nova log_opt_values /usr/lib/python3/dist-packages/oslo_config/cfg.py:2602
2025-10-02 00:35:30.007 128888 DEBUG oslo_service.service [req-88aeaeb4-bcc9-44be-8184-bb338e64a65a - - - - -] cpu_allocation_ratio = 2.0 log_opt_values /usr/lib/python3/dist-packages/oslo_config/cfg.py:2602
2025-10-02 00:35:30.007 128888 DEBUG oslo_service.service [req-88aeaeb4-bcc9-44be-8184-bb338e64a65a - - - - -] daemon = False log_opt_values /usr/lib/python3/dist-packages/oslo_config/cfg.py:2602
2025-10-02 00:35:30.008 128888 DEBUG oslo_service.service [req-88aeaeb4-bcc9-44be-8184-bb338e64a65a - - - - -] debug = True log_opt_values /usr/lib/python3/dist-packages/oslo_config/cfg.py:2602
2025-10-02 00:35:30.008 128888 DEBUG oslo_service.service [req-88aeaeb4-bcc9-44be-8184-bb338e64a65a - - - - -] default_access_ip_network_name = None log_opt_values /usr/lib/python3/dist-packages/oslo_config/cfg.py:2602
2025-10-02 00:35:30.008 128888 DEBUG oslo_service.service [req-88aeaeb4-bcc9-44be-8184-bb338e64a65a - - - - -] default_availability_zone = nova log_opt_values /usr/lib/python3/dist-packages/oslo_config/cfg.py:2602
2025-10-02 00:35:30.009 128888 DEBUG oslo_service.service [req-88aeaeb4-bcc9-44be-8184-bb338e64a65a - - - - -] default_ephemeral_format = None log_opt_values /usr/lib/python3/dist-packages/oslo_config/cfg.py:2602
2025-10-02 00:35:30.009 129198 DEBUG nova.service [req-f44fb13b-54a1-43f2-89cc-e054cefbfe3f - - - - -] Creating RPC server for service conductor start /usr/lib/python3/dist-packages/nova/service.py:182
2025-10-02 00:35:30.009 128888 DEBUG oslo_service.service [req-88aeaeb4-bcc9-44be-8184-bb338e64a65a - - - - -] default_log_levels = ['amqp=WARN', 'amqplib=WARN', 'boto=WARN', 'qpid=WARN', 'sqlalchemy=WARN', 'suds=INFO', 'oslo.messaging=INFO', 'oslo_messaging=DEBUG', 'iso8601=WARN', 'requests.packages.urllib3.connectionpool=WARN', 'urllib3.connectionpool=WARN', 'websocket=WARN', 'requests.packages.urllib3.util.retry=WARN', 'urllib3.util.retry=WARN', 'keystonemiddleware=WARN', 'routes.middleware=WARN', 'stevedore=WARN', 'taskflow=WARN', 'keystoneauth=WARN', 'oslo.cache=INFO', 'dogpile.core.dogpile=INFO', 'glanceclient=WARN', 'oslo.privsep.daemon=INFO'] log_opt_values /usr/lib/python3/dist-packages/oslo_config/cfg.py:2602
2025-10-02 00:35:30.009 128888 DEBUG oslo_service.service [req-88aeaeb4-bcc9-44be-8184-bb338e64a65a - - - - -] default_schedule_zone = None log_opt_values /usr/lib/python3/dist-packages/oslo_config/cfg.py:2602
2025-10-02 00:35:30.010 128888 DEBUG oslo_service.service [req-88aeaeb4-bcc9-44be-8184-bb338e64a65a - - - - -] disk_allocation_ratio = 1.0 log_opt_values /usr/lib/python3/dist-packages/oslo_config/cfg.py:2602
2025-10-02 00:35:30.010 128888 DEBUG oslo_service.service [req-88aeaeb4-bcc9-44be-8184-bb338e64a65a - - - - -] enable_new_services = True log_opt_values /usr/lib/python3/dist-packages/oslo_config/cfg.py:2602
2025-10-02 00:35:30.011 128888 DEBUG oslo_service.service [req-88aeaeb4-bcc9-44be-8184-bb338e64a65a - - - - -] enabled_apis = ['osapi_compute', 'metadata'] log_opt_values /usr/lib/python3/dist-packages/oslo_config/cfg.py:2602
2025-10-02 00:35:30.011 128888 DEBUG oslo_service.service [req-88aeaeb4-bcc9-44be-8184-bb338e64a65a - - - - -] enabled_ssl_apis = [] log_opt_values /usr/lib/python3/dist-packages/oslo_config/cfg.py:2602
2025-10-02 00:35:30.011 128888 DEBUG oslo_service.service [req-88aeaeb4-bcc9-44be-8184-bb338e64a65a - - - - -] fatal_deprecations = False log_opt_values /usr/lib/python3/dist-packages/oslo_config/cfg.py:2602
2025-10-02 00:35:30.012 128888 DEBUG oslo_service.service [req-88aeaeb4-bcc9-44be-8184-bb338e64a65a - - - - -] flat_injected = False log_opt_values /usr/lib/python3/dist-packages/oslo_config/cfg.py:2602
2025-10-02 00:35:30.012 128888 DEBUG oslo_service.service [req-88aeaeb4-bcc9-44be-8184-bb338e64a65a - - - - -] force_config_drive = False log_opt_values /usr/lib/python3/dist-packages/oslo_config/cfg.py:2602
2025-10-02 00:35:30.012 128888 DEBUG oslo_service.service [req-88aeaeb4-bcc9-44be-8184-bb338e64a65a - - - - -] force_raw_images = True log_opt_values /usr/lib/python3/dist-packages/oslo_config/cfg.py:2602
2025-10-02 00:35:30.012 128888 DEBUG oslo_service.service [req-88aeaeb4-bcc9-44be-8184-bb338e64a65a - - - - -] graceful_shutdown_timeout = 60 log_opt_values /usr/lib/python3/dist-packages/oslo_config/cfg.py:2602
2025-10-02 00:35:30.012 128888 DEBUG oslo_service.service [req-88aeaeb4-bcc9-44be-8184-bb338e64a65a - - - - -] heal_instance_info_cache_interval = 60 log_opt_values /usr/lib/python3/dist-packages/oslo_config/cfg.py:2602
2025-10-02 00:35:30.013 128888 DEBUG oslo_service.service [req-88aeaeb4-bcc9-44be-8184-bb338e64a65a - - - - -] host = juju-52b9b3-0-lxd-7 log_opt_values /usr/lib/python3/dist-packages/oslo_config/cfg.py:2602
2025-10-02 00:35:30.013 128888 DEBUG oslo_service.service [req-88aeaeb4-bcc9-44be-8184-bb338e64a65a - - - - -] initial_cpu_allocation_ratio = 16.0 log_opt_values /usr/lib/python3/dist-packages/oslo_config/cfg.py:2602
2025-10-02 00:35:30.014 128888 DEBUG oslo_service.service [req-88aeaeb4-bcc9-44be-8184-bb338e64a65a - - - - -] initial_disk_allocation_ratio = 1.0 log_opt_values /usr/lib/python3/dist-packages/oslo_config/cfg.py:2602
2025-10-02 00:35:30.014 128888 DEBUG oslo_service.service [req-88aeaeb4-bcc9-44be-8184-bb338e64a65a - - - - -] initial_ram_allocation_ratio = 1.5 log_opt_values /usr/lib/python3/dist-packages/oslo_config/cfg.py:2602
2025-10-02 00:35:30.014 128888 DEBUG oslo_service.service [req-88aeaeb4-bcc9-44be-8184-bb338e64a65a - - - - -] injected_network_template = /usr/lib/python3/dist-packages/nova/virt/interfaces.template log_opt_values /usr/lib/python3/dist-packages/oslo_config/cfg.py:2602
2025-10-02 00:35:30.014 129201 DEBUG oslo_db.sqlalchemy.engines [req-28816a71-58e8-4451-9ac8-e27c931de5af - - - - -] MySQL server mode set to STRICT_TRANS_TABLES,STRICT_ALL_TABLES,NO_ZERO_IN_DATE,NO_ZERO_DATE,ERROR_FOR_DIVISION_BY_ZERO,TRADITIONAL,NO_ENGINE_SUBSTITUTION _check_effective_sql_mode /usr/lib/python3/dist-packages/oslo_db/sqlalchemy/engines.py:314
2025-10-02 00:35:30.014 128888 DEBUG oslo_service.service [req-88aeaeb4-bcc9-44be-8184-bb338e64a65a - - - - -] instance_build_timeout = 0 log_opt_values /usr/lib/python3/dist-packages/oslo_config/cfg.py:2602
2025-10-02 00:35:30.015 128888 DEBUG oslo_service.service [req-88aeaeb4-bcc9-44be-8184-bb338e64a65a - - - - -] instance_delete_interval = 300 log_opt_values /usr/lib/python3/dist-packages/oslo_config/cfg.py:2602
2025-10-02 00:35:30.015 128888 DEBUG oslo_service.service [req-88aeaeb4-bcc9-44be-8184-bb338e64a65a - - - - -] instance_format = [instance: %(uuid)s] log_opt_values /usr/lib/python3/dist-packages/oslo_config/cfg.py:2602
2025-10-02 00:35:30.015 128888 DEBUG oslo_service.service [req-88aeaeb4-bcc9-44be-8184-bb338e64a65a - - - - -] instance_name_template = instance-%08x log_opt_values /usr/lib/python3/dist-packages/oslo_config/cfg.py:2602
2025-10-02 00:35:30.016 128888 DEBUG oslo_service.service [req-88aeaeb4-bcc9-44be-8184-bb338e64a65a - - - - -] instance_usage_audit = False log_opt_values /usr/lib/python3/dist-packages/oslo_config/cfg.py:2602
2025-10-02 00:35:30.016 128888 DEBUG oslo_service.service [req-88aeaeb4-bcc9-44be-8184-bb338e64a65a - - - - -] instance_usage_audit_period = month log_opt_values /usr/lib/python3/dist-packages/oslo_config/cfg.py:2602
2025-10-02 00:35:30.016 128888 DEBUG oslo_service.service [req-88aeaeb4-bcc9-44be-8184-bb338e64a65a - - - - -] instance_uuid_format = [instance: %(uuid)s] log_opt_values /usr/lib/python3/dist-packages/oslo_config/cfg.py:2602
2025-10-02 00:35:30.017 128888 DEBUG oslo_service.service [req-88aeaeb4-bcc9-44be-8184-bb338e64a65a - - - - -] instances_path = /var/lib/nova/instances log_opt_values /usr/lib/python3/dist-packages/oslo_config/cfg.py:2602
2025-10-02 00:35:30.017 128888 DEBUG oslo_service.service [req-88aeaeb4-bcc9-44be-8184-bb338e64a65a - - - - -] internal_service_availability_zone = internal log_opt_values /usr/lib/python3/dist-packages/oslo_config/cfg.py:2602
2025-10-02 00:35:30.017 129199 DEBUG nova.service [req-41c6663e-3267-4d2e-bc3c-8038edcee6b6 - - - - -] Creating RPC server for service conductor start /usr/lib/python3/dist-packages/nova/service.py:182
2025-10-02 00:35:30.017 128888 DEBUG oslo_service.service [req-88aeaeb4-bcc9-44be-8184-bb338e64a65a - - - - -] key = None log_opt_values /usr/lib/python3/dist-packages/oslo_config/cfg.py:2602
2025-10-02 00:35:30.018 128888 DEBUG oslo_service.service [req-88aeaeb4-bcc9-44be-8184-bb338e64a65a - - - - -] live_migration_retry_count = 30 log_opt_values /usr/lib/python3/dist-packages/oslo_config/cfg.py:2602
2025-10-02 00:35:30.018 128888 DEBUG oslo_service.service [req-88aeaeb4-bcc9-44be-8184-bb338e64a65a - - - - -] log_config_append = None log_opt_values /usr/lib/python3/dist-packages/oslo_config/cfg.py:2602
2025-10-02 00:35:30.018 128888 DEBUG oslo_service.service [req-88aeaeb4-bcc9-44be-8184-bb338e64a65a - - - - -] log_date_format = %Y-%m-%d %H:%M:%S log_opt_values /usr/lib/python3/dist-packages/oslo_config/cfg.py:2602
2025-10-02 00:35:30.018 128888 DEBUG oslo_service.service [req-88aeaeb4-bcc9-44be-8184-bb338e64a65a - - - - -] log_dir = /var/log/nova log_opt_values /usr/lib/python3/dist-packages/oslo_config/cfg.py:2602
2025-10-02 00:35:30.019 128888 DEBUG oslo_service.service [req-88aeaeb4-bcc9-44be-8184-bb338e64a65a - - - - -] log_file = /var/log/nova/nova-conductor.log log_opt_values /usr/lib/python3/dist-packages/oslo_config/cfg.py:2602
2025-10-02 00:35:30.019 128888 DEBUG oslo_service.service [req-88aeaeb4-bcc9-44be-8184-bb338e64a65a - - - - -] log_options = True log_opt_values /usr/lib/python3/dist-packages/oslo_config/cfg.py:2602
2025-10-02 00:35:30.019 128888 DEBUG oslo_service.service [req-88aeaeb4-bcc9-44be-8184-bb338e64a65a - - - - -] log_rotate_interval = 1 log_opt_values /usr/lib/python3/dist-packages/oslo_config/cfg.py:2602
2025-10-02 00:35:30.019 129200 DEBUG nova.service [req-74c6fa85-43f3-45ad-b209-c2b71752b11e - - - - -] Creating RPC server for service conductor start /usr/lib/python3/dist-packages/nova/service.py:182
2025-10-02 00:35:30.019 128888 DEBUG oslo_service.service [req-88aeaeb4-bcc9-44be-8184-bb338e64a65a - - - - -] log_rotate_interval_type = days log_opt_values /usr/lib/python3/dist-packages/oslo_config/cfg.py:2602
2025-10-02 00:35:30.020 128888 DEBUG oslo_service.service [req-88aeaeb4-bcc9-44be-8184-bb338e64a65a - - - - -] log_rotation_type = none log_opt_values /usr/lib/python3/dist-packages/oslo_config/cfg.py:2602
2025-10-02 00:35:30.020 128888 DEBUG oslo_service.service [req-88aeaeb4-bcc9-44be-8184-bb338e64a65a - - - - -] logging_context_format_string = %(asctime)s.%(msecs)03d %(process)d %(levelname)s %(name)s [%(request_id)s %(user_identity)s] %(instance)s%(message)s log_opt_values /usr/lib/python3/dist-packages/oslo_config/cfg.py:2602
2025-10-02 00:35:30.020 128888 DEBUG oslo_service.service [req-88aeaeb4-bcc9-44be-8184-bb338e64a65a - - - - -] logging_debug_format_suffix = %(funcName)s %(pathname)s:%(lineno)d log_opt_values /usr/lib/python3/dist-packages/oslo_config/cfg.py:2602
2025-10-02 00:35:30.021 128888 DEBUG oslo_service.service [req-88aeaeb4-bcc9-44be-8184-bb338e64a65a - - - - -] logging_default_format_string = %(asctime)s.%(msecs)03d %(process)d %(levelname)s %(name)s [-] %(instance)s%(message)s log_opt_values /usr/lib/python3/dist-packages/oslo_config/cfg.py:2602
2025-10-02 00:35:30.021 128888 DEBUG oslo_service.service [req-88aeaeb4-bcc9-44be-8184-bb338e64a65a - - - - -] logging_exception_prefix = %(asctime)s.%(msecs)03d %(process)d ERROR %(name)s %(instance)s log_opt_values /usr/lib/python3/dist-packages/oslo_config/cfg.py:2602
2025-10-02 00:35:30.021 128888 DEBUG oslo_service.service [req-88aeaeb4-bcc9-44be-8184-bb338e64a65a - - - - -] logging_user_identity_format = %(user)s %(project)s %(domain)s %(user_domain)s %(project_domain)s log_opt_values /usr/lib/python3/dist-packages/oslo_config/cfg.py:2602
2025-10-02 00:35:30.022 128888 DEBUG oslo_service.service [req-88aeaeb4-bcc9-44be-8184-bb338e64a65a - - - - -] long_rpc_timeout = 1800 log_opt_values /usr/lib/python3/dist-packages/oslo_config/cfg.py:2602
2025-10-02 00:35:30.022 128888 DEBUG oslo_service.service [req-88aeaeb4-bcc9-44be-8184-bb338e64a65a - - - - -] max_concurrent_builds = 10 log_opt_values /usr/lib/python3/dist-packages/oslo_config/cfg.py:2602
2025-10-02 00:35:30.022 128888 DEBUG oslo_service.service [req-88aeaeb4-bcc9-44be-8184-bb338e64a65a - - - - -] max_concurrent_live_migrations = 1 log_opt_values /usr/lib/python3/dist-packages/oslo_config/cfg.py:2602
2025-10-02 00:35:30.022 128888 DEBUG oslo_service.service [req-88aeaeb4-bcc9-44be-8184-bb338e64a65a - - - - -] max_concurrent_snapshots = 5 log_opt_values /usr/lib/python3/dist-packages/oslo_config/cfg.py:2602
2025-10-02 00:35:30.022 128888 DEBUG oslo_service.service [req-88aeaeb4-bcc9-44be-8184-bb338e64a65a - - - - -] max_local_block_devices = 3 log_opt_values /usr/lib/python3/dist-packages/oslo_config/cfg.py:2602
2025-10-02 00:35:30.023 128888 DEBUG oslo_service.service [req-88aeaeb4-bcc9-44be-8184-bb338e64a65a - - - - -] max_logfile_count = 30 log_opt_values /usr/lib/python3/dist-packages/oslo_config/cfg.py:2602
2025-10-02 00:35:30.023 128888 DEBUG oslo_service.service [req-88aeaeb4-bcc9-44be-8184-bb338e64a65a - - - - -] max_logfile_size_mb = 200 log_opt_values /usr/lib/python3/dist-packages/oslo_config/cfg.py:2602
2025-10-02 00:35:30.023 128888 DEBUG oslo_service.service [req-88aeaeb4-bcc9-44be-8184-bb338e64a65a - - - - -] maximum_instance_delete_attempts = 5 log_opt_values /usr/lib/python3/dist-packages/oslo_config/cfg.py:2602
2025-10-02 00:35:30.023 128888 DEBUG oslo_service.service [req-88aeaeb4-bcc9-44be-8184-bb338e64a65a - - - - -] metadata_listen = 0.0.0.0 log_opt_values /usr/lib/python3/dist-packages/oslo_config/cfg.py:2602
2025-10-02 00:35:30.023 128888 DEBUG oslo_service.service [req-88aeaeb4-bcc9-44be-8184-bb338e64a65a - - - - -] metadata_listen_port = 8765 log_opt_values /usr/lib/python3/dist-packages/oslo_config/cfg.py:2602
2025-10-02 00:35:30.024 128888 DEBUG oslo_service.service [req-88aeaeb4-bcc9-44be-8184-bb338e64a65a - - - - -] metadata_workers = None log_opt_values /usr/lib/python3/dist-packages/oslo_config/cfg.py:2602
2025-10-02 00:35:30.024 128888 DEBUG oslo_service.service [req-88aeaeb4-bcc9-44be-8184-bb338e64a65a - - - - -] migrate_max_retries = -1 log_opt_values /usr/lib/python3/dist-packages/oslo_config/cfg.py:2602
2025-10-02 00:35:30.024 128888 DEBUG oslo_service.service [req-88aeaeb4-bcc9-44be-8184-bb338e64a65a - - - - -] mkisofs_cmd = genisoimage log_opt_values /usr/lib/python3/dist-packages/oslo_config/cfg.py:2602
2025-10-02 00:35:30.024 128888 DEBUG oslo_service.service [req-88aeaeb4-bcc9-44be-8184-bb338e64a65a - - - - -] my_block_storage_ip = 252.57.187.254 log_opt_values /usr/lib/python3/dist-packages/oslo_config/cfg.py:2602
2025-10-02 00:35:30.025 128888 DEBUG oslo_service.service [req-88aeaeb4-bcc9-44be-8184-bb338e64a65a - - - - -] my_ip = 252.57.187.254 log_opt_values /usr/lib/python3/dist-packages/oslo_config/cfg.py:2602
2025-10-02 00:35:30.025 128888 DEBUG oslo_service.service [req-88aeaeb4-bcc9-44be-8184-bb338e64a65a - - - - -] network_allocate_retries = 0 log_opt_values /usr/lib/python3/dist-packages/oslo_config/cfg.py:2602
2025-10-02 00:35:30.025 128888 DEBUG oslo_service.service [req-88aeaeb4-bcc9-44be-8184-bb338e64a65a - - - - -] non_inheritable_image_properties = ['cache_in_nova', 'bittorrent'] log_opt_values /usr/lib/python3/dist-packages/oslo_config/cfg.py:2602
2025-10-02 00:35:30.025 128888 DEBUG oslo_service.service [req-88aeaeb4-bcc9-44be-8184-bb338e64a65a - - - - -] osapi_compute_listen = 0.0.0.0 log_opt_values /usr/lib/python3/dist-packages/oslo_config/cfg.py:2602
2025-10-02 00:35:30.026 128888 DEBUG oslo_service.service [req-88aeaeb4-bcc9-44be-8184-bb338e64a65a - - - - -] osapi_compute_listen_port = 8764 log_opt_values /usr/lib/python3/dist-packages/oslo_config/cfg.py:2602
2025-10-02 00:35:30.026 128888 DEBUG oslo_service.service [req-88aeaeb4-bcc9-44be-8184-bb338e64a65a - - - - -] osapi_compute_unique_server_name_scope = log_opt_values /usr/lib/python3/dist-packages/oslo_config/cfg.py:2602
2025-10-02 00:35:30.026 128888 DEBUG oslo_service.service [req-88aeaeb4-bcc9-44be-8184-bb338e64a65a - - - - -] osapi_compute_workers = 4 log_opt_values /usr/lib/python3/dist-packages/oslo_config/cfg.py:2602
2025-10-02 00:35:30.026 128888 DEBUG oslo_service.service [req-88aeaeb4-bcc9-44be-8184-bb338e64a65a - - - - -] password_length = 12 log_opt_values /usr/lib/python3/dist-packages/oslo_config/cfg.py:2602
2025-10-02 00:35:30.027 128888 DEBUG oslo_service.service [req-88aeaeb4-bcc9-44be-8184-bb338e64a65a - - - - -] periodic_enable = True log_opt_values /usr/lib/python3/dist-packages/oslo_config/cfg.py:2602
2025-10-02 00:35:30.027 128888 DEBUG oslo_service.service [req-88aeaeb4-bcc9-44be-8184-bb338e64a65a - - - - -] periodic_fuzzy_delay = 60 log_opt_values /usr/lib/python3/dist-packages/oslo_config/cfg.py:2602
2025-10-02 00:35:30.027 128888 DEBUG oslo_service.service [req-88aeaeb4-bcc9-44be-8184-bb338e64a65a - - - - -] pointer_model = usbtablet log_opt_values /usr/lib/python3/dist-packages/oslo_config/cfg.py:2602
2025-10-02 00:35:30.027 128888 DEBUG oslo_service.service [req-88aeaeb4-bcc9-44be-8184-bb338e64a65a - - - - -] preallocate_images = none log_opt_values /usr/lib/python3/dist-packages/oslo_config/cfg.py:2602
2025-10-02 00:35:30.028 128888 DEBUG oslo_service.service [req-88aeaeb4-bcc9-44be-8184-bb338e64a65a - - - - -] publish_errors = False log_opt_values /usr/lib/python3/dist-packages/oslo_config/cfg.py:2602
2025-10-02 00:35:30.028 128888 DEBUG oslo_service.service [req-88aeaeb4-bcc9-44be-8184-bb338e64a65a - - - - -] pybasedir = /usr/lib/python3/dist-packages log_opt_values /usr/lib/python3/dist-packages/oslo_config/cfg.py:2602
2025-10-02 00:35:30.028 128888 DEBUG oslo_service.service [req-88aeaeb4-bcc9-44be-8184-bb338e64a65a - - - - -] ram_allocation_ratio = 0.98 log_opt_values /usr/lib/python3/dist-packages/oslo_config/cfg.py:2602
2025-10-02 00:35:30.028 128888 DEBUG oslo_service.service [req-88aeaeb4-bcc9-44be-8184-bb338e64a65a - - - - -] rate_limit_burst = 0 log_opt_values /usr/lib/python3/dist-packages/oslo_config/cfg.py:2602
2025-10-02 00:35:30.028 128888 DEBUG oslo_service.service [req-88aeaeb4-bcc9-44be-8184-bb338e64a65a - - - - -] rate_limit_except_level = CRITICAL log_opt_values /usr/lib/python3/dist-packages/oslo_config/cfg.py:2602
2025-10-02 00:35:30.029 128888 DEBUG oslo_service.service [req-88aeaeb4-bcc9-44be-8184-bb338e64a65a - - - - -] rate_limit_interval = 0 log_opt_values /usr/lib/python3/dist-packages/oslo_config/cfg.py:2602
2025-10-02 00:35:30.029 128888 DEBUG oslo_service.service [req-88aeaeb4-bcc9-44be-8184-bb338e64a65a - - - - -] reboot_timeout = 0 log_opt_values /usr/lib/python3/dist-packages/oslo_config/cfg.py:2602
2025-10-02 00:35:30.029 128888 DEBUG oslo_service.service [req-88aeaeb4-bcc9-44be-8184-bb338e64a65a - - - - -] reclaim_instance_interval = 0 log_opt_values /usr/lib/python3/dist-packages/oslo_config/cfg.py:2602
2025-10-02 00:35:30.029 128888 DEBUG oslo_service.service [req-88aeaeb4-bcc9-44be-8184-bb338e64a65a - - - - -] record = None log_opt_values /usr/lib/python3/dist-packages/oslo_config/cfg.py:2602
2025-10-02 00:35:30.029 128888 DEBUG oslo_service.service [req-88aeaeb4-bcc9-44be-8184-bb338e64a65a - - - - -] report_interval = 10 log_opt_values /usr/lib/python3/dist-packages/oslo_config/cfg.py:2602
2025-10-02 00:35:30.030 128888 DEBUG oslo_service.service [req-88aeaeb4-bcc9-44be-8184-bb338e64a65a - - - - -] rescue_timeout = 0 log_opt_values /usr/lib/python3/dist-packages/oslo_config/cfg.py:2602
2025-10-02 00:35:30.030 128888 DEBUG oslo_service.service [req-88aeaeb4-bcc9-44be-8184-bb338e64a65a - - - - -] reserved_host_cpus = 0 log_opt_values /usr/lib/python3/dist-packages/oslo_config/cfg.py:2602
2025-10-02 00:35:30.030 128888 DEBUG oslo_service.service [req-88aeaeb4-bcc9-44be-8184-bb338e64a65a - - - - -] reserved_host_disk_mb = 0 log_opt_values /usr/lib/python3/dist-packages/oslo_config/cfg.py:2602
2025-10-02 00:35:30.030 128888 DEBUG oslo_service.service [req-88aeaeb4-bcc9-44be-8184-bb338e64a65a - - - - -] reserved_host_memory_mb = 512 log_opt_values /usr/lib/python3/dist-packages/oslo_config/cfg.py:2602
2025-10-02 00:35:30.030 128888 DEBUG oslo_service.service [req-88aeaeb4-bcc9-44be-8184-bb338e64a65a - - - - -] reserved_huge_pages = None log_opt_values /usr/lib/python3/dist-packages/oslo_config/cfg.py:2602
2025-10-02 00:35:30.031 128888 DEBUG oslo_service.service [req-88aeaeb4-bcc9-44be-8184-bb338e64a65a - - - - -] resize_confirm_window = 0 log_opt_values /usr/lib/python3/dist-packages/oslo_config/cfg.py:2602
2025-10-02 00:35:30.031 128888 DEBUG oslo_service.service [req-88aeaeb4-bcc9-44be-8184-bb338e64a65a - - - - -] resize_fs_using_block_device = False log_opt_values /usr/lib/python3/dist-packages/oslo_config/cfg.py:2602
2025-10-02 00:35:30.031 128888 DEBUG oslo_service.service [req-88aeaeb4-bcc9-44be-8184-bb338e64a65a - - - - -] resume_guests_state_on_host_boot = False log_opt_values /usr/lib/python3/dist-packages/oslo_config/cfg.py:2602
2025-10-02 00:35:30.031 128888 DEBUG oslo_service.service [req-88aeaeb4-bcc9-44be-8184-bb338e64a65a - - - - -] rootwrap_config = /etc/nova/rootwrap.conf log_opt_values /usr/lib/python3/dist-packages/oslo_config/cfg.py:2602
2025-10-02 00:35:30.032 128888 DEBUG oslo_service.service [req-88aeaeb4-bcc9-44be-8184-bb338e64a65a - - - - -] rpc_response_timeout = 60 log_opt_values /usr/lib/python3/dist-packages/oslo_config/cfg.py:2602
2025-10-02 00:35:30.032 128888 DEBUG oslo_service.service [req-88aeaeb4-bcc9-44be-8184-bb338e64a65a - - - - -] run_external_periodic_tasks = True log_opt_values /usr/lib/python3/dist-packages/oslo_config/cfg.py:2602
2025-10-02 00:35:30.032 128888 DEBUG oslo_service.service [req-88aeaeb4-bcc9-44be-8184-bb338e64a65a - - - - -] running_deleted_instance_action = reap log_opt_values /usr/lib/python3/dist-packages/oslo_config/cfg.py:2602
2025-10-02 00:35:30.032 128888 DEBUG oslo_service.service [req-88aeaeb4-bcc9-44be-8184-bb338e64a65a - - - - -] running_deleted_instance_poll_interval = 1800 log_opt_values /usr/lib/python3/dist-packages/oslo_config/cfg.py:2602
2025-10-02 00:35:30.032 128888 DEBUG oslo_service.service [req-88aeaeb4-bcc9-44be-8184-bb338e64a65a - - - - -] running_deleted_instance_timeout = 0 log_opt_values /usr/lib/python3/dist-packages/oslo_config/cfg.py:2602
2025-10-02 00:35:30.032 129201 DEBUG nova.service [req-28816a71-58e8-4451-9ac8-e27c931de5af - - - - -] Creating RPC server for service conductor start /usr/lib/python3/dist-packages/nova/service.py:182
2025-10-02 00:35:30.033 128888 DEBUG oslo_service.service [req-88aeaeb4-bcc9-44be-8184-bb338e64a65a - - - - -] scheduler_instance_sync_interval = 120 log_opt_values /usr/lib/python3/dist-packages/oslo_config/cfg.py:2602
2025-10-02 00:35:30.033 128888 DEBUG oslo_service.service [req-88aeaeb4-bcc9-44be-8184-bb338e64a65a - - - - -] service_down_time = 60 log_opt_values /usr/lib/python3/dist-packages/oslo_config/cfg.py:2602
2025-10-02 00:35:30.033 128888 DEBUG oslo_service.service [req-88aeaeb4-bcc9-44be-8184-bb338e64a65a - - - - -] servicegroup_driver = db log_opt_values /usr/lib/python3/dist-packages/oslo_config/cfg.py:2602
2025-10-02 00:35:30.033 128888 DEBUG oslo_service.service [req-88aeaeb4-bcc9-44be-8184-bb338e64a65a - - - - -] shelved_offload_time = 0 log_opt_values /usr/lib/python3/dist-packages/oslo_config/cfg.py:2602
2025-10-02 00:35:30.033 128888 DEBUG oslo_service.service [req-88aeaeb4-bcc9-44be-8184-bb338e64a65a - - - - -] shelved_poll_interval = 3600 log_opt_values /usr/lib/python3/dist-packages/oslo_config/cfg.py:2602
2025-10-02 00:35:30.033 128888 DEBUG oslo_service.service [req-88aeaeb4-bcc9-44be-8184-bb338e64a65a - - - - -] shutdown_timeout = 60 log_opt_values /usr/lib/python3/dist-packages/oslo_config/cfg.py:2602
2025-10-02 00:35:30.034 128888 DEBUG oslo_service.service [req-88aeaeb4-bcc9-44be-8184-bb338e64a65a - - - - -] source_is_ipv6 = False log_opt_values /usr/lib/python3/dist-packages/oslo_config/cfg.py:2602
2025-10-02 00:35:30.034 128888 DEBUG oslo_service.service [req-88aeaeb4-bcc9-44be-8184-bb338e64a65a - - - - -] ssl_only = False log_opt_values /usr/lib/python3/dist-packages/oslo_config/cfg.py:2602
2025-10-02 00:35:30.034 128888 DEBUG oslo_service.service [req-88aeaeb4-bcc9-44be-8184-bb338e64a65a - - - - -] state_path = /var/lib/nova log_opt_values /usr/lib/python3/dist-packages/oslo_config/cfg.py:2602
2025-10-02 00:35:30.034 128888 DEBUG oslo_service.service [req-88aeaeb4-bcc9-44be-8184-bb338e64a65a - - - - -] sync_power_state_interval = 600 log_opt_values /usr/lib/python3/dist-packages/oslo_config/cfg.py:2602
2025-10-02 00:35:30.034 128888 DEBUG oslo_service.service [req-88aeaeb4-bcc9-44be-8184-bb338e64a65a - - - - -] sync_power_state_pool_size = 1000 log_opt_values /usr/lib/python3/dist-packages/oslo_config/cfg.py:2602
2025-10-02 00:35:30.035 128888 DEBUG oslo_service.service [req-88aeaeb4-bcc9-44be-8184-bb338e64a65a - - - - -] syslog_log_facility = LOG_USER log_opt_values /usr/lib/python3/dist-packages/oslo_config/cfg.py:2602
2025-10-02 00:35:30.035 128888 DEBUG oslo_service.service [req-88aeaeb4-bcc9-44be-8184-bb338e64a65a - - - - -] tempdir = None log_opt_values /usr/lib/python3/dist-packages/oslo_config/cfg.py:2602
2025-10-02 00:35:30.035 128888 DEBUG oslo_service.service [req-88aeaeb4-bcc9-44be-8184-bb338e64a65a - - - - -] timeout_nbd = 10 log_opt_values /usr/lib/python3/dist-packages/oslo_config/cfg.py:2602
2025-10-02 00:35:30.035 128888 DEBUG oslo_service.service [req-88aeaeb4-bcc9-44be-8184-bb338e64a65a - - - - -] transport_url = **** log_opt_values /usr/lib/python3/dist-packages/oslo_config/cfg.py:2602
2025-10-02 00:35:30.035 128888 DEBUG oslo_service.service [req-88aeaeb4-bcc9-44be-8184-bb338e64a65a - - - - -] update_resources_interval = 0 log_opt_values /usr/lib/python3/dist-packages/oslo_config/cfg.py:2602
2025-10-02 00:35:30.036 128888 DEBUG oslo_service.service [req-88aeaeb4-bcc9-44be-8184-bb338e64a65a - - - - -] use_cow_images = True log_opt_values /usr/lib/python3/dist-packages/oslo_config/cfg.py:2602
2025-10-02 00:35:30.036 128888 DEBUG oslo_service.service [req-88aeaeb4-bcc9-44be-8184-bb338e64a65a - - - - -] use_eventlog = False log_opt_values /usr/lib/python3/dist-packages/oslo_config/cfg.py:2602
2025-10-02 00:35:30.036 128888 DEBUG oslo_service.service [req-88aeaeb4-bcc9-44be-8184-bb338e64a65a - - - - -] use_journal = False log_opt_values /usr/lib/python3/dist-packages/oslo_config/cfg.py:2602
2025-10-02 00:35:30.036 128888 DEBUG oslo_service.service [req-88aeaeb4-bcc9-44be-8184-bb338e64a65a - - - - -] use_json = False log_opt_values /usr/lib/python3/dist-packages/oslo_config/cfg.py:2602
2025-10-02 00:35:30.036 128888 DEBUG oslo_service.service [req-88aeaeb4-bcc9-44be-8184-bb338e64a65a - - - - -] use_rootwrap_daemon = False log_opt_values /usr/lib/python3/dist-packages/oslo_config/cfg.py:2602
2025-10-02 00:35:30.037 128888 DEBUG oslo_service.service [req-88aeaeb4-bcc9-44be-8184-bb338e64a65a - - - - -] use_stderr = False log_opt_values /usr/lib/python3/dist-packages/oslo_config/cfg.py:2602
2025-10-02 00:35:30.037 128888 DEBUG oslo_service.service [req-88aeaeb4-bcc9-44be-8184-bb338e64a65a - - - - -] use_syslog = False log_opt_values /usr/lib/python3/dist-packages/oslo_config/cfg.py:2602
2025-10-02 00:35:30.037 128888 DEBUG oslo_service.service [req-88aeaeb4-bcc9-44be-8184-bb338e64a65a - - - - -] vcpu_pin_set = None log_opt_values /usr/lib/python3/dist-packages/oslo_config/cfg.py:2602
2025-10-02 00:35:30.037 128888 DEBUG oslo_service.service [req-88aeaeb4-bcc9-44be-8184-bb338e64a65a - - - - -] vif_plugging_is_fatal = True log_opt_values /usr/lib/python3/dist-packages/oslo_config/cfg.py:2602
2025-10-02 00:35:30.037 128888 DEBUG oslo_service.service [req-88aeaeb4-bcc9-44be-8184-bb338e64a65a - - - - -] vif_plugging_timeout = 300 log_opt_values /usr/lib/python3/dist-packages/oslo_config/cfg.py:2602
2025-10-02 00:35:30.037 128888 DEBUG oslo_service.service [req-88aeaeb4-bcc9-44be-8184-bb338e64a65a - - - - -] virt_mkfs = [] log_opt_values /usr/lib/python3/dist-packages/oslo_config/cfg.py:2602
2025-10-02 00:35:30.038 128888 DEBUG oslo_service.service [req-88aeaeb4-bcc9-44be-8184-bb338e64a65a - - - - -] volume_usage_poll_interval = 0 log_opt_values /usr/lib/python3/dist-packages/oslo_config/cfg.py:2602
2025-10-02 00:35:30.038 128888 DEBUG oslo_service.service [req-88aeaeb4-bcc9-44be-8184-bb338e64a65a - - - - -] watch_log_file = False log_opt_values /usr/lib/python3/dist-packages/oslo_config/cfg.py:2602
2025-10-02 00:35:30.037 129198 DEBUG oslo_messaging._drivers.amqpdriver [-] Listener is running poll /usr/lib/python3/dist-packages/oslo_messaging/_drivers/amqpdriver.py:343
2025-10-02 00:35:30.038 128888 DEBUG oslo_service.service [req-88aeaeb4-bcc9-44be-8184-bb338e64a65a - - - - -] web = /usr/share/spice-html5 log_opt_values /usr/lib/python3/dist-packages/oslo_config/cfg.py:2602
2025-10-02 00:35:30.038 129198 DEBUG oslo_messaging._drivers.amqpdriver [-] AMQPListener connection consume poll /usr/lib/python3/dist-packages/oslo_messaging/_drivers/amqpdriver.py:357
2025-10-02 00:35:30.038 128888 DEBUG oslo_service.service [req-88aeaeb4-bcc9-44be-8184-bb338e64a65a - - - - -] oslo_concurrency.disable_process_locking = False log_opt_values /usr/lib/python3/dist-packages/oslo_config/cfg.py:2609
2025-10-02 00:35:30.038 128888 DEBUG oslo_service.service [req-88aeaeb4-bcc9-44be-8184-bb338e64a65a - - - - -] oslo_concurrency.lock_path = /var/lock/nova log_opt_values /usr/lib/python3/dist-packages/oslo_config/cfg.py:2609
2025-10-02 00:35:30.039 128888 DEBUG oslo_service.service [req-88aeaeb4-bcc9-44be-8184-bb338e64a65a - - - - -] oslo_messaging_metrics.metrics_buffer_size = 1000 log_opt_values /usr/lib/python3/dist-packages/oslo_config/cfg.py:2609
2025-10-02 00:35:30.039 128888 DEBUG oslo_service.service [req-88aeaeb4-bcc9-44be-8184-bb338e64a65a - - - - -] oslo_messaging_metrics.metrics_enabled = False log_opt_values /usr/lib/python3/dist-packages/oslo_config/cfg.py:2609
2025-10-02 00:35:30.039 129198 DEBUG nova.service [req-f44fb13b-54a1-43f2-89cc-e054cefbfe3f - - - - -] Join ServiceGroup membership for this service conductor start /usr/lib/python3/dist-packages/nova/service.py:199
2025-10-02 00:35:30.039 128888 DEBUG oslo_service.service [req-88aeaeb4-bcc9-44be-8184-bb338e64a65a - - - - -] oslo_messaging_metrics.metrics_process_name = log_opt_values /usr/lib/python3/dist-packages/oslo_config/cfg.py:2609
2025-10-02 00:35:30.039 129198 DEBUG nova.servicegroup.drivers.db [req-f44fb13b-54a1-43f2-89cc-e054cefbfe3f - - - - -] DB_Driver: join new ServiceGroup member juju-52b9b3-0-lxd-7 to the conductor group, service = join /usr/lib/python3/dist-packages/nova/servicegroup/drivers/db.py:44
2025-10-02 00:35:30.039 128888 DEBUG oslo_service.service [req-88aeaeb4-bcc9-44be-8184-bb338e64a65a - - - - -] oslo_messaging_metrics.metrics_socket_file = /var/tmp/metrics_collector.sock log_opt_values /usr/lib/python3/dist-packages/oslo_config/cfg.py:2609
2025-10-02 00:35:30.039 128888 DEBUG oslo_service.service [req-88aeaeb4-bcc9-44be-8184-bb338e64a65a - - - - -] oslo_messaging_metrics.metrics_thread_stop_timeout = 10 log_opt_values /usr/lib/python3/dist-packages/oslo_config/cfg.py:2609
2025-10-02 00:35:30.040 128888 WARNING oslo_config.cfg [req-88aeaeb4-bcc9-44be-8184-bb338e64a65a - - - - -] Deprecated: Option "auth_strategy" from group "api" is deprecated for removal ( The only non-default choice, ``noauth2``, is for internal development and testing purposes only and should not be used in deployments. This option and its middleware, NoAuthMiddleware[V2_18], will be removed in a future release. ). Its value may be silently ignored in the future.
2025-10-02 00:35:30.040 128888 DEBUG oslo_service.service [req-88aeaeb4-bcc9-44be-8184-bb338e64a65a - - - - -] api.auth_strategy = keystone log_opt_values /usr/lib/python3/dist-packages/oslo_config/cfg.py:2609
2025-10-02 00:35:30.040 128888 DEBUG oslo_service.service [req-88aeaeb4-bcc9-44be-8184-bb338e64a65a - - - - -] api.compute_link_prefix = None log_opt_values /usr/lib/python3/dist-packages/oslo_config/cfg.py:2609
2025-10-02 00:35:30.040 129198 DEBUG oslo_messaging._drivers.amqpdriver [-] received message msg_id: 9bdecfd4660342f7bad9243f334f31ff reply to reply_df5240551f9046548f22835ea548b9cf __call__ /usr/lib/python3/dist-packages/oslo_messaging/_drivers/amqpdriver.py:320
2025-10-02 00:35:30.040 128888 DEBUG oslo_service.service [req-88aeaeb4-bcc9-44be-8184-bb338e64a65a - - - - -] api.config_drive_skip_versions = 1.0 2007-01-19 2007-03-01 2007-08-29 2007-10-10 2007-12-15 2008-02-01 2008-09-01 log_opt_values /usr/lib/python3/dist-packages/oslo_config/cfg.py:2609
2025-10-02 00:35:30.041 128888 DEBUG oslo_service.service [req-88aeaeb4-bcc9-44be-8184-bb338e64a65a - - - - -] api.dhcp_domain = novalocal log_opt_values /usr/lib/python3/dist-packages/oslo_config/cfg.py:2609
2025-10-02 00:35:30.041 128888 DEBUG oslo_service.service [req-88aeaeb4-bcc9-44be-8184-bb338e64a65a - - - - -] api.enable_instance_password = True log_opt_values /usr/lib/python3/dist-packages/oslo_config/cfg.py:2609
2025-10-02 00:35:30.041 128888 DEBUG oslo_service.service [req-88aeaeb4-bcc9-44be-8184-bb338e64a65a - - - - -] api.glance_link_prefix = None log_opt_values /usr/lib/python3/dist-packages/oslo_config/cfg.py:2609
2025-10-02 00:35:30.042 128888 DEBUG oslo_service.service [req-88aeaeb4-bcc9-44be-8184-bb338e64a65a - - - - -] api.instance_list_cells_batch_fixed_size = 100 log_opt_values /usr/lib/python3/dist-packages/oslo_config/cfg.py:2609
2025-10-02 00:35:30.042 128888 DEBUG oslo_service.service [req-88aeaeb4-bcc9-44be-8184-bb338e64a65a - - - - -] api.instance_list_cells_batch_strategy = distributed log_opt_values /usr/lib/python3/dist-packages/oslo_config/cfg.py:2609
2025-10-02 00:35:30.042 128888 DEBUG oslo_service.service [req-88aeaeb4-bcc9-44be-8184-bb338e64a65a - - - - -] api.instance_list_per_project_cells = False log_opt_values /usr/lib/python3/dist-packages/oslo_config/cfg.py:2609
2025-10-02 00:35:30.042 128888 DEBUG oslo_service.service [req-88aeaeb4-bcc9-44be-8184-bb338e64a65a - - - - -] api.list_records_by_skipping_down_cells = True log_opt_values /usr/lib/python3/dist-packages/oslo_config/cfg.py:2609
2025-10-02 00:35:30.042 128888 DEBUG oslo_service.service [req-88aeaeb4-bcc9-44be-8184-bb338e64a65a - - - - -] api.local_metadata_per_cell = False log_opt_values /usr/lib/python3/dist-packages/oslo_config/cfg.py:2609
2025-10-02 00:35:30.042 129198 DEBUG oslo_messaging._drivers.amqpdriver [-] AMQPListener connection timeout poll /usr/lib/python3/dist-packages/oslo_messaging/_drivers/amqpdriver.py:360
2025-10-02 00:35:30.042 128888 DEBUG oslo_service.service [req-88aeaeb4-bcc9-44be-8184-bb338e64a65a - - - - -] api.max_limit = 1000 log_opt_values /usr/lib/python3/dist-packages/oslo_config/cfg.py:2609
2025-10-02 00:35:30.043 128888 DEBUG oslo_service.service [req-88aeaeb4-bcc9-44be-8184-bb338e64a65a - - - - -] api.metadata_cache_expiration = 15 log_opt_values /usr/lib/python3/dist-packages/oslo_config/cfg.py:2609
2025-10-02 00:35:30.043 128888 DEBUG oslo_service.service [req-88aeaeb4-bcc9-44be-8184-bb338e64a65a - - - - -] api.neutron_default_tenant_id = default log_opt_values /usr/lib/python3/dist-packages/oslo_config/cfg.py:2609
2025-10-02 00:35:30.042 129198 DEBUG oslo_messaging._drivers.amqpdriver [-] Listener is running poll /usr/lib/python3/dist-packages/oslo_messaging/_drivers/amqpdriver.py:343
2025-10-02 00:35:30.043 129198 DEBUG oslo_messaging._drivers.amqpdriver [-] Poll the incoming message with unique_id: 7ff37d84982b4eb6a74328ef6dadf7b1 poll /usr/lib/python3/dist-packages/oslo_messaging/_drivers/amqpdriver.py:346
2025-10-02 00:35:30.043 128888 DEBUG oslo_service.service [req-88aeaeb4-bcc9-44be-8184-bb338e64a65a - - - - -] api.use_forwarded_for = False log_opt_values /usr/lib/python3/dist-packages/oslo_config/cfg.py:2609
2025-10-02 00:35:30.043 128888 DEBUG oslo_service.service [req-88aeaeb4-bcc9-44be-8184-bb338e64a65a - - - - -] api.use_neutron_default_nets = False log_opt_values /usr/lib/python3/dist-packages/oslo_config/cfg.py:2609
2025-10-02 00:35:30.043 129198 DEBUG oslo_messaging._drivers.amqpdriver [-] Listener is running poll /usr/lib/python3/dist-packages/oslo_messaging/_drivers/amqpdriver.py:343
2025-10-02 00:35:30.043 129198 DEBUG oslo_messaging._drivers.amqpdriver [-] AMQPListener connection consume poll /usr/lib/python3/dist-packages/oslo_messaging/_drivers/amqpdriver.py:357
2025-10-02 00:35:30.043 128888 DEBUG oslo_service.service [req-88aeaeb4-bcc9-44be-8184-bb338e64a65a - - - - -] api.vendordata_dynamic_connect_timeout = 5 log_opt_values /usr/lib/python3/dist-packages/oslo_config/cfg.py:2609
2025-10-02 00:35:30.044 128888 DEBUG oslo_service.service [req-88aeaeb4-bcc9-44be-8184-bb338e64a65a - - - - -] api.vendordata_dynamic_failure_fatal = False log_opt_values /usr/lib/python3/dist-packages/oslo_config/cfg.py:2609
2025-10-02 00:35:30.044 128888 DEBUG oslo_service.service [req-88aeaeb4-bcc9-44be-8184-bb338e64a65a - - - - -] api.vendordata_dynamic_read_timeout = 5 log_opt_values /usr/lib/python3/dist-packages/oslo_config/cfg.py:2609
2025-10-02 00:35:30.044 129199 DEBUG oslo_messaging._drivers.amqpdriver [-] Listener is running poll /usr/lib/python3/dist-packages/oslo_messaging/_drivers/amqpdriver.py:343
2025-10-02 00:35:30.044 128888 DEBUG oslo_service.service [req-88aeaeb4-bcc9-44be-8184-bb338e64a65a - - - - -] api.vendordata_dynamic_ssl_certfile = log_opt_values /usr/lib/python3/dist-packages/oslo_config/cfg.py:2609
2025-10-02 00:35:30.044 129199 DEBUG oslo_messaging._drivers.amqpdriver [-] AMQPListener connection consume poll /usr/lib/python3/dist-packages/oslo_messaging/_drivers/amqpdriver.py:357
2025-10-02 00:35:30.044 128888 DEBUG oslo_service.service [req-88aeaeb4-bcc9-44be-8184-bb338e64a65a - - - - -] api.vendordata_dynamic_targets = [] log_opt_values /usr/lib/python3/dist-packages/oslo_config/cfg.py:2609
2025-10-02 00:35:30.044 128888 DEBUG oslo_service.service [req-88aeaeb4-bcc9-44be-8184-bb338e64a65a - - - - -] api.vendordata_jsonfile_path = None log_opt_values /usr/lib/python3/dist-packages/oslo_config/cfg.py:2609
2025-10-02 00:35:30.044 128888 DEBUG oslo_service.service [req-88aeaeb4-bcc9-44be-8184-bb338e64a65a - - - - -] api.vendordata_providers = ['StaticJSON'] log_opt_values /usr/lib/python3/dist-packages/oslo_config/cfg.py:2609
2025-10-02 00:35:30.045 128888 DEBUG oslo_service.service [req-88aeaeb4-bcc9-44be-8184-bb338e64a65a - - - - -] cache.backend = dogpile.cache.null log_opt_values /usr/lib/python3/dist-packages/oslo_config/cfg.py:2609
2025-10-02 00:35:30.045 128888 DEBUG oslo_service.service [req-88aeaeb4-bcc9-44be-8184-bb338e64a65a - - - - -] cache.backend_argument = **** log_opt_values /usr/lib/python3/dist-packages/oslo_config/cfg.py:2609
2025-10-02 00:35:30.045 128888 DEBUG oslo_service.service [req-88aeaeb4-bcc9-44be-8184-bb338e64a65a - - - - -] cache.config_prefix = cache.oslo log_opt_values /usr/lib/python3/dist-packages/oslo_config/cfg.py:2609
2025-10-02 00:35:30.045 128888 DEBUG oslo_service.service [req-88aeaeb4-bcc9-44be-8184-bb338e64a65a - - - - -] cache.debug_cache_backend = False log_opt_values /usr/lib/python3/dist-packages/oslo_config/cfg.py:2609
2025-10-02 00:35:30.045 128888 DEBUG oslo_service.service [req-88aeaeb4-bcc9-44be-8184-bb338e64a65a - - - - -] cache.enabled = False log_opt_values /usr/lib/python3/dist-packages/oslo_config/cfg.py:2609
2025-10-02 00:35:30.046 128888 DEBUG oslo_service.service [req-88aeaeb4-bcc9-44be-8184-bb338e64a65a - - - - -] cache.expiration_time = 600 log_opt_values /usr/lib/python3/dist-packages/oslo_config/cfg.py:2609
2025-10-02 00:35:30.046 128888 DEBUG oslo_service.service [req-88aeaeb4-bcc9-44be-8184-bb338e64a65a - - - - -] cache.memcache_dead_retry = 300 log_opt_values /usr/lib/python3/dist-packages/oslo_config/cfg.py:2609
2025-10-02 00:35:30.046 129199 DEBUG nova.service [req-41c6663e-3267-4d2e-bc3c-8038edcee6b6 - - - - -] Join ServiceGroup membership for this service conductor start /usr/lib/python3/dist-packages/nova/service.py:199
2025-10-02 00:35:30.046 128888 DEBUG oslo_service.service [req-88aeaeb4-bcc9-44be-8184-bb338e64a65a - - - - -] cache.memcache_pool_connection_get_timeout = 10 log_opt_values /usr/lib/python3/dist-packages/oslo_config/cfg.py:2609
2025-10-02 00:35:30.047 129199 DEBUG nova.servicegroup.drivers.db [req-41c6663e-3267-4d2e-bc3c-8038edcee6b6 - - - - -] DB_Driver: join new ServiceGroup member juju-52b9b3-0-lxd-7 to the conductor group, service = join /usr/lib/python3/dist-packages/nova/servicegroup/drivers/db.py:44
2025-10-02 00:35:30.047 128888 DEBUG oslo_service.service [req-88aeaeb4-bcc9-44be-8184-bb338e64a65a - - - - -] cache.memcache_pool_flush_on_reconnect = False log_opt_values /usr/lib/python3/dist-packages/oslo_config/cfg.py:2609
2025-10-02 00:35:30.047 128888 DEBUG oslo_service.service [req-88aeaeb4-bcc9-44be-8184-bb338e64a65a - - - - -] cache.memcache_pool_maxsize = 10 log_opt_values /usr/lib/python3/dist-packages/oslo_config/cfg.py:2609
2025-10-02 00:35:30.047 128888 DEBUG oslo_service.service [req-88aeaeb4-bcc9-44be-8184-bb338e64a65a - - - - -] cache.memcache_pool_unused_timeout = 60 log_opt_values /usr/lib/python3/dist-packages/oslo_config/cfg.py:2609
2025-10-02 00:35:30.047 128888 DEBUG oslo_service.service [req-88aeaeb4-bcc9-44be-8184-bb338e64a65a - - - - -] cache.memcache_servers = ['localhost:11211'] log_opt_values /usr/lib/python3/dist-packages/oslo_config/cfg.py:2609
2025-10-02 00:35:30.048 128888 DEBUG oslo_service.service [req-88aeaeb4-bcc9-44be-8184-bb338e64a65a - - - - -] cache.memcache_socket_timeout = 1.0 log_opt_values /usr/lib/python3/dist-packages/oslo_config/cfg.py:2609
2025-10-02 00:35:30.047 129200 DEBUG oslo_messaging._drivers.amqpdriver [-] Listener is running poll /usr/lib/python3/dist-packages/oslo_messaging/_drivers/amqpdriver.py:343
2025-10-02 00:35:30.048 128888 DEBUG oslo_service.service [req-88aeaeb4-bcc9-44be-8184-bb338e64a65a - - - - -] cache.proxies = [] log_opt_values /usr/lib/python3/dist-packages/oslo_config/cfg.py:2609
2025-10-02 00:35:30.048 129200 DEBUG oslo_messaging._drivers.amqpdriver [-] AMQPListener connection consume poll /usr/lib/python3/dist-packages/oslo_messaging/_drivers/amqpdriver.py:357
2025-10-02 00:35:30.048 128888 DEBUG oslo_service.service [req-88aeaeb4-bcc9-44be-8184-bb338e64a65a - - - - -] cache.tls_allowed_ciphers = None log_opt_values /usr/lib/python3/dist-packages/oslo_config/cfg.py:2609
2025-10-02 00:35:30.048 128888 DEBUG oslo_service.service [req-88aeaeb4-bcc9-44be-8184-bb338e64a65a - - - - -] cache.tls_cafile = None log_opt_values /usr/lib/python3/dist-packages/oslo_config/cfg.py:2609
2025-10-02 00:35:30.048 129200 DEBUG nova.service [req-74c6fa85-43f3-45ad-b209-c2b71752b11e - - - - -] Join ServiceGroup membership for this service conductor start /usr/lib/python3/dist-packages/nova/service.py:199
2025-10-02 00:35:30.049 128888 DEBUG oslo_service.service [req-88aeaeb4-bcc9-44be-8184-bb338e64a65a - - - - -] cache.tls_certfile = None log_opt_values /usr/lib/python3/dist-packages/oslo_config/cfg.py:2609
2025-10-02 00:35:30.049 129200 DEBUG nova.servicegroup.drivers.db [req-74c6fa85-43f3-45ad-b209-c2b71752b11e - - - - -] DB_Driver: join new ServiceGroup member juju-52b9b3-0-lxd-7 to the conductor group, service = join /usr/lib/python3/dist-packages/nova/servicegroup/drivers/db.py:44
2025-10-02 00:35:30.049 128888 DEBUG oslo_service.service [req-88aeaeb4-bcc9-44be-8184-bb338e64a65a - - - - -] cache.tls_enabled = False log_opt_values /usr/lib/python3/dist-packages/oslo_config/cfg.py:2609
2025-10-02 00:35:30.049 128888 DEBUG oslo_service.service [req-88aeaeb4-bcc9-44be-8184-bb338e64a65a - - - - -] cache.tls_keyfile = None log_opt_values /usr/lib/python3/dist-packages/oslo_config/cfg.py:2609
2025-10-02 00:35:30.049 128888 DEBUG oslo_service.service [req-88aeaeb4-bcc9-44be-8184-bb338e64a65a - - - - -] cinder.auth_section = None log_opt_values /usr/lib/python3/dist-packages/oslo_config/cfg.py:2609
2025-10-02 00:35:30.049 128888 DEBUG oslo_service.service [req-88aeaeb4-bcc9-44be-8184-bb338e64a65a - - - - -] cinder.auth_type = None log_opt_values /usr/lib/python3/dist-packages/oslo_config/cfg.py:2609
2025-10-02 00:35:30.050 128888 DEBUG oslo_service.service [req-88aeaeb4-bcc9-44be-8184-bb338e64a65a - - - - -] cinder.cafile = None log_opt_values /usr/lib/python3/dist-packages/oslo_config/cfg.py:2609
2025-10-02 00:35:30.050 128888 DEBUG oslo_service.service [req-88aeaeb4-bcc9-44be-8184-bb338e64a65a - - - - -] cinder.catalog_info = volumev3::publicURL log_opt_values /usr/lib/python3/dist-packages/oslo_config/cfg.py:2609
2025-10-02 00:35:30.050 129199 DEBUG oslo_messaging._drivers.amqpdriver [-] AMQPListener connection timeout poll /usr/lib/python3/dist-packages/oslo_messaging/_drivers/amqpdriver.py:360
2025-10-02 00:35:30.050 128888 DEBUG oslo_service.service [req-88aeaeb4-bcc9-44be-8184-bb338e64a65a - - - - -] cinder.certfile = None log_opt_values /usr/lib/python3/dist-packages/oslo_config/cfg.py:2609
2025-10-02 00:35:30.050 129199 DEBUG oslo_messaging._drivers.amqpdriver [-] Listener is running poll /usr/lib/python3/dist-packages/oslo_messaging/_drivers/amqpdriver.py:343
2025-10-02 00:35:30.050 128888 DEBUG oslo_service.service [req-88aeaeb4-bcc9-44be-8184-bb338e64a65a - - - - -] cinder.collect_timing = False log_opt_values /usr/lib/python3/dist-packages/oslo_config/cfg.py:2609
2025-10-02 00:35:30.050 129199 DEBUG oslo_messaging._drivers.amqpdriver [-] AMQPListener connection consume poll /usr/lib/python3/dist-packages/oslo_messaging/_drivers/amqpdriver.py:357
2025-10-02 00:35:30.050 128888 DEBUG oslo_service.service [req-88aeaeb4-bcc9-44be-8184-bb338e64a65a - - - - -] cinder.cross_az_attach = True log_opt_values /usr/lib/python3/dist-packages/oslo_config/cfg.py:2609
2025-10-02 00:35:30.051 128888 DEBUG oslo_service.service [req-88aeaeb4-bcc9-44be-8184-bb338e64a65a - - - - -] cinder.debug = False log_opt_values /usr/lib/python3/dist-packages/oslo_config/cfg.py:2609
2025-10-02 00:35:30.051 128888 DEBUG oslo_service.service [req-88aeaeb4-bcc9-44be-8184-bb338e64a65a - - - - -] cinder.endpoint_template = None log_opt_values /usr/lib/python3/dist-packages/oslo_config/cfg.py:2609
2025-10-02 00:35:30.051 128888 DEBUG oslo_service.service [req-88aeaeb4-bcc9-44be-8184-bb338e64a65a - - - - -] cinder.http_retries = 3 log_opt_values /usr/lib/python3/dist-packages/oslo_config/cfg.py:2609
2025-10-02 00:35:30.051 128888 DEBUG oslo_service.service [req-88aeaeb4-bcc9-44be-8184-bb338e64a65a - - - - -] cinder.insecure = False log_opt_values /usr/lib/python3/dist-packages/oslo_config/cfg.py:2609
2025-10-02 00:35:30.052 128888 DEBUG oslo_service.service [req-88aeaeb4-bcc9-44be-8184-bb338e64a65a - - - - -] cinder.keyfile = None log_opt_values /usr/lib/python3/dist-packages/oslo_config/cfg.py:2609
2025-10-02 00:35:30.052 128888 DEBUG oslo_service.service [req-88aeaeb4-bcc9-44be-8184-bb338e64a65a - - - - -] cinder.os_region_name = None log_opt_values /usr/lib/python3/dist-packages/oslo_config/cfg.py:2609
2025-10-02 00:35:30.052 128888 DEBUG oslo_service.service [req-88aeaeb4-bcc9-44be-8184-bb338e64a65a - - - - -] cinder.split_loggers = False log_opt_values /usr/lib/python3/dist-packages/oslo_config/cfg.py:2609
2025-10-02 00:35:30.052 129200 DEBUG oslo_messaging._drivers.amqpdriver [-] AMQPListener connection timeout poll /usr/lib/python3/dist-packages/oslo_messaging/_drivers/amqpdriver.py:360
2025-10-02 00:35:30.052 128888 DEBUG oslo_service.service [req-88aeaeb4-bcc9-44be-8184-bb338e64a65a - - - - -] cinder.timeout = None log_opt_values /usr/lib/python3/dist-packages/oslo_config/cfg.py:2609
2025-10-02 00:35:30.052 129200 DEBUG oslo_messaging._drivers.amqpdriver [-] Listener is running poll /usr/lib/python3/dist-packages/oslo_messaging/_drivers/amqpdriver.py:343
2025-10-02 00:35:30.052 129200 DEBUG oslo_messaging._drivers.amqpdriver [-] AMQPListener connection consume poll /usr/lib/python3/dist-packages/oslo_messaging/_drivers/amqpdriver.py:357
2025-10-02 00:35:30.052 128888 DEBUG oslo_service.service [req-88aeaeb4-bcc9-44be-8184-bb338e64a65a - - - - -] compute.consecutive_build_service_disable_threshold = 10 log_opt_values /usr/lib/python3/dist-packages/oslo_config/cfg.py:2609
2025-10-02 00:35:30.052 128888 DEBUG oslo_service.service [req-88aeaeb4-bcc9-44be-8184-bb338e64a65a - - - - -] compute.cpu_dedicated_set = None log_opt_values /usr/lib/python3/dist-packages/oslo_config/cfg.py:2609
