2025-10-02 00:37:22.679 128888 INFO oslo_service.service [req-88aeaeb4-bcc9-44be-8184-bb338e64a65a - - - - -] Child 129199 killed by signal 15
2025-10-02 00:37:22.679 128888 INFO oslo_service.service [req-88aeaeb4-bcc9-44be-8184-bb338e64a65a - - - - -] Child 129200 killed by signal 15
2025-10-02 00:37:22.679 128888 INFO oslo_service.service [req-88aeaeb4-bcc9-44be-8184-bb338e64a65a - - - - -] Child 129201 killed by signal 15
2025-10-02 00:37:24.882 151156 DEBUG oslo_db.sqlalchemy.engines [req-0c5e7de2-2dfc-4dfd-a86a-9e930ec91134 - - - - -] MySQL server mode set to STRICT_TRANS_TABLES,STRICT_ALL_TABLES,NO_ZERO_IN_DATE,NO_ZERO_DATE,ERROR_FOR_DIVISION_BY_ZERO,TRADITIONAL,NO_ENGINE_SUBSTITUTION _check_effective_sql_mode /usr/lib/python3/dist-packages/oslo_db/sqlalchemy/engines.py:314
2025-10-02 00:37:24.981 151156 DEBUG nova.context [req-0c5e7de2-2dfc-4dfd-a86a-9e930ec91134 - - - - -] Found 2 cells: 00000000-0000-0000-0000-000000000000(cell0),97de163d-72f3-4b7a-af61-6f527a7a8ec4(cell1) load_cells /usr/lib/python3/dist-packages/nova/context.py:464
2025-10-02 00:37:24.984 151156 DEBUG oslo_concurrency.lockutils [req-0c5e7de2-2dfc-4dfd-a86a-9e930ec91134 - - - - -] Lock "00000000-0000-0000-0000-000000000000" acquired by "nova.context.set_target_cell..get_or_set_cached_cell_and_set_connections" :: waited 0.000s inner /usr/lib/python3/dist-packages/oslo_concurrency/lockutils.py:386
2025-10-02 00:37:24.984 151156 DEBUG oslo_concurrency.lockutils [req-0c5e7de2-2dfc-4dfd-a86a-9e930ec91134 - - - - -] Lock "00000000-0000-0000-0000-000000000000" "released" by "nova.context.set_target_cell..get_or_set_cached_cell_and_set_connections" :: held 0.001s inner /usr/lib/python3/dist-packages/oslo_concurrency/lockutils.py:400
2025-10-02 00:37:24.985 151156 DEBUG oslo_concurrency.lockutils [req-0c5e7de2-2dfc-4dfd-a86a-9e930ec91134 - - - - -] Lock "97de163d-72f3-4b7a-af61-6f527a7a8ec4" acquired by "nova.context.set_target_cell..get_or_set_cached_cell_and_set_connections" :: waited 0.000s inner /usr/lib/python3/dist-packages/oslo_concurrency/lockutils.py:386
2025-10-02 00:37:24.986 151156 DEBUG oslo_concurrency.lockutils [req-0c5e7de2-2dfc-4dfd-a86a-9e930ec91134 - - - - -] Lock "97de163d-72f3-4b7a-af61-6f527a7a8ec4" "released" by "nova.context.set_target_cell..get_or_set_cached_cell_and_set_connections" :: held 0.001s inner /usr/lib/python3/dist-packages/oslo_concurrency/lockutils.py:400
2025-10-02 00:37:24.993 151156 DEBUG oslo_db.sqlalchemy.engines [req-0c5e7de2-2dfc-4dfd-a86a-9e930ec91134 - - - - -] MySQL server mode set to STRICT_TRANS_TABLES,STRICT_ALL_TABLES,NO_ZERO_IN_DATE,NO_ZERO_DATE,ERROR_FOR_DIVISION_BY_ZERO,TRADITIONAL,NO_ENGINE_SUBSTITUTION _check_effective_sql_mode /usr/lib/python3/dist-packages/oslo_db/sqlalchemy/engines.py:314
2025-10-02 00:37:24.995 151156 DEBUG oslo_db.sqlalchemy.engines [req-0c5e7de2-2dfc-4dfd-a86a-9e930ec91134 - - - - -] MySQL server mode set to STRICT_TRANS_TABLES,STRICT_ALL_TABLES,NO_ZERO_IN_DATE,NO_ZERO_DATE,ERROR_FOR_DIVISION_BY_ZERO,TRADITIONAL,NO_ENGINE_SUBSTITUTION _check_effective_sql_mode /usr/lib/python3/dist-packages/oslo_db/sqlalchemy/engines.py:314
2025-10-02 00:37:25.073 151156 DEBUG oslo_concurrency.lockutils [req-0c5e7de2-2dfc-4dfd-a86a-9e930ec91134 - - - - -] Acquired lock "singleton_lock" lock /usr/lib/python3/dist-packages/oslo_concurrency/lockutils.py:294
2025-10-02 00:37:25.074 151156 DEBUG oslo_concurrency.lockutils [req-0c5e7de2-2dfc-4dfd-a86a-9e930ec91134 - - - - -] Releasing lock "singleton_lock" lock /usr/lib/python3/dist-packages/oslo_concurrency/lockutils.py:312
2025-10-02 00:37:25.075 151156 INFO oslo_service.service [req-0c5e7de2-2dfc-4dfd-a86a-9e930ec91134 - - - - -] Starting 4 workers
2025-10-02 00:37:25.079 151156 DEBUG oslo_service.service [req-0c5e7de2-2dfc-4dfd-a86a-9e930ec91134 - - - - -] Started child 151551 _start_child /usr/lib/python3/dist-packages/oslo_service/service.py:575
2025-10-02 00:37:25.085 151551 INFO nova.service [-] Starting conductor node (version 25.2.1)
2025-10-02 00:37:25.085 151156 DEBUG oslo_service.service [req-0c5e7de2-2dfc-4dfd-a86a-9e930ec91134 - - - - -] Started child 151552 _start_child /usr/lib/python3/dist-packages/oslo_service/service.py:575
2025-10-02 00:37:25.091 151552 INFO nova.service [-] Starting conductor node (version 25.2.1)
2025-10-02 00:37:25.091 151156 DEBUG oslo_service.service [req-0c5e7de2-2dfc-4dfd-a86a-9e930ec91134 - - - - -] Started child 151553 _start_child /usr/lib/python3/dist-packages/oslo_service/service.py:575
2025-10-02 00:37:25.095 151553 INFO nova.service [-] Starting conductor node (version 25.2.1)
2025-10-02 00:37:25.097 151156 DEBUG oslo_service.service [req-0c5e7de2-2dfc-4dfd-a86a-9e930ec91134 - - - - -] Started child 151554 _start_child /usr/lib/python3/dist-packages/oslo_service/service.py:575
2025-10-02 00:37:25.101 151156 DEBUG oslo_service.service [req-0c5e7de2-2dfc-4dfd-a86a-9e930ec91134 - - - - -] Full set of CONF: wait /usr/lib/python3/dist-packages/oslo_service/service.py:649
2025-10-02 00:37:25.101 151551 DEBUG oslo_db.sqlalchemy.engines [req-563aa593-1112-4657-b2b0-978d7220212c - - - - -] MySQL server mode set to STRICT_TRANS_TABLES,STRICT_ALL_TABLES,NO_ZERO_IN_DATE,NO_ZERO_DATE,ERROR_FOR_DIVISION_BY_ZERO,TRADITIONAL,NO_ENGINE_SUBSTITUTION _check_effective_sql_mode /usr/lib/python3/dist-packages/oslo_db/sqlalchemy/engines.py:314
2025-10-02 00:37:25.101 151156 DEBUG oslo_service.service [req-0c5e7de2-2dfc-4dfd-a86a-9e930ec91134 - - - - -] ******************************************************************************** log_opt_values /usr/lib/python3/dist-packages/oslo_config/cfg.py:2589
2025-10-02 00:37:25.101 151156 DEBUG oslo_service.service [req-0c5e7de2-2dfc-4dfd-a86a-9e930ec91134 - - - - -] Configuration options gathered from: log_opt_values /usr/lib/python3/dist-packages/oslo_config/cfg.py:2590
2025-10-02 00:37:25.102 151156 DEBUG oslo_service.service [req-0c5e7de2-2dfc-4dfd-a86a-9e930ec91134 - - - - -] command line args: ['--config-file=/etc/nova/nova.conf', '--log-file=/var/log/nova/nova-conductor.log'] log_opt_values /usr/lib/python3/dist-packages/oslo_config/cfg.py:2591
2025-10-02 00:37:25.102 151156 DEBUG oslo_service.service [req-0c5e7de2-2dfc-4dfd-a86a-9e930ec91134 - - - - -] config files: ['/etc/nova/nova.conf'] log_opt_values /usr/lib/python3/dist-packages/oslo_config/cfg.py:2592
2025-10-02 00:37:25.102 151554 INFO nova.service [-] Starting conductor node (version 25.2.1)
2025-10-02 00:37:25.102 151156 DEBUG oslo_service.service [req-0c5e7de2-2dfc-4dfd-a86a-9e930ec91134 - - - - -] ================================================================================ log_opt_values /usr/lib/python3/dist-packages/oslo_config/cfg.py:2594
2025-10-02 00:37:25.103 151156 DEBUG oslo_service.service [req-0c5e7de2-2dfc-4dfd-a86a-9e930ec91134 - - - - -] allow_resize_to_same_host = False log_opt_values /usr/lib/python3/dist-packages/oslo_config/cfg.py:2602
2025-10-02 00:37:25.103 151156 DEBUG oslo_service.service [req-0c5e7de2-2dfc-4dfd-a86a-9e930ec91134 - - - - -] arq_binding_timeout = 300 log_opt_values /usr/lib/python3/dist-packages/oslo_config/cfg.py:2602
2025-10-02 00:37:25.103 151156 DEBUG oslo_service.service [req-0c5e7de2-2dfc-4dfd-a86a-9e930ec91134 - - - - -] block_device_allocate_retries = 60 log_opt_values /usr/lib/python3/dist-packages/oslo_config/cfg.py:2602
2025-10-02 00:37:25.104 151156 DEBUG oslo_service.service [req-0c5e7de2-2dfc-4dfd-a86a-9e930ec91134 - - - - -] block_device_allocate_retries_interval = 3 log_opt_values /usr/lib/python3/dist-packages/oslo_config/cfg.py:2602
2025-10-02 00:37:25.104 151156 DEBUG oslo_service.service [req-0c5e7de2-2dfc-4dfd-a86a-9e930ec91134 - - - - -] cert = self.pem log_opt_values /usr/lib/python3/dist-packages/oslo_config/cfg.py:2602
2025-10-02 00:37:25.104 151552 DEBUG oslo_db.sqlalchemy.engines [req-91aa9873-632d-4b77-92d7-3ea77e2c1113 - - - - -] MySQL server mode set to STRICT_TRANS_TABLES,STRICT_ALL_TABLES,NO_ZERO_IN_DATE,NO_ZERO_DATE,ERROR_FOR_DIVISION_BY_ZERO,TRADITIONAL,NO_ENGINE_SUBSTITUTION _check_effective_sql_mode /usr/lib/python3/dist-packages/oslo_db/sqlalchemy/engines.py:314
2025-10-02 00:37:25.104 151156 DEBUG oslo_service.service [req-0c5e7de2-2dfc-4dfd-a86a-9e930ec91134 - - - - -] compute_driver = libvirt.LibvirtDriver log_opt_values /usr/lib/python3/dist-packages/oslo_config/cfg.py:2602
2025-10-02 00:37:25.105 151156 DEBUG oslo_service.service [req-0c5e7de2-2dfc-4dfd-a86a-9e930ec91134 - - - - -] compute_monitors = [] log_opt_values /usr/lib/python3/dist-packages/oslo_config/cfg.py:2602
2025-10-02 00:37:25.105 151156 DEBUG oslo_service.service [req-0c5e7de2-2dfc-4dfd-a86a-9e930ec91134 - - - - -] config_dir = [] log_opt_values /usr/lib/python3/dist-packages/oslo_config/cfg.py:2602
2025-10-02 00:37:25.105 151156 DEBUG oslo_service.service [req-0c5e7de2-2dfc-4dfd-a86a-9e930ec91134 - - - - -] config_drive_format = iso9660 log_opt_values /usr/lib/python3/dist-packages/oslo_config/cfg.py:2602
2025-10-02 00:37:25.106 151156 DEBUG oslo_service.service [req-0c5e7de2-2dfc-4dfd-a86a-9e930ec91134 - - - - -] config_file = ['/etc/nova/nova.conf'] log_opt_values /usr/lib/python3/dist-packages/oslo_config/cfg.py:2602
2025-10-02 00:37:25.106 151156 DEBUG oslo_service.service [req-0c5e7de2-2dfc-4dfd-a86a-9e930ec91134 - - - - -] config_source = [] log_opt_values /usr/lib/python3/dist-packages/oslo_config/cfg.py:2602
2025-10-02 00:37:25.107 151156 DEBUG oslo_service.service [req-0c5e7de2-2dfc-4dfd-a86a-9e930ec91134 - - - - -] console_host = juju-52b9b3-0-lxd-7 log_opt_values /usr/lib/python3/dist-packages/oslo_config/cfg.py:2602
2025-10-02 00:37:25.107 151156 DEBUG oslo_service.service [req-0c5e7de2-2dfc-4dfd-a86a-9e930ec91134 - - - - -] control_exchange = nova log_opt_values /usr/lib/python3/dist-packages/oslo_config/cfg.py:2602
2025-10-02 00:37:25.108 151156 DEBUG oslo_service.service [req-0c5e7de2-2dfc-4dfd-a86a-9e930ec91134 - - - - -] cpu_allocation_ratio = 2.0 log_opt_values /usr/lib/python3/dist-packages/oslo_config/cfg.py:2602
2025-10-02 00:37:25.108 151156 DEBUG oslo_service.service [req-0c5e7de2-2dfc-4dfd-a86a-9e930ec91134 - - - - -] daemon = False log_opt_values /usr/lib/python3/dist-packages/oslo_config/cfg.py:2602
2025-10-02 00:37:25.109 151156 DEBUG oslo_service.service [req-0c5e7de2-2dfc-4dfd-a86a-9e930ec91134 - - - - -] debug = True log_opt_values /usr/lib/python3/dist-packages/oslo_config/cfg.py:2602
2025-10-02 00:37:25.109 151156 DEBUG oslo_service.service [req-0c5e7de2-2dfc-4dfd-a86a-9e930ec91134 - - - - -] default_access_ip_network_name = None log_opt_values /usr/lib/python3/dist-packages/oslo_config/cfg.py:2602
2025-10-02 00:37:25.109 151156 DEBUG oslo_service.service [req-0c5e7de2-2dfc-4dfd-a86a-9e930ec91134 - - - - -] default_availability_zone = nova log_opt_values /usr/lib/python3/dist-packages/oslo_config/cfg.py:2602
2025-10-02 00:37:25.109 151156 DEBUG oslo_service.service [req-0c5e7de2-2dfc-4dfd-a86a-9e930ec91134 - - - - -] default_ephemeral_format = None log_opt_values /usr/lib/python3/dist-packages/oslo_config/cfg.py:2602
2025-10-02 00:37:25.109 151156 DEBUG oslo_service.service [req-0c5e7de2-2dfc-4dfd-a86a-9e930ec91134 - - - - -] default_log_levels = ['amqp=WARN', 'amqplib=WARN', 'boto=WARN', 'qpid=WARN', 'sqlalchemy=WARN', 'suds=INFO', 'oslo.messaging=INFO', 'oslo_messaging=DEBUG', 'iso8601=WARN', 'requests.packages.urllib3.connectionpool=WARN', 'urllib3.connectionpool=WARN', 'websocket=WARN', 'requests.packages.urllib3.util.retry=WARN', 'urllib3.util.retry=WARN', 'keystonemiddleware=WARN', 'routes.middleware=WARN', 'stevedore=WARN', 'taskflow=WARN', 'keystoneauth=WARN', 'oslo.cache=INFO', 'dogpile.core.dogpile=INFO', 'glanceclient=WARN', 'oslo.privsep.daemon=INFO'] log_opt_values /usr/lib/python3/dist-packages/oslo_config/cfg.py:2602
2025-10-02 00:37:25.110 151156 DEBUG oslo_service.service [req-0c5e7de2-2dfc-4dfd-a86a-9e930ec91134 - - - - -] default_schedule_zone = None log_opt_values /usr/lib/python3/dist-packages/oslo_config/cfg.py:2602
2025-10-02 00:37:25.110 151156 DEBUG oslo_service.service [req-0c5e7de2-2dfc-4dfd-a86a-9e930ec91134 - - - - -] disk_allocation_ratio = 1.0 log_opt_values /usr/lib/python3/dist-packages/oslo_config/cfg.py:2602
2025-10-02 00:37:25.111 151156 DEBUG oslo_service.service [req-0c5e7de2-2dfc-4dfd-a86a-9e930ec91134 - - - - -] enable_new_services = True log_opt_values /usr/lib/python3/dist-packages/oslo_config/cfg.py:2602
2025-10-02 00:37:25.111 151156 DEBUG oslo_service.service [req-0c5e7de2-2dfc-4dfd-a86a-9e930ec91134 - - - - -] enabled_apis = ['osapi_compute', 'metadata'] log_opt_values /usr/lib/python3/dist-packages/oslo_config/cfg.py:2602
2025-10-02 00:37:25.112 151156 DEBUG oslo_service.service [req-0c5e7de2-2dfc-4dfd-a86a-9e930ec91134 - - - - -] enabled_ssl_apis = [] log_opt_values /usr/lib/python3/dist-packages/oslo_config/cfg.py:2602
2025-10-02 00:37:25.112 151156 DEBUG oslo_service.service [req-0c5e7de2-2dfc-4dfd-a86a-9e930ec91134 - - - - -] fatal_deprecations = False log_opt_values /usr/lib/python3/dist-packages/oslo_config/cfg.py:2602
2025-10-02 00:37:25.112 151156 DEBUG oslo_service.service [req-0c5e7de2-2dfc-4dfd-a86a-9e930ec91134 - - - - -] flat_injected = False log_opt_values /usr/lib/python3/dist-packages/oslo_config/cfg.py:2602
2025-10-02 00:37:25.112 151156 DEBUG oslo_service.service [req-0c5e7de2-2dfc-4dfd-a86a-9e930ec91134 - - - - -] force_config_drive = False log_opt_values /usr/lib/python3/dist-packages/oslo_config/cfg.py:2602
2025-10-02 00:37:25.112 151156 DEBUG oslo_service.service [req-0c5e7de2-2dfc-4dfd-a86a-9e930ec91134 - - - - -] force_raw_images = True log_opt_values /usr/lib/python3/dist-packages/oslo_config/cfg.py:2602
2025-10-02 00:37:25.113 151156 DEBUG oslo_service.service [req-0c5e7de2-2dfc-4dfd-a86a-9e930ec91134 - - - - -] graceful_shutdown_timeout = 60 log_opt_values /usr/lib/python3/dist-packages/oslo_config/cfg.py:2602
2025-10-02 00:37:25.113 151156 DEBUG oslo_service.service [req-0c5e7de2-2dfc-4dfd-a86a-9e930ec91134 - - - - -] heal_instance_info_cache_interval = 60 log_opt_values /usr/lib/python3/dist-packages/oslo_config/cfg.py:2602
2025-10-02 00:37:25.113 151156 DEBUG oslo_service.service [req-0c5e7de2-2dfc-4dfd-a86a-9e930ec91134 - - - - -] host = juju-52b9b3-0-lxd-7 log_opt_values /usr/lib/python3/dist-packages/oslo_config/cfg.py:2602
2025-10-02 00:37:25.113 151156 DEBUG oslo_service.service [req-0c5e7de2-2dfc-4dfd-a86a-9e930ec91134 - - - - -] initial_cpu_allocation_ratio = 16.0 log_opt_values /usr/lib/python3/dist-packages/oslo_config/cfg.py:2602
2025-10-02 00:37:25.113 151554 DEBUG oslo_db.sqlalchemy.engines [req-b1c308b2-624e-42dc-a4ce-f0547cc6115d - - - - -] MySQL server mode set to STRICT_TRANS_TABLES,STRICT_ALL_TABLES,NO_ZERO_IN_DATE,NO_ZERO_DATE,ERROR_FOR_DIVISION_BY_ZERO,TRADITIONAL,NO_ENGINE_SUBSTITUTION _check_effective_sql_mode /usr/lib/python3/dist-packages/oslo_db/sqlalchemy/engines.py:314
2025-10-02 00:37:25.114 151553 DEBUG oslo_db.sqlalchemy.engines [req-16f3f0e9-cc54-455c-8e5c-b310e88df3c4 - - - - -] MySQL server mode set to STRICT_TRANS_TABLES,STRICT_ALL_TABLES,NO_ZERO_IN_DATE,NO_ZERO_DATE,ERROR_FOR_DIVISION_BY_ZERO,TRADITIONAL,NO_ENGINE_SUBSTITUTION _check_effective_sql_mode /usr/lib/python3/dist-packages/oslo_db/sqlalchemy/engines.py:314
2025-10-02 00:37:25.113 151156 DEBUG oslo_service.service [req-0c5e7de2-2dfc-4dfd-a86a-9e930ec91134 - - - - -] initial_disk_allocation_ratio = 1.0 log_opt_values /usr/lib/python3/dist-packages/oslo_config/cfg.py:2602
2025-10-02 00:37:25.114 151156 DEBUG oslo_service.service [req-0c5e7de2-2dfc-4dfd-a86a-9e930ec91134 - - - - -] initial_ram_allocation_ratio = 1.5 log_opt_values /usr/lib/python3/dist-packages/oslo_config/cfg.py:2602
2025-10-02 00:37:25.115 151156 DEBUG oslo_service.service [req-0c5e7de2-2dfc-4dfd-a86a-9e930ec91134 - - - - -] injected_network_template = /usr/lib/python3/dist-packages/nova/virt/interfaces.template log_opt_values /usr/lib/python3/dist-packages/oslo_config/cfg.py:2602
2025-10-02 00:37:25.115 151156 DEBUG oslo_service.service [req-0c5e7de2-2dfc-4dfd-a86a-9e930ec91134 - - - - -] instance_build_timeout = 0 log_opt_values /usr/lib/python3/dist-packages/oslo_config/cfg.py:2602
2025-10-02 00:37:25.116 151156 DEBUG oslo_service.service [req-0c5e7de2-2dfc-4dfd-a86a-9e930ec91134 - - - - -] instance_delete_interval = 300 log_opt_values /usr/lib/python3/dist-packages/oslo_config/cfg.py:2602
2025-10-02 00:37:25.116 151156 DEBUG oslo_service.service [req-0c5e7de2-2dfc-4dfd-a86a-9e930ec91134 - - - - -] instance_format = [instance: %(uuid)s] log_opt_values /usr/lib/python3/dist-packages/oslo_config/cfg.py:2602
2025-10-02 00:37:25.116 151156 DEBUG oslo_service.service [req-0c5e7de2-2dfc-4dfd-a86a-9e930ec91134 - - - - -] instance_name_template = instance-%08x log_opt_values /usr/lib/python3/dist-packages/oslo_config/cfg.py:2602
2025-10-02 00:37:25.116 151156 DEBUG oslo_service.service [req-0c5e7de2-2dfc-4dfd-a86a-9e930ec91134 - - - - -] instance_usage_audit = False log_opt_values /usr/lib/python3/dist-packages/oslo_config/cfg.py:2602
2025-10-02 00:37:25.117 151156 DEBUG oslo_service.service [req-0c5e7de2-2dfc-4dfd-a86a-9e930ec91134 - - - - -] instance_usage_audit_period = month log_opt_values /usr/lib/python3/dist-packages/oslo_config/cfg.py:2602
2025-10-02 00:37:25.117 151156 DEBUG oslo_service.service [req-0c5e7de2-2dfc-4dfd-a86a-9e930ec91134 - - - - -] instance_uuid_format = [instance: %(uuid)s] log_opt_values /usr/lib/python3/dist-packages/oslo_config/cfg.py:2602
2025-10-02 00:37:25.117 151156 DEBUG oslo_service.service [req-0c5e7de2-2dfc-4dfd-a86a-9e930ec91134 - - - - -] instances_path = /var/lib/nova/instances log_opt_values /usr/lib/python3/dist-packages/oslo_config/cfg.py:2602
2025-10-02 00:37:25.117 151156 DEBUG oslo_service.service [req-0c5e7de2-2dfc-4dfd-a86a-9e930ec91134 - - - - -] internal_service_availability_zone = internal log_opt_values /usr/lib/python3/dist-packages/oslo_config/cfg.py:2602
2025-10-02 00:37:25.118 151156 DEBUG oslo_service.service [req-0c5e7de2-2dfc-4dfd-a86a-9e930ec91134 - - - - -] key = None log_opt_values /usr/lib/python3/dist-packages/oslo_config/cfg.py:2602
2025-10-02 00:37:25.118 151156 DEBUG oslo_service.service [req-0c5e7de2-2dfc-4dfd-a86a-9e930ec91134 - - - - -] live_migration_retry_count = 30 log_opt_values /usr/lib/python3/dist-packages/oslo_config/cfg.py:2602
2025-10-02 00:37:25.118 151156 DEBUG oslo_service.service [req-0c5e7de2-2dfc-4dfd-a86a-9e930ec91134 - - - - -] log_config_append = None log_opt_values /usr/lib/python3/dist-packages/oslo_config/cfg.py:2602
2025-10-02 00:37:25.119 151156 DEBUG oslo_service.service [req-0c5e7de2-2dfc-4dfd-a86a-9e930ec91134 - - - - -] log_date_format = %Y-%m-%d %H:%M:%S log_opt_values /usr/lib/python3/dist-packages/oslo_config/cfg.py:2602
2025-10-02 00:37:25.119 151156 DEBUG oslo_service.service [req-0c5e7de2-2dfc-4dfd-a86a-9e930ec91134 - - - - -] log_dir = /var/log/nova log_opt_values /usr/lib/python3/dist-packages/oslo_config/cfg.py:2602
2025-10-02 00:37:25.119 151156 DEBUG oslo_service.service [req-0c5e7de2-2dfc-4dfd-a86a-9e930ec91134 - - - - -] log_file = /var/log/nova/nova-conductor.log log_opt_values /usr/lib/python3/dist-packages/oslo_config/cfg.py:2602
2025-10-02 00:37:25.119 151156 DEBUG oslo_service.service [req-0c5e7de2-2dfc-4dfd-a86a-9e930ec91134 - - - - -] log_options = True log_opt_values /usr/lib/python3/dist-packages/oslo_config/cfg.py:2602
2025-10-02 00:37:25.119 151156 DEBUG oslo_service.service [req-0c5e7de2-2dfc-4dfd-a86a-9e930ec91134 - - - - -] log_rotate_interval = 1 log_opt_values /usr/lib/python3/dist-packages/oslo_config/cfg.py:2602
2025-10-02 00:37:25.120 151156 DEBUG oslo_service.service [req-0c5e7de2-2dfc-4dfd-a86a-9e930ec91134 - - - - -] log_rotate_interval_type = days log_opt_values /usr/lib/python3/dist-packages/oslo_config/cfg.py:2602
2025-10-02 00:37:25.120 151156 DEBUG oslo_service.service [req-0c5e7de2-2dfc-4dfd-a86a-9e930ec91134 - - - - -] log_rotation_type = none log_opt_values /usr/lib/python3/dist-packages/oslo_config/cfg.py:2602
2025-10-02 00:37:25.120 151156 DEBUG oslo_service.service [req-0c5e7de2-2dfc-4dfd-a86a-9e930ec91134 - - - - -] logging_context_format_string = %(asctime)s.%(msecs)03d %(process)d %(levelname)s %(name)s [%(request_id)s %(user_identity)s] %(instance)s%(message)s log_opt_values /usr/lib/python3/dist-packages/oslo_config/cfg.py:2602
2025-10-02 00:37:25.120 151156 DEBUG oslo_service.service [req-0c5e7de2-2dfc-4dfd-a86a-9e930ec91134 - - - - -] logging_debug_format_suffix = %(funcName)s %(pathname)s:%(lineno)d log_opt_values /usr/lib/python3/dist-packages/oslo_config/cfg.py:2602
2025-10-02 00:37:25.121 151156 DEBUG oslo_service.service [req-0c5e7de2-2dfc-4dfd-a86a-9e930ec91134 - - - - -] logging_default_format_string = %(asctime)s.%(msecs)03d %(process)d %(levelname)s %(name)s [-] %(instance)s%(message)s log_opt_values /usr/lib/python3/dist-packages/oslo_config/cfg.py:2602
2025-10-02 00:37:25.121 151156 DEBUG oslo_service.service [req-0c5e7de2-2dfc-4dfd-a86a-9e930ec91134 - - - - -] logging_exception_prefix = %(asctime)s.%(msecs)03d %(process)d ERROR %(name)s %(instance)s log_opt_values /usr/lib/python3/dist-packages/oslo_config/cfg.py:2602
2025-10-02 00:37:25.121 151156 DEBUG oslo_service.service [req-0c5e7de2-2dfc-4dfd-a86a-9e930ec91134 - - - - -] logging_user_identity_format = %(user)s %(project)s %(domain)s %(user_domain)s %(project_domain)s log_opt_values /usr/lib/python3/dist-packages/oslo_config/cfg.py:2602
2025-10-02 00:37:25.121 151156 DEBUG oslo_service.service [req-0c5e7de2-2dfc-4dfd-a86a-9e930ec91134 - - - - -] long_rpc_timeout = 1800 log_opt_values /usr/lib/python3/dist-packages/oslo_config/cfg.py:2602
2025-10-02 00:37:25.122 151156 DEBUG oslo_service.service [req-0c5e7de2-2dfc-4dfd-a86a-9e930ec91134 - - - - -] max_concurrent_builds = 10 log_opt_values /usr/lib/python3/dist-packages/oslo_config/cfg.py:2602
2025-10-02 00:37:25.122 151156 DEBUG oslo_service.service [req-0c5e7de2-2dfc-4dfd-a86a-9e930ec91134 - - - - -] max_concurrent_live_migrations = 1 log_opt_values /usr/lib/python3/dist-packages/oslo_config/cfg.py:2602
2025-10-02 00:37:25.122 151156 DEBUG oslo_service.service [req-0c5e7de2-2dfc-4dfd-a86a-9e930ec91134 - - - - -] max_concurrent_snapshots = 5 log_opt_values /usr/lib/python3/dist-packages/oslo_config/cfg.py:2602
2025-10-02 00:37:25.122 151156 DEBUG oslo_service.service [req-0c5e7de2-2dfc-4dfd-a86a-9e930ec91134 - - - - -] max_local_block_devices = 3 log_opt_values /usr/lib/python3/dist-packages/oslo_config/cfg.py:2602
2025-10-02 00:37:25.123 151156 DEBUG oslo_service.service [req-0c5e7de2-2dfc-4dfd-a86a-9e930ec91134 - - - - -] max_logfile_count = 30 log_opt_values /usr/lib/python3/dist-packages/oslo_config/cfg.py:2602
2025-10-02 00:37:25.123 151156 DEBUG oslo_service.service [req-0c5e7de2-2dfc-4dfd-a86a-9e930ec91134 - - - - -] max_logfile_size_mb = 200 log_opt_values /usr/lib/python3/dist-packages/oslo_config/cfg.py:2602
2025-10-02 00:37:25.123 151156 DEBUG oslo_service.service [req-0c5e7de2-2dfc-4dfd-a86a-9e930ec91134 - - - - -] maximum_instance_delete_attempts = 5 log_opt_values /usr/lib/python3/dist-packages/oslo_config/cfg.py:2602
2025-10-02 00:37:25.123 151552 DEBUG nova.service [req-91aa9873-632d-4b77-92d7-3ea77e2c1113 - - - - -] Creating RPC server for service conductor start /usr/lib/python3/dist-packages/nova/service.py:182
2025-10-02 00:37:25.123 151156 DEBUG oslo_service.service [req-0c5e7de2-2dfc-4dfd-a86a-9e930ec91134 - - - - -] metadata_listen = 0.0.0.0 log_opt_values /usr/lib/python3/dist-packages/oslo_config/cfg.py:2602
2025-10-02 00:37:25.124 151156 DEBUG oslo_service.service [req-0c5e7de2-2dfc-4dfd-a86a-9e930ec91134 - - - - -] metadata_listen_port = 8765 log_opt_values /usr/lib/python3/dist-packages/oslo_config/cfg.py:2602
2025-10-02 00:37:25.124 151551 DEBUG nova.service [req-563aa593-1112-4657-b2b0-978d7220212c - - - - -] Creating RPC server for service conductor start /usr/lib/python3/dist-packages/nova/service.py:182
2025-10-02 00:37:25.124 151156 DEBUG oslo_service.service [req-0c5e7de2-2dfc-4dfd-a86a-9e930ec91134 - - - - -] metadata_workers = None log_opt_values /usr/lib/python3/dist-packages/oslo_config/cfg.py:2602
2025-10-02 00:37:25.124 151156 DEBUG oslo_service.service [req-0c5e7de2-2dfc-4dfd-a86a-9e930ec91134 - - - - -] migrate_max_retries = -1 log_opt_values /usr/lib/python3/dist-packages/oslo_config/cfg.py:2602
2025-10-02 00:37:25.124 151156 DEBUG oslo_service.service [req-0c5e7de2-2dfc-4dfd-a86a-9e930ec91134 - - - - -] mkisofs_cmd = genisoimage log_opt_values /usr/lib/python3/dist-packages/oslo_config/cfg.py:2602
2025-10-02 00:37:25.125 151156 DEBUG oslo_service.service [req-0c5e7de2-2dfc-4dfd-a86a-9e930ec91134 - - - - -] my_block_storage_ip = 252.57.187.254 log_opt_values /usr/lib/python3/dist-packages/oslo_config/cfg.py:2602
2025-10-02 00:37:25.125 151156 DEBUG oslo_service.service [req-0c5e7de2-2dfc-4dfd-a86a-9e930ec91134 - - - - -] my_ip = 252.57.187.254 log_opt_values /usr/lib/python3/dist-packages/oslo_config/cfg.py:2602
2025-10-02 00:37:25.125 151156 DEBUG oslo_service.service [req-0c5e7de2-2dfc-4dfd-a86a-9e930ec91134 - - - - -] network_allocate_retries = 0 log_opt_values /usr/lib/python3/dist-packages/oslo_config/cfg.py:2602
2025-10-02 00:37:25.125 151156 DEBUG oslo_service.service [req-0c5e7de2-2dfc-4dfd-a86a-9e930ec91134 - - - - -] non_inheritable_image_properties = ['cache_in_nova', 'bittorrent'] log_opt_values /usr/lib/python3/dist-packages/oslo_config/cfg.py:2602
2025-10-02 00:37:25.126 151156 DEBUG oslo_service.service [req-0c5e7de2-2dfc-4dfd-a86a-9e930ec91134 - - - - -] osapi_compute_listen = 0.0.0.0 log_opt_values /usr/lib/python3/dist-packages/oslo_config/cfg.py:2602
2025-10-02 00:37:25.126 151156 DEBUG oslo_service.service [req-0c5e7de2-2dfc-4dfd-a86a-9e930ec91134 - - - - -] osapi_compute_listen_port = 8764 log_opt_values /usr/lib/python3/dist-packages/oslo_config/cfg.py:2602
2025-10-02 00:37:25.126 151156 DEBUG oslo_service.service [req-0c5e7de2-2dfc-4dfd-a86a-9e930ec91134 - - - - -] osapi_compute_unique_server_name_scope = log_opt_values /usr/lib/python3/dist-packages/oslo_config/cfg.py:2602
2025-10-02 00:37:25.126 151156 DEBUG oslo_service.service [req-0c5e7de2-2dfc-4dfd-a86a-9e930ec91134 - - - - -] osapi_compute_workers = 4 log_opt_values /usr/lib/python3/dist-packages/oslo_config/cfg.py:2602
2025-10-02 00:37:25.127 151156 DEBUG oslo_service.service [req-0c5e7de2-2dfc-4dfd-a86a-9e930ec91134 - - - - -] password_length = 12 log_opt_values /usr/lib/python3/dist-packages/oslo_config/cfg.py:2602
2025-10-02 00:37:25.127 151156 DEBUG oslo_service.service [req-0c5e7de2-2dfc-4dfd-a86a-9e930ec91134 - - - - -] periodic_enable = True log_opt_values /usr/lib/python3/dist-packages/oslo_config/cfg.py:2602
2025-10-02 00:37:25.127 151156 DEBUG oslo_service.service [req-0c5e7de2-2dfc-4dfd-a86a-9e930ec91134 - - - - -] periodic_fuzzy_delay = 60 log_opt_values /usr/lib/python3/dist-packages/oslo_config/cfg.py:2602
2025-10-02 00:37:25.128 151156 DEBUG oslo_service.service [req-0c5e7de2-2dfc-4dfd-a86a-9e930ec91134 - - - - -] pointer_model = usbtablet log_opt_values /usr/lib/python3/dist-packages/oslo_config/cfg.py:2602
2025-10-02 00:37:25.128 151156 DEBUG oslo_service.service [req-0c5e7de2-2dfc-4dfd-a86a-9e930ec91134 - - - - -] preallocate_images = none log_opt_values /usr/lib/python3/dist-packages/oslo_config/cfg.py:2602
2025-10-02 00:37:25.128 151156 DEBUG oslo_service.service [req-0c5e7de2-2dfc-4dfd-a86a-9e930ec91134 - - - - -] publish_errors = False log_opt_values /usr/lib/python3/dist-packages/oslo_config/cfg.py:2602
2025-10-02 00:37:25.128 151156 DEBUG oslo_service.service [req-0c5e7de2-2dfc-4dfd-a86a-9e930ec91134 - - - - -] pybasedir = /usr/lib/python3/dist-packages log_opt_values /usr/lib/python3/dist-packages/oslo_config/cfg.py:2602
2025-10-02 00:37:25.128 151156 DEBUG oslo_service.service [req-0c5e7de2-2dfc-4dfd-a86a-9e930ec91134 - - - - -] ram_allocation_ratio = 0.98 log_opt_values /usr/lib/python3/dist-packages/oslo_config/cfg.py:2602
2025-10-02 00:37:25.129 151156 DEBUG oslo_service.service [req-0c5e7de2-2dfc-4dfd-a86a-9e930ec91134 - - - - -] rate_limit_burst = 0 log_opt_values /usr/lib/python3/dist-packages/oslo_config/cfg.py:2602
2025-10-02 00:37:25.129 151156 DEBUG oslo_service.service [req-0c5e7de2-2dfc-4dfd-a86a-9e930ec91134 - - - - -] rate_limit_except_level = CRITICAL log_opt_values /usr/lib/python3/dist-packages/oslo_config/cfg.py:2602
2025-10-02 00:37:25.129 151156 DEBUG oslo_service.service [req-0c5e7de2-2dfc-4dfd-a86a-9e930ec91134 - - - - -] rate_limit_interval = 0 log_opt_values /usr/lib/python3/dist-packages/oslo_config/cfg.py:2602
2025-10-02 00:37:25.129 151156 DEBUG oslo_service.service [req-0c5e7de2-2dfc-4dfd-a86a-9e930ec91134 - - - - -] reboot_timeout = 0 log_opt_values /usr/lib/python3/dist-packages/oslo_config/cfg.py:2602
2025-10-02 00:37:25.129 151156 DEBUG oslo_service.service [req-0c5e7de2-2dfc-4dfd-a86a-9e930ec91134 - - - - -] reclaim_instance_interval = 0 log_opt_values /usr/lib/python3/dist-packages/oslo_config/cfg.py:2602
2025-10-02 00:37:25.130 151156 DEBUG oslo_service.service [req-0c5e7de2-2dfc-4dfd-a86a-9e930ec91134 - - - - -] record = None log_opt_values /usr/lib/python3/dist-packages/oslo_config/cfg.py:2602
2025-10-02 00:37:25.130 151156 DEBUG oslo_service.service [req-0c5e7de2-2dfc-4dfd-a86a-9e930ec91134 - - - - -] report_interval = 10 log_opt_values /usr/lib/python3/dist-packages/oslo_config/cfg.py:2602
2025-10-02 00:37:25.130 151156 DEBUG oslo_service.service [req-0c5e7de2-2dfc-4dfd-a86a-9e930ec91134 - - - - -] rescue_timeout = 0 log_opt_values /usr/lib/python3/dist-packages/oslo_config/cfg.py:2602
2025-10-02 00:37:25.130 151156 DEBUG oslo_service.service [req-0c5e7de2-2dfc-4dfd-a86a-9e930ec91134 - - - - -] reserved_host_cpus = 0 log_opt_values /usr/lib/python3/dist-packages/oslo_config/cfg.py:2602
2025-10-02 00:37:25.130 151156 DEBUG oslo_service.service [req-0c5e7de2-2dfc-4dfd-a86a-9e930ec91134 - - - - -] reserved_host_disk_mb = 0 log_opt_values /usr/lib/python3/dist-packages/oslo_config/cfg.py:2602
2025-10-02 00:37:25.131 151156 DEBUG oslo_service.service [req-0c5e7de2-2dfc-4dfd-a86a-9e930ec91134 - - - - -] reserved_host_memory_mb = 512 log_opt_values /usr/lib/python3/dist-packages/oslo_config/cfg.py:2602
2025-10-02 00:37:25.131 151156 DEBUG oslo_service.service [req-0c5e7de2-2dfc-4dfd-a86a-9e930ec91134 - - - - -] reserved_huge_pages = None log_opt_values /usr/lib/python3/dist-packages/oslo_config/cfg.py:2602
2025-10-02 00:37:25.131 151156 DEBUG oslo_service.service [req-0c5e7de2-2dfc-4dfd-a86a-9e930ec91134 - - - - -] resize_confirm_window = 0 log_opt_values /usr/lib/python3/dist-packages/oslo_config/cfg.py:2602
2025-10-02 00:37:25.132 151156 DEBUG oslo_service.service [req-0c5e7de2-2dfc-4dfd-a86a-9e930ec91134 - - - - -] resize_fs_using_block_device = False log_opt_values /usr/lib/python3/dist-packages/oslo_config/cfg.py:2602
2025-10-02 00:37:25.132 151156 DEBUG oslo_service.service [req-0c5e7de2-2dfc-4dfd-a86a-9e930ec91134 - - - - -] resume_guests_state_on_host_boot = False log_opt_values /usr/lib/python3/dist-packages/oslo_config/cfg.py:2602
2025-10-02 00:37:25.132 151554 DEBUG nova.service [req-b1c308b2-624e-42dc-a4ce-f0547cc6115d - - - - -] Creating RPC server for service conductor start /usr/lib/python3/dist-packages/nova/service.py:182
2025-10-02 00:37:25.132 151156 DEBUG oslo_service.service [req-0c5e7de2-2dfc-4dfd-a86a-9e930ec91134 - - - - -] rootwrap_config = /etc/nova/rootwrap.conf log_opt_values /usr/lib/python3/dist-packages/oslo_config/cfg.py:2602
2025-10-02 00:37:25.132 151156 DEBUG oslo_service.service [req-0c5e7de2-2dfc-4dfd-a86a-9e930ec91134 - - - - -] rpc_response_timeout = 60 log_opt_values /usr/lib/python3/dist-packages/oslo_config/cfg.py:2602
2025-10-02 00:37:25.133 151156 DEBUG oslo_service.service [req-0c5e7de2-2dfc-4dfd-a86a-9e930ec91134 - - - - -] run_external_periodic_tasks = True log_opt_values /usr/lib/python3/dist-packages/oslo_config/cfg.py:2602
2025-10-02 00:37:25.133 151156 DEBUG oslo_service.service [req-0c5e7de2-2dfc-4dfd-a86a-9e930ec91134 - - - - -] running_deleted_instance_action = reap log_opt_values /usr/lib/python3/dist-packages/oslo_config/cfg.py:2602
2025-10-02 00:37:25.133 151156 DEBUG oslo_service.service [req-0c5e7de2-2dfc-4dfd-a86a-9e930ec91134 - - - - -] running_deleted_instance_poll_interval = 1800 log_opt_values /usr/lib/python3/dist-packages/oslo_config/cfg.py:2602
2025-10-02 00:37:25.133 151156 DEBUG oslo_service.service [req-0c5e7de2-2dfc-4dfd-a86a-9e930ec91134 - - - - -] running_deleted_instance_timeout = 0 log_opt_values /usr/lib/python3/dist-packages/oslo_config/cfg.py:2602
2025-10-02 00:37:25.133 151156 DEBUG oslo_service.service [req-0c5e7de2-2dfc-4dfd-a86a-9e930ec91134 - - - - -] scheduler_instance_sync_interval = 120 log_opt_values /usr/lib/python3/dist-packages/oslo_config/cfg.py:2602
2025-10-02 00:37:25.133 151156 DEBUG oslo_service.service [req-0c5e7de2-2dfc-4dfd-a86a-9e930ec91134 - - - - -] service_down_time = 60 log_opt_values /usr/lib/python3/dist-packages/oslo_config/cfg.py:2602
2025-10-02 00:37:25.134 151156 DEBUG oslo_service.service [req-0c5e7de2-2dfc-4dfd-a86a-9e930ec91134 - - - - -] servicegroup_driver = db log_opt_values /usr/lib/python3/dist-packages/oslo_config/cfg.py:2602
2025-10-02 00:37:25.134 151553 DEBUG nova.service [req-16f3f0e9-cc54-455c-8e5c-b310e88df3c4 - - - - -] Creating RPC server for service conductor start /usr/lib/python3/dist-packages/nova/service.py:182
2025-10-02 00:37:25.134 151156 DEBUG oslo_service.service [req-0c5e7de2-2dfc-4dfd-a86a-9e930ec91134 - - - - -] shelved_offload_time = 0 log_opt_values /usr/lib/python3/dist-packages/oslo_config/cfg.py:2602
2025-10-02 00:37:25.134 151156 DEBUG oslo_service.service [req-0c5e7de2-2dfc-4dfd-a86a-9e930ec91134 - - - - -] shelved_poll_interval = 3600 log_opt_values /usr/lib/python3/dist-packages/oslo_config/cfg.py:2602
2025-10-02 00:37:25.134 151156 DEBUG oslo_service.service [req-0c5e7de2-2dfc-4dfd-a86a-9e930ec91134 - - - - -] shutdown_timeout = 60 log_opt_values /usr/lib/python3/dist-packages/oslo_config/cfg.py:2602
2025-10-02 00:37:25.134 151156 DEBUG oslo_service.service [req-0c5e7de2-2dfc-4dfd-a86a-9e930ec91134 - - - - -] source_is_ipv6 = False log_opt_values /usr/lib/python3/dist-packages/oslo_config/cfg.py:2602
2025-10-02 00:37:25.134 151156 DEBUG oslo_service.service [req-0c5e7de2-2dfc-4dfd-a86a-9e930ec91134 - - - - -] ssl_only = False log_opt_values /usr/lib/python3/dist-packages/oslo_config/cfg.py:2602
2025-10-02 00:37:25.135 151156 DEBUG oslo_service.service [req-0c5e7de2-2dfc-4dfd-a86a-9e930ec91134 - - - - -] state_path = /var/lib/nova log_opt_values /usr/lib/python3/dist-packages/oslo_config/cfg.py:2602
2025-10-02 00:37:25.135 151156 DEBUG oslo_service.service [req-0c5e7de2-2dfc-4dfd-a86a-9e930ec91134 - - - - -] sync_power_state_interval = 600 log_opt_values /usr/lib/python3/dist-packages/oslo_config/cfg.py:2602
2025-10-02 00:37:25.135 151156 DEBUG oslo_service.service [req-0c5e7de2-2dfc-4dfd-a86a-9e930ec91134 - - - - -] sync_power_state_pool_size = 1000 log_opt_values /usr/lib/python3/dist-packages/oslo_config/cfg.py:2602
2025-10-02 00:37:25.135 151156 DEBUG oslo_service.service [req-0c5e7de2-2dfc-4dfd-a86a-9e930ec91134 - - - - -] syslog_log_facility = LOG_USER log_opt_values /usr/lib/python3/dist-packages/oslo_config/cfg.py:2602
2025-10-02 00:37:25.135 151156 DEBUG oslo_service.service [req-0c5e7de2-2dfc-4dfd-a86a-9e930ec91134 - - - - -] tempdir = None log_opt_values /usr/lib/python3/dist-packages/oslo_config/cfg.py:2602
2025-10-02 00:37:25.136 151156 DEBUG oslo_service.service [req-0c5e7de2-2dfc-4dfd-a86a-9e930ec91134 - - - - -] timeout_nbd = 10 log_opt_values /usr/lib/python3/dist-packages/oslo_config/cfg.py:2602
2025-10-02 00:37:25.136 151156 DEBUG oslo_service.service [req-0c5e7de2-2dfc-4dfd-a86a-9e930ec91134 - - - - -] transport_url = **** log_opt_values /usr/lib/python3/dist-packages/oslo_config/cfg.py:2602
2025-10-02 00:37:25.136 151156 DEBUG oslo_service.service [req-0c5e7de2-2dfc-4dfd-a86a-9e930ec91134 - - - - -] update_resources_interval = 0 log_opt_values /usr/lib/python3/dist-packages/oslo_config/cfg.py:2602
2025-10-02 00:37:25.136 151156 DEBUG oslo_service.service [req-0c5e7de2-2dfc-4dfd-a86a-9e930ec91134 - - - - -] use_cow_images = True log_opt_values /usr/lib/python3/dist-packages/oslo_config/cfg.py:2602
2025-10-02 00:37:25.136 151156 DEBUG oslo_service.service [req-0c5e7de2-2dfc-4dfd-a86a-9e930ec91134 - - - - -] use_eventlog = False log_opt_values /usr/lib/python3/dist-packages/oslo_config/cfg.py:2602
2025-10-02 00:37:25.137 151156 DEBUG oslo_service.service [req-0c5e7de2-2dfc-4dfd-a86a-9e930ec91134 - - - - -] use_journal = False log_opt_values /usr/lib/python3/dist-packages/oslo_config/cfg.py:2602
2025-10-02 00:37:25.137 151156 DEBUG oslo_service.service [req-0c5e7de2-2dfc-4dfd-a86a-9e930ec91134 - - - - -] use_json = False log_opt_values /usr/lib/python3/dist-packages/oslo_config/cfg.py:2602
2025-10-02 00:37:25.137 151156 DEBUG oslo_service.service [req-0c5e7de2-2dfc-4dfd-a86a-9e930ec91134 - - - - -] use_rootwrap_daemon = False log_opt_values /usr/lib/python3/dist-packages/oslo_config/cfg.py:2602
2025-10-02 00:37:25.138 151156 DEBUG oslo_service.service [req-0c5e7de2-2dfc-4dfd-a86a-9e930ec91134 - - - - -] use_stderr = False log_opt_values /usr/lib/python3/dist-packages/oslo_config/cfg.py:2602
2025-10-02 00:37:25.138 151156 DEBUG oslo_service.service [req-0c5e7de2-2dfc-4dfd-a86a-9e930ec91134 - - - - -] use_syslog = False log_opt_values /usr/lib/python3/dist-packages/oslo_config/cfg.py:2602
2025-10-02 00:37:25.138 151156 DEBUG oslo_service.service [req-0c5e7de2-2dfc-4dfd-a86a-9e930ec91134 - - - - -] vcpu_pin_set = None log_opt_values /usr/lib/python3/dist-packages/oslo_config/cfg.py:2602
2025-10-02 00:37:25.138 151156 DEBUG oslo_service.service [req-0c5e7de2-2dfc-4dfd-a86a-9e930ec91134 - - - - -] vif_plugging_is_fatal = True log_opt_values /usr/lib/python3/dist-packages/oslo_config/cfg.py:2602
2025-10-02 00:37:25.139 151156 DEBUG oslo_service.service [req-0c5e7de2-2dfc-4dfd-a86a-9e930ec91134 - - - - -] vif_plugging_timeout = 300 log_opt_values /usr/lib/python3/dist-packages/oslo_config/cfg.py:2602
2025-10-02 00:37:25.140 151156 DEBUG oslo_service.service [req-0c5e7de2-2dfc-4dfd-a86a-9e930ec91134 - - - - -] virt_mkfs = [] log_opt_values /usr/lib/python3/dist-packages/oslo_config/cfg.py:2602
2025-10-02 00:37:25.140 151156 DEBUG oslo_service.service [req-0c5e7de2-2dfc-4dfd-a86a-9e930ec91134 - - - - -] volume_usage_poll_interval = 0 log_opt_values /usr/lib/python3/dist-packages/oslo_config/cfg.py:2602
2025-10-02 00:37:25.140 151156 DEBUG oslo_service.service [req-0c5e7de2-2dfc-4dfd-a86a-9e930ec91134 - - - - -] watch_log_file = False log_opt_values /usr/lib/python3/dist-packages/oslo_config/cfg.py:2602
2025-10-02 00:37:25.141 151156 DEBUG oslo_service.service [req-0c5e7de2-2dfc-4dfd-a86a-9e930ec91134 - - - - -] web = /usr/share/spice-html5 log_opt_values /usr/lib/python3/dist-packages/oslo_config/cfg.py:2602
2025-10-02 00:37:25.141 151156 DEBUG oslo_service.service [req-0c5e7de2-2dfc-4dfd-a86a-9e930ec91134 - - - - -] oslo_concurrency.disable_process_locking = False log_opt_values /usr/lib/python3/dist-packages/oslo_config/cfg.py:2609
2025-10-02 00:37:25.141 151156 DEBUG oslo_service.service [req-0c5e7de2-2dfc-4dfd-a86a-9e930ec91134 - - - - -] oslo_concurrency.lock_path = /var/lock/nova log_opt_values /usr/lib/python3/dist-packages/oslo_config/cfg.py:2609
2025-10-02 00:37:25.141 151156 DEBUG oslo_service.service [req-0c5e7de2-2dfc-4dfd-a86a-9e930ec91134 - - - - -] oslo_messaging_metrics.metrics_buffer_size = 1000 log_opt_values /usr/lib/python3/dist-packages/oslo_config/cfg.py:2609
2025-10-02 00:37:25.142 151156 DEBUG oslo_service.service [req-0c5e7de2-2dfc-4dfd-a86a-9e930ec91134 - - - - -] oslo_messaging_metrics.metrics_enabled = False log_opt_values /usr/lib/python3/dist-packages/oslo_config/cfg.py:2609
2025-10-02 00:37:25.142 151156 DEBUG oslo_service.service [req-0c5e7de2-2dfc-4dfd-a86a-9e930ec91134 - - - - -] oslo_messaging_metrics.metrics_process_name = log_opt_values /usr/lib/python3/dist-packages/oslo_config/cfg.py:2609
2025-10-02 00:37:25.142 151156 DEBUG oslo_service.service [req-0c5e7de2-2dfc-4dfd-a86a-9e930ec91134 - - - - -] oslo_messaging_metrics.metrics_socket_file = /var/tmp/metrics_collector.sock log_opt_values /usr/lib/python3/dist-packages/oslo_config/cfg.py:2609
2025-10-02 00:37:25.142 151156 DEBUG oslo_service.service [req-0c5e7de2-2dfc-4dfd-a86a-9e930ec91134 - - - - -] oslo_messaging_metrics.metrics_thread_stop_timeout = 10 log_opt_values /usr/lib/python3/dist-packages/oslo_config/cfg.py:2609
2025-10-02 00:37:25.143 151156 WARNING oslo_config.cfg [req-0c5e7de2-2dfc-4dfd-a86a-9e930ec91134 - - - - -] Deprecated: Option "auth_strategy" from group "api" is deprecated for removal ( The only non-default choice, ``noauth2``, is for internal development and testing purposes only and should not be used in deployments. This option and its middleware, NoAuthMiddleware[V2_18], will be removed in a future release. ). Its value may be silently ignored in the future.
2025-10-02 00:37:25.143 151156 DEBUG oslo_service.service [req-0c5e7de2-2dfc-4dfd-a86a-9e930ec91134 - - - - -] api.auth_strategy = keystone log_opt_values /usr/lib/python3/dist-packages/oslo_config/cfg.py:2609
2025-10-02 00:37:25.144 151156 DEBUG oslo_service.service [req-0c5e7de2-2dfc-4dfd-a86a-9e930ec91134 - - - - -] api.compute_link_prefix = None log_opt_values /usr/lib/python3/dist-packages/oslo_config/cfg.py:2609
2025-10-02 00:37:25.144 151156 DEBUG oslo_service.service [req-0c5e7de2-2dfc-4dfd-a86a-9e930ec91134 - - - - -] api.config_drive_skip_versions = 1.0 2007-01-19 2007-03-01 2007-08-29 2007-10-10 2007-12-15 2008-02-01 2008-09-01 log_opt_values /usr/lib/python3/dist-packages/oslo_config/cfg.py:2609
2025-10-02 00:37:25.145 151156 DEBUG oslo_service.service [req-0c5e7de2-2dfc-4dfd-a86a-9e930ec91134 - - - - -] api.dhcp_domain = novalocal log_opt_values /usr/lib/python3/dist-packages/oslo_config/cfg.py:2609
2025-10-02 00:37:25.145 151156 DEBUG oslo_service.service [req-0c5e7de2-2dfc-4dfd-a86a-9e930ec91134 - - - - -] api.enable_instance_password = True log_opt_values /usr/lib/python3/dist-packages/oslo_config/cfg.py:2609
2025-10-02 00:37:25.146 151156 DEBUG oslo_service.service [req-0c5e7de2-2dfc-4dfd-a86a-9e930ec91134 - - - - -] api.glance_link_prefix = None log_opt_values /usr/lib/python3/dist-packages/oslo_config/cfg.py:2609
2025-10-02 00:37:25.147 151156 DEBUG oslo_service.service [req-0c5e7de2-2dfc-4dfd-a86a-9e930ec91134 - - - - -] api.instance_list_cells_batch_fixed_size = 100 log_opt_values /usr/lib/python3/dist-packages/oslo_config/cfg.py:2609
2025-10-02 00:37:25.147 151156 DEBUG oslo_service.service [req-0c5e7de2-2dfc-4dfd-a86a-9e930ec91134 - - - - -] api.instance_list_cells_batch_strategy = distributed log_opt_values /usr/lib/python3/dist-packages/oslo_config/cfg.py:2609
2025-10-02 00:37:25.148 151551 DEBUG oslo_messaging._drivers.amqpdriver [-] Listener is running poll /usr/lib/python3/dist-packages/oslo_messaging/_drivers/amqpdriver.py:343
2025-10-02 00:37:25.148 151156 DEBUG oslo_service.service [req-0c5e7de2-2dfc-4dfd-a86a-9e930ec91134 - - - - -] api.instance_list_per_project_cells = False log_opt_values /usr/lib/python3/dist-packages/oslo_config/cfg.py:2609
2025-10-02 00:37:25.148 151551 DEBUG oslo_messaging._drivers.amqpdriver [-] AMQPListener connection consume poll /usr/lib/python3/dist-packages/oslo_messaging/_drivers/amqpdriver.py:357
2025-10-02 00:37:25.148 151156 DEBUG oslo_service.service [req-0c5e7de2-2dfc-4dfd-a86a-9e930ec91134 - - - - -] api.list_records_by_skipping_down_cells = True log_opt_values /usr/lib/python3/dist-packages/oslo_config/cfg.py:2609
2025-10-02 00:37:25.148 151156 DEBUG oslo_service.service [req-0c5e7de2-2dfc-4dfd-a86a-9e930ec91134 - - - - -] api.local_metadata_per_cell = False log_opt_values /usr/lib/python3/dist-packages/oslo_config/cfg.py:2609
2025-10-02 00:37:25.149 151156 DEBUG oslo_service.service [req-0c5e7de2-2dfc-4dfd-a86a-9e930ec91134 - - - - -] api.max_limit = 1000 log_opt_values /usr/lib/python3/dist-packages/oslo_config/cfg.py:2609
2025-10-02 00:37:25.148 151551 DEBUG nova.service [req-563aa593-1112-4657-b2b0-978d7220212c - - - - -] Join ServiceGroup membership for this service conductor start /usr/lib/python3/dist-packages/nova/service.py:199
2025-10-02 00:37:25.149 151156 DEBUG oslo_service.service [req-0c5e7de2-2dfc-4dfd-a86a-9e930ec91134 - - - - -] api.metadata_cache_expiration = 15 log_opt_values /usr/lib/python3/dist-packages/oslo_config/cfg.py:2609
2025-10-02 00:37:25.149 151551 DEBUG nova.servicegroup.drivers.db [req-563aa593-1112-4657-b2b0-978d7220212c - - - - -] DB_Driver: join new ServiceGroup member juju-52b9b3-0-lxd-7 to the conductor group, service = join /usr/lib/python3/dist-packages/nova/servicegroup/drivers/db.py:44
2025-10-02 00:37:25.149 151156 DEBUG oslo_service.service [req-0c5e7de2-2dfc-4dfd-a86a-9e930ec91134 - - - - -] api.neutron_default_tenant_id = default log_opt_values /usr/lib/python3/dist-packages/oslo_config/cfg.py:2609
2025-10-02 00:37:25.149 151156 DEBUG oslo_service.service [req-0c5e7de2-2dfc-4dfd-a86a-9e930ec91134 - - - - -] api.use_forwarded_for = False log_opt_values /usr/lib/python3/dist-packages/oslo_config/cfg.py:2609
2025-10-02 00:37:25.149 151552 DEBUG oslo_messaging._drivers.amqpdriver [-] Listener is running poll /usr/lib/python3/dist-packages/oslo_messaging/_drivers/amqpdriver.py:343
2025-10-02 00:37:25.150 151156 DEBUG oslo_service.service [req-0c5e7de2-2dfc-4dfd-a86a-9e930ec91134 - - - - -] api.use_neutron_default_nets = False log_opt_values /usr/lib/python3/dist-packages/oslo_config/cfg.py:2609
2025-10-02 00:37:25.150 151156 DEBUG oslo_service.service [req-0c5e7de2-2dfc-4dfd-a86a-9e930ec91134 - - - - -] api.vendordata_dynamic_connect_timeout = 5 log_opt_values /usr/lib/python3/dist-packages/oslo_config/cfg.py:2609
2025-10-02 00:37:25.150 151552 DEBUG oslo_messaging._drivers.amqpdriver [-] AMQPListener connection consume poll /usr/lib/python3/dist-packages/oslo_messaging/_drivers/amqpdriver.py:357
2025-10-02 00:37:25.150 151156 DEBUG oslo_service.service [req-0c5e7de2-2dfc-4dfd-a86a-9e930ec91134 - - - - -] api.vendordata_dynamic_failure_fatal = False log_opt_values /usr/lib/python3/dist-packages/oslo_config/cfg.py:2609
2025-10-02 00:37:25.150 151156 DEBUG oslo_service.service [req-0c5e7de2-2dfc-4dfd-a86a-9e930ec91134 - - - - -] api.vendordata_dynamic_read_timeout = 5 log_opt_values /usr/lib/python3/dist-packages/oslo_config/cfg.py:2609
2025-10-02 00:37:25.150 151552 DEBUG nova.service [req-91aa9873-632d-4b77-92d7-3ea77e2c1113 - - - - -] Join ServiceGroup membership for this service conductor start /usr/lib/python3/dist-packages/nova/service.py:199
2025-10-02 00:37:25.151 151156 DEBUG oslo_service.service [req-0c5e7de2-2dfc-4dfd-a86a-9e930ec91134 - - - - -] api.vendordata_dynamic_ssl_certfile = log_opt_values /usr/lib/python3/dist-packages/oslo_config/cfg.py:2609
2025-10-02 00:37:25.151 151552 DEBUG nova.servicegroup.drivers.db [req-91aa9873-632d-4b77-92d7-3ea77e2c1113 - - - - -] DB_Driver: join new ServiceGroup member juju-52b9b3-0-lxd-7 to the conductor group, service = join /usr/lib/python3/dist-packages/nova/servicegroup/drivers/db.py:44
2025-10-02 00:37:25.151 151156 DEBUG oslo_service.service [req-0c5e7de2-2dfc-4dfd-a86a-9e930ec91134 - - - - -] api.vendordata_dynamic_targets = [] log_opt_values /usr/lib/python3/dist-packages/oslo_config/cfg.py:2609
2025-10-02 00:37:25.151 151551 DEBUG oslo_messaging._drivers.amqpdriver [-] AMQPListener connection timeout poll /usr/lib/python3/dist-packages/oslo_messaging/_drivers/amqpdriver.py:360
2025-10-02 00:37:25.151 151551 DEBUG oslo_messaging._drivers.amqpdriver [-] Listener is running poll /usr/lib/python3/dist-packages/oslo_messaging/_drivers/amqpdriver.py:343
2025-10-02 00:37:25.151 151156 DEBUG oslo_service.service [req-0c5e7de2-2dfc-4dfd-a86a-9e930ec91134 - - - - -] api.vendordata_jsonfile_path = None log_opt_values /usr/lib/python3/dist-packages/oslo_config/cfg.py:2609
2025-10-02 00:37:25.151 151551 DEBUG oslo_messaging._drivers.amqpdriver [-] AMQPListener connection consume poll /usr/lib/python3/dist-packages/oslo_messaging/_drivers/amqpdriver.py:357
2025-10-02 00:37:25.151 151156 DEBUG oslo_service.service [req-0c5e7de2-2dfc-4dfd-a86a-9e930ec91134 - - - - -] api.vendordata_providers = ['StaticJSON'] log_opt_values /usr/lib/python3/dist-packages/oslo_config/cfg.py:2609
2025-10-02 00:37:25.152 151156 DEBUG oslo_service.service [req-0c5e7de2-2dfc-4dfd-a86a-9e930ec91134 - - - - -] cache.backend = dogpile.cache.null log_opt_values /usr/lib/python3/dist-packages/oslo_config/cfg.py:2609
2025-10-02 00:37:25.152 151156 DEBUG oslo_service.service [req-0c5e7de2-2dfc-4dfd-a86a-9e930ec91134 - - - - -] cache.backend_argument = **** log_opt_values /usr/lib/python3/dist-packages/oslo_config/cfg.py:2609
2025-10-02 00:37:25.153 151156 DEBUG oslo_service.service [req-0c5e7de2-2dfc-4dfd-a86a-9e930ec91134 - - - - -] cache.config_prefix = cache.oslo log_opt_values /usr/lib/python3/dist-packages/oslo_config/cfg.py:2609
2025-10-02 00:37:25.153 151156 DEBUG oslo_service.service [req-0c5e7de2-2dfc-4dfd-a86a-9e930ec91134 - - - - -] cache.debug_cache_backend = False log_opt_values /usr/lib/python3/dist-packages/oslo_config/cfg.py:2609
2025-10-02 00:37:25.153 151552 DEBUG oslo_messaging._drivers.amqpdriver [-] AMQPListener connection timeout poll /usr/lib/python3/dist-packages/oslo_messaging/_drivers/amqpdriver.py:360
2025-10-02 00:37:25.154 151156 DEBUG oslo_service.service [req-0c5e7de2-2dfc-4dfd-a86a-9e930ec91134 - - - - -] cache.enabled = False log_opt_values /usr/lib/python3/dist-packages/oslo_config/cfg.py:2609
2025-10-02 00:37:25.154 151552 DEBUG oslo_messaging._drivers.amqpdriver [-] Listener is running poll /usr/lib/python3/dist-packages/oslo_messaging/_drivers/amqpdriver.py:343
2025-10-02 00:37:25.154 151156 DEBUG oslo_service.service [req-0c5e7de2-2dfc-4dfd-a86a-9e930ec91134 - - - - -] cache.expiration_time = 600 log_opt_values /usr/lib/python3/dist-packages/oslo_config/cfg.py:2609
