2025-10-02 01:43:07.487 7 DEBUG oslo_service.service [-] ml2_type_gre.tunnel_id_ranges = [] log_opt_values /var/lib/kolla/venv/lib/python3.6/site-packages/oslo_config/cfg.py:2611
2025-10-02 01:43:07.487 7 DEBUG oslo_service.service [-] ml2_type_vlan.network_vlan_ranges = [] log_opt_values /var/lib/kolla/venv/lib/python3.6/site-packages/oslo_config/cfg.py:2611
2025-10-02 01:43:07.487 7 DEBUG oslo_service.service [-] ml2_type_vxlan.vni_ranges = [] log_opt_values /var/lib/kolla/venv/lib/python3.6/site-packages/oslo_config/cfg.py:2611
2025-10-02 01:43:07.487 7 DEBUG oslo_service.service [-] ml2_type_vxlan.vxlan_group = None log_opt_values /var/lib/kolla/venv/lib/python3.6/site-packages/oslo_config/cfg.py:2611
2025-10-02 01:43:07.487 7 DEBUG oslo_service.service [-] database.backend = sqlalchemy log_opt_values /var/lib/kolla/venv/lib/python3.6/site-packages/oslo_config/cfg.py:2611
2025-10-02 01:43:07.488 7 DEBUG oslo_service.service [-] database.connection = **** log_opt_values /var/lib/kolla/venv/lib/python3.6/site-packages/oslo_config/cfg.py:2611
2025-10-02 01:43:07.488 7 DEBUG oslo_service.service [-] database.connection_debug = 0 log_opt_values /var/lib/kolla/venv/lib/python3.6/site-packages/oslo_config/cfg.py:2611
2025-10-02 01:43:07.488 7 DEBUG oslo_service.service [-] database.connection_parameters = log_opt_values /var/lib/kolla/venv/lib/python3.6/site-packages/oslo_config/cfg.py:2611
2025-10-02 01:43:07.488 7 DEBUG oslo_service.service [-] database.connection_recycle_time = 10 log_opt_values /var/lib/kolla/venv/lib/python3.6/site-packages/oslo_config/cfg.py:2611
2025-10-02 01:43:07.488 7 DEBUG oslo_service.service [-] database.connection_trace = False log_opt_values /var/lib/kolla/venv/lib/python3.6/site-packages/oslo_config/cfg.py:2611
2025-10-02 01:43:07.488 7 DEBUG oslo_service.service [-] database.db_inc_retry_interval = True log_opt_values /var/lib/kolla/venv/lib/python3.6/site-packages/oslo_config/cfg.py:2611
2025-10-02 01:43:07.488 7 DEBUG oslo_service.service [-] database.db_max_retries = 20 log_opt_values /var/lib/kolla/venv/lib/python3.6/site-packages/oslo_config/cfg.py:2611
2025-10-02 01:43:07.488 7 DEBUG oslo_service.service [-] database.db_max_retry_interval = 10 log_opt_values /var/lib/kolla/venv/lib/python3.6/site-packages/oslo_config/cfg.py:2611
2025-10-02 01:43:07.488 7 DEBUG oslo_service.service [-] database.db_retry_interval = 1 log_opt_values /var/lib/kolla/venv/lib/python3.6/site-packages/oslo_config/cfg.py:2611
2025-10-02 01:43:07.488 7 DEBUG oslo_service.service [-] database.max_overflow = 50 log_opt_values /var/lib/kolla/venv/lib/python3.6/site-packages/oslo_config/cfg.py:2611
2025-10-02 01:43:07.488 7 DEBUG oslo_service.service [-] database.max_pool_size = 1 log_opt_values /var/lib/kolla/venv/lib/python3.6/site-packages/oslo_config/cfg.py:2611
2025-10-02 01:43:07.488 7 DEBUG oslo_service.service [-] database.max_retries = -1 log_opt_values /var/lib/kolla/venv/lib/python3.6/site-packages/oslo_config/cfg.py:2611
2025-10-02 01:43:07.488 7 DEBUG oslo_service.service [-] database.mysql_enable_ndb = False log_opt_values /var/lib/kolla/venv/lib/python3.6/site-packages/oslo_config/cfg.py:2611
2025-10-02 01:43:07.489 7 DEBUG oslo_service.service [-] database.mysql_sql_mode = TRADITIONAL log_opt_values /var/lib/kolla/venv/lib/python3.6/site-packages/oslo_config/cfg.py:2611
2025-10-02 01:43:07.489 7 DEBUG oslo_service.service [-] database.pool_timeout = None log_opt_values /var/lib/kolla/venv/lib/python3.6/site-packages/oslo_config/cfg.py:2611
2025-10-02 01:43:07.489 7 DEBUG oslo_service.service [-] database.retry_interval = 10 log_opt_values /var/lib/kolla/venv/lib/python3.6/site-packages/oslo_config/cfg.py:2611
2025-10-02 01:43:07.489 7 DEBUG oslo_service.service [-] database.slave_connection = **** log_opt_values /var/lib/kolla/venv/lib/python3.6/site-packages/oslo_config/cfg.py:2611
2025-10-02 01:43:07.489 7 DEBUG oslo_service.service [-] database.sqlite_synchronous = True log_opt_values /var/lib/kolla/venv/lib/python3.6/site-packages/oslo_config/cfg.py:2611
2025-10-02 01:43:07.489 7 DEBUG oslo_service.service [-] database.use_db_reconnect = False log_opt_values /var/lib/kolla/venv/lib/python3.6/site-packages/oslo_config/cfg.py:2611
2025-10-02 01:43:07.490 7 DEBUG oslo_service.service [-] ******************************************************************************** log_opt_values /var/lib/kolla/venv/lib/python3.6/site-packages/oslo_config/cfg.py:2613
2025-10-02 01:43:09.380 22 DEBUG neutron.wsgi [-] (22) accepted ('10.0.0.131', 45326) server /var/lib/kolla/venv/lib/python3.6/site-packages/eventlet/wsgi.py:1004
2025-10-02 01:43:09.386 22 INFO neutron.wsgi [-] 10.0.0.131 "GET / HTTP/1.1" status: 200 len: 228 time: 0.0046520
2025-10-02 01:43:11.311 24 DEBUG neutron.api.rpc.handlers.dhcp_rpc [req-5b2fc272-952b-4c4b-b8e3-10ea89317b3e - - - - -] get_active_networks_info from cn-jenkins-deploy-platform-ansible-os-4209-1 get_active_networks_info /var/lib/kolla/venv/lib/python3.6/site-packages/neutron/api/rpc/handlers/dhcp_rpc.py:159
2025-10-02 01:43:11.330 26 DEBUG neutron_lib.callbacks.manager [req-4eb652af-17db-4a59-b6a9-075f7549e73d - - - - -] Publish callbacks ['neutron.services.segments.db._update_segment_host_mapping_for_agent-8778178200640', 'neutron.services.l3_router.l3_router_plugin.DVRResourceOperationHandler.create_fip_agent_gw_ports-1666749'] for agent (e041bb84-7b33-4aef-996e-4faac8c5a8b0), after_create _notify_loop /var/lib/kolla/venv/lib/python3.6/site-packages/neutron_lib/callbacks/manager.py:177
2025-10-02 01:43:11.347 24 DEBUG neutron.scheduler.dhcp_agent_scheduler [req-5b2fc272-952b-4c4b-b8e3-10ea89317b3e - - - - -] No non-hosted networks auto_schedule_networks /var/lib/kolla/venv/lib/python3.6/site-packages/neutron/scheduler/dhcp_agent_scheduler.py:60
2025-10-02 01:43:28.805 27 DEBUG neutron_lib.callbacks.manager [req-24fa6a59-80aa-4d3f-b3c1-926a2c30659f - - - - -] Publish callbacks ['neutron.services.segments.db._update_segment_host_mapping_for_agent-8778178200640', 'neutron.services.l3_router.l3_router_plugin.DVRResourceOperationHandler.create_fip_agent_gw_ports-1666749'] for agent (04db3536-ef67-4ee2-82be-3535eef37471), after_create _notify_loop /var/lib/kolla/venv/lib/python3.6/site-packages/neutron_lib/callbacks/manager.py:177
2025-10-02 01:43:39.429 22 DEBUG neutron.wsgi [-] (22) accepted ('10.0.0.131', 35676) server /var/lib/kolla/venv/lib/python3.6/site-packages/eventlet/wsgi.py:1004
2025-10-02 01:43:39.432 22 INFO neutron.wsgi [-] 10.0.0.131 "GET / HTTP/1.1" status: 200 len: 228 time: 0.0030377
2025-10-02 01:43:41.315 28 DEBUG neutron_lib.callbacks.manager [req-3f07995d-2be4-44e9-838d-03ddd10ef659 - - - - -] Publish callbacks ['neutron.services.segments.db._update_segment_host_mapping_for_agent-8778178200640', 'neutron.plugins.ml2.plugin.Ml2Plugin._retry_binding_revived_agents--9223372036853438472'] for agent (e041bb84-7b33-4aef-996e-4faac8c5a8b0), after_update _notify_loop /var/lib/kolla/venv/lib/python3.6/site-packages/neutron_lib/callbacks/manager.py:177
2025-10-02 01:43:49.426 29 DEBUG neutron.db.agents_db [req-7a2f105f-83dd-421c-a76f-8097f88104ae - - - - -] Agent healthcheck: found 2 active agents agent_health_check /var/lib/kolla/venv/lib/python3.6/site-packages/neutron/db/agents_db.py:318
2025-10-02 01:43:58.783 25 DEBUG neutron_lib.callbacks.manager [req-24fa6a59-80aa-4d3f-b3c1-926a2c30659f - - - - -] Publish callbacks ['neutron.services.segments.db._update_segment_host_mapping_for_agent-8778178200640', 'neutron.plugins.ml2.plugin.Ml2Plugin._retry_binding_revived_agents--9223372036853438472'] for agent (04db3536-ef67-4ee2-82be-3535eef37471), after_update _notify_loop /var/lib/kolla/venv/lib/python3.6/site-packages/neutron_lib/callbacks/manager.py:177
2025-10-02 01:44:09.474 22 DEBUG neutron.wsgi [-] (22) accepted ('10.0.0.131', 41802) server /var/lib/kolla/venv/lib/python3.6/site-packages/eventlet/wsgi.py:1004
2025-10-02 01:44:09.477 22 INFO neutron.wsgi [-] 10.0.0.131 "GET / HTTP/1.1" status: 200 len: 228 time: 0.0025389
2025-10-02 01:44:11.310 24 DEBUG neutron_lib.callbacks.manager [req-54270bd0-0478-4755-b310-b0e853a1ac18 - - - - -] Publish callbacks ['neutron.services.segments.db._update_segment_host_mapping_for_agent-8778178200640', 'neutron.plugins.ml2.plugin.Ml2Plugin._retry_binding_revived_agents--9223372036853438472'] for agent (e041bb84-7b33-4aef-996e-4faac8c5a8b0), after_update _notify_loop /var/lib/kolla/venv/lib/python3.6/site-packages/neutron_lib/callbacks/manager.py:177
2025-10-02 01:44:26.421 29 DEBUG neutron.db.agents_db [req-7a2f105f-83dd-421c-a76f-8097f88104ae - - - - -] Agent healthcheck: found 2 active agents agent_health_check /var/lib/kolla/venv/lib/python3.6/site-packages/neutron/db/agents_db.py:318
2025-10-02 01:44:28.783 23 DEBUG neutron_lib.callbacks.manager [req-24fa6a59-80aa-4d3f-b3c1-926a2c30659f - - - - -] Publish callbacks ['neutron.services.segments.db._update_segment_host_mapping_for_agent-8778178200640', 'neutron.plugins.ml2.plugin.Ml2Plugin._retry_binding_revived_agents--9223372036853438472'] for agent (04db3536-ef67-4ee2-82be-3535eef37471), after_update _notify_loop /var/lib/kolla/venv/lib/python3.6/site-packages/neutron_lib/callbacks/manager.py:177
2025-10-02 01:44:39.517 22 DEBUG neutron.wsgi [-] (22) accepted ('10.0.0.131', 42538) server /var/lib/kolla/venv/lib/python3.6/site-packages/eventlet/wsgi.py:1004
2025-10-02 01:44:39.520 22 INFO neutron.wsgi [-] 10.0.0.131 "GET / HTTP/1.1" status: 200 len: 228 time: 0.0024416
2025-10-02 01:44:41.307 26 DEBUG neutron_lib.callbacks.manager [req-66e483cf-450e-4255-bda6-961b9c2da93f - - - - -] Publish callbacks ['neutron.services.segments.db._update_segment_host_mapping_for_agent-8778178200640', 'neutron.plugins.ml2.plugin.Ml2Plugin._retry_binding_revived_agents--9223372036853438472'] for agent (e041bb84-7b33-4aef-996e-4faac8c5a8b0), after_update _notify_loop /var/lib/kolla/venv/lib/python3.6/site-packages/neutron_lib/callbacks/manager.py:177
2025-10-02 01:44:58.774 27 DEBUG neutron_lib.callbacks.manager [req-24fa6a59-80aa-4d3f-b3c1-926a2c30659f - - - - -] Publish callbacks ['neutron.services.segments.db._update_segment_host_mapping_for_agent-8778178200640', 'neutron.plugins.ml2.plugin.Ml2Plugin._retry_binding_revived_agents--9223372036853438472'] for agent (04db3536-ef67-4ee2-82be-3535eef37471), after_update _notify_loop /var/lib/kolla/venv/lib/python3.6/site-packages/neutron_lib/callbacks/manager.py:177
2025-10-02 01:45:03.427 29 DEBUG neutron.db.agents_db [req-7a2f105f-83dd-421c-a76f-8097f88104ae - - - - -] Agent healthcheck: found 2 active agents agent_health_check /var/lib/kolla/venv/lib/python3.6/site-packages/neutron/db/agents_db.py:318
2025-10-02 01:45:09.560 22 DEBUG neutron.wsgi [-] (22) accepted ('10.0.0.131', 34042) server /var/lib/kolla/venv/lib/python3.6/site-packages/eventlet/wsgi.py:1004
2025-10-02 01:45:09.564 22 INFO neutron.wsgi [-] 10.0.0.131 "GET / HTTP/1.1" status: 200 len: 228 time: 0.0029881
2025-10-02 01:45:11.303 28 DEBUG neutron_lib.callbacks.manager [req-6314ecc3-dd71-45b4-8eb9-338e6f5c2dfc - - - - -] Publish callbacks ['neutron.services.segments.db._update_segment_host_mapping_for_agent-8778178200640', 'neutron.plugins.ml2.plugin.Ml2Plugin._retry_binding_revived_agents--9223372036853438472'] for agent (e041bb84-7b33-4aef-996e-4faac8c5a8b0), after_update _notify_loop /var/lib/kolla/venv/lib/python3.6/site-packages/neutron_lib/callbacks/manager.py:177
2025-10-02 01:45:28.773 25 DEBUG neutron_lib.callbacks.manager [req-24fa6a59-80aa-4d3f-b3c1-926a2c30659f - - - - -] Publish callbacks ['neutron.services.segments.db._update_segment_host_mapping_for_agent-8778178200640', 'neutron.plugins.ml2.plugin.Ml2Plugin._retry_binding_revived_agents--9223372036853438472'] for agent (04db3536-ef67-4ee2-82be-3535eef37471), after_update _notify_loop /var/lib/kolla/venv/lib/python3.6/site-packages/neutron_lib/callbacks/manager.py:177
2025-10-02 01:45:39.607 22 DEBUG neutron.wsgi [-] (22) accepted ('10.0.0.131', 55198) server /var/lib/kolla/venv/lib/python3.6/site-packages/eventlet/wsgi.py:1004
2025-10-02 01:45:39.613 22 INFO neutron.wsgi [-] 10.0.0.131 "GET / HTTP/1.1" status: 200 len: 228 time: 0.0044646
2025-10-02 01:45:40.425 29 DEBUG neutron.db.agents_db [req-7a2f105f-83dd-421c-a76f-8097f88104ae - - - - -] Agent healthcheck: found 2 active agents agent_health_check /var/lib/kolla/venv/lib/python3.6/site-packages/neutron/db/agents_db.py:318
2025-10-02 01:45:41.300 24 DEBUG neutron_lib.callbacks.manager [req-a1f06ed7-acf1-4b53-b9d9-416b6fd12edc - - - - -] Publish callbacks ['neutron.services.segments.db._update_segment_host_mapping_for_agent-8778178200640', 'neutron.plugins.ml2.plugin.Ml2Plugin._retry_binding_revived_agents--9223372036853438472'] for agent (e041bb84-7b33-4aef-996e-4faac8c5a8b0), after_update _notify_loop /var/lib/kolla/venv/lib/python3.6/site-packages/neutron_lib/callbacks/manager.py:177
2025-10-02 01:45:58.777 23 DEBUG neutron_lib.callbacks.manager [req-24fa6a59-80aa-4d3f-b3c1-926a2c30659f - - - - -] Publish callbacks ['neutron.services.segments.db._update_segment_host_mapping_for_agent-8778178200640', 'neutron.plugins.ml2.plugin.Ml2Plugin._retry_binding_revived_agents--9223372036853438472'] for agent (04db3536-ef67-4ee2-82be-3535eef37471), after_update _notify_loop /var/lib/kolla/venv/lib/python3.6/site-packages/neutron_lib/callbacks/manager.py:177
2025-10-02 01:46:09.654 22 DEBUG neutron.wsgi [-] (22) accepted ('10.0.0.131', 50314) server /var/lib/kolla/venv/lib/python3.6/site-packages/eventlet/wsgi.py:1004
2025-10-02 01:46:09.657 22 INFO neutron.wsgi [-] 10.0.0.131 "GET / HTTP/1.1" status: 200 len: 228 time: 0.0024686
2025-10-02 01:46:11.307 26 DEBUG neutron_lib.callbacks.manager [req-2faf5408-e8d3-4750-befe-494be8b9bea0 - - - - -] Publish callbacks ['neutron.services.segments.db._update_segment_host_mapping_for_agent-8778178200640', 'neutron.plugins.ml2.plugin.Ml2Plugin._retry_binding_revived_agents--9223372036853438472'] for agent (e041bb84-7b33-4aef-996e-4faac8c5a8b0), after_update _notify_loop /var/lib/kolla/venv/lib/python3.6/site-packages/neutron_lib/callbacks/manager.py:177
2025-10-02 01:46:17.425 29 DEBUG neutron.db.agents_db [req-7a2f105f-83dd-421c-a76f-8097f88104ae - - - - -] Agent healthcheck: found 2 active agents agent_health_check /var/lib/kolla/venv/lib/python3.6/site-packages/neutron/db/agents_db.py:318
2025-10-02 01:46:28.778 27 DEBUG neutron_lib.callbacks.manager [req-24fa6a59-80aa-4d3f-b3c1-926a2c30659f - - - - -] Publish callbacks ['neutron.services.segments.db._update_segment_host_mapping_for_agent-8778178200640', 'neutron.plugins.ml2.plugin.Ml2Plugin._retry_binding_revived_agents--9223372036853438472'] for agent (04db3536-ef67-4ee2-82be-3535eef37471), after_update _notify_loop /var/lib/kolla/venv/lib/python3.6/site-packages/neutron_lib/callbacks/manager.py:177
2025-10-02 01:46:39.697 22 DEBUG neutron.wsgi [-] (22) accepted ('10.0.0.131', 44576) server /var/lib/kolla/venv/lib/python3.6/site-packages/eventlet/wsgi.py:1004
2025-10-02 01:46:39.700 22 INFO neutron.wsgi [-] 10.0.0.131 "GET / HTTP/1.1" status: 200 len: 228 time: 0.0027380
2025-10-02 01:46:41.293 28 DEBUG neutron_lib.callbacks.manager [req-92a3d1ea-ec11-481c-acff-0b93ce68e9e9 - - - - -] Publish callbacks ['neutron.services.segments.db._update_segment_host_mapping_for_agent-8778178200640', 'neutron.plugins.ml2.plugin.Ml2Plugin._retry_binding_revived_agents--9223372036853438472'] for agent (e041bb84-7b33-4aef-996e-4faac8c5a8b0), after_update _notify_loop /var/lib/kolla/venv/lib/python3.6/site-packages/neutron_lib/callbacks/manager.py:177
2025-10-02 01:46:54.422 29 DEBUG neutron.db.agents_db [req-7a2f105f-83dd-421c-a76f-8097f88104ae - - - - -] Agent healthcheck: found 2 active agents agent_health_check /var/lib/kolla/venv/lib/python3.6/site-packages/neutron/db/agents_db.py:318
2025-10-02 01:46:58.782 25 DEBUG neutron_lib.callbacks.manager [req-24fa6a59-80aa-4d3f-b3c1-926a2c30659f - - - - -] Publish callbacks ['neutron.services.segments.db._update_segment_host_mapping_for_agent-8778178200640', 'neutron.plugins.ml2.plugin.Ml2Plugin._retry_binding_revived_agents--9223372036853438472'] for agent (04db3536-ef67-4ee2-82be-3535eef37471), after_update _notify_loop /var/lib/kolla/venv/lib/python3.6/site-packages/neutron_lib/callbacks/manager.py:177
2025-10-02 01:47:09.742 22 DEBUG neutron.wsgi [-] (22) accepted ('10.0.0.131', 36830) server /var/lib/kolla/venv/lib/python3.6/site-packages/eventlet/wsgi.py:1004
2025-10-02 01:47:09.745 22 INFO neutron.wsgi [-] 10.0.0.131 "GET / HTTP/1.1" status: 200 len: 228 time: 0.0025094
2025-10-02 01:47:11.298 24 DEBUG neutron_lib.callbacks.manager [req-dd2e5015-c6e1-4c8f-81e0-4a42909beb8a - - - - -] Publish callbacks ['neutron.services.segments.db._update_segment_host_mapping_for_agent-8778178200640', 'neutron.plugins.ml2.plugin.Ml2Plugin._retry_binding_revived_agents--9223372036853438472'] for agent (e041bb84-7b33-4aef-996e-4faac8c5a8b0), after_update _notify_loop /var/lib/kolla/venv/lib/python3.6/site-packages/neutron_lib/callbacks/manager.py:177
2025-10-02 01:47:28.784 23 DEBUG neutron_lib.callbacks.manager [req-24fa6a59-80aa-4d3f-b3c1-926a2c30659f - - - - -] Publish callbacks ['neutron.services.segments.db._update_segment_host_mapping_for_agent-8778178200640', 'neutron.plugins.ml2.plugin.Ml2Plugin._retry_binding_revived_agents--9223372036853438472'] for agent (04db3536-ef67-4ee2-82be-3535eef37471), after_update _notify_loop /var/lib/kolla/venv/lib/python3.6/site-packages/neutron_lib/callbacks/manager.py:177
2025-10-02 01:47:31.431 29 DEBUG neutron.db.agents_db [req-7a2f105f-83dd-421c-a76f-8097f88104ae - - - - -] Agent healthcheck: found 2 active agents agent_health_check /var/lib/kolla/venv/lib/python3.6/site-packages/neutron/db/agents_db.py:318
2025-10-02 01:47:39.786 22 DEBUG neutron.wsgi [-] (22) accepted ('10.0.0.131', 35534) server /var/lib/kolla/venv/lib/python3.6/site-packages/eventlet/wsgi.py:1004
2025-10-02 01:47:39.790 22 INFO neutron.wsgi [-] 10.0.0.131 "GET / HTTP/1.1" status: 200 len: 228 time: 0.0024626
2025-10-02 01:47:41.294 26 DEBUG neutron_lib.callbacks.manager [req-d6723338-b0b2-45b9-bdfb-30c4ae1e5d2f - - - - -] Publish callbacks ['neutron.services.segments.db._update_segment_host_mapping_for_agent-8778178200640', 'neutron.plugins.ml2.plugin.Ml2Plugin._retry_binding_revived_agents--9223372036853438472'] for agent (e041bb84-7b33-4aef-996e-4faac8c5a8b0), after_update _notify_loop /var/lib/kolla/venv/lib/python3.6/site-packages/neutron_lib/callbacks/manager.py:177
2025-10-02 01:47:58.787 27 DEBUG neutron_lib.callbacks.manager [req-24fa6a59-80aa-4d3f-b3c1-926a2c30659f - - - - -] Publish callbacks ['neutron.services.segments.db._update_segment_host_mapping_for_agent-8778178200640', 'neutron.plugins.ml2.plugin.Ml2Plugin._retry_binding_revived_agents--9223372036853438472'] for agent (04db3536-ef67-4ee2-82be-3535eef37471), after_update _notify_loop /var/lib/kolla/venv/lib/python3.6/site-packages/neutron_lib/callbacks/manager.py:177
2025-10-02 01:48:08.425 29 DEBUG neutron.db.agents_db [req-7a2f105f-83dd-421c-a76f-8097f88104ae - - - - -] Agent healthcheck: found 2 active agents agent_health_check /var/lib/kolla/venv/lib/python3.6/site-packages/neutron/db/agents_db.py:318
2025-10-02 01:48:09.835 22 DEBUG neutron.wsgi [-] (22) accepted ('10.0.0.131', 47280) server /var/lib/kolla/venv/lib/python3.6/site-packages/eventlet/wsgi.py:1004
2025-10-02 01:48:09.840 22 INFO neutron.wsgi [-] 10.0.0.131 "GET / HTTP/1.1" status: 200 len: 228 time: 0.0027323
2025-10-02 01:48:11.299 28 DEBUG neutron_lib.callbacks.manager [req-1ab1d8a6-bb19-42eb-8ad0-b67925774087 - - - - -] Publish callbacks ['neutron.services.segments.db._update_segment_host_mapping_for_agent-8778178200640', 'neutron.plugins.ml2.plugin.Ml2Plugin._retry_binding_revived_agents--9223372036853438472'] for agent (e041bb84-7b33-4aef-996e-4faac8c5a8b0), after_update _notify_loop /var/lib/kolla/venv/lib/python3.6/site-packages/neutron_lib/callbacks/manager.py:177
2025-10-02 01:48:28.795 25 DEBUG neutron_lib.callbacks.manager [req-24fa6a59-80aa-4d3f-b3c1-926a2c30659f - - - - -] Publish callbacks ['neutron.services.segments.db._update_segment_host_mapping_for_agent-8778178200640', 'neutron.plugins.ml2.plugin.Ml2Plugin._retry_binding_revived_agents--9223372036853438472'] for agent (04db3536-ef67-4ee2-82be-3535eef37471), after_update _notify_loop /var/lib/kolla/venv/lib/python3.6/site-packages/neutron_lib/callbacks/manager.py:177
2025-10-02 01:48:39.884 22 DEBUG neutron.wsgi [-] (22) accepted ('10.0.0.131', 60302) server /var/lib/kolla/venv/lib/python3.6/site-packages/eventlet/wsgi.py:1004
2025-10-02 01:48:39.889 22 INFO neutron.wsgi [-] 10.0.0.131 "GET / HTTP/1.1" status: 200 len: 228 time: 0.0031328
2025-10-02 01:48:41.305 24 DEBUG neutron_lib.callbacks.manager [req-d5973f99-ed9c-4cab-8e4f-eb88869dce91 - - - - -] Publish callbacks ['neutron.services.segments.db._update_segment_host_mapping_for_agent-8778178200640', 'neutron.plugins.ml2.plugin.Ml2Plugin._retry_binding_revived_agents--9223372036853438472'] for agent (e041bb84-7b33-4aef-996e-4faac8c5a8b0), after_update _notify_loop /var/lib/kolla/venv/lib/python3.6/site-packages/neutron_lib/callbacks/manager.py:177
2025-10-02 01:48:45.434 29 DEBUG neutron.db.agents_db [req-7a2f105f-83dd-421c-a76f-8097f88104ae - - - - -] Agent healthcheck: found 2 active agents agent_health_check /var/lib/kolla/venv/lib/python3.6/site-packages/neutron/db/agents_db.py:318
2025-10-02 01:48:58.803 23 DEBUG neutron_lib.callbacks.manager [req-24fa6a59-80aa-4d3f-b3c1-926a2c30659f - - - - -] Publish callbacks ['neutron.services.segments.db._update_segment_host_mapping_for_agent-8778178200640', 'neutron.plugins.ml2.plugin.Ml2Plugin._retry_binding_revived_agents--9223372036853438472'] for agent (04db3536-ef67-4ee2-82be-3535eef37471), after_update _notify_loop /var/lib/kolla/venv/lib/python3.6/site-packages/neutron_lib/callbacks/manager.py:177
2025-10-02 01:49:09.931 22 DEBUG neutron.wsgi [-] (22) accepted ('10.0.0.131', 39524) server /var/lib/kolla/venv/lib/python3.6/site-packages/eventlet/wsgi.py:1004
2025-10-02 01:49:09.934 22 INFO neutron.wsgi [-] 10.0.0.131 "GET / HTTP/1.1" status: 200 len: 228 time: 0.0024240
2025-10-02 01:49:11.402 26 DEBUG neutron_lib.callbacks.manager [req-970b0668-859e-43fa-8483-c87ea509149b - - - - -] Publish callbacks ['neutron.services.segments.db._update_segment_host_mapping_for_agent-8778178200640', 'neutron.plugins.ml2.plugin.Ml2Plugin._retry_binding_revived_agents--9223372036853438472'] for agent (e041bb84-7b33-4aef-996e-4faac8c5a8b0), after_update _notify_loop /var/lib/kolla/venv/lib/python3.6/site-packages/neutron_lib/callbacks/manager.py:177
2025-10-02 01:49:22.435 29 DEBUG neutron.db.agents_db [req-7a2f105f-83dd-421c-a76f-8097f88104ae - - - - -] Agent healthcheck: found 2 active agents agent_health_check /var/lib/kolla/venv/lib/python3.6/site-packages/neutron/db/agents_db.py:318
2025-10-02 01:49:28.795 27 DEBUG neutron_lib.callbacks.manager [req-24fa6a59-80aa-4d3f-b3c1-926a2c30659f - - - - -] Publish callbacks ['neutron.services.segments.db._update_segment_host_mapping_for_agent-8778178200640', 'neutron.plugins.ml2.plugin.Ml2Plugin._retry_binding_revived_agents--9223372036853438472'] for agent (04db3536-ef67-4ee2-82be-3535eef37471), after_update _notify_loop /var/lib/kolla/venv/lib/python3.6/site-packages/neutron_lib/callbacks/manager.py:177
2025-10-02 01:49:39.978 22 DEBUG neutron.wsgi [-] (22) accepted ('10.0.0.131', 59392) server /var/lib/kolla/venv/lib/python3.6/site-packages/eventlet/wsgi.py:1004
2025-10-02 01:49:39.981 22 INFO neutron.wsgi [-] 10.0.0.131 "GET / HTTP/1.1" status: 200 len: 228 time: 0.0025768
2025-10-02 01:49:41.309 28 DEBUG neutron_lib.callbacks.manager [req-04ac45f3-5887-4439-bcd3-1d73b7c38c88 - - - - -] Publish callbacks ['neutron.services.segments.db._update_segment_host_mapping_for_agent-8778178200640', 'neutron.plugins.ml2.plugin.Ml2Plugin._retry_binding_revived_agents--9223372036853438472'] for agent (e041bb84-7b33-4aef-996e-4faac8c5a8b0), after_update _notify_loop /var/lib/kolla/venv/lib/python3.6/site-packages/neutron_lib/callbacks/manager.py:177
2025-10-02 01:49:58.797 25 DEBUG neutron_lib.callbacks.manager [req-24fa6a59-80aa-4d3f-b3c1-926a2c30659f - - - - -] Publish callbacks ['neutron.services.segments.db._update_segment_host_mapping_for_agent-8778178200640', 'neutron.plugins.ml2.plugin.Ml2Plugin._retry_binding_revived_agents--9223372036853438472'] for agent (04db3536-ef67-4ee2-82be-3535eef37471), after_update _notify_loop /var/lib/kolla/venv/lib/python3.6/site-packages/neutron_lib/callbacks/manager.py:177
2025-10-02 01:49:59.432 29 DEBUG neutron.db.agents_db [req-7a2f105f-83dd-421c-a76f-8097f88104ae - - - - -] Agent healthcheck: found 2 active agents agent_health_check /var/lib/kolla/venv/lib/python3.6/site-packages/neutron/db/agents_db.py:318
2025-10-02 01:50:10.023 22 DEBUG neutron.wsgi [-] (22) accepted ('10.0.0.131', 58710) server /var/lib/kolla/venv/lib/python3.6/site-packages/eventlet/wsgi.py:1004
2025-10-02 01:50:10.027 22 INFO neutron.wsgi [-] 10.0.0.131 "GET / HTTP/1.1" status: 200 len: 228 time: 0.0024383
2025-10-02 01:50:11.308 24 DEBUG neutron_lib.callbacks.manager [req-16c99e71-d4bb-4c98-a371-d222065d4650 - - - - -] Publish callbacks ['neutron.services.segments.db._update_segment_host_mapping_for_agent-8778178200640', 'neutron.plugins.ml2.plugin.Ml2Plugin._retry_binding_revived_agents--9223372036853438472'] for agent (e041bb84-7b33-4aef-996e-4faac8c5a8b0), after_update _notify_loop /var/lib/kolla/venv/lib/python3.6/site-packages/neutron_lib/callbacks/manager.py:177
2025-10-02 01:50:28.800 23 DEBUG neutron_lib.callbacks.manager [req-24fa6a59-80aa-4d3f-b3c1-926a2c30659f - - - - -] Publish callbacks ['neutron.services.segments.db._update_segment_host_mapping_for_agent-8778178200640', 'neutron.plugins.ml2.plugin.Ml2Plugin._retry_binding_revived_agents--9223372036853438472'] for agent (04db3536-ef67-4ee2-82be-3535eef37471), after_update _notify_loop /var/lib/kolla/venv/lib/python3.6/site-packages/neutron_lib/callbacks/manager.py:177
2025-10-02 01:50:36.430 29 DEBUG neutron.db.agents_db [req-7a2f105f-83dd-421c-a76f-8097f88104ae - - - - -] Agent healthcheck: found 2 active agents agent_health_check /var/lib/kolla/venv/lib/python3.6/site-packages/neutron/db/agents_db.py:318
2025-10-02 01:50:40.069 22 DEBUG neutron.wsgi [-] (22) accepted ('10.0.0.131', 35886) server /var/lib/kolla/venv/lib/python3.6/site-packages/eventlet/wsgi.py:1004
2025-10-02 01:50:40.075 22 INFO neutron.wsgi [-] 10.0.0.131 "GET / HTTP/1.1" status: 200 len: 228 time: 0.0045099
2025-10-02 01:50:41.316 26 DEBUG neutron_lib.callbacks.manager [req-2cc93c3e-7fbe-489a-b326-155fa5039389 - - - - -] Publish callbacks ['neutron.services.segments.db._update_segment_host_mapping_for_agent-8778178200640', 'neutron.plugins.ml2.plugin.Ml2Plugin._retry_binding_revived_agents--9223372036853438472'] for agent (e041bb84-7b33-4aef-996e-4faac8c5a8b0), after_update _notify_loop /var/lib/kolla/venv/lib/python3.6/site-packages/neutron_lib/callbacks/manager.py:177
2025-10-02 01:50:58.801 27 DEBUG neutron_lib.callbacks.manager [req-24fa6a59-80aa-4d3f-b3c1-926a2c30659f - - - - -] Publish callbacks ['neutron.services.segments.db._update_segment_host_mapping_for_agent-8778178200640', 'neutron.plugins.ml2.plugin.Ml2Plugin._retry_binding_revived_agents--9223372036853438472'] for agent (04db3536-ef67-4ee2-82be-3535eef37471), after_update _notify_loop /var/lib/kolla/venv/lib/python3.6/site-packages/neutron_lib/callbacks/manager.py:177
2025-10-02 01:51:04.639 7 INFO oslo_service.service [-] Caught SIGTERM, stopping children
2025-10-02 01:51:04.640 7 DEBUG oslo_concurrency.lockutils [-] Acquired lock "singleton_lock" lock /var/lib/kolla/venv/lib/python3.6/site-packages/oslo_concurrency/lockutils.py:294
2025-10-02 01:51:04.641 7 DEBUG oslo_concurrency.lockutils [-] Releasing lock "singleton_lock" lock /var/lib/kolla/venv/lib/python3.6/site-packages/oslo_concurrency/lockutils.py:312
2025-10-02 01:51:04.641 7 DEBUG oslo_service.service [-] Stop services. stop /var/lib/kolla/venv/lib/python3.6/site-packages/oslo_service/service.py:695
2025-10-02 01:51:04.641 7 DEBUG neutron.service [-] calling RpcWorker stop() stop /var/lib/kolla/venv/lib/python3.6/site-packages/neutron/service.py:138
2025-10-02 01:51:04.641 7 DEBUG neutron.service [-] calling RpcWorker stop() stop /var/lib/kolla/venv/lib/python3.6/site-packages/neutron/service.py:138
2025-10-02 01:51:04.641 7 DEBUG oslo_service.service [-] Killing children. stop /var/lib/kolla/venv/lib/python3.6/site-packages/oslo_service/service.py:700
2025-10-02 01:51:04.642 7 INFO oslo_service.service [-] Waiting on 8 children to exit
2025-10-02 01:51:04.643 22 INFO neutron.wsgi [-] (22) wsgi exited, is_accepting=True
2025-10-02 01:51:04.643 26 DEBUG neutron.service [-] calling RpcWorker stop() stop /var/lib/kolla/venv/lib/python3.6/site-packages/neutron/service.py:138
2025-10-02 01:51:04.643 29 DEBUG neutron.service [-] calling RpcWorker stop() stop /var/lib/kolla/venv/lib/python3.6/site-packages/neutron/service.py:138
2025-10-02 01:51:04.644 22 DEBUG oslo_concurrency.lockutils [req-1bb5ad04-eb37-41f3-820e-0c6766c9e6ed - - - - -] Acquired lock "singleton_lock" lock /var/lib/kolla/venv/lib/python3.6/site-packages/oslo_concurrency/lockutils.py:294
2025-10-02 01:51:04.644 22 DEBUG oslo_concurrency.lockutils [req-1bb5ad04-eb37-41f3-820e-0c6766c9e6ed - - - - -] Releasing lock "singleton_lock" lock /var/lib/kolla/venv/lib/python3.6/site-packages/oslo_concurrency/lockutils.py:312
2025-10-02 01:51:04.644 25 DEBUG neutron.service [-] calling RpcWorker stop() stop /var/lib/kolla/venv/lib/python3.6/site-packages/neutron/service.py:138
2025-10-02 01:51:04.645 27 DEBUG neutron.service [-] calling RpcWorker stop() stop /var/lib/kolla/venv/lib/python3.6/site-packages/neutron/service.py:138
2025-10-02 01:51:04.644 29 DEBUG neutron.service [-] calling stop on stop /var/lib/kolla/venv/lib/python3.6/site-packages/neutron/service.py:141
2025-10-02 01:51:04.644 26 DEBUG neutron.service [-] calling stop on stop /var/lib/kolla/venv/lib/python3.6/site-packages/neutron/service.py:141
2025-10-02 01:51:04.646 23 DEBUG neutron.service [-] calling RpcWorker stop() stop /var/lib/kolla/venv/lib/python3.6/site-packages/neutron/service.py:138
2025-10-02 01:51:04.645 27 DEBUG neutron.service [-] calling stop on stop /var/lib/kolla/venv/lib/python3.6/site-packages/neutron/service.py:141
2025-10-02 01:51:04.646 23 DEBUG neutron.service [-] calling stop on stop /var/lib/kolla/venv/lib/python3.6/site-packages/neutron/service.py:141
2025-10-02 01:51:04.652 7 INFO oslo_service.service [-] Child 22 exited with status 0
2025-10-02 01:51:04.652 24 DEBUG neutron.service [-] calling RpcWorker stop() stop /var/lib/kolla/venv/lib/python3.6/site-packages/neutron/service.py:138
2025-10-02 01:51:04.652 24 DEBUG neutron.service [-] calling stop on stop /var/lib/kolla/venv/lib/python3.6/site-packages/neutron/service.py:141
2025-10-02 01:51:04.645 25 DEBUG neutron.service [-] calling stop on stop /var/lib/kolla/venv/lib/python3.6/site-packages/neutron/service.py:141
2025-10-02 01:51:04.658 28 DEBUG neutron.service [-] calling RpcWorker stop() stop /var/lib/kolla/venv/lib/python3.6/site-packages/neutron/service.py:138
2025-10-02 01:51:04.658 28 DEBUG neutron.service [-] calling stop on stop /var/lib/kolla/venv/lib/python3.6/site-packages/neutron/service.py:141
2025-10-02 01:51:06.995 27 DEBUG oslo_concurrency.lockutils [req-1bb5ad04-eb37-41f3-820e-0c6766c9e6ed - - - - -] Acquired lock "singleton_lock" lock /var/lib/kolla/venv/lib/python3.6/site-packages/oslo_concurrency/lockutils.py:294
2025-10-02 01:51:06.996 27 DEBUG oslo_concurrency.lockutils [req-1bb5ad04-eb37-41f3-820e-0c6766c9e6ed - - - - -] Releasing lock "singleton_lock" lock /var/lib/kolla/venv/lib/python3.6/site-packages/oslo_concurrency/lockutils.py:312
2025-10-02 01:51:06.996 27 DEBUG neutron.service [req-1bb5ad04-eb37-41f3-820e-0c6766c9e6ed - - - - -] calling RpcWorker wait() _wait /var/lib/kolla/venv/lib/python3.6/site-packages/neutron/service.py:128
2025-10-02 01:51:06.996 27 DEBUG neutron.service [req-1bb5ad04-eb37-41f3-820e-0c6766c9e6ed - - - - -] calling wait on _wait /var/lib/kolla/venv/lib/python3.6/site-packages/neutron/service.py:131
2025-10-02 01:51:07.002 27 WARNING amqp [req-1bb5ad04-eb37-41f3-820e-0c6766c9e6ed - - - - -] Received method (60, 30) during closing channel 1. This method will be ignored
2025-10-02 01:51:07.004 27 DEBUG neutron.service [req-1bb5ad04-eb37-41f3-820e-0c6766c9e6ed - - - - -] returning from RpcWorker wait() _wait /var/lib/kolla/venv/lib/python3.6/site-packages/neutron/service.py:135
2025-10-02 01:51:07.010 7 INFO oslo_service.service [-] Child 27 exited with status 0
2025-10-02 01:51:09.500 26 DEBUG oslo_concurrency.lockutils [req-1bb5ad04-eb37-41f3-820e-0c6766c9e6ed - - - - -] Acquired lock "singleton_lock" lock /var/lib/kolla/venv/lib/python3.6/site-packages/oslo_concurrency/lockutils.py:294
2025-10-02 01:51:09.501 26 DEBUG oslo_concurrency.lockutils [req-1bb5ad04-eb37-41f3-820e-0c6766c9e6ed - - - - -] Releasing lock "singleton_lock" lock /var/lib/kolla/venv/lib/python3.6/site-packages/oslo_concurrency/lockutils.py:312
2025-10-02 01:51:09.501 26 DEBUG neutron.service [req-1bb5ad04-eb37-41f3-820e-0c6766c9e6ed - - - - -] calling RpcWorker wait() _wait /var/lib/kolla/venv/lib/python3.6/site-packages/neutron/service.py:128
2025-10-02 01:51:09.501 26 DEBUG neutron.service [req-1bb5ad04-eb37-41f3-820e-0c6766c9e6ed - - - - -] calling wait on _wait /var/lib/kolla/venv/lib/python3.6/site-packages/neutron/service.py:131
2025-10-02 01:51:09.507 26 WARNING amqp [req-1bb5ad04-eb37-41f3-820e-0c6766c9e6ed - - - - -] Received method (60, 30) during closing channel 1. This method will be ignored
2025-10-02 01:51:09.508 26 DEBUG neutron.service [req-1bb5ad04-eb37-41f3-820e-0c6766c9e6ed - - - - -] returning from RpcWorker wait() _wait /var/lib/kolla/venv/lib/python3.6/site-packages/neutron/service.py:135
2025-10-02 01:51:09.513 7 INFO oslo_service.service [-] Child 26 exited with status 0
2025-10-02 01:51:11.300 28 DEBUG oslo_concurrency.lockutils [req-1bb5ad04-eb37-41f3-820e-0c6766c9e6ed - - - - -] Acquired lock "singleton_lock" lock /var/lib/kolla/venv/lib/python3.6/site-packages/oslo_concurrency/lockutils.py:294
2025-10-02 01:51:11.300 28 DEBUG oslo_concurrency.lockutils [req-1bb5ad04-eb37-41f3-820e-0c6766c9e6ed - - - - -] Releasing lock "singleton_lock" lock /var/lib/kolla/venv/lib/python3.6/site-packages/oslo_concurrency/lockutils.py:312
2025-10-02 01:51:11.301 28 DEBUG neutron.service [req-1bb5ad04-eb37-41f3-820e-0c6766c9e6ed - - - - -] calling RpcWorker wait() _wait /var/lib/kolla/venv/lib/python3.6/site-packages/neutron/service.py:128
2025-10-02 01:51:11.301 28 DEBUG neutron.service [req-1bb5ad04-eb37-41f3-820e-0c6766c9e6ed - - - - -] calling wait on _wait /var/lib/kolla/venv/lib/python3.6/site-packages/neutron/service.py:131
2025-10-02 01:51:11.302 28 DEBUG neutron_lib.callbacks.manager [req-f13b22ae-e936-488e-b5bf-b31de76eb594 - - - - -] Publish callbacks ['neutron.services.segments.db._update_segment_host_mapping_for_agent-8778178200640', 'neutron.plugins.ml2.plugin.Ml2Plugin._retry_binding_revived_agents--9223372036853438472'] for agent (e041bb84-7b33-4aef-996e-4faac8c5a8b0), after_update _notify_loop /var/lib/kolla/venv/lib/python3.6/site-packages/neutron_lib/callbacks/manager.py:177
2025-10-02 01:51:11.309 28 WARNING amqp [req-1bb5ad04-eb37-41f3-820e-0c6766c9e6ed - - - - -] Received method (60, 30) during closing channel 1. This method will be ignored
2025-10-02 01:51:11.310 28 DEBUG neutron.service [req-1bb5ad04-eb37-41f3-820e-0c6766c9e6ed - - - - -] returning from RpcWorker wait() _wait /var/lib/kolla/venv/lib/python3.6/site-packages/neutron/service.py:135
2025-10-02 01:51:11.314 7 INFO oslo_service.service [-] Child 28 exited with status 0
2025-10-02 01:51:12.399 23 DEBUG neutron.service [-] calling stop on stop /var/lib/kolla/venv/lib/python3.6/site-packages/neutron/service.py:141
2025-10-02 01:51:12.421 24 DEBUG neutron.service [-] calling stop on stop /var/lib/kolla/venv/lib/python3.6/site-packages/neutron/service.py:141
2025-10-02 01:51:12.425 25 DEBUG neutron.service [-] calling stop on stop /var/lib/kolla/venv/lib/python3.6/site-packages/neutron/service.py:141
2025-10-02 01:51:12.433 25 DEBUG neutron.service [-] calling stop on stop /var/lib/kolla/venv/lib/python3.6/site-packages/neutron/service.py:141
2025-10-02 01:51:12.433 23 DEBUG neutron.service [-] calling stop on stop /var/lib/kolla/venv/lib/python3.6/site-packages/neutron/service.py:141
2025-10-02 01:51:12.436 29 DEBUG oslo_concurrency.lockutils [req-1bb5ad04-eb37-41f3-820e-0c6766c9e6ed - - - - -] Acquired lock "singleton_lock" lock /var/lib/kolla/venv/lib/python3.6/site-packages/oslo_concurrency/lockutils.py:294
2025-10-02 01:51:12.436 29 DEBUG oslo_concurrency.lockutils [req-1bb5ad04-eb37-41f3-820e-0c6766c9e6ed - - - - -] Releasing lock "singleton_lock" lock /var/lib/kolla/venv/lib/python3.6/site-packages/oslo_concurrency/lockutils.py:312
2025-10-02 01:51:12.437 29 DEBUG neutron.service [req-1bb5ad04-eb37-41f3-820e-0c6766c9e6ed - - - - -] calling RpcWorker wait() _wait /var/lib/kolla/venv/lib/python3.6/site-packages/neutron/service.py:128
2025-10-02 01:51:12.437 29 DEBUG neutron.service [req-1bb5ad04-eb37-41f3-820e-0c6766c9e6ed - - - - -] calling wait on _wait /var/lib/kolla/venv/lib/python3.6/site-packages/neutron/service.py:131
2025-10-02 01:51:12.442 25 DEBUG neutron.service [-] calling stop on stop /var/lib/kolla/venv/lib/python3.6/site-packages/neutron/service.py:141
2025-10-02 01:51:12.444 29 WARNING amqp [req-1bb5ad04-eb37-41f3-820e-0c6766c9e6ed - - - - -] Received method (60, 30) during closing channel 1. This method will be ignored
2025-10-02 01:51:12.446 29 DEBUG neutron.service [req-1bb5ad04-eb37-41f3-820e-0c6766c9e6ed - - - - -] returning from RpcWorker wait() _wait /var/lib/kolla/venv/lib/python3.6/site-packages/neutron/service.py:135
2025-10-02 01:51:12.452 7 INFO oslo_service.service [-] Child 29 exited with status 0
2025-10-02 01:51:12.457 25 DEBUG oslo_concurrency.lockutils [req-1bb5ad04-eb37-41f3-820e-0c6766c9e6ed - - - - -] Acquired lock "singleton_lock" lock /var/lib/kolla/venv/lib/python3.6/site-packages/oslo_concurrency/lockutils.py:294
2025-10-02 01:51:12.457 25 DEBUG oslo_concurrency.lockutils [req-1bb5ad04-eb37-41f3-820e-0c6766c9e6ed - - - - -] Releasing lock "singleton_lock" lock /var/lib/kolla/venv/lib/python3.6/site-packages/oslo_concurrency/lockutils.py:312
2025-10-02 01:51:12.457 25 DEBUG neutron.service [req-1bb5ad04-eb37-41f3-820e-0c6766c9e6ed - - - - -] calling RpcWorker wait() _wait /var/lib/kolla/venv/lib/python3.6/site-packages/neutron/service.py:128
2025-10-02 01:51:12.457 25 DEBUG neutron.service [req-1bb5ad04-eb37-41f3-820e-0c6766c9e6ed - - - - -] calling wait on _wait /var/lib/kolla/venv/lib/python3.6/site-packages/neutron/service.py:131
2025-10-02 01:51:12.458 23 DEBUG neutron.service [-] calling stop on stop /var/lib/kolla/venv/lib/python3.6/site-packages/neutron/service.py:141
2025-10-02 01:51:12.462 25 WARNING amqp [req-1bb5ad04-eb37-41f3-820e-0c6766c9e6ed - - - - -] Received method (60, 30) during closing channel 1. This method will be ignored
2025-10-02 01:51:12.464 25 DEBUG neutron.service [req-1bb5ad04-eb37-41f3-820e-0c6766c9e6ed - - - - -] calling wait on _wait /var/lib/kolla/venv/lib/python3.6/site-packages/neutron/service.py:131
2025-10-02 01:51:12.469 25 WARNING amqp [req-1bb5ad04-eb37-41f3-820e-0c6766c9e6ed - - - - -] Received method (60, 30) during closing channel 1. This method will be ignored
2025-10-02 01:51:12.471 25 DEBUG neutron.service [req-1bb5ad04-eb37-41f3-820e-0c6766c9e6ed - - - - -] calling wait on _wait /var/lib/kolla/venv/lib/python3.6/site-packages/neutron/service.py:131
2025-10-02 01:51:12.476 25 WARNING amqp [req-1bb5ad04-eb37-41f3-820e-0c6766c9e6ed - - - - -] Received method (60, 30) during closing channel 1. This method will be ignored
2025-10-02 01:51:12.477 25 DEBUG neutron.service [req-1bb5ad04-eb37-41f3-820e-0c6766c9e6ed - - - - -] calling wait on _wait /var/lib/kolla/venv/lib/python3.6/site-packages/neutron/service.py:131
2025-10-02 01:51:12.483 25 WARNING amqp [req-1bb5ad04-eb37-41f3-820e-0c6766c9e6ed - - - - -] Received method (60, 30) during closing channel 1. This method will be ignored
2025-10-02 01:51:12.485 25 DEBUG neutron.service [req-1bb5ad04-eb37-41f3-820e-0c6766c9e6ed - - - - -] returning from RpcWorker wait() _wait /var/lib/kolla/venv/lib/python3.6/site-packages/neutron/service.py:135
2025-10-02 01:51:12.490 7 INFO oslo_service.service [-] Child 25 exited with status 0
2025-10-02 01:51:18.003 7 INFO neutron.common.config [-] Logging enabled!
2025-10-02 01:51:18.003 7 INFO neutron.common.config [-] /var/lib/kolla/venv/bin/neutron-server version 20.5.1.dev23
2025-10-02 01:51:18.003 7 DEBUG neutron.common.config [-] command line: /var/lib/kolla/venv/bin/neutron-server --config-file /etc/neutron/neutron.conf --config-file /etc/neutron/ContrailPlugin.ini --config-file /etc/neutron/api-paste.ini setup_logging /var/lib/kolla/venv/lib/python3.6/site-packages/neutron/common/config.py:115
2025-10-02 01:51:18.008 7 INFO neutron.common.config [-] Logging enabled!
2025-10-02 01:51:18.008 7 INFO neutron.common.config [-] /var/lib/kolla/venv/bin/neutron-server version 20.5.1.dev23
2025-10-02 01:51:18.008 7 DEBUG neutron.common.config [-] command line: /var/lib/kolla/venv/bin/neutron-server --config-file /etc/neutron/neutron.conf --config-file /etc/neutron/ContrailPlugin.ini --config-file /etc/neutron/api-paste.ini setup_logging /var/lib/kolla/venv/lib/python3.6/site-packages/neutron/common/config.py:115
2025-10-02 01:51:18.010 7 DEBUG neutron.common.config [-] ******************************************************************************** log_opt_values /var/lib/kolla/venv/lib/python3.6/site-packages/oslo_config/cfg.py:2589
2025-10-02 01:51:18.011 7 DEBUG neutron.common.config [-] Configuration options gathered from: log_opt_values /var/lib/kolla/venv/lib/python3.6/site-packages/oslo_config/cfg.py:2590
2025-10-02 01:51:18.011 7 DEBUG neutron.common.config [-] command line args: ['--config-file', '/etc/neutron/neutron.conf', '--config-file', '/etc/neutron/ContrailPlugin.ini', '--config-file', '/etc/neutron/api-paste.ini'] log_opt_values /var/lib/kolla/venv/lib/python3.6/site-packages/oslo_config/cfg.py:2591
2025-10-02 01:51:18.013 7 DEBUG neutron.common.config [-] config files: ['/etc/neutron/neutron.conf', '/etc/neutron/ContrailPlugin.ini', '/etc/neutron/api-paste.ini'] log_opt_values /var/lib/kolla/venv/lib/python3.6/site-packages/oslo_config/cfg.py:2593
2025-10-02 01:51:18.013 7 DEBUG neutron.common.config [-] ================================================================================ log_opt_values /var/lib/kolla/venv/lib/python3.6/site-packages/oslo_config/cfg.py:2594
2025-10-02 01:51:18.014 7 DEBUG neutron.common.config [-] allow_bulk = True log_opt_values /var/lib/kolla/venv/lib/python3.6/site-packages/oslo_config/cfg.py:2603
2025-10-02 01:51:18.014 7 WARNING oslo_config.cfg [-] Deprecated: Option "allow_overlapping_ips" from group "DEFAULT" is deprecated for removal. Its value may be silently ignored in the future.
2025-10-02 01:51:18.015 7 DEBUG neutron.common.config [-] allow_overlapping_ips = True log_opt_values /var/lib/kolla/venv/lib/python3.6/site-packages/oslo_config/cfg.py:2603
2025-10-02 01:51:18.016 7 DEBUG neutron.common.config [-] api_extensions_path = /opt/plugin/site-packages/neutron_plugin_contrail/extensions:/opt/plugin/site-packages/neutron_lbaas/extensions log_opt_values /var/lib/kolla/venv/lib/python3.6/site-packages/oslo_config/cfg.py:2603
2025-10-02 01:51:18.016 7 DEBUG neutron.common.config [-] api_paste_config = /etc/neutron/api-paste.ini log_opt_values /var/lib/kolla/venv/lib/python3.6/site-packages/oslo_config/cfg.py:2603
2025-10-02 01:51:18.017 7 DEBUG neutron.common.config [-] api_workers = 1 log_opt_values /var/lib/kolla/venv/lib/python3.6/site-packages/oslo_config/cfg.py:2603
2025-10-02 01:51:18.018 7 DEBUG neutron.common.config [-] auth_strategy = keystone log_opt_values /var/lib/kolla/venv/lib/python3.6/site-packages/oslo_config/cfg.py:2603
2025-10-02 01:51:18.019 7 DEBUG neutron.common.config [-] backlog = 4096 log_opt_values /var/lib/kolla/venv/lib/python3.6/site-packages/oslo_config/cfg.py:2603
2025-10-02 01:51:18.019 7 DEBUG neutron.common.config [-] base_mac = fa:16:3e:00:00:00 log_opt_values /var/lib/kolla/venv/lib/python3.6/site-packages/oslo_config/cfg.py:2603
2025-10-02 01:51:18.019 7 DEBUG neutron.common.config [-] bind_host = 10.0.0.131 log_opt_values /var/lib/kolla/venv/lib/python3.6/site-packages/oslo_config/cfg.py:2603
2025-10-02 01:51:18.019 7 DEBUG neutron.common.config [-] bind_port = 9696 log_opt_values /var/lib/kolla/venv/lib/python3.6/site-packages/oslo_config/cfg.py:2603
2025-10-02 01:51:18.020 7 DEBUG neutron.common.config [-] client_socket_timeout = 900 log_opt_values /var/lib/kolla/venv/lib/python3.6/site-packages/oslo_config/cfg.py:2603
2025-10-02 01:51:18.020 7 DEBUG neutron.common.config [-] config_dir = [] log_opt_values /var/lib/kolla/venv/lib/python3.6/site-packages/oslo_config/cfg.py:2603
2025-10-02 01:51:18.020 7 DEBUG neutron.common.config [-] config_file = ['/etc/neutron/neutron.conf', '/etc/neutron/ContrailPlugin.ini', '/etc/neutron/api-paste.ini'] log_opt_values /var/lib/kolla/venv/lib/python3.6/site-packages/oslo_config/cfg.py:2603
2025-10-02 01:51:18.020 7 DEBUG neutron.common.config [-] config_source = [] log_opt_values /var/lib/kolla/venv/lib/python3.6/site-packages/oslo_config/cfg.py:2603
2025-10-02 01:51:18.020 7 DEBUG neutron.common.config [-] control_exchange = neutron log_opt_values /var/lib/kolla/venv/lib/python3.6/site-packages/oslo_config/cfg.py:2603
2025-10-02 01:51:18.022 7 DEBUG neutron.common.config [-] core_plugin = neutron_plugin_contrail.plugins.opencontrail.contrail_plugin.NeutronPluginContrailCoreV2 log_opt_values /var/lib/kolla/venv/lib/python3.6/site-packages/oslo_config/cfg.py:2603
2025-10-02 01:51:18.023 7 DEBUG neutron.common.config [-] debug = True log_opt_values /var/lib/kolla/venv/lib/python3.6/site-packages/oslo_config/cfg.py:2603
2025-10-02 01:51:18.023 7 DEBUG neutron.common.config [-] default_availability_zones = [] log_opt_values /var/lib/kolla/venv/lib/python3.6/site-packages/oslo_config/cfg.py:2603
2025-10-02 01:51:18.023 7 DEBUG neutron.common.config [-] default_log_levels = ['amqp=WARN', 'amqplib=WARN', 'boto=WARN', 'qpid=WARN', 'sqlalchemy=WARN', 'suds=INFO', 'oslo.messaging=INFO', 'oslo_messaging=INFO', 'iso8601=WARN', 'requests.packages.urllib3.connectionpool=WARN', 'urllib3.connectionpool=WARN', 'websocket=WARN', 'requests.packages.urllib3.util.retry=WARN', 'urllib3.util.retry=WARN', 'keystonemiddleware=WARN', 'routes.middleware=WARN', 'stevedore=WARN', 'taskflow=WARN', 'keystoneauth=WARN', 'oslo.cache=INFO', 'oslo_policy=INFO', 'dogpile.core.dogpile=INFO', 'OFPHandler=INFO', 'OfctlService=INFO', 'os_ken.base.app_manager=INFO', 'os_ken.controller.controller=INFO'] log_opt_values /var/lib/kolla/venv/lib/python3.6/site-packages/oslo_config/cfg.py:2603
2025-10-02 01:51:18.023 7 DEBUG neutron.common.config [-] dhcp_agent_notification = True log_opt_values /var/lib/kolla/venv/lib/python3.6/site-packages/oslo_config/cfg.py:2603
2025-10-02 01:51:18.023 7 DEBUG neutron.common.config [-] dhcp_lease_duration = 86400 log_opt_values /var/lib/kolla/venv/lib/python3.6/site-packages/oslo_config/cfg.py:2603
2025-10-02 01:51:18.024 7 DEBUG neutron.common.config [-] dns_domain = openstacklocal log_opt_values /var/lib/kolla/venv/lib/python3.6/site-packages/oslo_config/cfg.py:2603
2025-10-02 01:51:18.024 7 DEBUG neutron.common.config [-] enable_traditional_dhcp = True log_opt_values /var/lib/kolla/venv/lib/python3.6/site-packages/oslo_config/cfg.py:2603
2025-10-02 01:51:18.025 7 DEBUG neutron.common.config [-] external_dns_driver = None log_opt_values /var/lib/kolla/venv/lib/python3.6/site-packages/oslo_config/cfg.py:2603
2025-10-02 01:51:18.025 7 DEBUG neutron.common.config [-] filter_validation = True log_opt_values /var/lib/kolla/venv/lib/python3.6/site-packages/oslo_config/cfg.py:2603
2025-10-02 01:51:18.025 7 DEBUG neutron.common.config [-] global_physnet_mtu = 1500 log_opt_values /var/lib/kolla/venv/lib/python3.6/site-packages/oslo_config/cfg.py:2603
2025-10-02 01:51:18.026 7 DEBUG neutron.common.config [-] host = cn-jenkins-deploy-platform-ansible-os-4209-1 log_opt_values /var/lib/kolla/venv/lib/python3.6/site-packages/oslo_config/cfg.py:2603
2025-10-02 01:51:18.026 7 DEBUG neutron.common.config [-] http_retries = 3 log_opt_values /var/lib/kolla/venv/lib/python3.6/site-packages/oslo_config/cfg.py:2603
2025-10-02 01:51:18.026 7 DEBUG neutron.common.config [-] instance_format = [instance: %(uuid)s] log_opt_values /var/lib/kolla/venv/lib/python3.6/site-packages/oslo_config/cfg.py:2603
2025-10-02 01:51:18.026 7 DEBUG neutron.common.config [-] instance_uuid_format = [instance: %(uuid)s] log_opt_values /var/lib/kolla/venv/lib/python3.6/site-packages/oslo_config/cfg.py:2603
2025-10-02 01:51:18.027 7 DEBUG neutron.common.config [-] ipam_driver = internal log_opt_values /var/lib/kolla/venv/lib/python3.6/site-packages/oslo_config/cfg.py:2603
2025-10-02 01:51:18.028 7 DEBUG neutron.common.config [-] ipv6_pd_enabled = False log_opt_values /var/lib/kolla/venv/lib/python3.6/site-packages/oslo_config/cfg.py:2603
2025-10-02 01:51:18.028 7 DEBUG neutron.common.config [-] log_config_append = None log_opt_values /var/lib/kolla/venv/lib/python3.6/site-packages/oslo_config/cfg.py:2603
2025-10-02 01:51:18.028 7 DEBUG neutron.common.config [-] log_date_format = %Y-%m-%d %H:%M:%S log_opt_values /var/lib/kolla/venv/lib/python3.6/site-packages/oslo_config/cfg.py:2603
2025-10-02 01:51:18.028 7 DEBUG neutron.common.config [-] log_dir = /var/log/kolla/neutron log_opt_values /var/lib/kolla/venv/lib/python3.6/site-packages/oslo_config/cfg.py:2603
