2025-09-29 00:37:25.485 127916 DEBUG oslo_service.service [req-b3c1b719-a5fa-44b7-98b3-c7dfd88e0838 - - - - -] cyborg.cafile = None log_opt_values /usr/lib/python3/dist-packages/oslo_config/cfg.py:2609
2025-09-29 00:37:25.485 127916 DEBUG oslo_service.service [req-b3c1b719-a5fa-44b7-98b3-c7dfd88e0838 - - - - -] cyborg.certfile = None log_opt_values /usr/lib/python3/dist-packages/oslo_config/cfg.py:2609
2025-09-29 00:37:25.485 127916 DEBUG oslo_service.service [req-b3c1b719-a5fa-44b7-98b3-c7dfd88e0838 - - - - -] cyborg.collect_timing = False log_opt_values /usr/lib/python3/dist-packages/oslo_config/cfg.py:2609
2025-09-29 00:37:25.485 127916 DEBUG oslo_service.service [req-b3c1b719-a5fa-44b7-98b3-c7dfd88e0838 - - - - -] cyborg.connect_retries = None log_opt_values /usr/lib/python3/dist-packages/oslo_config/cfg.py:2609
2025-09-29 00:37:25.486 127916 DEBUG oslo_service.service [req-b3c1b719-a5fa-44b7-98b3-c7dfd88e0838 - - - - -] cyborg.connect_retry_delay = None log_opt_values /usr/lib/python3/dist-packages/oslo_config/cfg.py:2609
2025-09-29 00:37:25.486 127916 DEBUG oslo_service.service [req-b3c1b719-a5fa-44b7-98b3-c7dfd88e0838 - - - - -] cyborg.endpoint_override = None log_opt_values /usr/lib/python3/dist-packages/oslo_config/cfg.py:2609
2025-09-29 00:37:25.486 127916 DEBUG oslo_service.service [req-b3c1b719-a5fa-44b7-98b3-c7dfd88e0838 - - - - -] cyborg.insecure = False log_opt_values /usr/lib/python3/dist-packages/oslo_config/cfg.py:2609
2025-09-29 00:37:25.486 127916 DEBUG oslo_service.service [req-b3c1b719-a5fa-44b7-98b3-c7dfd88e0838 - - - - -] cyborg.keyfile = None log_opt_values /usr/lib/python3/dist-packages/oslo_config/cfg.py:2609
2025-09-29 00:37:25.487 127916 DEBUG oslo_service.service [req-b3c1b719-a5fa-44b7-98b3-c7dfd88e0838 - - - - -] cyborg.max_version = None log_opt_values /usr/lib/python3/dist-packages/oslo_config/cfg.py:2609
2025-09-29 00:37:25.487 127916 DEBUG oslo_service.service [req-b3c1b719-a5fa-44b7-98b3-c7dfd88e0838 - - - - -] cyborg.min_version = None log_opt_values /usr/lib/python3/dist-packages/oslo_config/cfg.py:2609
2025-09-29 00:37:25.488 127916 DEBUG oslo_service.service [req-b3c1b719-a5fa-44b7-98b3-c7dfd88e0838 - - - - -] cyborg.region_name = None log_opt_values /usr/lib/python3/dist-packages/oslo_config/cfg.py:2609
2025-09-29 00:37:25.488 127916 DEBUG oslo_service.service [req-b3c1b719-a5fa-44b7-98b3-c7dfd88e0838 - - - - -] cyborg.service_name = None log_opt_values /usr/lib/python3/dist-packages/oslo_config/cfg.py:2609
2025-09-29 00:37:25.488 127916 DEBUG oslo_service.service [req-b3c1b719-a5fa-44b7-98b3-c7dfd88e0838 - - - - -] cyborg.service_type = accelerator log_opt_values /usr/lib/python3/dist-packages/oslo_config/cfg.py:2609
2025-09-29 00:37:25.488 127916 DEBUG oslo_service.service [req-b3c1b719-a5fa-44b7-98b3-c7dfd88e0838 - - - - -] cyborg.split_loggers = False log_opt_values /usr/lib/python3/dist-packages/oslo_config/cfg.py:2609
2025-09-29 00:37:25.490 127916 DEBUG oslo_service.service [req-b3c1b719-a5fa-44b7-98b3-c7dfd88e0838 - - - - -] cyborg.status_code_retries = None log_opt_values /usr/lib/python3/dist-packages/oslo_config/cfg.py:2609
2025-09-29 00:37:25.490 127916 DEBUG oslo_service.service [req-b3c1b719-a5fa-44b7-98b3-c7dfd88e0838 - - - - -] cyborg.status_code_retry_delay = None log_opt_values /usr/lib/python3/dist-packages/oslo_config/cfg.py:2609
2025-09-29 00:37:25.490 127916 DEBUG oslo_service.service [req-b3c1b719-a5fa-44b7-98b3-c7dfd88e0838 - - - - -] cyborg.timeout = None log_opt_values /usr/lib/python3/dist-packages/oslo_config/cfg.py:2609
2025-09-29 00:37:25.493 127916 DEBUG oslo_service.service [req-b3c1b719-a5fa-44b7-98b3-c7dfd88e0838 - - - - -] cyborg.valid_interfaces = ['internal', 'public'] log_opt_values /usr/lib/python3/dist-packages/oslo_config/cfg.py:2609
2025-09-29 00:37:25.493 127916 DEBUG oslo_service.service [req-b3c1b719-a5fa-44b7-98b3-c7dfd88e0838 - - - - -] cyborg.version = None log_opt_values /usr/lib/python3/dist-packages/oslo_config/cfg.py:2609
2025-09-29 00:37:25.493 127916 DEBUG oslo_service.service [req-b3c1b719-a5fa-44b7-98b3-c7dfd88e0838 - - - - -] database.backend = sqlalchemy log_opt_values /usr/lib/python3/dist-packages/oslo_config/cfg.py:2609
2025-09-29 00:37:25.494 127916 DEBUG oslo_service.service [req-b3c1b719-a5fa-44b7-98b3-c7dfd88e0838 - - - - -] database.connection = **** log_opt_values /usr/lib/python3/dist-packages/oslo_config/cfg.py:2609
2025-09-29 00:37:25.495 127916 DEBUG oslo_service.service [req-b3c1b719-a5fa-44b7-98b3-c7dfd88e0838 - - - - -] database.connection_debug = 0 log_opt_values /usr/lib/python3/dist-packages/oslo_config/cfg.py:2609
2025-09-29 00:37:25.495 127916 DEBUG oslo_service.service [req-b3c1b719-a5fa-44b7-98b3-c7dfd88e0838 - - - - -] database.connection_parameters = log_opt_values /usr/lib/python3/dist-packages/oslo_config/cfg.py:2609
2025-09-29 00:37:25.496 127916 DEBUG oslo_service.service [req-b3c1b719-a5fa-44b7-98b3-c7dfd88e0838 - - - - -] database.connection_recycle_time = 3600 log_opt_values /usr/lib/python3/dist-packages/oslo_config/cfg.py:2609
2025-09-29 00:37:25.496 127916 DEBUG oslo_service.service [req-b3c1b719-a5fa-44b7-98b3-c7dfd88e0838 - - - - -] database.connection_trace = False log_opt_values /usr/lib/python3/dist-packages/oslo_config/cfg.py:2609
2025-09-29 00:37:25.496 127916 DEBUG oslo_service.service [req-b3c1b719-a5fa-44b7-98b3-c7dfd88e0838 - - - - -] database.db_inc_retry_interval = True log_opt_values /usr/lib/python3/dist-packages/oslo_config/cfg.py:2609
2025-09-29 00:37:25.496 127916 DEBUG oslo_service.service [req-b3c1b719-a5fa-44b7-98b3-c7dfd88e0838 - - - - -] database.db_max_retries = 20 log_opt_values /usr/lib/python3/dist-packages/oslo_config/cfg.py:2609
2025-09-29 00:37:25.497 127916 DEBUG oslo_service.service [req-b3c1b719-a5fa-44b7-98b3-c7dfd88e0838 - - - - -] database.db_max_retry_interval = 10 log_opt_values /usr/lib/python3/dist-packages/oslo_config/cfg.py:2609
2025-09-29 00:37:25.498 127916 DEBUG oslo_service.service [req-b3c1b719-a5fa-44b7-98b3-c7dfd88e0838 - - - - -] database.db_retry_interval = 1 log_opt_values /usr/lib/python3/dist-packages/oslo_config/cfg.py:2609
2025-09-29 00:37:25.498 127916 DEBUG oslo_service.service [req-b3c1b719-a5fa-44b7-98b3-c7dfd88e0838 - - - - -] database.max_overflow = 50 log_opt_values /usr/lib/python3/dist-packages/oslo_config/cfg.py:2609
2025-09-29 00:37:25.498 127916 DEBUG oslo_service.service [req-b3c1b719-a5fa-44b7-98b3-c7dfd88e0838 - - - - -] database.max_pool_size = 4 log_opt_values /usr/lib/python3/dist-packages/oslo_config/cfg.py:2609
2025-09-29 00:37:25.499 127916 DEBUG oslo_service.service [req-b3c1b719-a5fa-44b7-98b3-c7dfd88e0838 - - - - -] database.max_retries = 10 log_opt_values /usr/lib/python3/dist-packages/oslo_config/cfg.py:2609
2025-09-29 00:37:25.499 127916 DEBUG oslo_service.service [req-b3c1b719-a5fa-44b7-98b3-c7dfd88e0838 - - - - -] database.mysql_enable_ndb = False log_opt_values /usr/lib/python3/dist-packages/oslo_config/cfg.py:2609
2025-09-29 00:37:25.499 127916 DEBUG oslo_service.service [req-b3c1b719-a5fa-44b7-98b3-c7dfd88e0838 - - - - -] database.mysql_sql_mode = TRADITIONAL log_opt_values /usr/lib/python3/dist-packages/oslo_config/cfg.py:2609
2025-09-29 00:37:25.499 127916 DEBUG oslo_service.service [req-b3c1b719-a5fa-44b7-98b3-c7dfd88e0838 - - - - -] database.pool_timeout = None log_opt_values /usr/lib/python3/dist-packages/oslo_config/cfg.py:2609
2025-09-29 00:37:25.499 127916 DEBUG oslo_service.service [req-b3c1b719-a5fa-44b7-98b3-c7dfd88e0838 - - - - -] database.retry_interval = 10 log_opt_values /usr/lib/python3/dist-packages/oslo_config/cfg.py:2609
2025-09-29 00:37:25.500 127916 DEBUG oslo_service.service [req-b3c1b719-a5fa-44b7-98b3-c7dfd88e0838 - - - - -] database.slave_connection = **** log_opt_values /usr/lib/python3/dist-packages/oslo_config/cfg.py:2609
2025-09-29 00:37:25.500 127916 DEBUG oslo_service.service [req-b3c1b719-a5fa-44b7-98b3-c7dfd88e0838 - - - - -] database.sqlite_synchronous = True log_opt_values /usr/lib/python3/dist-packages/oslo_config/cfg.py:2609
2025-09-29 00:37:25.500 127916 DEBUG oslo_service.service [req-b3c1b719-a5fa-44b7-98b3-c7dfd88e0838 - - - - -] database.use_db_reconnect = False log_opt_values /usr/lib/python3/dist-packages/oslo_config/cfg.py:2609
2025-09-29 00:37:25.501 127916 DEBUG oslo_service.service [req-b3c1b719-a5fa-44b7-98b3-c7dfd88e0838 - - - - -] api_database.backend = sqlalchemy log_opt_values /usr/lib/python3/dist-packages/oslo_config/cfg.py:2609
2025-09-29 00:37:25.501 127916 DEBUG oslo_service.service [req-b3c1b719-a5fa-44b7-98b3-c7dfd88e0838 - - - - -] api_database.connection = **** log_opt_values /usr/lib/python3/dist-packages/oslo_config/cfg.py:2609
2025-09-29 00:37:25.501 127916 DEBUG oslo_service.service [req-b3c1b719-a5fa-44b7-98b3-c7dfd88e0838 - - - - -] api_database.connection_debug = 0 log_opt_values /usr/lib/python3/dist-packages/oslo_config/cfg.py:2609
2025-09-29 00:37:25.501 127916 DEBUG oslo_service.service [req-b3c1b719-a5fa-44b7-98b3-c7dfd88e0838 - - - - -] api_database.connection_parameters = log_opt_values /usr/lib/python3/dist-packages/oslo_config/cfg.py:2609
2025-09-29 00:37:25.501 127916 DEBUG oslo_service.service [req-b3c1b719-a5fa-44b7-98b3-c7dfd88e0838 - - - - -] api_database.connection_recycle_time = 3600 log_opt_values /usr/lib/python3/dist-packages/oslo_config/cfg.py:2609
2025-09-29 00:37:25.502 127916 DEBUG oslo_service.service [req-b3c1b719-a5fa-44b7-98b3-c7dfd88e0838 - - - - -] api_database.connection_trace = False log_opt_values /usr/lib/python3/dist-packages/oslo_config/cfg.py:2609
2025-09-29 00:37:25.502 127916 DEBUG oslo_service.service [req-b3c1b719-a5fa-44b7-98b3-c7dfd88e0838 - - - - -] api_database.db_inc_retry_interval = True log_opt_values /usr/lib/python3/dist-packages/oslo_config/cfg.py:2609
2025-09-29 00:37:25.502 127916 DEBUG oslo_service.service [req-b3c1b719-a5fa-44b7-98b3-c7dfd88e0838 - - - - -] api_database.db_max_retries = 20 log_opt_values /usr/lib/python3/dist-packages/oslo_config/cfg.py:2609
2025-09-29 00:37:25.502 127916 DEBUG oslo_service.service [req-b3c1b719-a5fa-44b7-98b3-c7dfd88e0838 - - - - -] api_database.db_max_retry_interval = 10 log_opt_values /usr/lib/python3/dist-packages/oslo_config/cfg.py:2609
2025-09-29 00:37:25.503 127916 DEBUG oslo_service.service [req-b3c1b719-a5fa-44b7-98b3-c7dfd88e0838 - - - - -] api_database.db_retry_interval = 1 log_opt_values /usr/lib/python3/dist-packages/oslo_config/cfg.py:2609
2025-09-29 00:37:25.503 127916 DEBUG oslo_service.service [req-b3c1b719-a5fa-44b7-98b3-c7dfd88e0838 - - - - -] api_database.max_overflow = 50 log_opt_values /usr/lib/python3/dist-packages/oslo_config/cfg.py:2609
2025-09-29 00:37:25.503 127916 DEBUG oslo_service.service [req-b3c1b719-a5fa-44b7-98b3-c7dfd88e0838 - - - - -] api_database.max_pool_size = 4 log_opt_values /usr/lib/python3/dist-packages/oslo_config/cfg.py:2609
2025-09-29 00:37:25.503 127916 DEBUG oslo_service.service [req-b3c1b719-a5fa-44b7-98b3-c7dfd88e0838 - - - - -] api_database.max_retries = 10 log_opt_values /usr/lib/python3/dist-packages/oslo_config/cfg.py:2609
2025-09-29 00:37:25.504 127916 DEBUG oslo_service.service [req-b3c1b719-a5fa-44b7-98b3-c7dfd88e0838 - - - - -] api_database.mysql_enable_ndb = False log_opt_values /usr/lib/python3/dist-packages/oslo_config/cfg.py:2609
2025-09-29 00:37:25.504 127916 DEBUG oslo_service.service [req-b3c1b719-a5fa-44b7-98b3-c7dfd88e0838 - - - - -] api_database.mysql_sql_mode = TRADITIONAL log_opt_values /usr/lib/python3/dist-packages/oslo_config/cfg.py:2609
2025-09-29 00:37:25.504 127916 DEBUG oslo_service.service [req-b3c1b719-a5fa-44b7-98b3-c7dfd88e0838 - - - - -] api_database.pool_timeout = None log_opt_values /usr/lib/python3/dist-packages/oslo_config/cfg.py:2609
2025-09-29 00:37:25.504 127916 DEBUG oslo_service.service [req-b3c1b719-a5fa-44b7-98b3-c7dfd88e0838 - - - - -] api_database.retry_interval = 10 log_opt_values /usr/lib/python3/dist-packages/oslo_config/cfg.py:2609
2025-09-29 00:37:25.504 127916 DEBUG oslo_service.service [req-b3c1b719-a5fa-44b7-98b3-c7dfd88e0838 - - - - -] api_database.slave_connection = **** log_opt_values /usr/lib/python3/dist-packages/oslo_config/cfg.py:2609
2025-09-29 00:37:25.505 127916 DEBUG oslo_service.service [req-b3c1b719-a5fa-44b7-98b3-c7dfd88e0838 - - - - -] api_database.sqlite_synchronous = True log_opt_values /usr/lib/python3/dist-packages/oslo_config/cfg.py:2609
2025-09-29 00:37:25.504 129116 DEBUG oslo_messaging._drivers.amqpdriver [-] Listener is running poll /usr/lib/python3/dist-packages/oslo_messaging/_drivers/amqpdriver.py:343
2025-09-29 00:37:25.505 129116 DEBUG oslo_messaging._drivers.amqpdriver [-] AMQPListener connection consume poll /usr/lib/python3/dist-packages/oslo_messaging/_drivers/amqpdriver.py:357
2025-09-29 00:37:25.505 127916 DEBUG oslo_service.service [req-b3c1b719-a5fa-44b7-98b3-c7dfd88e0838 - - - - -] devices.enabled_mdev_types = [] log_opt_values /usr/lib/python3/dist-packages/oslo_config/cfg.py:2609
2025-09-29 00:37:25.505 127916 DEBUG oslo_service.service [req-b3c1b719-a5fa-44b7-98b3-c7dfd88e0838 - - - - -] ephemeral_storage_encryption.cipher = aes-xts-plain64 log_opt_values /usr/lib/python3/dist-packages/oslo_config/cfg.py:2609
2025-09-29 00:37:25.505 127916 DEBUG oslo_service.service [req-b3c1b719-a5fa-44b7-98b3-c7dfd88e0838 - - - - -] ephemeral_storage_encryption.enabled = False log_opt_values /usr/lib/python3/dist-packages/oslo_config/cfg.py:2609
2025-09-29 00:37:25.505 129116 DEBUG nova.service [req-c4c74a9b-0ef6-4e57-80ae-82bd986ec55e - - - - -] Join ServiceGroup membership for this service scheduler start /usr/lib/python3/dist-packages/nova/service.py:199
2025-09-29 00:37:25.505 127916 DEBUG oslo_service.service [req-b3c1b719-a5fa-44b7-98b3-c7dfd88e0838 - - - - -] ephemeral_storage_encryption.key_size = 512 log_opt_values /usr/lib/python3/dist-packages/oslo_config/cfg.py:2609
2025-09-29 00:37:25.506 129116 DEBUG nova.servicegroup.drivers.db [req-c4c74a9b-0ef6-4e57-80ae-82bd986ec55e - - - - -] DB_Driver: join new ServiceGroup member juju-bb5af1-0-lxd-7 to the scheduler group, service = join /usr/lib/python3/dist-packages/nova/servicegroup/drivers/db.py:44
2025-09-29 00:37:25.506 127916 WARNING oslo_config.cfg [req-b3c1b719-a5fa-44b7-98b3-c7dfd88e0838 - - - - -] Deprecated: Option "api_servers" from group "glance" is deprecated for removal ( Support for image service configuration via standard keystoneauth1 Adapter options was added in the 17.0.0 Queens release. The api_servers option was retained temporarily to allow consumers time to cut over to a real load balancing solution. ). Its value may be silently ignored in the future.
2025-09-29 00:37:25.506 127916 DEBUG oslo_service.service [req-b3c1b719-a5fa-44b7-98b3-c7dfd88e0838 - - - - -] glance.api_servers = ['http://252.57.205.84:9292'] log_opt_values /usr/lib/python3/dist-packages/oslo_config/cfg.py:2609
2025-09-29 00:37:25.506 127916 DEBUG oslo_service.service [req-b3c1b719-a5fa-44b7-98b3-c7dfd88e0838 - - - - -] glance.cafile = None log_opt_values /usr/lib/python3/dist-packages/oslo_config/cfg.py:2609
2025-09-29 00:37:25.507 127916 DEBUG oslo_service.service [req-b3c1b719-a5fa-44b7-98b3-c7dfd88e0838 - - - - -] glance.certfile = None log_opt_values /usr/lib/python3/dist-packages/oslo_config/cfg.py:2609
2025-09-29 00:37:25.507 127916 DEBUG oslo_service.service [req-b3c1b719-a5fa-44b7-98b3-c7dfd88e0838 - - - - -] glance.collect_timing = False log_opt_values /usr/lib/python3/dist-packages/oslo_config/cfg.py:2609
2025-09-29 00:37:25.507 127916 DEBUG oslo_service.service [req-b3c1b719-a5fa-44b7-98b3-c7dfd88e0838 - - - - -] glance.connect_retries = None log_opt_values /usr/lib/python3/dist-packages/oslo_config/cfg.py:2609
2025-09-29 00:37:25.507 127916 DEBUG oslo_service.service [req-b3c1b719-a5fa-44b7-98b3-c7dfd88e0838 - - - - -] glance.connect_retry_delay = None log_opt_values /usr/lib/python3/dist-packages/oslo_config/cfg.py:2609
2025-09-29 00:37:25.507 127916 DEBUG oslo_service.service [req-b3c1b719-a5fa-44b7-98b3-c7dfd88e0838 - - - - -] glance.debug = False log_opt_values /usr/lib/python3/dist-packages/oslo_config/cfg.py:2609
2025-09-29 00:37:25.507 129110 DEBUG oslo_messaging._drivers.amqpdriver [-] Listener is running poll /usr/lib/python3/dist-packages/oslo_messaging/_drivers/amqpdriver.py:343
2025-09-29 00:37:25.507 127916 DEBUG oslo_service.service [req-b3c1b719-a5fa-44b7-98b3-c7dfd88e0838 - - - - -] glance.default_trusted_certificate_ids = [] log_opt_values /usr/lib/python3/dist-packages/oslo_config/cfg.py:2609
2025-09-29 00:37:25.508 127916 DEBUG oslo_service.service [req-b3c1b719-a5fa-44b7-98b3-c7dfd88e0838 - - - - -] glance.enable_certificate_validation = False log_opt_values /usr/lib/python3/dist-packages/oslo_config/cfg.py:2609
2025-09-29 00:37:25.508 129110 DEBUG oslo_messaging._drivers.amqpdriver [-] AMQPListener connection consume poll /usr/lib/python3/dist-packages/oslo_messaging/_drivers/amqpdriver.py:357
2025-09-29 00:37:25.508 127916 DEBUG oslo_service.service [req-b3c1b719-a5fa-44b7-98b3-c7dfd88e0838 - - - - -] glance.enable_rbd_download = False log_opt_values /usr/lib/python3/dist-packages/oslo_config/cfg.py:2609
2025-09-29 00:37:25.508 127916 DEBUG oslo_service.service [req-b3c1b719-a5fa-44b7-98b3-c7dfd88e0838 - - - - -] glance.endpoint_override = None log_opt_values /usr/lib/python3/dist-packages/oslo_config/cfg.py:2609
2025-09-29 00:37:25.508 127916 DEBUG oslo_service.service [req-b3c1b719-a5fa-44b7-98b3-c7dfd88e0838 - - - - -] glance.insecure = False log_opt_values /usr/lib/python3/dist-packages/oslo_config/cfg.py:2609
2025-09-29 00:37:25.508 129110 DEBUG nova.service [req-f53ebf13-ee99-4119-9197-377d6f5b4a1f - - - - -] Join ServiceGroup membership for this service scheduler start /usr/lib/python3/dist-packages/nova/service.py:199
2025-09-29 00:37:25.509 127916 DEBUG oslo_service.service [req-b3c1b719-a5fa-44b7-98b3-c7dfd88e0838 - - - - -] glance.keyfile = None log_opt_values /usr/lib/python3/dist-packages/oslo_config/cfg.py:2609
2025-09-29 00:37:25.509 129110 DEBUG nova.servicegroup.drivers.db [req-f53ebf13-ee99-4119-9197-377d6f5b4a1f - - - - -] DB_Driver: join new ServiceGroup member juju-bb5af1-0-lxd-7 to the scheduler group, service = join /usr/lib/python3/dist-packages/nova/servicegroup/drivers/db.py:44
2025-09-29 00:37:25.509 127916 DEBUG oslo_service.service [req-b3c1b719-a5fa-44b7-98b3-c7dfd88e0838 - - - - -] glance.max_version = None log_opt_values /usr/lib/python3/dist-packages/oslo_config/cfg.py:2609
2025-09-29 00:37:25.509 127916 DEBUG oslo_service.service [req-b3c1b719-a5fa-44b7-98b3-c7dfd88e0838 - - - - -] glance.min_version = None log_opt_values /usr/lib/python3/dist-packages/oslo_config/cfg.py:2609
2025-09-29 00:37:25.509 127916 DEBUG oslo_service.service [req-b3c1b719-a5fa-44b7-98b3-c7dfd88e0838 - - - - -] glance.num_retries = 3 log_opt_values /usr/lib/python3/dist-packages/oslo_config/cfg.py:2609
2025-09-29 00:37:25.509 127916 DEBUG oslo_service.service [req-b3c1b719-a5fa-44b7-98b3-c7dfd88e0838 - - - - -] glance.rbd_ceph_conf = log_opt_values /usr/lib/python3/dist-packages/oslo_config/cfg.py:2609
2025-09-29 00:37:25.509 127916 DEBUG oslo_service.service [req-b3c1b719-a5fa-44b7-98b3-c7dfd88e0838 - - - - -] glance.rbd_connect_timeout = 5 log_opt_values /usr/lib/python3/dist-packages/oslo_config/cfg.py:2609
2025-09-29 00:37:25.510 127916 DEBUG oslo_service.service [req-b3c1b719-a5fa-44b7-98b3-c7dfd88e0838 - - - - -] glance.rbd_pool = log_opt_values /usr/lib/python3/dist-packages/oslo_config/cfg.py:2609
2025-09-29 00:37:25.510 127916 DEBUG oslo_service.service [req-b3c1b719-a5fa-44b7-98b3-c7dfd88e0838 - - - - -] glance.rbd_user = log_opt_values /usr/lib/python3/dist-packages/oslo_config/cfg.py:2609
2025-09-29 00:37:25.510 127916 DEBUG oslo_service.service [req-b3c1b719-a5fa-44b7-98b3-c7dfd88e0838 - - - - -] glance.region_name = None log_opt_values /usr/lib/python3/dist-packages/oslo_config/cfg.py:2609
2025-09-29 00:37:25.510 127916 DEBUG oslo_service.service [req-b3c1b719-a5fa-44b7-98b3-c7dfd88e0838 - - - - -] glance.service_name = None log_opt_values /usr/lib/python3/dist-packages/oslo_config/cfg.py:2609
2025-09-29 00:37:25.510 127916 DEBUG oslo_service.service [req-b3c1b719-a5fa-44b7-98b3-c7dfd88e0838 - - - - -] glance.service_type = image log_opt_values /usr/lib/python3/dist-packages/oslo_config/cfg.py:2609
2025-09-29 00:37:25.511 127916 DEBUG oslo_service.service [req-b3c1b719-a5fa-44b7-98b3-c7dfd88e0838 - - - - -] glance.split_loggers = False log_opt_values /usr/lib/python3/dist-packages/oslo_config/cfg.py:2609
2025-09-29 00:37:25.511 129116 DEBUG oslo_messaging._drivers.amqpdriver [-] AMQPListener connection timeout poll /usr/lib/python3/dist-packages/oslo_messaging/_drivers/amqpdriver.py:360
2025-09-29 00:37:25.511 129116 DEBUG oslo_messaging._drivers.amqpdriver [-] Listener is running poll /usr/lib/python3/dist-packages/oslo_messaging/_drivers/amqpdriver.py:343
2025-09-29 00:37:25.511 127916 DEBUG oslo_service.service [req-b3c1b719-a5fa-44b7-98b3-c7dfd88e0838 - - - - -] glance.status_code_retries = None log_opt_values /usr/lib/python3/dist-packages/oslo_config/cfg.py:2609
2025-09-29 00:37:25.511 129116 DEBUG oslo_messaging._drivers.amqpdriver [-] AMQPListener connection consume poll /usr/lib/python3/dist-packages/oslo_messaging/_drivers/amqpdriver.py:357
2025-09-29 00:37:25.511 127916 DEBUG oslo_service.service [req-b3c1b719-a5fa-44b7-98b3-c7dfd88e0838 - - - - -] glance.status_code_retry_delay = None log_opt_values /usr/lib/python3/dist-packages/oslo_config/cfg.py:2609
2025-09-29 00:37:25.511 127916 DEBUG oslo_service.service [req-b3c1b719-a5fa-44b7-98b3-c7dfd88e0838 - - - - -] glance.timeout = None log_opt_values /usr/lib/python3/dist-packages/oslo_config/cfg.py:2609
2025-09-29 00:37:25.512 127916 DEBUG oslo_service.service [req-b3c1b719-a5fa-44b7-98b3-c7dfd88e0838 - - - - -] glance.valid_interfaces = ['internal', 'public'] log_opt_values /usr/lib/python3/dist-packages/oslo_config/cfg.py:2609
2025-09-29 00:37:25.512 127916 DEBUG oslo_service.service [req-b3c1b719-a5fa-44b7-98b3-c7dfd88e0838 - - - - -] glance.verify_glance_signatures = False log_opt_values /usr/lib/python3/dist-packages/oslo_config/cfg.py:2609
2025-09-29 00:37:25.512 127916 DEBUG oslo_service.service [req-b3c1b719-a5fa-44b7-98b3-c7dfd88e0838 - - - - -] glance.version = None log_opt_values /usr/lib/python3/dist-packages/oslo_config/cfg.py:2609
2025-09-29 00:37:25.512 127916 DEBUG oslo_service.service [req-b3c1b719-a5fa-44b7-98b3-c7dfd88e0838 - - - - -] guestfs.debug = False log_opt_values /usr/lib/python3/dist-packages/oslo_config/cfg.py:2609
2025-09-29 00:37:25.513 127916 DEBUG oslo_service.service [req-b3c1b719-a5fa-44b7-98b3-c7dfd88e0838 - - - - -] hyperv.config_drive_cdrom = False log_opt_values /usr/lib/python3/dist-packages/oslo_config/cfg.py:2609
2025-09-29 00:37:25.513 129117 DEBUG oslo_messaging._drivers.amqpdriver [-] Listener is running poll /usr/lib/python3/dist-packages/oslo_messaging/_drivers/amqpdriver.py:343
2025-09-29 00:37:25.513 127916 DEBUG oslo_service.service [req-b3c1b719-a5fa-44b7-98b3-c7dfd88e0838 - - - - -] hyperv.config_drive_inject_password = False log_opt_values /usr/lib/python3/dist-packages/oslo_config/cfg.py:2609
2025-09-29 00:37:25.513 129117 DEBUG oslo_messaging._drivers.amqpdriver [-] AMQPListener connection consume poll /usr/lib/python3/dist-packages/oslo_messaging/_drivers/amqpdriver.py:357
2025-09-29 00:37:25.513 127916 DEBUG oslo_service.service [req-b3c1b719-a5fa-44b7-98b3-c7dfd88e0838 - - - - -] hyperv.dynamic_memory_ratio = 1.0 log_opt_values /usr/lib/python3/dist-packages/oslo_config/cfg.py:2609
2025-09-29 00:37:25.513 127916 DEBUG oslo_service.service [req-b3c1b719-a5fa-44b7-98b3-c7dfd88e0838 - - - - -] hyperv.enable_instance_metrics_collection = False log_opt_values /usr/lib/python3/dist-packages/oslo_config/cfg.py:2609
2025-09-29 00:37:25.513 129117 DEBUG nova.service [req-757774a0-d059-4a06-8dcb-a0b74b279ad8 - - - - -] Join ServiceGroup membership for this service scheduler start /usr/lib/python3/dist-packages/nova/service.py:199
2025-09-29 00:37:25.514 127916 DEBUG oslo_service.service [req-b3c1b719-a5fa-44b7-98b3-c7dfd88e0838 - - - - -] hyperv.enable_remotefx = False log_opt_values /usr/lib/python3/dist-packages/oslo_config/cfg.py:2609
2025-09-29 00:37:25.514 127916 DEBUG oslo_service.service [req-b3c1b719-a5fa-44b7-98b3-c7dfd88e0838 - - - - -] hyperv.instances_path_share = log_opt_values /usr/lib/python3/dist-packages/oslo_config/cfg.py:2609
2025-09-29 00:37:25.514 129117 DEBUG nova.servicegroup.drivers.db [req-757774a0-d059-4a06-8dcb-a0b74b279ad8 - - - - -] DB_Driver: join new ServiceGroup member juju-bb5af1-0-lxd-7 to the scheduler group, service = join /usr/lib/python3/dist-packages/nova/servicegroup/drivers/db.py:44
2025-09-29 00:37:25.514 127916 DEBUG oslo_service.service [req-b3c1b719-a5fa-44b7-98b3-c7dfd88e0838 - - - - -] hyperv.iscsi_initiator_list = [] log_opt_values /usr/lib/python3/dist-packages/oslo_config/cfg.py:2609
2025-09-29 00:37:25.514 127916 DEBUG oslo_service.service [req-b3c1b719-a5fa-44b7-98b3-c7dfd88e0838 - - - - -] hyperv.limit_cpu_features = False log_opt_values /usr/lib/python3/dist-packages/oslo_config/cfg.py:2609
2025-09-29 00:37:25.515 127916 DEBUG oslo_service.service [req-b3c1b719-a5fa-44b7-98b3-c7dfd88e0838 - - - - -] hyperv.mounted_disk_query_retry_count = 10 log_opt_values /usr/lib/python3/dist-packages/oslo_config/cfg.py:2609
2025-09-29 00:37:25.515 127916 DEBUG oslo_service.service [req-b3c1b719-a5fa-44b7-98b3-c7dfd88e0838 - - - - -] hyperv.mounted_disk_query_retry_interval = 5 log_opt_values /usr/lib/python3/dist-packages/oslo_config/cfg.py:2609
2025-09-29 00:37:25.515 127916 DEBUG oslo_service.service [req-b3c1b719-a5fa-44b7-98b3-c7dfd88e0838 - - - - -] hyperv.power_state_check_timeframe = 60 log_opt_values /usr/lib/python3/dist-packages/oslo_config/cfg.py:2609
2025-09-29 00:37:25.515 127916 DEBUG oslo_service.service [req-b3c1b719-a5fa-44b7-98b3-c7dfd88e0838 - - - - -] hyperv.power_state_event_polling_interval = 2 log_opt_values /usr/lib/python3/dist-packages/oslo_config/cfg.py:2609
2025-09-29 00:37:25.515 127916 DEBUG oslo_service.service [req-b3c1b719-a5fa-44b7-98b3-c7dfd88e0838 - - - - -] hyperv.qemu_img_cmd = qemu-img.exe log_opt_values /usr/lib/python3/dist-packages/oslo_config/cfg.py:2609
2025-09-29 00:37:25.515 127916 DEBUG oslo_service.service [req-b3c1b719-a5fa-44b7-98b3-c7dfd88e0838 - - - - -] hyperv.use_multipath_io = False log_opt_values /usr/lib/python3/dist-packages/oslo_config/cfg.py:2609
2025-09-29 00:37:25.516 127916 DEBUG oslo_service.service [req-b3c1b719-a5fa-44b7-98b3-c7dfd88e0838 - - - - -] hyperv.volume_attach_retry_count = 10 log_opt_values /usr/lib/python3/dist-packages/oslo_config/cfg.py:2609
2025-09-29 00:37:25.516 127916 DEBUG oslo_service.service [req-b3c1b719-a5fa-44b7-98b3-c7dfd88e0838 - - - - -] hyperv.volume_attach_retry_interval = 5 log_opt_values /usr/lib/python3/dist-packages/oslo_config/cfg.py:2609
2025-09-29 00:37:25.516 127916 DEBUG oslo_service.service [req-b3c1b719-a5fa-44b7-98b3-c7dfd88e0838 - - - - -] hyperv.vswitch_name = None log_opt_values /usr/lib/python3/dist-packages/oslo_config/cfg.py:2609
2025-09-29 00:37:25.516 127916 DEBUG oslo_service.service [req-b3c1b719-a5fa-44b7-98b3-c7dfd88e0838 - - - - -] hyperv.wait_soft_reboot_seconds = 60 log_opt_values /usr/lib/python3/dist-packages/oslo_config/cfg.py:2609
2025-09-29 00:37:25.516 127916 DEBUG oslo_service.service [req-b3c1b719-a5fa-44b7-98b3-c7dfd88e0838 - - - - -] mks.enabled = False log_opt_values /usr/lib/python3/dist-packages/oslo_config/cfg.py:2609
2025-09-29 00:37:25.517 127916 DEBUG oslo_service.service [req-b3c1b719-a5fa-44b7-98b3-c7dfd88e0838 - - - - -] mks.mksproxy_base_url = http://127.0.0.1:6090/ log_opt_values /usr/lib/python3/dist-packages/oslo_config/cfg.py:2609
2025-09-29 00:37:25.517 127916 DEBUG oslo_service.service [req-b3c1b719-a5fa-44b7-98b3-c7dfd88e0838 - - - - -] image_cache.manager_interval = 2400 log_opt_values /usr/lib/python3/dist-packages/oslo_config/cfg.py:2609
2025-09-29 00:37:25.518 127916 DEBUG oslo_service.service [req-b3c1b719-a5fa-44b7-98b3-c7dfd88e0838 - - - - -] image_cache.precache_concurrency = 1 log_opt_values /usr/lib/python3/dist-packages/oslo_config/cfg.py:2609
2025-09-29 00:37:25.518 127916 DEBUG oslo_service.service [req-b3c1b719-a5fa-44b7-98b3-c7dfd88e0838 - - - - -] image_cache.remove_unused_base_images = True log_opt_values /usr/lib/python3/dist-packages/oslo_config/cfg.py:2609
2025-09-29 00:37:25.518 127916 DEBUG oslo_service.service [req-b3c1b719-a5fa-44b7-98b3-c7dfd88e0838 - - - - -] image_cache.remove_unused_original_minimum_age_seconds = 86400 log_opt_values /usr/lib/python3/dist-packages/oslo_config/cfg.py:2609
2025-09-29 00:37:25.518 127916 DEBUG oslo_service.service [req-b3c1b719-a5fa-44b7-98b3-c7dfd88e0838 - - - - -] image_cache.remove_unused_resized_minimum_age_seconds = 3600 log_opt_values /usr/lib/python3/dist-packages/oslo_config/cfg.py:2609
2025-09-29 00:37:25.518 127916 DEBUG oslo_service.service [req-b3c1b719-a5fa-44b7-98b3-c7dfd88e0838 - - - - -] image_cache.subdirectory_name = _base log_opt_values /usr/lib/python3/dist-packages/oslo_config/cfg.py:2609
2025-09-29 00:37:25.518 129118 DEBUG oslo_messaging._drivers.amqpdriver [-] Listener is running poll /usr/lib/python3/dist-packages/oslo_messaging/_drivers/amqpdriver.py:343
2025-09-29 00:37:25.518 129118 DEBUG oslo_messaging._drivers.amqpdriver [-] AMQPListener connection consume poll /usr/lib/python3/dist-packages/oslo_messaging/_drivers/amqpdriver.py:357
2025-09-29 00:37:25.518 127916 DEBUG oslo_service.service [req-b3c1b719-a5fa-44b7-98b3-c7dfd88e0838 - - - - -] ironic.api_max_retries = 60 log_opt_values /usr/lib/python3/dist-packages/oslo_config/cfg.py:2609
2025-09-29 00:37:25.519 127916 DEBUG oslo_service.service [req-b3c1b719-a5fa-44b7-98b3-c7dfd88e0838 - - - - -] ironic.api_retry_interval = 2 log_opt_values /usr/lib/python3/dist-packages/oslo_config/cfg.py:2609
2025-09-29 00:37:25.519 127916 DEBUG oslo_service.service [req-b3c1b719-a5fa-44b7-98b3-c7dfd88e0838 - - - - -] ironic.auth_section = None log_opt_values /usr/lib/python3/dist-packages/oslo_config/cfg.py:2609
2025-09-29 00:37:25.519 127916 DEBUG oslo_service.service [req-b3c1b719-a5fa-44b7-98b3-c7dfd88e0838 - - - - -] ironic.auth_type = None log_opt_values /usr/lib/python3/dist-packages/oslo_config/cfg.py:2609
2025-09-29 00:37:25.519 129118 DEBUG nova.service [req-b456f4a4-4811-4e6a-b69f-47e616ac6df7 - - - - -] Join ServiceGroup membership for this service scheduler start /usr/lib/python3/dist-packages/nova/service.py:199
2025-09-29 00:37:25.519 127916 DEBUG oslo_service.service [req-b3c1b719-a5fa-44b7-98b3-c7dfd88e0838 - - - - -] ironic.cafile = None log_opt_values /usr/lib/python3/dist-packages/oslo_config/cfg.py:2609
2025-09-29 00:37:25.519 129118 DEBUG nova.servicegroup.drivers.db [req-b456f4a4-4811-4e6a-b69f-47e616ac6df7 - - - - -] DB_Driver: join new ServiceGroup member juju-bb5af1-0-lxd-7 to the scheduler group, service = join /usr/lib/python3/dist-packages/nova/servicegroup/drivers/db.py:44
2025-09-29 00:37:25.519 127916 DEBUG oslo_service.service [req-b3c1b719-a5fa-44b7-98b3-c7dfd88e0838 - - - - -] ironic.certfile = None log_opt_values /usr/lib/python3/dist-packages/oslo_config/cfg.py:2609
2025-09-29 00:37:25.520 127916 DEBUG oslo_service.service [req-b3c1b719-a5fa-44b7-98b3-c7dfd88e0838 - - - - -] ironic.collect_timing = False log_opt_values /usr/lib/python3/dist-packages/oslo_config/cfg.py:2609
2025-09-29 00:37:25.520 127916 DEBUG oslo_service.service [req-b3c1b719-a5fa-44b7-98b3-c7dfd88e0838 - - - - -] ironic.connect_retries = None log_opt_values /usr/lib/python3/dist-packages/oslo_config/cfg.py:2609
2025-09-29 00:37:25.520 127916 DEBUG oslo_service.service [req-b3c1b719-a5fa-44b7-98b3-c7dfd88e0838 - - - - -] ironic.connect_retry_delay = None log_opt_values /usr/lib/python3/dist-packages/oslo_config/cfg.py:2609
2025-09-29 00:37:25.520 127916 DEBUG oslo_service.service [req-b3c1b719-a5fa-44b7-98b3-c7dfd88e0838 - - - - -] ironic.endpoint_override = None log_opt_values /usr/lib/python3/dist-packages/oslo_config/cfg.py:2609
2025-09-29 00:37:25.520 127916 DEBUG oslo_service.service [req-b3c1b719-a5fa-44b7-98b3-c7dfd88e0838 - - - - -] ironic.insecure = False log_opt_values /usr/lib/python3/dist-packages/oslo_config/cfg.py:2609
2025-09-29 00:37:25.520 127916 DEBUG oslo_service.service [req-b3c1b719-a5fa-44b7-98b3-c7dfd88e0838 - - - - -] ironic.keyfile = None log_opt_values /usr/lib/python3/dist-packages/oslo_config/cfg.py:2609
2025-09-29 00:37:25.521 127916 DEBUG oslo_service.service [req-b3c1b719-a5fa-44b7-98b3-c7dfd88e0838 - - - - -] ironic.max_version = None log_opt_values /usr/lib/python3/dist-packages/oslo_config/cfg.py:2609
2025-09-29 00:37:25.521 127916 DEBUG oslo_service.service [req-b3c1b719-a5fa-44b7-98b3-c7dfd88e0838 - - - - -] ironic.min_version = None log_opt_values /usr/lib/python3/dist-packages/oslo_config/cfg.py:2609
2025-09-29 00:37:25.521 127916 DEBUG oslo_service.service [req-b3c1b719-a5fa-44b7-98b3-c7dfd88e0838 - - - - -] ironic.partition_key = None log_opt_values /usr/lib/python3/dist-packages/oslo_config/cfg.py:2609
2025-09-29 00:37:25.521 127916 DEBUG oslo_service.service [req-b3c1b719-a5fa-44b7-98b3-c7dfd88e0838 - - - - -] ironic.peer_list = [] log_opt_values /usr/lib/python3/dist-packages/oslo_config/cfg.py:2609
2025-09-29 00:37:25.521 127916 DEBUG oslo_service.service [req-b3c1b719-a5fa-44b7-98b3-c7dfd88e0838 - - - - -] ironic.region_name = None log_opt_values /usr/lib/python3/dist-packages/oslo_config/cfg.py:2609
2025-09-29 00:37:25.522 127916 DEBUG oslo_service.service [req-b3c1b719-a5fa-44b7-98b3-c7dfd88e0838 - - - - -] ironic.serial_console_state_timeout = 10 log_opt_values /usr/lib/python3/dist-packages/oslo_config/cfg.py:2609
2025-09-29 00:37:25.522 127916 DEBUG oslo_service.service [req-b3c1b719-a5fa-44b7-98b3-c7dfd88e0838 - - - - -] ironic.service_name = None log_opt_values /usr/lib/python3/dist-packages/oslo_config/cfg.py:2609
2025-09-29 00:37:25.522 127916 DEBUG oslo_service.service [req-b3c1b719-a5fa-44b7-98b3-c7dfd88e0838 - - - - -] ironic.service_type = baremetal log_opt_values /usr/lib/python3/dist-packages/oslo_config/cfg.py:2609
2025-09-29 00:37:25.522 129117 DEBUG oslo_messaging._drivers.amqpdriver [-] AMQPListener connection timeout poll /usr/lib/python3/dist-packages/oslo_messaging/_drivers/amqpdriver.py:360
2025-09-29 00:37:25.522 129118 DEBUG oslo_messaging._drivers.amqpdriver [-] AMQPListener connection timeout poll /usr/lib/python3/dist-packages/oslo_messaging/_drivers/amqpdriver.py:360
2025-09-29 00:37:25.522 127916 DEBUG oslo_service.service [req-b3c1b719-a5fa-44b7-98b3-c7dfd88e0838 - - - - -] ironic.split_loggers = False log_opt_values /usr/lib/python3/dist-packages/oslo_config/cfg.py:2609
2025-09-29 00:37:25.522 129117 DEBUG oslo_messaging._drivers.amqpdriver [-] Listener is running poll /usr/lib/python3/dist-packages/oslo_messaging/_drivers/amqpdriver.py:343
2025-09-29 00:37:25.522 129118 DEBUG oslo_messaging._drivers.amqpdriver [-] Listener is running poll /usr/lib/python3/dist-packages/oslo_messaging/_drivers/amqpdriver.py:343
2025-09-29 00:37:25.522 129118 DEBUG oslo_messaging._drivers.amqpdriver [-] AMQPListener connection consume poll /usr/lib/python3/dist-packages/oslo_messaging/_drivers/amqpdriver.py:357
2025-09-29 00:37:25.522 127916 DEBUG oslo_service.service [req-b3c1b719-a5fa-44b7-98b3-c7dfd88e0838 - - - - -] ironic.status_code_retries = None log_opt_values /usr/lib/python3/dist-packages/oslo_config/cfg.py:2609
2025-09-29 00:37:25.523 127916 DEBUG oslo_service.service [req-b3c1b719-a5fa-44b7-98b3-c7dfd88e0838 - - - - -] ironic.status_code_retry_delay = None log_opt_values /usr/lib/python3/dist-packages/oslo_config/cfg.py:2609
2025-09-29 00:37:25.523 127916 DEBUG oslo_service.service [req-b3c1b719-a5fa-44b7-98b3-c7dfd88e0838 - - - - -] ironic.timeout = None log_opt_values /usr/lib/python3/dist-packages/oslo_config/cfg.py:2609
2025-09-29 00:37:25.522 129117 DEBUG oslo_messaging._drivers.amqpdriver [-] AMQPListener connection consume poll /usr/lib/python3/dist-packages/oslo_messaging/_drivers/amqpdriver.py:357
2025-09-29 00:37:25.524 127916 DEBUG oslo_service.service [req-b3c1b719-a5fa-44b7-98b3-c7dfd88e0838 - - - - -] ironic.valid_interfaces = ['internal', 'public'] log_opt_values /usr/lib/python3/dist-packages/oslo_config/cfg.py:2609
2025-09-29 00:37:25.525 127916 DEBUG oslo_service.service [req-b3c1b719-a5fa-44b7-98b3-c7dfd88e0838 - - - - -] ironic.version = None log_opt_values /usr/lib/python3/dist-packages/oslo_config/cfg.py:2609
2025-09-29 00:37:25.525 127916 DEBUG oslo_service.service [req-b3c1b719-a5fa-44b7-98b3-c7dfd88e0838 - - - - -] key_manager.backend = barbican log_opt_values /usr/lib/python3/dist-packages/oslo_config/cfg.py:2609
2025-09-29 00:37:25.525 127916 DEBUG oslo_service.service [req-b3c1b719-a5fa-44b7-98b3-c7dfd88e0838 - - - - -] key_manager.fixed_key = **** log_opt_values /usr/lib/python3/dist-packages/oslo_config/cfg.py:2609
2025-09-29 00:37:25.526 127916 DEBUG oslo_service.service [req-b3c1b719-a5fa-44b7-98b3-c7dfd88e0838 - - - - -] barbican.auth_endpoint = http://localhost/identity/v3 log_opt_values /usr/lib/python3/dist-packages/oslo_config/cfg.py:2609
2025-09-29 00:37:25.526 127916 DEBUG oslo_service.service [req-b3c1b719-a5fa-44b7-98b3-c7dfd88e0838 - - - - -] barbican.barbican_api_version = None log_opt_values /usr/lib/python3/dist-packages/oslo_config/cfg.py:2609
2025-09-29 00:37:25.526 127916 DEBUG oslo_service.service [req-b3c1b719-a5fa-44b7-98b3-c7dfd88e0838 - - - - -] barbican.barbican_endpoint = None log_opt_values /usr/lib/python3/dist-packages/oslo_config/cfg.py:2609
2025-09-29 00:37:25.526 127916 DEBUG oslo_service.service [req-b3c1b719-a5fa-44b7-98b3-c7dfd88e0838 - - - - -] barbican.barbican_endpoint_type = public log_opt_values /usr/lib/python3/dist-packages/oslo_config/cfg.py:2609
2025-09-29 00:37:25.527 129110 DEBUG oslo_messaging._drivers.amqpdriver [-] AMQPListener connection timeout poll /usr/lib/python3/dist-packages/oslo_messaging/_drivers/amqpdriver.py:360
2025-09-29 00:37:25.527 129110 DEBUG oslo_messaging._drivers.amqpdriver [-] Listener is running poll /usr/lib/python3/dist-packages/oslo_messaging/_drivers/amqpdriver.py:343
2025-09-29 00:37:25.528 129110 DEBUG oslo_messaging._drivers.amqpdriver [-] AMQPListener connection consume poll /usr/lib/python3/dist-packages/oslo_messaging/_drivers/amqpdriver.py:357
2025-09-29 00:37:25.527 127916 DEBUG oslo_service.service [req-b3c1b719-a5fa-44b7-98b3-c7dfd88e0838 - - - - -] barbican.barbican_region_name = None log_opt_values /usr/lib/python3/dist-packages/oslo_config/cfg.py:2609
2025-09-29 00:37:25.528 127916 DEBUG oslo_service.service [req-b3c1b719-a5fa-44b7-98b3-c7dfd88e0838 - - - - -] barbican.cafile = None log_opt_values /usr/lib/python3/dist-packages/oslo_config/cfg.py:2609
2025-09-29 00:37:25.528 127916 DEBUG oslo_service.service [req-b3c1b719-a5fa-44b7-98b3-c7dfd88e0838 - - - - -] barbican.certfile = None log_opt_values /usr/lib/python3/dist-packages/oslo_config/cfg.py:2609
2025-09-29 00:37:25.529 127916 DEBUG oslo_service.service [req-b3c1b719-a5fa-44b7-98b3-c7dfd88e0838 - - - - -] barbican.collect_timing = False log_opt_values /usr/lib/python3/dist-packages/oslo_config/cfg.py:2609
2025-09-29 00:37:25.529 127916 DEBUG oslo_service.service [req-b3c1b719-a5fa-44b7-98b3-c7dfd88e0838 - - - - -] barbican.insecure = False log_opt_values /usr/lib/python3/dist-packages/oslo_config/cfg.py:2609
2025-09-29 00:37:25.529 127916 DEBUG oslo_service.service [req-b3c1b719-a5fa-44b7-98b3-c7dfd88e0838 - - - - -] barbican.keyfile = None log_opt_values /usr/lib/python3/dist-packages/oslo_config/cfg.py:2609
2025-09-29 00:37:25.529 127916 DEBUG oslo_service.service [req-b3c1b719-a5fa-44b7-98b3-c7dfd88e0838 - - - - -] barbican.number_of_retries = 60 log_opt_values /usr/lib/python3/dist-packages/oslo_config/cfg.py:2609
2025-09-29 00:37:25.529 127916 DEBUG oslo_service.service [req-b3c1b719-a5fa-44b7-98b3-c7dfd88e0838 - - - - -] barbican.retry_delay = 1 log_opt_values /usr/lib/python3/dist-packages/oslo_config/cfg.py:2609
2025-09-29 00:37:25.529 127916 DEBUG oslo_service.service [req-b3c1b719-a5fa-44b7-98b3-c7dfd88e0838 - - - - -] barbican.send_service_user_token = False log_opt_values /usr/lib/python3/dist-packages/oslo_config/cfg.py:2609
2025-09-29 00:37:25.530 127916 DEBUG oslo_service.service [req-b3c1b719-a5fa-44b7-98b3-c7dfd88e0838 - - - - -] barbican.split_loggers = False log_opt_values /usr/lib/python3/dist-packages/oslo_config/cfg.py:2609
2025-09-29 00:37:25.530 127916 DEBUG oslo_service.service [req-b3c1b719-a5fa-44b7-98b3-c7dfd88e0838 - - - - -] barbican.timeout = None log_opt_values /usr/lib/python3/dist-packages/oslo_config/cfg.py:2609
2025-09-29 00:37:25.530 127916 DEBUG oslo_service.service [req-b3c1b719-a5fa-44b7-98b3-c7dfd88e0838 - - - - -] barbican.verify_ssl = True log_opt_values /usr/lib/python3/dist-packages/oslo_config/cfg.py:2609
2025-09-29 00:37:25.530 127916 DEBUG oslo_service.service [req-b3c1b719-a5fa-44b7-98b3-c7dfd88e0838 - - - - -] barbican.verify_ssl_path = None log_opt_values /usr/lib/python3/dist-packages/oslo_config/cfg.py:2609
2025-09-29 00:37:25.530 127916 DEBUG oslo_service.service [req-b3c1b719-a5fa-44b7-98b3-c7dfd88e0838 - - - - -] barbican_service_user.auth_section = None log_opt_values /usr/lib/python3/dist-packages/oslo_config/cfg.py:2609
2025-09-29 00:37:25.530 127916 DEBUG oslo_service.service [req-b3c1b719-a5fa-44b7-98b3-c7dfd88e0838 - - - - -] barbican_service_user.auth_type = None log_opt_values /usr/lib/python3/dist-packages/oslo_config/cfg.py:2609
2025-09-29 00:37:25.531 127916 DEBUG oslo_service.service [req-b3c1b719-a5fa-44b7-98b3-c7dfd88e0838 - - - - -] barbican_service_user.cafile = None log_opt_values /usr/lib/python3/dist-packages/oslo_config/cfg.py:2609
2025-09-29 00:37:25.531 127916 DEBUG oslo_service.service [req-b3c1b719-a5fa-44b7-98b3-c7dfd88e0838 - - - - -] barbican_service_user.certfile = None log_opt_values /usr/lib/python3/dist-packages/oslo_config/cfg.py:2609
2025-09-29 00:37:25.531 127916 DEBUG oslo_service.service [req-b3c1b719-a5fa-44b7-98b3-c7dfd88e0838 - - - - -] barbican_service_user.collect_timing = False log_opt_values /usr/lib/python3/dist-packages/oslo_config/cfg.py:2609
2025-09-29 00:37:25.531 127916 DEBUG oslo_service.service [req-b3c1b719-a5fa-44b7-98b3-c7dfd88e0838 - - - - -] barbican_service_user.insecure = False log_opt_values /usr/lib/python3/dist-packages/oslo_config/cfg.py:2609
2025-09-29 00:37:25.532 127916 DEBUG oslo_service.service [req-b3c1b719-a5fa-44b7-98b3-c7dfd88e0838 - - - - -] barbican_service_user.keyfile = None log_opt_values /usr/lib/python3/dist-packages/oslo_config/cfg.py:2609
2025-09-29 00:37:25.532 127916 DEBUG oslo_service.service [req-b3c1b719-a5fa-44b7-98b3-c7dfd88e0838 - - - - -] barbican_service_user.split_loggers = False log_opt_values /usr/lib/python3/dist-packages/oslo_config/cfg.py:2609
2025-09-29 00:37:25.532 127916 DEBUG oslo_service.service [req-b3c1b719-a5fa-44b7-98b3-c7dfd88e0838 - - - - -] barbican_service_user.timeout = None log_opt_values /usr/lib/python3/dist-packages/oslo_config/cfg.py:2609
2025-09-29 00:37:25.532 127916 DEBUG oslo_service.service [req-b3c1b719-a5fa-44b7-98b3-c7dfd88e0838 - - - - -] vault.approle_role_id = None log_opt_values /usr/lib/python3/dist-packages/oslo_config/cfg.py:2609
2025-09-29 00:37:25.533 127916 DEBUG oslo_service.service [req-b3c1b719-a5fa-44b7-98b3-c7dfd88e0838 - - - - -] vault.approle_secret_id = None log_opt_values /usr/lib/python3/dist-packages/oslo_config/cfg.py:2609
2025-09-29 00:37:25.534 127916 DEBUG oslo_service.service [req-b3c1b719-a5fa-44b7-98b3-c7dfd88e0838 - - - - -] vault.cafile = None log_opt_values /usr/lib/python3/dist-packages/oslo_config/cfg.py:2609
2025-09-29 00:37:25.534 127916 DEBUG oslo_service.service [req-b3c1b719-a5fa-44b7-98b3-c7dfd88e0838 - - - - -] vault.certfile = None log_opt_values /usr/lib/python3/dist-packages/oslo_config/cfg.py:2609
2025-09-29 00:37:25.534 127916 DEBUG oslo_service.service [req-b3c1b719-a5fa-44b7-98b3-c7dfd88e0838 - - - - -] vault.collect_timing = False log_opt_values /usr/lib/python3/dist-packages/oslo_config/cfg.py:2609
2025-09-29 00:37:25.535 127916 DEBUG oslo_service.service [req-b3c1b719-a5fa-44b7-98b3-c7dfd88e0838 - - - - -] vault.insecure = False log_opt_values /usr/lib/python3/dist-packages/oslo_config/cfg.py:2609
2025-09-29 00:37:25.535 127916 DEBUG oslo_service.service [req-b3c1b719-a5fa-44b7-98b3-c7dfd88e0838 - - - - -] vault.keyfile = None log_opt_values /usr/lib/python3/dist-packages/oslo_config/cfg.py:2609
2025-09-29 00:37:25.535 127916 DEBUG oslo_service.service [req-b3c1b719-a5fa-44b7-98b3-c7dfd88e0838 - - - - -] vault.kv_mountpoint = secret log_opt_values /usr/lib/python3/dist-packages/oslo_config/cfg.py:2609
2025-09-29 00:37:25.535 127916 DEBUG oslo_service.service [req-b3c1b719-a5fa-44b7-98b3-c7dfd88e0838 - - - - -] vault.kv_version = 2 log_opt_values /usr/lib/python3/dist-packages/oslo_config/cfg.py:2609
2025-09-29 00:37:25.536 127916 DEBUG oslo_service.service [req-b3c1b719-a5fa-44b7-98b3-c7dfd88e0838 - - - - -] vault.namespace = None log_opt_values /usr/lib/python3/dist-packages/oslo_config/cfg.py:2609
2025-09-29 00:37:25.537 127916 DEBUG oslo_service.service [req-b3c1b719-a5fa-44b7-98b3-c7dfd88e0838 - - - - -] vault.root_token_id = None log_opt_values /usr/lib/python3/dist-packages/oslo_config/cfg.py:2609
2025-09-29 00:37:25.537 127916 DEBUG oslo_service.service [req-b3c1b719-a5fa-44b7-98b3-c7dfd88e0838 - - - - -] vault.split_loggers = False log_opt_values /usr/lib/python3/dist-packages/oslo_config/cfg.py:2609
2025-09-29 00:37:25.537 127916 DEBUG oslo_service.service [req-b3c1b719-a5fa-44b7-98b3-c7dfd88e0838 - - - - -] vault.ssl_ca_crt_file = None log_opt_values /usr/lib/python3/dist-packages/oslo_config/cfg.py:2609
2025-09-29 00:37:25.537 127916 DEBUG oslo_service.service [req-b3c1b719-a5fa-44b7-98b3-c7dfd88e0838 - - - - -] vault.timeout = None log_opt_values /usr/lib/python3/dist-packages/oslo_config/cfg.py:2609
2025-09-29 00:37:25.537 127916 DEBUG oslo_service.service [req-b3c1b719-a5fa-44b7-98b3-c7dfd88e0838 - - - - -] vault.use_ssl = False log_opt_values /usr/lib/python3/dist-packages/oslo_config/cfg.py:2609
2025-09-29 00:37:25.538 127916 DEBUG oslo_service.service [req-b3c1b719-a5fa-44b7-98b3-c7dfd88e0838 - - - - -] vault.vault_url = http://127.0.0.1:8200 log_opt_values /usr/lib/python3/dist-packages/oslo_config/cfg.py:2609
2025-09-29 00:37:25.538 127916 DEBUG oslo_service.service [req-b3c1b719-a5fa-44b7-98b3-c7dfd88e0838 - - - - -] keystone.cafile = None log_opt_values /usr/lib/python3/dist-packages/oslo_config/cfg.py:2609
2025-09-29 00:37:25.538 127916 DEBUG oslo_service.service [req-b3c1b719-a5fa-44b7-98b3-c7dfd88e0838 - - - - -] keystone.certfile = None log_opt_values /usr/lib/python3/dist-packages/oslo_config/cfg.py:2609
2025-09-29 00:37:25.538 127916 DEBUG oslo_service.service [req-b3c1b719-a5fa-44b7-98b3-c7dfd88e0838 - - - - -] keystone.collect_timing = False log_opt_values /usr/lib/python3/dist-packages/oslo_config/cfg.py:2609
2025-09-29 00:37:25.539 127916 DEBUG oslo_service.service [req-b3c1b719-a5fa-44b7-98b3-c7dfd88e0838 - - - - -] keystone.connect_retries = None log_opt_values /usr/lib/python3/dist-packages/oslo_config/cfg.py:2609
2025-09-29 00:37:25.540 127916 DEBUG oslo_service.service [req-b3c1b719-a5fa-44b7-98b3-c7dfd88e0838 - - - - -] keystone.connect_retry_delay = None log_opt_values /usr/lib/python3/dist-packages/oslo_config/cfg.py:2609
2025-09-29 00:37:25.540 127916 DEBUG oslo_service.service [req-b3c1b719-a5fa-44b7-98b3-c7dfd88e0838 - - - - -] keystone.endpoint_override = None log_opt_values /usr/lib/python3/dist-packages/oslo_config/cfg.py:2609
2025-09-29 00:37:25.540 127916 DEBUG oslo_service.service [req-b3c1b719-a5fa-44b7-98b3-c7dfd88e0838 - - - - -] keystone.insecure = False log_opt_values /usr/lib/python3/dist-packages/oslo_config/cfg.py:2609
2025-09-29 00:37:25.540 127916 DEBUG oslo_service.service [req-b3c1b719-a5fa-44b7-98b3-c7dfd88e0838 - - - - -] keystone.keyfile = None log_opt_values /usr/lib/python3/dist-packages/oslo_config/cfg.py:2609
2025-09-29 00:37:25.541 127916 DEBUG oslo_service.service [req-b3c1b719-a5fa-44b7-98b3-c7dfd88e0838 - - - - -] keystone.max_version = None log_opt_values /usr/lib/python3/dist-packages/oslo_config/cfg.py:2609
2025-09-29 00:37:25.541 127916 DEBUG oslo_service.service [req-b3c1b719-a5fa-44b7-98b3-c7dfd88e0838 - - - - -] keystone.min_version = None log_opt_values /usr/lib/python3/dist-packages/oslo_config/cfg.py:2609
2025-09-29 00:37:25.541 127916 DEBUG oslo_service.service [req-b3c1b719-a5fa-44b7-98b3-c7dfd88e0838 - - - - -] keystone.region_name = None log_opt_values /usr/lib/python3/dist-packages/oslo_config/cfg.py:2609
2025-09-29 00:37:25.541 127916 DEBUG oslo_service.service [req-b3c1b719-a5fa-44b7-98b3-c7dfd88e0838 - - - - -] keystone.service_name = None log_opt_values /usr/lib/python3/dist-packages/oslo_config/cfg.py:2609
2025-09-29 00:37:25.542 127916 DEBUG oslo_service.service [req-b3c1b719-a5fa-44b7-98b3-c7dfd88e0838 - - - - -] keystone.service_type = identity log_opt_values /usr/lib/python3/dist-packages/oslo_config/cfg.py:2609
2025-09-29 00:37:25.542 127916 DEBUG oslo_service.service [req-b3c1b719-a5fa-44b7-98b3-c7dfd88e0838 - - - - -] keystone.split_loggers = False log_opt_values /usr/lib/python3/dist-packages/oslo_config/cfg.py:2609
2025-09-29 00:37:25.542 127916 DEBUG oslo_service.service [req-b3c1b719-a5fa-44b7-98b3-c7dfd88e0838 - - - - -] keystone.status_code_retries = None log_opt_values /usr/lib/python3/dist-packages/oslo_config/cfg.py:2609
2025-09-29 00:37:25.542 127916 DEBUG oslo_service.service [req-b3c1b719-a5fa-44b7-98b3-c7dfd88e0838 - - - - -] keystone.status_code_retry_delay = None log_opt_values /usr/lib/python3/dist-packages/oslo_config/cfg.py:2609
