2025-09-29 00:40:05.039 148257 DEBUG oslo_concurrency.lockutils [req-d6927300-f2e2-4a3b-89dd-b4c9f4e77fe3 - - - - -] Releasing lock "singleton_lock" lock /usr/lib/python3/dist-packages/oslo_concurrency/lockutils.py:312
2025-09-29 00:40:05.039 148257 DEBUG oslo_service.service [req-d6927300-f2e2-4a3b-89dd-b4c9f4e77fe3 - - - - -] Stop services. stop /usr/lib/python3/dist-packages/oslo_service/service.py:695
2025-09-29 00:40:05.040 148257 DEBUG oslo_service.service [req-d6927300-f2e2-4a3b-89dd-b4c9f4e77fe3 - - - - -] Killing children. stop /usr/lib/python3/dist-packages/oslo_service/service.py:700
2025-09-29 00:40:05.053 148257 INFO oslo_service.service [req-d6927300-f2e2-4a3b-89dd-b4c9f4e77fe3 - - - - -] Waiting on 4 children to exit
2025-09-29 00:40:05.054 148257 INFO oslo_service.service [req-d6927300-f2e2-4a3b-89dd-b4c9f4e77fe3 - - - - -] Child 148701 killed by signal 15
2025-09-29 00:40:05.054 148257 INFO oslo_service.service [req-d6927300-f2e2-4a3b-89dd-b4c9f4e77fe3 - - - - -] Child 148724 killed by signal 15
2025-09-29 00:40:05.055 148257 INFO oslo_service.service [req-d6927300-f2e2-4a3b-89dd-b4c9f4e77fe3 - - - - -] Child 148707 killed by signal 15
2025-09-29 00:40:05.055 148257 INFO oslo_service.service [req-d6927300-f2e2-4a3b-89dd-b4c9f4e77fe3 - - - - -] Child 148714 killed by signal 15
2025-09-29 00:40:06.790 163735 DEBUG oslo_db.sqlalchemy.engines [req-3933074f-557f-4d81-960a-b71c467480cd - - - - -] MySQL server mode set to STRICT_TRANS_TABLES,STRICT_ALL_TABLES,NO_ZERO_IN_DATE,NO_ZERO_DATE,ERROR_FOR_DIVISION_BY_ZERO,TRADITIONAL,NO_ENGINE_SUBSTITUTION _check_effective_sql_mode /usr/lib/python3/dist-packages/oslo_db/sqlalchemy/engines.py:314
2025-09-29 00:40:06.838 163735 DEBUG nova.scheduler.host_manager [req-3933074f-557f-4d81-960a-b71c467480cd - - - - -] Found 1 cells: 9147f2af-0530-4a40-ab92-74bb6ddd8d44 refresh_cells_caches /usr/lib/python3/dist-packages/nova/scheduler/host_manager.py:730
2025-09-29 00:40:06.838 163735 DEBUG nova.scheduler.host_manager [req-3933074f-557f-4d81-960a-b71c467480cd - - - - -] Found 0 disabled cells: refresh_cells_caches /usr/lib/python3/dist-packages/nova/scheduler/host_manager.py:742
2025-09-29 00:40:06.844 163735 WARNING nova.scheduler.filters.availability_zone_filter [req-3933074f-557f-4d81-960a-b71c467480cd - - - - -] The 'AvailabilityZoneFilter' is deprecated since the 24.0.0 (Xena) release. Since the 18.0.0 (Rocky) release, nova has supported mapping AZs to placement aggregates. The feature is enabled by the 'query_placement_for_availability_zone' config option and is now enabled by default. As such, the 'AvailabilityZoneFilter' is no longer required. Nova is currently configured to use both placement and the AvailabilityZoneFilter for AZ enforcement.
2025-09-29 00:40:06.955 163735 DEBUG nova.scheduler.host_manager [req-3933074f-557f-4d81-960a-b71c467480cd - - - - -] START:_async_init_instance_info _async_init_instance_info /usr/lib/python3/dist-packages/nova/scheduler/host_manager.py:411
2025-09-29 00:40:06.957 163735 DEBUG oslo_concurrency.lockutils [req-5764155e-a5c6-4077-b030-0e52691d53af - - - - -] Lock "9147f2af-0530-4a40-ab92-74bb6ddd8d44" acquired by "nova.context.set_target_cell..get_or_set_cached_cell_and_set_connections" :: waited 0.000s inner /usr/lib/python3/dist-packages/oslo_concurrency/lockutils.py:386
2025-09-29 00:40:06.959 163735 DEBUG oslo_concurrency.lockutils [req-5764155e-a5c6-4077-b030-0e52691d53af - - - - -] Lock "9147f2af-0530-4a40-ab92-74bb6ddd8d44" "released" by "nova.context.set_target_cell..get_or_set_cached_cell_and_set_connections" :: held 0.002s inner /usr/lib/python3/dist-packages/oslo_concurrency/lockutils.py:400
2025-09-29 00:40:06.966 163735 DEBUG oslo_db.sqlalchemy.engines [req-5764155e-a5c6-4077-b030-0e52691d53af - - - - -] MySQL server mode set to STRICT_TRANS_TABLES,STRICT_ALL_TABLES,NO_ZERO_IN_DATE,NO_ZERO_DATE,ERROR_FOR_DIVISION_BY_ZERO,TRADITIONAL,NO_ENGINE_SUBSTITUTION _check_effective_sql_mode /usr/lib/python3/dist-packages/oslo_db/sqlalchemy/engines.py:314
2025-09-29 00:40:06.980 163735 DEBUG nova.scheduler.host_manager [req-5764155e-a5c6-4077-b030-0e52691d53af - - - - -] Total number of compute nodes: 1 _async_init_instance_info /usr/lib/python3/dist-packages/nova/scheduler/host_manager.py:424
2025-09-29 00:40:06.981 163735 DEBUG oslo_concurrency.lockutils [req-5764155e-a5c6-4077-b030-0e52691d53af - - - - -] Lock "9147f2af-0530-4a40-ab92-74bb6ddd8d44" acquired by "nova.context.set_target_cell..get_or_set_cached_cell_and_set_connections" :: waited 0.000s inner /usr/lib/python3/dist-packages/oslo_concurrency/lockutils.py:386
2025-09-29 00:40:06.981 163735 DEBUG oslo_concurrency.lockutils [req-5764155e-a5c6-4077-b030-0e52691d53af - - - - -] Lock "9147f2af-0530-4a40-ab92-74bb6ddd8d44" "released" by "nova.context.set_target_cell..get_or_set_cached_cell_and_set_connections" :: held 0.000s inner /usr/lib/python3/dist-packages/oslo_concurrency/lockutils.py:400
2025-09-29 00:40:07.079 163735 DEBUG nova.scheduler.host_manager [req-5764155e-a5c6-4077-b030-0e52691d53af - - - - -] Adding 0 instances for hosts 10-20 _async_init_instance_info /usr/lib/python3/dist-packages/nova/scheduler/host_manager.py:443
2025-09-29 00:40:07.080 163735 DEBUG nova.scheduler.host_manager [req-5764155e-a5c6-4077-b030-0e52691d53af - - - - -] END:_async_init_instance_info _async_init_instance_info /usr/lib/python3/dist-packages/nova/scheduler/host_manager.py:454
2025-09-29 00:40:07.394 163735 DEBUG nova.context [req-3933074f-557f-4d81-960a-b71c467480cd - - - - -] Found 2 cells: 00000000-0000-0000-0000-000000000000(cell0),9147f2af-0530-4a40-ab92-74bb6ddd8d44(cell1) load_cells /usr/lib/python3/dist-packages/nova/context.py:464
2025-09-29 00:40:07.395 163735 DEBUG oslo_concurrency.lockutils [req-f4505665-ced8-484e-83d1-c9a7b45cf146 - - - - -] Lock "00000000-0000-0000-0000-000000000000" acquired by "nova.context.set_target_cell..get_or_set_cached_cell_and_set_connections" :: waited 0.000s inner /usr/lib/python3/dist-packages/oslo_concurrency/lockutils.py:386
2025-09-29 00:40:07.396 163735 DEBUG oslo_concurrency.lockutils [req-f4505665-ced8-484e-83d1-c9a7b45cf146 - - - - -] Lock "00000000-0000-0000-0000-000000000000" "released" by "nova.context.set_target_cell..get_or_set_cached_cell_and_set_connections" :: held 0.001s inner /usr/lib/python3/dist-packages/oslo_concurrency/lockutils.py:400
2025-09-29 00:40:07.396 163735 DEBUG oslo_concurrency.lockutils [req-f4505665-ced8-484e-83d1-c9a7b45cf146 - - - - -] Lock "9147f2af-0530-4a40-ab92-74bb6ddd8d44" acquired by "nova.context.set_target_cell..get_or_set_cached_cell_and_set_connections" :: waited 0.000s inner /usr/lib/python3/dist-packages/oslo_concurrency/lockutils.py:386
2025-09-29 00:40:07.397 163735 DEBUG oslo_concurrency.lockutils [req-f4505665-ced8-484e-83d1-c9a7b45cf146 - - - - -] Lock "9147f2af-0530-4a40-ab92-74bb6ddd8d44" "released" by "nova.context.set_target_cell..get_or_set_cached_cell_and_set_connections" :: held 0.000s inner /usr/lib/python3/dist-packages/oslo_concurrency/lockutils.py:400
2025-09-29 00:40:07.407 163735 DEBUG oslo_db.sqlalchemy.engines [req-f4505665-ced8-484e-83d1-c9a7b45cf146 - - - - -] MySQL server mode set to STRICT_TRANS_TABLES,STRICT_ALL_TABLES,NO_ZERO_IN_DATE,NO_ZERO_DATE,ERROR_FOR_DIVISION_BY_ZERO,TRADITIONAL,NO_ENGINE_SUBSTITUTION _check_effective_sql_mode /usr/lib/python3/dist-packages/oslo_db/sqlalchemy/engines.py:314
2025-09-29 00:40:07.416 163735 DEBUG oslo_concurrency.lockutils [req-f4505665-ced8-484e-83d1-c9a7b45cf146 - - - - -] Acquired lock "singleton_lock" lock /usr/lib/python3/dist-packages/oslo_concurrency/lockutils.py:294
2025-09-29 00:40:07.416 163735 DEBUG oslo_concurrency.lockutils [req-f4505665-ced8-484e-83d1-c9a7b45cf146 - - - - -] Releasing lock "singleton_lock" lock /usr/lib/python3/dist-packages/oslo_concurrency/lockutils.py:312
2025-09-29 00:40:07.417 163735 INFO oslo_service.service [req-f4505665-ced8-484e-83d1-c9a7b45cf146 - - - - -] Starting 4 workers
2025-09-29 00:40:07.421 163735 DEBUG oslo_service.service [req-f4505665-ced8-484e-83d1-c9a7b45cf146 - - - - -] Started child 164172 _start_child /usr/lib/python3/dist-packages/oslo_service/service.py:575
2025-09-29 00:40:07.426 164172 INFO nova.service [-] Starting scheduler node (version 25.2.1)
2025-09-29 00:40:07.427 163735 DEBUG oslo_service.service [req-f4505665-ced8-484e-83d1-c9a7b45cf146 - - - - -] Started child 164173 _start_child /usr/lib/python3/dist-packages/oslo_service/service.py:575
2025-09-29 00:40:07.433 164173 INFO nova.service [-] Starting scheduler node (version 25.2.1)
2025-09-29 00:40:07.433 163735 DEBUG oslo_service.service [req-f4505665-ced8-484e-83d1-c9a7b45cf146 - - - - -] Started child 164174 _start_child /usr/lib/python3/dist-packages/oslo_service/service.py:575
2025-09-29 00:40:07.439 164174 INFO nova.service [-] Starting scheduler node (version 25.2.1)
2025-09-29 00:40:07.440 164172 DEBUG oslo_db.sqlalchemy.engines [req-1c181ba2-bd33-4cf5-9799-ee547b0c28b2 - - - - -] MySQL server mode set to STRICT_TRANS_TABLES,STRICT_ALL_TABLES,NO_ZERO_IN_DATE,NO_ZERO_DATE,ERROR_FOR_DIVISION_BY_ZERO,TRADITIONAL,NO_ENGINE_SUBSTITUTION _check_effective_sql_mode /usr/lib/python3/dist-packages/oslo_db/sqlalchemy/engines.py:314
2025-09-29 00:40:07.439 163735 DEBUG oslo_service.service [req-f4505665-ced8-484e-83d1-c9a7b45cf146 - - - - -] Started child 164175 _start_child /usr/lib/python3/dist-packages/oslo_service/service.py:575
2025-09-29 00:40:07.441 163735 DEBUG oslo_service.service [req-f4505665-ced8-484e-83d1-c9a7b45cf146 - - - - -] Full set of CONF: wait /usr/lib/python3/dist-packages/oslo_service/service.py:649
2025-09-29 00:40:07.442 163735 DEBUG oslo_service.service [req-f4505665-ced8-484e-83d1-c9a7b45cf146 - - - - -] ******************************************************************************** log_opt_values /usr/lib/python3/dist-packages/oslo_config/cfg.py:2589
2025-09-29 00:40:07.442 163735 DEBUG oslo_service.service [req-f4505665-ced8-484e-83d1-c9a7b45cf146 - - - - -] Configuration options gathered from: log_opt_values /usr/lib/python3/dist-packages/oslo_config/cfg.py:2590
2025-09-29 00:40:07.442 163735 DEBUG oslo_service.service [req-f4505665-ced8-484e-83d1-c9a7b45cf146 - - - - -] command line args: ['--config-file=/etc/nova/nova.conf', '--log-file=/var/log/nova/nova-scheduler.log'] log_opt_values /usr/lib/python3/dist-packages/oslo_config/cfg.py:2591
2025-09-29 00:40:07.442 163735 DEBUG oslo_service.service [req-f4505665-ced8-484e-83d1-c9a7b45cf146 - - - - -] config files: ['/etc/nova/nova.conf'] log_opt_values /usr/lib/python3/dist-packages/oslo_config/cfg.py:2592
2025-09-29 00:40:07.443 163735 DEBUG oslo_service.service [req-f4505665-ced8-484e-83d1-c9a7b45cf146 - - - - -] ================================================================================ log_opt_values /usr/lib/python3/dist-packages/oslo_config/cfg.py:2594
2025-09-29 00:40:07.444 163735 DEBUG oslo_service.service [req-f4505665-ced8-484e-83d1-c9a7b45cf146 - - - - -] allow_resize_to_same_host = False log_opt_values /usr/lib/python3/dist-packages/oslo_config/cfg.py:2602
2025-09-29 00:40:07.444 164175 INFO nova.service [-] Starting scheduler node (version 25.2.1)
2025-09-29 00:40:07.444 163735 DEBUG oslo_service.service [req-f4505665-ced8-484e-83d1-c9a7b45cf146 - - - - -] arq_binding_timeout = 300 log_opt_values /usr/lib/python3/dist-packages/oslo_config/cfg.py:2602
2025-09-29 00:40:07.445 163735 DEBUG oslo_service.service [req-f4505665-ced8-484e-83d1-c9a7b45cf146 - - - - -] block_device_allocate_retries = 60 log_opt_values /usr/lib/python3/dist-packages/oslo_config/cfg.py:2602
2025-09-29 00:40:07.445 163735 DEBUG oslo_service.service [req-f4505665-ced8-484e-83d1-c9a7b45cf146 - - - - -] block_device_allocate_retries_interval = 3 log_opt_values /usr/lib/python3/dist-packages/oslo_config/cfg.py:2602
2025-09-29 00:40:07.445 163735 DEBUG oslo_service.service [req-f4505665-ced8-484e-83d1-c9a7b45cf146 - - - - -] cert = self.pem log_opt_values /usr/lib/python3/dist-packages/oslo_config/cfg.py:2602
2025-09-29 00:40:07.447 163735 DEBUG oslo_service.service [req-f4505665-ced8-484e-83d1-c9a7b45cf146 - - - - -] compute_driver = libvirt.LibvirtDriver log_opt_values /usr/lib/python3/dist-packages/oslo_config/cfg.py:2602
2025-09-29 00:40:07.447 163735 DEBUG oslo_service.service [req-f4505665-ced8-484e-83d1-c9a7b45cf146 - - - - -] compute_monitors = [] log_opt_values /usr/lib/python3/dist-packages/oslo_config/cfg.py:2602
2025-09-29 00:40:07.447 163735 DEBUG oslo_service.service [req-f4505665-ced8-484e-83d1-c9a7b45cf146 - - - - -] config_dir = [] log_opt_values /usr/lib/python3/dist-packages/oslo_config/cfg.py:2602
2025-09-29 00:40:07.447 163735 DEBUG oslo_service.service [req-f4505665-ced8-484e-83d1-c9a7b45cf146 - - - - -] config_drive_format = iso9660 log_opt_values /usr/lib/python3/dist-packages/oslo_config/cfg.py:2602
2025-09-29 00:40:07.448 163735 DEBUG oslo_service.service [req-f4505665-ced8-484e-83d1-c9a7b45cf146 - - - - -] config_file = ['/etc/nova/nova.conf'] log_opt_values /usr/lib/python3/dist-packages/oslo_config/cfg.py:2602
2025-09-29 00:40:07.448 163735 DEBUG oslo_service.service [req-f4505665-ced8-484e-83d1-c9a7b45cf146 - - - - -] config_source = [] log_opt_values /usr/lib/python3/dist-packages/oslo_config/cfg.py:2602
2025-09-29 00:40:07.448 163735 DEBUG oslo_service.service [req-f4505665-ced8-484e-83d1-c9a7b45cf146 - - - - -] console_host = juju-bb5af1-0-lxd-7 log_opt_values /usr/lib/python3/dist-packages/oslo_config/cfg.py:2602
2025-09-29 00:40:07.448 163735 DEBUG oslo_service.service [req-f4505665-ced8-484e-83d1-c9a7b45cf146 - - - - -] control_exchange = nova log_opt_values /usr/lib/python3/dist-packages/oslo_config/cfg.py:2602
2025-09-29 00:40:07.448 163735 DEBUG oslo_service.service [req-f4505665-ced8-484e-83d1-c9a7b45cf146 - - - - -] cpu_allocation_ratio = 2.0 log_opt_values /usr/lib/python3/dist-packages/oslo_config/cfg.py:2602
2025-09-29 00:40:07.449 163735 DEBUG oslo_service.service [req-f4505665-ced8-484e-83d1-c9a7b45cf146 - - - - -] daemon = False log_opt_values /usr/lib/python3/dist-packages/oslo_config/cfg.py:2602
2025-09-29 00:40:07.449 163735 DEBUG oslo_service.service [req-f4505665-ced8-484e-83d1-c9a7b45cf146 - - - - -] debug = True log_opt_values /usr/lib/python3/dist-packages/oslo_config/cfg.py:2602
2025-09-29 00:40:07.450 163735 DEBUG oslo_service.service [req-f4505665-ced8-484e-83d1-c9a7b45cf146 - - - - -] default_access_ip_network_name = None log_opt_values /usr/lib/python3/dist-packages/oslo_config/cfg.py:2602
2025-09-29 00:40:07.450 163735 DEBUG oslo_service.service [req-f4505665-ced8-484e-83d1-c9a7b45cf146 - - - - -] default_availability_zone = nova log_opt_values /usr/lib/python3/dist-packages/oslo_config/cfg.py:2602
2025-09-29 00:40:07.450 163735 DEBUG oslo_service.service [req-f4505665-ced8-484e-83d1-c9a7b45cf146 - - - - -] default_ephemeral_format = None log_opt_values /usr/lib/python3/dist-packages/oslo_config/cfg.py:2602
2025-09-29 00:40:07.451 163735 DEBUG oslo_service.service [req-f4505665-ced8-484e-83d1-c9a7b45cf146 - - - - -] default_log_levels = ['amqp=WARN', 'amqplib=WARN', 'boto=WARN', 'qpid=WARN', 'sqlalchemy=WARN', 'suds=INFO', 'oslo.messaging=INFO', 'oslo_messaging=DEBUG', 'iso8601=WARN', 'requests.packages.urllib3.connectionpool=WARN', 'urllib3.connectionpool=WARN', 'websocket=WARN', 'requests.packages.urllib3.util.retry=WARN', 'urllib3.util.retry=WARN', 'keystonemiddleware=WARN', 'routes.middleware=WARN', 'stevedore=WARN', 'taskflow=WARN', 'keystoneauth=WARN', 'oslo.cache=INFO', 'dogpile.core.dogpile=INFO', 'glanceclient=WARN', 'oslo.privsep.daemon=INFO'] log_opt_values /usr/lib/python3/dist-packages/oslo_config/cfg.py:2602
2025-09-29 00:40:07.451 163735 DEBUG oslo_service.service [req-f4505665-ced8-484e-83d1-c9a7b45cf146 - - - - -] default_schedule_zone = None log_opt_values /usr/lib/python3/dist-packages/oslo_config/cfg.py:2602
2025-09-29 00:40:07.451 163735 DEBUG oslo_service.service [req-f4505665-ced8-484e-83d1-c9a7b45cf146 - - - - -] disk_allocation_ratio = 1.0 log_opt_values /usr/lib/python3/dist-packages/oslo_config/cfg.py:2602
2025-09-29 00:40:07.451 163735 DEBUG oslo_service.service [req-f4505665-ced8-484e-83d1-c9a7b45cf146 - - - - -] enable_new_services = True log_opt_values /usr/lib/python3/dist-packages/oslo_config/cfg.py:2602
2025-09-29 00:40:07.452 163735 DEBUG oslo_service.service [req-f4505665-ced8-484e-83d1-c9a7b45cf146 - - - - -] enabled_apis = ['osapi_compute', 'metadata'] log_opt_values /usr/lib/python3/dist-packages/oslo_config/cfg.py:2602
2025-09-29 00:40:07.452 163735 DEBUG oslo_service.service [req-f4505665-ced8-484e-83d1-c9a7b45cf146 - - - - -] enabled_ssl_apis = [] log_opt_values /usr/lib/python3/dist-packages/oslo_config/cfg.py:2602
2025-09-29 00:40:07.453 164173 DEBUG oslo_db.sqlalchemy.engines [req-7097e4ce-0db2-429a-bc58-71259e1da0d8 - - - - -] MySQL server mode set to STRICT_TRANS_TABLES,STRICT_ALL_TABLES,NO_ZERO_IN_DATE,NO_ZERO_DATE,ERROR_FOR_DIVISION_BY_ZERO,TRADITIONAL,NO_ENGINE_SUBSTITUTION _check_effective_sql_mode /usr/lib/python3/dist-packages/oslo_db/sqlalchemy/engines.py:314
2025-09-29 00:40:07.453 163735 DEBUG oslo_service.service [req-f4505665-ced8-484e-83d1-c9a7b45cf146 - - - - -] fatal_deprecations = False log_opt_values /usr/lib/python3/dist-packages/oslo_config/cfg.py:2602
2025-09-29 00:40:07.453 164174 DEBUG oslo_db.sqlalchemy.engines [req-864e29b5-7d61-426e-9450-7f34ce24ce53 - - - - -] MySQL server mode set to STRICT_TRANS_TABLES,STRICT_ALL_TABLES,NO_ZERO_IN_DATE,NO_ZERO_DATE,ERROR_FOR_DIVISION_BY_ZERO,TRADITIONAL,NO_ENGINE_SUBSTITUTION _check_effective_sql_mode /usr/lib/python3/dist-packages/oslo_db/sqlalchemy/engines.py:314
2025-09-29 00:40:07.454 163735 DEBUG oslo_service.service [req-f4505665-ced8-484e-83d1-c9a7b45cf146 - - - - -] flat_injected = False log_opt_values /usr/lib/python3/dist-packages/oslo_config/cfg.py:2602
2025-09-29 00:40:07.454 163735 DEBUG oslo_service.service [req-f4505665-ced8-484e-83d1-c9a7b45cf146 - - - - -] force_config_drive = False log_opt_values /usr/lib/python3/dist-packages/oslo_config/cfg.py:2602
2025-09-29 00:40:07.454 163735 DEBUG oslo_service.service [req-f4505665-ced8-484e-83d1-c9a7b45cf146 - - - - -] force_raw_images = True log_opt_values /usr/lib/python3/dist-packages/oslo_config/cfg.py:2602
2025-09-29 00:40:07.454 163735 DEBUG oslo_service.service [req-f4505665-ced8-484e-83d1-c9a7b45cf146 - - - - -] graceful_shutdown_timeout = 60 log_opt_values /usr/lib/python3/dist-packages/oslo_config/cfg.py:2602
2025-09-29 00:40:07.455 163735 DEBUG oslo_service.service [req-f4505665-ced8-484e-83d1-c9a7b45cf146 - - - - -] heal_instance_info_cache_interval = 60 log_opt_values /usr/lib/python3/dist-packages/oslo_config/cfg.py:2602
2025-09-29 00:40:07.455 163735 DEBUG oslo_service.service [req-f4505665-ced8-484e-83d1-c9a7b45cf146 - - - - -] host = juju-bb5af1-0-lxd-7 log_opt_values /usr/lib/python3/dist-packages/oslo_config/cfg.py:2602
2025-09-29 00:40:07.457 163735 DEBUG oslo_service.service [req-f4505665-ced8-484e-83d1-c9a7b45cf146 - - - - -] initial_cpu_allocation_ratio = 16.0 log_opt_values /usr/lib/python3/dist-packages/oslo_config/cfg.py:2602
2025-09-29 00:40:07.457 163735 DEBUG oslo_service.service [req-f4505665-ced8-484e-83d1-c9a7b45cf146 - - - - -] initial_disk_allocation_ratio = 1.0 log_opt_values /usr/lib/python3/dist-packages/oslo_config/cfg.py:2602
2025-09-29 00:40:07.457 163735 DEBUG oslo_service.service [req-f4505665-ced8-484e-83d1-c9a7b45cf146 - - - - -] initial_ram_allocation_ratio = 1.5 log_opt_values /usr/lib/python3/dist-packages/oslo_config/cfg.py:2602
2025-09-29 00:40:07.457 164175 DEBUG oslo_db.sqlalchemy.engines [req-749006f8-71b0-4ac5-9cd3-49fe21dbb2fc - - - - -] MySQL server mode set to STRICT_TRANS_TABLES,STRICT_ALL_TABLES,NO_ZERO_IN_DATE,NO_ZERO_DATE,ERROR_FOR_DIVISION_BY_ZERO,TRADITIONAL,NO_ENGINE_SUBSTITUTION _check_effective_sql_mode /usr/lib/python3/dist-packages/oslo_db/sqlalchemy/engines.py:314
2025-09-29 00:40:07.458 163735 DEBUG oslo_service.service [req-f4505665-ced8-484e-83d1-c9a7b45cf146 - - - - -] injected_network_template = /usr/lib/python3/dist-packages/nova/virt/interfaces.template log_opt_values /usr/lib/python3/dist-packages/oslo_config/cfg.py:2602
2025-09-29 00:40:07.458 163735 DEBUG oslo_service.service [req-f4505665-ced8-484e-83d1-c9a7b45cf146 - - - - -] instance_build_timeout = 0 log_opt_values /usr/lib/python3/dist-packages/oslo_config/cfg.py:2602
2025-09-29 00:40:07.459 163735 DEBUG oslo_service.service [req-f4505665-ced8-484e-83d1-c9a7b45cf146 - - - - -] instance_delete_interval = 300 log_opt_values /usr/lib/python3/dist-packages/oslo_config/cfg.py:2602
2025-09-29 00:40:07.459 163735 DEBUG oslo_service.service [req-f4505665-ced8-484e-83d1-c9a7b45cf146 - - - - -] instance_format = [instance: %(uuid)s] log_opt_values /usr/lib/python3/dist-packages/oslo_config/cfg.py:2602
2025-09-29 00:40:07.460 164172 DEBUG nova.service [req-1c181ba2-bd33-4cf5-9799-ee547b0c28b2 - - - - -] Creating RPC server for service scheduler start /usr/lib/python3/dist-packages/nova/service.py:182
2025-09-29 00:40:07.460 163735 DEBUG oslo_service.service [req-f4505665-ced8-484e-83d1-c9a7b45cf146 - - - - -] instance_name_template = instance-%08x log_opt_values /usr/lib/python3/dist-packages/oslo_config/cfg.py:2602
2025-09-29 00:40:07.461 163735 DEBUG oslo_service.service [req-f4505665-ced8-484e-83d1-c9a7b45cf146 - - - - -] instance_usage_audit = False log_opt_values /usr/lib/python3/dist-packages/oslo_config/cfg.py:2602
2025-09-29 00:40:07.461 163735 DEBUG oslo_service.service [req-f4505665-ced8-484e-83d1-c9a7b45cf146 - - - - -] instance_usage_audit_period = month log_opt_values /usr/lib/python3/dist-packages/oslo_config/cfg.py:2602
2025-09-29 00:40:07.461 163735 DEBUG oslo_service.service [req-f4505665-ced8-484e-83d1-c9a7b45cf146 - - - - -] instance_uuid_format = [instance: %(uuid)s] log_opt_values /usr/lib/python3/dist-packages/oslo_config/cfg.py:2602
2025-09-29 00:40:07.462 163735 DEBUG oslo_service.service [req-f4505665-ced8-484e-83d1-c9a7b45cf146 - - - - -] instances_path = /var/lib/nova/instances log_opt_values /usr/lib/python3/dist-packages/oslo_config/cfg.py:2602
2025-09-29 00:40:07.462 163735 DEBUG oslo_service.service [req-f4505665-ced8-484e-83d1-c9a7b45cf146 - - - - -] internal_service_availability_zone = internal log_opt_values /usr/lib/python3/dist-packages/oslo_config/cfg.py:2602
2025-09-29 00:40:07.462 163735 DEBUG oslo_service.service [req-f4505665-ced8-484e-83d1-c9a7b45cf146 - - - - -] key = None log_opt_values /usr/lib/python3/dist-packages/oslo_config/cfg.py:2602
2025-09-29 00:40:07.463 163735 DEBUG oslo_service.service [req-f4505665-ced8-484e-83d1-c9a7b45cf146 - - - - -] live_migration_retry_count = 30 log_opt_values /usr/lib/python3/dist-packages/oslo_config/cfg.py:2602
2025-09-29 00:40:07.464 163735 DEBUG oslo_service.service [req-f4505665-ced8-484e-83d1-c9a7b45cf146 - - - - -] log_config_append = None log_opt_values /usr/lib/python3/dist-packages/oslo_config/cfg.py:2602
2025-09-29 00:40:07.464 163735 DEBUG oslo_service.service [req-f4505665-ced8-484e-83d1-c9a7b45cf146 - - - - -] log_date_format = %Y-%m-%d %H:%M:%S log_opt_values /usr/lib/python3/dist-packages/oslo_config/cfg.py:2602
2025-09-29 00:40:07.465 163735 DEBUG oslo_service.service [req-f4505665-ced8-484e-83d1-c9a7b45cf146 - - - - -] log_dir = /var/log/nova log_opt_values /usr/lib/python3/dist-packages/oslo_config/cfg.py:2602
2025-09-29 00:40:07.465 163735 DEBUG oslo_service.service [req-f4505665-ced8-484e-83d1-c9a7b45cf146 - - - - -] log_file = /var/log/nova/nova-scheduler.log log_opt_values /usr/lib/python3/dist-packages/oslo_config/cfg.py:2602
2025-09-29 00:40:07.465 163735 DEBUG oslo_service.service [req-f4505665-ced8-484e-83d1-c9a7b45cf146 - - - - -] log_options = True log_opt_values /usr/lib/python3/dist-packages/oslo_config/cfg.py:2602
2025-09-29 00:40:07.466 163735 DEBUG oslo_service.service [req-f4505665-ced8-484e-83d1-c9a7b45cf146 - - - - -] log_rotate_interval = 1 log_opt_values /usr/lib/python3/dist-packages/oslo_config/cfg.py:2602
2025-09-29 00:40:07.467 163735 DEBUG oslo_service.service [req-f4505665-ced8-484e-83d1-c9a7b45cf146 - - - - -] log_rotate_interval_type = days log_opt_values /usr/lib/python3/dist-packages/oslo_config/cfg.py:2602
2025-09-29 00:40:07.467 163735 DEBUG oslo_service.service [req-f4505665-ced8-484e-83d1-c9a7b45cf146 - - - - -] log_rotation_type = none log_opt_values /usr/lib/python3/dist-packages/oslo_config/cfg.py:2602
2025-09-29 00:40:07.468 163735 DEBUG oslo_service.service [req-f4505665-ced8-484e-83d1-c9a7b45cf146 - - - - -] logging_context_format_string = %(asctime)s.%(msecs)03d %(process)d %(levelname)s %(name)s [%(request_id)s %(user_identity)s] %(instance)s%(message)s log_opt_values /usr/lib/python3/dist-packages/oslo_config/cfg.py:2602
2025-09-29 00:40:07.468 163735 DEBUG oslo_service.service [req-f4505665-ced8-484e-83d1-c9a7b45cf146 - - - - -] logging_debug_format_suffix = %(funcName)s %(pathname)s:%(lineno)d log_opt_values /usr/lib/python3/dist-packages/oslo_config/cfg.py:2602
2025-09-29 00:40:07.468 163735 DEBUG oslo_service.service [req-f4505665-ced8-484e-83d1-c9a7b45cf146 - - - - -] logging_default_format_string = %(asctime)s.%(msecs)03d %(process)d %(levelname)s %(name)s [-] %(instance)s%(message)s log_opt_values /usr/lib/python3/dist-packages/oslo_config/cfg.py:2602
2025-09-29 00:40:07.468 163735 DEBUG oslo_service.service [req-f4505665-ced8-484e-83d1-c9a7b45cf146 - - - - -] logging_exception_prefix = %(asctime)s.%(msecs)03d %(process)d ERROR %(name)s %(instance)s log_opt_values /usr/lib/python3/dist-packages/oslo_config/cfg.py:2602
2025-09-29 00:40:07.469 163735 DEBUG oslo_service.service [req-f4505665-ced8-484e-83d1-c9a7b45cf146 - - - - -] logging_user_identity_format = %(user)s %(project)s %(domain)s %(user_domain)s %(project_domain)s log_opt_values /usr/lib/python3/dist-packages/oslo_config/cfg.py:2602
2025-09-29 00:40:07.469 163735 DEBUG oslo_service.service [req-f4505665-ced8-484e-83d1-c9a7b45cf146 - - - - -] long_rpc_timeout = 1800 log_opt_values /usr/lib/python3/dist-packages/oslo_config/cfg.py:2602
2025-09-29 00:40:07.470 163735 DEBUG oslo_service.service [req-f4505665-ced8-484e-83d1-c9a7b45cf146 - - - - -] max_concurrent_builds = 10 log_opt_values /usr/lib/python3/dist-packages/oslo_config/cfg.py:2602
2025-09-29 00:40:07.470 163735 DEBUG oslo_service.service [req-f4505665-ced8-484e-83d1-c9a7b45cf146 - - - - -] max_concurrent_live_migrations = 1 log_opt_values /usr/lib/python3/dist-packages/oslo_config/cfg.py:2602
2025-09-29 00:40:07.470 164173 DEBUG nova.service [req-7097e4ce-0db2-429a-bc58-71259e1da0d8 - - - - -] Creating RPC server for service scheduler start /usr/lib/python3/dist-packages/nova/service.py:182
2025-09-29 00:40:07.470 163735 DEBUG oslo_service.service [req-f4505665-ced8-484e-83d1-c9a7b45cf146 - - - - -] max_concurrent_snapshots = 5 log_opt_values /usr/lib/python3/dist-packages/oslo_config/cfg.py:2602
2025-09-29 00:40:07.471 163735 DEBUG oslo_service.service [req-f4505665-ced8-484e-83d1-c9a7b45cf146 - - - - -] max_local_block_devices = 3 log_opt_values /usr/lib/python3/dist-packages/oslo_config/cfg.py:2602
2025-09-29 00:40:07.471 163735 DEBUG oslo_service.service [req-f4505665-ced8-484e-83d1-c9a7b45cf146 - - - - -] max_logfile_count = 30 log_opt_values /usr/lib/python3/dist-packages/oslo_config/cfg.py:2602
2025-09-29 00:40:07.471 163735 DEBUG oslo_service.service [req-f4505665-ced8-484e-83d1-c9a7b45cf146 - - - - -] max_logfile_size_mb = 200 log_opt_values /usr/lib/python3/dist-packages/oslo_config/cfg.py:2602
2025-09-29 00:40:07.472 163735 DEBUG oslo_service.service [req-f4505665-ced8-484e-83d1-c9a7b45cf146 - - - - -] maximum_instance_delete_attempts = 5 log_opt_values /usr/lib/python3/dist-packages/oslo_config/cfg.py:2602
2025-09-29 00:40:07.473 163735 DEBUG oslo_service.service [req-f4505665-ced8-484e-83d1-c9a7b45cf146 - - - - -] metadata_listen = 0.0.0.0 log_opt_values /usr/lib/python3/dist-packages/oslo_config/cfg.py:2602
2025-09-29 00:40:07.473 163735 DEBUG oslo_service.service [req-f4505665-ced8-484e-83d1-c9a7b45cf146 - - - - -] metadata_listen_port = 8765 log_opt_values /usr/lib/python3/dist-packages/oslo_config/cfg.py:2602
2025-09-29 00:40:07.474 163735 DEBUG oslo_service.service [req-f4505665-ced8-484e-83d1-c9a7b45cf146 - - - - -] metadata_workers = None log_opt_values /usr/lib/python3/dist-packages/oslo_config/cfg.py:2602
2025-09-29 00:40:07.474 163735 DEBUG oslo_service.service [req-f4505665-ced8-484e-83d1-c9a7b45cf146 - - - - -] migrate_max_retries = -1 log_opt_values /usr/lib/python3/dist-packages/oslo_config/cfg.py:2602
2025-09-29 00:40:07.474 163735 DEBUG oslo_service.service [req-f4505665-ced8-484e-83d1-c9a7b45cf146 - - - - -] mkisofs_cmd = genisoimage log_opt_values /usr/lib/python3/dist-packages/oslo_config/cfg.py:2602
2025-09-29 00:40:07.475 164175 DEBUG nova.service [req-749006f8-71b0-4ac5-9cd3-49fe21dbb2fc - - - - -] Creating RPC server for service scheduler start /usr/lib/python3/dist-packages/nova/service.py:182
2025-09-29 00:40:07.475 163735 DEBUG oslo_service.service [req-f4505665-ced8-484e-83d1-c9a7b45cf146 - - - - -] my_block_storage_ip = 252.57.6.32 log_opt_values /usr/lib/python3/dist-packages/oslo_config/cfg.py:2602
2025-09-29 00:40:07.475 163735 DEBUG oslo_service.service [req-f4505665-ced8-484e-83d1-c9a7b45cf146 - - - - -] my_ip = 252.57.6.32 log_opt_values /usr/lib/python3/dist-packages/oslo_config/cfg.py:2602
2025-09-29 00:40:07.476 163735 DEBUG oslo_service.service [req-f4505665-ced8-484e-83d1-c9a7b45cf146 - - - - -] network_allocate_retries = 0 log_opt_values /usr/lib/python3/dist-packages/oslo_config/cfg.py:2602
2025-09-29 00:40:07.476 163735 DEBUG oslo_service.service [req-f4505665-ced8-484e-83d1-c9a7b45cf146 - - - - -] non_inheritable_image_properties = ['cache_in_nova', 'bittorrent'] log_opt_values /usr/lib/python3/dist-packages/oslo_config/cfg.py:2602
2025-09-29 00:40:07.476 164174 DEBUG nova.service [req-864e29b5-7d61-426e-9450-7f34ce24ce53 - - - - -] Creating RPC server for service scheduler start /usr/lib/python3/dist-packages/nova/service.py:182
2025-09-29 00:40:07.476 163735 DEBUG oslo_service.service [req-f4505665-ced8-484e-83d1-c9a7b45cf146 - - - - -] osapi_compute_listen = 0.0.0.0 log_opt_values /usr/lib/python3/dist-packages/oslo_config/cfg.py:2602
2025-09-29 00:40:07.477 163735 DEBUG oslo_service.service [req-f4505665-ced8-484e-83d1-c9a7b45cf146 - - - - -] osapi_compute_listen_port = 8764 log_opt_values /usr/lib/python3/dist-packages/oslo_config/cfg.py:2602
2025-09-29 00:40:07.477 163735 DEBUG oslo_service.service [req-f4505665-ced8-484e-83d1-c9a7b45cf146 - - - - -] osapi_compute_unique_server_name_scope = log_opt_values /usr/lib/python3/dist-packages/oslo_config/cfg.py:2602
2025-09-29 00:40:07.477 163735 DEBUG oslo_service.service [req-f4505665-ced8-484e-83d1-c9a7b45cf146 - - - - -] osapi_compute_workers = 4 log_opt_values /usr/lib/python3/dist-packages/oslo_config/cfg.py:2602
2025-09-29 00:40:07.479 163735 DEBUG oslo_service.service [req-f4505665-ced8-484e-83d1-c9a7b45cf146 - - - - -] password_length = 12 log_opt_values /usr/lib/python3/dist-packages/oslo_config/cfg.py:2602
2025-09-29 00:40:07.480 163735 DEBUG oslo_service.service [req-f4505665-ced8-484e-83d1-c9a7b45cf146 - - - - -] periodic_enable = True log_opt_values /usr/lib/python3/dist-packages/oslo_config/cfg.py:2602
2025-09-29 00:40:07.480 163735 DEBUG oslo_service.service [req-f4505665-ced8-484e-83d1-c9a7b45cf146 - - - - -] periodic_fuzzy_delay = 60 log_opt_values /usr/lib/python3/dist-packages/oslo_config/cfg.py:2602
2025-09-29 00:40:07.480 163735 DEBUG oslo_service.service [req-f4505665-ced8-484e-83d1-c9a7b45cf146 - - - - -] pointer_model = usbtablet log_opt_values /usr/lib/python3/dist-packages/oslo_config/cfg.py:2602
2025-09-29 00:40:07.481 163735 DEBUG oslo_service.service [req-f4505665-ced8-484e-83d1-c9a7b45cf146 - - - - -] preallocate_images = none log_opt_values /usr/lib/python3/dist-packages/oslo_config/cfg.py:2602
2025-09-29 00:40:07.481 163735 DEBUG oslo_service.service [req-f4505665-ced8-484e-83d1-c9a7b45cf146 - - - - -] publish_errors = False log_opt_values /usr/lib/python3/dist-packages/oslo_config/cfg.py:2602
2025-09-29 00:40:07.481 163735 DEBUG oslo_service.service [req-f4505665-ced8-484e-83d1-c9a7b45cf146 - - - - -] pybasedir = /usr/lib/python3/dist-packages log_opt_values /usr/lib/python3/dist-packages/oslo_config/cfg.py:2602
2025-09-29 00:40:07.481 163735 DEBUG oslo_service.service [req-f4505665-ced8-484e-83d1-c9a7b45cf146 - - - - -] ram_allocation_ratio = 0.98 log_opt_values /usr/lib/python3/dist-packages/oslo_config/cfg.py:2602
2025-09-29 00:40:07.482 163735 DEBUG oslo_service.service [req-f4505665-ced8-484e-83d1-c9a7b45cf146 - - - - -] rate_limit_burst = 0 log_opt_values /usr/lib/python3/dist-packages/oslo_config/cfg.py:2602
2025-09-29 00:40:07.482 163735 DEBUG oslo_service.service [req-f4505665-ced8-484e-83d1-c9a7b45cf146 - - - - -] rate_limit_except_level = CRITICAL log_opt_values /usr/lib/python3/dist-packages/oslo_config/cfg.py:2602
2025-09-29 00:40:07.482 163735 DEBUG oslo_service.service [req-f4505665-ced8-484e-83d1-c9a7b45cf146 - - - - -] rate_limit_interval = 0 log_opt_values /usr/lib/python3/dist-packages/oslo_config/cfg.py:2602
2025-09-29 00:40:07.482 163735 DEBUG oslo_service.service [req-f4505665-ced8-484e-83d1-c9a7b45cf146 - - - - -] reboot_timeout = 0 log_opt_values /usr/lib/python3/dist-packages/oslo_config/cfg.py:2602
2025-09-29 00:40:07.483 163735 DEBUG oslo_service.service [req-f4505665-ced8-484e-83d1-c9a7b45cf146 - - - - -] reclaim_instance_interval = 0 log_opt_values /usr/lib/python3/dist-packages/oslo_config/cfg.py:2602
2025-09-29 00:40:07.483 163735 DEBUG oslo_service.service [req-f4505665-ced8-484e-83d1-c9a7b45cf146 - - - - -] record = None log_opt_values /usr/lib/python3/dist-packages/oslo_config/cfg.py:2602
2025-09-29 00:40:07.484 163735 DEBUG oslo_service.service [req-f4505665-ced8-484e-83d1-c9a7b45cf146 - - - - -] report_interval = 10 log_opt_values /usr/lib/python3/dist-packages/oslo_config/cfg.py:2602
2025-09-29 00:40:07.485 163735 DEBUG oslo_service.service [req-f4505665-ced8-484e-83d1-c9a7b45cf146 - - - - -] rescue_timeout = 0 log_opt_values /usr/lib/python3/dist-packages/oslo_config/cfg.py:2602
2025-09-29 00:40:07.485 163735 DEBUG oslo_service.service [req-f4505665-ced8-484e-83d1-c9a7b45cf146 - - - - -] reserved_host_cpus = 0 log_opt_values /usr/lib/python3/dist-packages/oslo_config/cfg.py:2602
2025-09-29 00:40:07.485 164172 DEBUG oslo_messaging._drivers.amqpdriver [-] Listener is running poll /usr/lib/python3/dist-packages/oslo_messaging/_drivers/amqpdriver.py:343
2025-09-29 00:40:07.485 164172 DEBUG oslo_messaging._drivers.amqpdriver [-] AMQPListener connection consume poll /usr/lib/python3/dist-packages/oslo_messaging/_drivers/amqpdriver.py:357
2025-09-29 00:40:07.485 163735 DEBUG oslo_service.service [req-f4505665-ced8-484e-83d1-c9a7b45cf146 - - - - -] reserved_host_disk_mb = 0 log_opt_values /usr/lib/python3/dist-packages/oslo_config/cfg.py:2602
2025-09-29 00:40:07.486 163735 DEBUG oslo_service.service [req-f4505665-ced8-484e-83d1-c9a7b45cf146 - - - - -] reserved_host_memory_mb = 512 log_opt_values /usr/lib/python3/dist-packages/oslo_config/cfg.py:2602
2025-09-29 00:40:07.486 163735 DEBUG oslo_service.service [req-f4505665-ced8-484e-83d1-c9a7b45cf146 - - - - -] reserved_huge_pages = None log_opt_values /usr/lib/python3/dist-packages/oslo_config/cfg.py:2602
2025-09-29 00:40:07.486 164172 DEBUG nova.service [req-1c181ba2-bd33-4cf5-9799-ee547b0c28b2 - - - - -] Join ServiceGroup membership for this service scheduler start /usr/lib/python3/dist-packages/nova/service.py:199
2025-09-29 00:40:07.486 163735 DEBUG oslo_service.service [req-f4505665-ced8-484e-83d1-c9a7b45cf146 - - - - -] resize_confirm_window = 0 log_opt_values /usr/lib/python3/dist-packages/oslo_config/cfg.py:2602
2025-09-29 00:40:07.486 164172 DEBUG nova.servicegroup.drivers.db [req-1c181ba2-bd33-4cf5-9799-ee547b0c28b2 - - - - -] DB_Driver: join new ServiceGroup member juju-bb5af1-0-lxd-7 to the scheduler group, service = join /usr/lib/python3/dist-packages/nova/servicegroup/drivers/db.py:44
2025-09-29 00:40:07.486 163735 DEBUG oslo_service.service [req-f4505665-ced8-484e-83d1-c9a7b45cf146 - - - - -] resize_fs_using_block_device = False log_opt_values /usr/lib/python3/dist-packages/oslo_config/cfg.py:2602
2025-09-29 00:40:07.487 163735 DEBUG oslo_service.service [req-f4505665-ced8-484e-83d1-c9a7b45cf146 - - - - -] resume_guests_state_on_host_boot = False log_opt_values /usr/lib/python3/dist-packages/oslo_config/cfg.py:2602
2025-09-29 00:40:07.487 163735 DEBUG oslo_service.service [req-f4505665-ced8-484e-83d1-c9a7b45cf146 - - - - -] rootwrap_config = /etc/nova/rootwrap.conf log_opt_values /usr/lib/python3/dist-packages/oslo_config/cfg.py:2602
2025-09-29 00:40:07.487 163735 DEBUG oslo_service.service [req-f4505665-ced8-484e-83d1-c9a7b45cf146 - - - - -] run_external_periodic_tasks = True log_opt_values /usr/lib/python3/dist-packages/oslo_config/cfg.py:2602
2025-09-29 00:40:07.488 163735 DEBUG oslo_service.service [req-f4505665-ced8-484e-83d1-c9a7b45cf146 - - - - -] running_deleted_instance_action = reap log_opt_values /usr/lib/python3/dist-packages/oslo_config/cfg.py:2602
2025-09-29 00:40:07.488 163735 DEBUG oslo_service.service [req-f4505665-ced8-484e-83d1-c9a7b45cf146 - - - - -] running_deleted_instance_poll_interval = 1800 log_opt_values /usr/lib/python3/dist-packages/oslo_config/cfg.py:2602
2025-09-29 00:40:07.488 163735 DEBUG oslo_service.service [req-f4505665-ced8-484e-83d1-c9a7b45cf146 - - - - -] running_deleted_instance_timeout = 0 log_opt_values /usr/lib/python3/dist-packages/oslo_config/cfg.py:2602
2025-09-29 00:40:07.488 164172 DEBUG oslo_messaging._drivers.amqpdriver [-] AMQPListener connection timeout poll /usr/lib/python3/dist-packages/oslo_messaging/_drivers/amqpdriver.py:360
2025-09-29 00:40:07.488 163735 DEBUG oslo_service.service [req-f4505665-ced8-484e-83d1-c9a7b45cf146 - - - - -] scheduler_instance_sync_interval = 120 log_opt_values /usr/lib/python3/dist-packages/oslo_config/cfg.py:2602
2025-09-29 00:40:07.489 164172 DEBUG oslo_messaging._drivers.amqpdriver [-] Listener is running poll /usr/lib/python3/dist-packages/oslo_messaging/_drivers/amqpdriver.py:343
2025-09-29 00:40:07.490 164172 DEBUG oslo_messaging._drivers.amqpdriver [-] AMQPListener connection consume poll /usr/lib/python3/dist-packages/oslo_messaging/_drivers/amqpdriver.py:357
2025-09-29 00:40:07.490 163735 DEBUG oslo_service.service [req-f4505665-ced8-484e-83d1-c9a7b45cf146 - - - - -] service_down_time = 60 log_opt_values /usr/lib/python3/dist-packages/oslo_config/cfg.py:2602
2025-09-29 00:40:07.490 163735 DEBUG oslo_service.service [req-f4505665-ced8-484e-83d1-c9a7b45cf146 - - - - -] servicegroup_driver = db log_opt_values /usr/lib/python3/dist-packages/oslo_config/cfg.py:2602
2025-09-29 00:40:07.490 163735 DEBUG oslo_service.service [req-f4505665-ced8-484e-83d1-c9a7b45cf146 - - - - -] shelved_offload_time = 0 log_opt_values /usr/lib/python3/dist-packages/oslo_config/cfg.py:2602
2025-09-29 00:40:07.491 163735 DEBUG oslo_service.service [req-f4505665-ced8-484e-83d1-c9a7b45cf146 - - - - -] shelved_poll_interval = 3600 log_opt_values /usr/lib/python3/dist-packages/oslo_config/cfg.py:2602
2025-09-29 00:40:07.491 163735 DEBUG oslo_service.service [req-f4505665-ced8-484e-83d1-c9a7b45cf146 - - - - -] shutdown_timeout = 60 log_opt_values /usr/lib/python3/dist-packages/oslo_config/cfg.py:2602
2025-09-29 00:40:07.491 163735 DEBUG oslo_service.service [req-f4505665-ced8-484e-83d1-c9a7b45cf146 - - - - -] source_is_ipv6 = False log_opt_values /usr/lib/python3/dist-packages/oslo_config/cfg.py:2602
2025-09-29 00:40:07.491 163735 DEBUG oslo_service.service [req-f4505665-ced8-484e-83d1-c9a7b45cf146 - - - - -] ssl_only = False log_opt_values /usr/lib/python3/dist-packages/oslo_config/cfg.py:2602
2025-09-29 00:40:07.492 163735 DEBUG oslo_service.service [req-f4505665-ced8-484e-83d1-c9a7b45cf146 - - - - -] state_path = /var/lib/nova log_opt_values /usr/lib/python3/dist-packages/oslo_config/cfg.py:2602
2025-09-29 00:40:07.492 163735 DEBUG oslo_service.service [req-f4505665-ced8-484e-83d1-c9a7b45cf146 - - - - -] sync_power_state_interval = 600 log_opt_values /usr/lib/python3/dist-packages/oslo_config/cfg.py:2602
2025-09-29 00:40:07.492 163735 DEBUG oslo_service.service [req-f4505665-ced8-484e-83d1-c9a7b45cf146 - - - - -] sync_power_state_pool_size = 1000 log_opt_values /usr/lib/python3/dist-packages/oslo_config/cfg.py:2602
2025-09-29 00:40:07.492 163735 DEBUG oslo_service.service [req-f4505665-ced8-484e-83d1-c9a7b45cf146 - - - - -] syslog_log_facility = LOG_USER log_opt_values /usr/lib/python3/dist-packages/oslo_config/cfg.py:2602
2025-09-29 00:40:07.493 163735 DEBUG oslo_service.service [req-f4505665-ced8-484e-83d1-c9a7b45cf146 - - - - -] tempdir = None log_opt_values /usr/lib/python3/dist-packages/oslo_config/cfg.py:2602
2025-09-29 00:40:07.493 163735 DEBUG oslo_service.service [req-f4505665-ced8-484e-83d1-c9a7b45cf146 - - - - -] timeout_nbd = 10 log_opt_values /usr/lib/python3/dist-packages/oslo_config/cfg.py:2602
2025-09-29 00:40:07.494 163735 DEBUG oslo_service.service [req-f4505665-ced8-484e-83d1-c9a7b45cf146 - - - - -] transport_url = **** log_opt_values /usr/lib/python3/dist-packages/oslo_config/cfg.py:2602
2025-09-29 00:40:07.494 163735 DEBUG oslo_service.service [req-f4505665-ced8-484e-83d1-c9a7b45cf146 - - - - -] update_resources_interval = 0 log_opt_values /usr/lib/python3/dist-packages/oslo_config/cfg.py:2602
2025-09-29 00:40:07.494 163735 DEBUG oslo_service.service [req-f4505665-ced8-484e-83d1-c9a7b45cf146 - - - - -] use_cow_images = True log_opt_values /usr/lib/python3/dist-packages/oslo_config/cfg.py:2602
2025-09-29 00:40:07.495 163735 DEBUG oslo_service.service [req-f4505665-ced8-484e-83d1-c9a7b45cf146 - - - - -] use_eventlog = False log_opt_values /usr/lib/python3/dist-packages/oslo_config/cfg.py:2602
2025-09-29 00:40:07.495 163735 DEBUG oslo_service.service [req-f4505665-ced8-484e-83d1-c9a7b45cf146 - - - - -] use_journal = False log_opt_values /usr/lib/python3/dist-packages/oslo_config/cfg.py:2602
2025-09-29 00:40:07.495 163735 DEBUG oslo_service.service [req-f4505665-ced8-484e-83d1-c9a7b45cf146 - - - - -] use_json = False log_opt_values /usr/lib/python3/dist-packages/oslo_config/cfg.py:2602
2025-09-29 00:40:07.495 163735 DEBUG oslo_service.service [req-f4505665-ced8-484e-83d1-c9a7b45cf146 - - - - -] use_rootwrap_daemon = False log_opt_values /usr/lib/python3/dist-packages/oslo_config/cfg.py:2602
2025-09-29 00:40:07.496 163735 DEBUG oslo_service.service [req-f4505665-ced8-484e-83d1-c9a7b45cf146 - - - - -] use_stderr = False log_opt_values /usr/lib/python3/dist-packages/oslo_config/cfg.py:2602
2025-09-29 00:40:07.496 163735 DEBUG oslo_service.service [req-f4505665-ced8-484e-83d1-c9a7b45cf146 - - - - -] use_syslog = False log_opt_values /usr/lib/python3/dist-packages/oslo_config/cfg.py:2602
2025-09-29 00:40:07.496 163735 DEBUG oslo_service.service [req-f4505665-ced8-484e-83d1-c9a7b45cf146 - - - - -] vcpu_pin_set = None log_opt_values /usr/lib/python3/dist-packages/oslo_config/cfg.py:2602
2025-09-29 00:40:07.496 163735 DEBUG oslo_service.service [req-f4505665-ced8-484e-83d1-c9a7b45cf146 - - - - -] vif_plugging_is_fatal = True log_opt_values /usr/lib/python3/dist-packages/oslo_config/cfg.py:2602
2025-09-29 00:40:07.497 163735 DEBUG oslo_service.service [req-f4505665-ced8-484e-83d1-c9a7b45cf146 - - - - -] vif_plugging_timeout = 300 log_opt_values /usr/lib/python3/dist-packages/oslo_config/cfg.py:2602
2025-09-29 00:40:07.498 163735 DEBUG oslo_service.service [req-f4505665-ced8-484e-83d1-c9a7b45cf146 - - - - -] virt_mkfs = [] log_opt_values /usr/lib/python3/dist-packages/oslo_config/cfg.py:2602
2025-09-29 00:40:07.498 163735 DEBUG oslo_service.service [req-f4505665-ced8-484e-83d1-c9a7b45cf146 - - - - -] volume_usage_poll_interval = 0 log_opt_values /usr/lib/python3/dist-packages/oslo_config/cfg.py:2602
2025-09-29 00:40:07.498 163735 DEBUG oslo_service.service [req-f4505665-ced8-484e-83d1-c9a7b45cf146 - - - - -] watch_log_file = False log_opt_values /usr/lib/python3/dist-packages/oslo_config/cfg.py:2602
2025-09-29 00:40:07.499 163735 DEBUG oslo_service.service [req-f4505665-ced8-484e-83d1-c9a7b45cf146 - - - - -] web = /usr/share/spice-html5 log_opt_values /usr/lib/python3/dist-packages/oslo_config/cfg.py:2602
2025-09-29 00:40:07.499 163735 DEBUG oslo_service.service [req-f4505665-ced8-484e-83d1-c9a7b45cf146 - - - - -] oslo_concurrency.disable_process_locking = False log_opt_values /usr/lib/python3/dist-packages/oslo_config/cfg.py:2609
2025-09-29 00:40:07.499 163735 DEBUG oslo_service.service [req-f4505665-ced8-484e-83d1-c9a7b45cf146 - - - - -] oslo_concurrency.lock_path = /var/lock/nova log_opt_values /usr/lib/python3/dist-packages/oslo_config/cfg.py:2609
2025-09-29 00:40:07.500 163735 WARNING oslo_config.cfg [req-f4505665-ced8-484e-83d1-c9a7b45cf146 - - - - -] Deprecated: Option "auth_strategy" from group "api" is deprecated for removal ( The only non-default choice, ``noauth2``, is for internal development and testing purposes only and should not be used in deployments. This option and its middleware, NoAuthMiddleware[V2_18], will be removed in a future release. ). Its value may be silently ignored in the future.
2025-09-29 00:40:07.500 163735 DEBUG oslo_service.service [req-f4505665-ced8-484e-83d1-c9a7b45cf146 - - - - -] api.auth_strategy = keystone log_opt_values /usr/lib/python3/dist-packages/oslo_config/cfg.py:2609
2025-09-29 00:40:07.500 163735 DEBUG oslo_service.service [req-f4505665-ced8-484e-83d1-c9a7b45cf146 - - - - -] api.compute_link_prefix = None log_opt_values /usr/lib/python3/dist-packages/oslo_config/cfg.py:2609
2025-09-29 00:40:07.501 163735 DEBUG oslo_service.service [req-f4505665-ced8-484e-83d1-c9a7b45cf146 - - - - -] api.config_drive_skip_versions = 1.0 2007-01-19 2007-03-01 2007-08-29 2007-10-10 2007-12-15 2008-02-01 2008-09-01 log_opt_values /usr/lib/python3/dist-packages/oslo_config/cfg.py:2609
2025-09-29 00:40:07.501 163735 DEBUG oslo_service.service [req-f4505665-ced8-484e-83d1-c9a7b45cf146 - - - - -] api.dhcp_domain = novalocal log_opt_values /usr/lib/python3/dist-packages/oslo_config/cfg.py:2609
2025-09-29 00:40:07.501 163735 DEBUG oslo_service.service [req-f4505665-ced8-484e-83d1-c9a7b45cf146 - - - - -] api.enable_instance_password = True log_opt_values /usr/lib/python3/dist-packages/oslo_config/cfg.py:2609
2025-09-29 00:40:07.501 163735 DEBUG oslo_service.service [req-f4505665-ced8-484e-83d1-c9a7b45cf146 - - - - -] api.glance_link_prefix = None log_opt_values /usr/lib/python3/dist-packages/oslo_config/cfg.py:2609
2025-09-29 00:40:07.501 163735 DEBUG oslo_service.service [req-f4505665-ced8-484e-83d1-c9a7b45cf146 - - - - -] api.instance_list_cells_batch_fixed_size = 100 log_opt_values /usr/lib/python3/dist-packages/oslo_config/cfg.py:2609
2025-09-29 00:40:07.502 163735 DEBUG oslo_service.service [req-f4505665-ced8-484e-83d1-c9a7b45cf146 - - - - -] api.instance_list_cells_batch_strategy = distributed log_opt_values /usr/lib/python3/dist-packages/oslo_config/cfg.py:2609
2025-09-29 00:40:07.503 163735 DEBUG oslo_service.service [req-f4505665-ced8-484e-83d1-c9a7b45cf146 - - - - -] api.instance_list_per_project_cells = False log_opt_values /usr/lib/python3/dist-packages/oslo_config/cfg.py:2609
2025-09-29 00:40:07.503 163735 DEBUG oslo_service.service [req-f4505665-ced8-484e-83d1-c9a7b45cf146 - - - - -] api.list_records_by_skipping_down_cells = True log_opt_values /usr/lib/python3/dist-packages/oslo_config/cfg.py:2609
2025-09-29 00:40:07.503 164175 DEBUG oslo_messaging._drivers.amqpdriver [-] Listener is running poll /usr/lib/python3/dist-packages/oslo_messaging/_drivers/amqpdriver.py:343
2025-09-29 00:40:07.503 164175 DEBUG oslo_messaging._drivers.amqpdriver [-] AMQPListener connection consume poll /usr/lib/python3/dist-packages/oslo_messaging/_drivers/amqpdriver.py:357
2025-09-29 00:40:07.503 163735 DEBUG oslo_service.service [req-f4505665-ced8-484e-83d1-c9a7b45cf146 - - - - -] api.local_metadata_per_cell = False log_opt_values /usr/lib/python3/dist-packages/oslo_config/cfg.py:2609
2025-09-29 00:40:07.503 164174 DEBUG oslo_messaging._drivers.amqpdriver [-] Listener is running poll /usr/lib/python3/dist-packages/oslo_messaging/_drivers/amqpdriver.py:343
2025-09-29 00:40:07.503 163735 DEBUG oslo_service.service [req-f4505665-ced8-484e-83d1-c9a7b45cf146 - - - - -] api.max_limit = 1000 log_opt_values /usr/lib/python3/dist-packages/oslo_config/cfg.py:2609
2025-09-29 00:40:07.504 164174 DEBUG oslo_messaging._drivers.amqpdriver [-] AMQPListener connection consume poll /usr/lib/python3/dist-packages/oslo_messaging/_drivers/amqpdriver.py:357
2025-09-29 00:40:07.504 163735 DEBUG oslo_service.service [req-f4505665-ced8-484e-83d1-c9a7b45cf146 - - - - -] api.metadata_cache_expiration = 15 log_opt_values /usr/lib/python3/dist-packages/oslo_config/cfg.py:2609
2025-09-29 00:40:07.504 163735 DEBUG oslo_service.service [req-f4505665-ced8-484e-83d1-c9a7b45cf146 - - - - -] api.neutron_default_tenant_id = default log_opt_values /usr/lib/python3/dist-packages/oslo_config/cfg.py:2609
2025-09-29 00:40:07.504 164175 DEBUG nova.service [req-749006f8-71b0-4ac5-9cd3-49fe21dbb2fc - - - - -] Join ServiceGroup membership for this service scheduler start /usr/lib/python3/dist-packages/nova/service.py:199
2025-09-29 00:40:07.504 163735 DEBUG oslo_service.service [req-f4505665-ced8-484e-83d1-c9a7b45cf146 - - - - -] api.use_forwarded_for = False log_opt_values /usr/lib/python3/dist-packages/oslo_config/cfg.py:2609
2025-09-29 00:40:07.504 164175 DEBUG nova.servicegroup.drivers.db [req-749006f8-71b0-4ac5-9cd3-49fe21dbb2fc - - - - -] DB_Driver: join new ServiceGroup member juju-bb5af1-0-lxd-7 to the scheduler group, service = join /usr/lib/python3/dist-packages/nova/servicegroup/drivers/db.py:44
