2025-09-29 00:36:41.355 37217 DEBUG oslo_service.service [-] clients_vitrage.insecure = None log_opt_values /usr/lib/python3/dist-packages/oslo_config/cfg.py:2609
2025-09-29 00:36:41.355 37217 DEBUG oslo_service.service [-] clients_vitrage.key_file = None log_opt_values /usr/lib/python3/dist-packages/oslo_config/cfg.py:2609
2025-09-29 00:36:41.356 37217 DEBUG oslo_service.service [-] clients_zaqar.ca_file = None log_opt_values /usr/lib/python3/dist-packages/oslo_config/cfg.py:2609
2025-09-29 00:36:41.356 37217 DEBUG oslo_service.service [-] clients_zaqar.cert_file = None log_opt_values /usr/lib/python3/dist-packages/oslo_config/cfg.py:2609
2025-09-29 00:36:41.356 37217 DEBUG oslo_service.service [-] clients_zaqar.endpoint_type = None log_opt_values /usr/lib/python3/dist-packages/oslo_config/cfg.py:2609
2025-09-29 00:36:41.356 37217 DEBUG oslo_service.service [-] clients_zaqar.insecure = None log_opt_values /usr/lib/python3/dist-packages/oslo_config/cfg.py:2609
2025-09-29 00:36:41.357 37217 DEBUG oslo_service.service [-] clients_zaqar.key_file = None log_opt_values /usr/lib/python3/dist-packages/oslo_config/cfg.py:2609
2025-09-29 00:36:41.357 37217 DEBUG oslo_service.service [-] database.backend = sqlalchemy log_opt_values /usr/lib/python3/dist-packages/oslo_config/cfg.py:2609
2025-09-29 00:36:41.357 37217 DEBUG oslo_service.service [-] database.connection = **** log_opt_values /usr/lib/python3/dist-packages/oslo_config/cfg.py:2609
2025-09-29 00:36:41.358 37217 DEBUG oslo_service.service [-] database.connection_debug = 0 log_opt_values /usr/lib/python3/dist-packages/oslo_config/cfg.py:2609
2025-09-29 00:36:41.358 37217 DEBUG oslo_service.service [-] database.connection_parameters = log_opt_values /usr/lib/python3/dist-packages/oslo_config/cfg.py:2609
2025-09-29 00:36:41.358 37217 DEBUG oslo_service.service [-] database.connection_recycle_time = 3600 log_opt_values /usr/lib/python3/dist-packages/oslo_config/cfg.py:2609
2025-09-29 00:36:41.358 37217 DEBUG oslo_service.service [-] database.connection_trace = False log_opt_values /usr/lib/python3/dist-packages/oslo_config/cfg.py:2609
2025-09-29 00:36:41.358 37217 DEBUG oslo_service.service [-] database.db_inc_retry_interval = True log_opt_values /usr/lib/python3/dist-packages/oslo_config/cfg.py:2609
2025-09-29 00:36:41.358 37217 DEBUG oslo_service.service [-] database.db_max_retries = 20 log_opt_values /usr/lib/python3/dist-packages/oslo_config/cfg.py:2609
2025-09-29 00:36:41.359 37217 DEBUG oslo_service.service [-] database.db_max_retry_interval = 10 log_opt_values /usr/lib/python3/dist-packages/oslo_config/cfg.py:2609
2025-09-29 00:36:41.359 37217 DEBUG oslo_service.service [-] database.db_retry_interval = 1 log_opt_values /usr/lib/python3/dist-packages/oslo_config/cfg.py:2609
2025-09-29 00:36:41.359 37217 DEBUG oslo_service.service [-] database.max_overflow = 50 log_opt_values /usr/lib/python3/dist-packages/oslo_config/cfg.py:2609
2025-09-29 00:36:41.359 37217 DEBUG oslo_service.service [-] database.max_pool_size = 5 log_opt_values /usr/lib/python3/dist-packages/oslo_config/cfg.py:2609
2025-09-29 00:36:41.359 37217 DEBUG oslo_service.service [-] database.max_retries = 10 log_opt_values /usr/lib/python3/dist-packages/oslo_config/cfg.py:2609
2025-09-29 00:36:41.360 37217 DEBUG oslo_service.service [-] database.mysql_enable_ndb = False log_opt_values /usr/lib/python3/dist-packages/oslo_config/cfg.py:2609
2025-09-29 00:36:41.360 37217 DEBUG oslo_service.service [-] database.mysql_sql_mode = TRADITIONAL log_opt_values /usr/lib/python3/dist-packages/oslo_config/cfg.py:2609
2025-09-29 00:36:41.360 37217 DEBUG oslo_service.service [-] database.pool_timeout = None log_opt_values /usr/lib/python3/dist-packages/oslo_config/cfg.py:2609
2025-09-29 00:36:41.360 37217 DEBUG oslo_service.service [-] database.retry_interval = 10 log_opt_values /usr/lib/python3/dist-packages/oslo_config/cfg.py:2609
2025-09-29 00:36:41.360 37217 DEBUG oslo_service.service [-] database.slave_connection = **** log_opt_values /usr/lib/python3/dist-packages/oslo_config/cfg.py:2609
2025-09-29 00:36:41.360 37217 DEBUG oslo_service.service [-] database.sqlite_synchronous = True log_opt_values /usr/lib/python3/dist-packages/oslo_config/cfg.py:2609
2025-09-29 00:36:41.360 37217 DEBUG oslo_service.service [-] database.use_db_reconnect = False log_opt_values /usr/lib/python3/dist-packages/oslo_config/cfg.py:2609
2025-09-29 00:36:41.361 37217 DEBUG oslo_service.service [-] oslo_messaging_metrics.metrics_buffer_size = 1000 log_opt_values /usr/lib/python3/dist-packages/oslo_config/cfg.py:2609
2025-09-29 00:36:41.361 37217 DEBUG oslo_service.service [-] oslo_messaging_metrics.metrics_enabled = False log_opt_values /usr/lib/python3/dist-packages/oslo_config/cfg.py:2609
2025-09-29 00:36:41.361 37217 DEBUG oslo_service.service [-] oslo_messaging_metrics.metrics_process_name = log_opt_values /usr/lib/python3/dist-packages/oslo_config/cfg.py:2609
2025-09-29 00:36:41.361 37217 DEBUG oslo_service.service [-] oslo_messaging_metrics.metrics_socket_file = /var/tmp/metrics_collector.sock log_opt_values /usr/lib/python3/dist-packages/oslo_config/cfg.py:2609
2025-09-29 00:36:41.361 37217 DEBUG oslo_service.service [-] oslo_messaging_metrics.metrics_thread_stop_timeout = 10 log_opt_values /usr/lib/python3/dist-packages/oslo_config/cfg.py:2609
2025-09-29 00:36:41.361 37217 DEBUG oslo_service.service [-] oslo_policy.enforce_new_defaults = False log_opt_values /usr/lib/python3/dist-packages/oslo_config/cfg.py:2609
2025-09-29 00:36:41.361 37217 DEBUG oslo_service.service [-] oslo_policy.enforce_scope = False log_opt_values /usr/lib/python3/dist-packages/oslo_config/cfg.py:2609
2025-09-29 00:36:41.361 37217 DEBUG oslo_service.service [-] oslo_policy.policy_default_rule = default log_opt_values /usr/lib/python3/dist-packages/oslo_config/cfg.py:2609
2025-09-29 00:36:41.362 37217 DEBUG oslo_service.service [-] oslo_policy.policy_dirs = ['policy.d'] log_opt_values /usr/lib/python3/dist-packages/oslo_config/cfg.py:2609
2025-09-29 00:36:41.362 37217 DEBUG oslo_service.service [-] oslo_policy.policy_file = policy.yaml log_opt_values /usr/lib/python3/dist-packages/oslo_config/cfg.py:2609
2025-09-29 00:36:41.362 37217 DEBUG oslo_service.service [-] oslo_policy.remote_content_type = application/x-www-form-urlencoded log_opt_values /usr/lib/python3/dist-packages/oslo_config/cfg.py:2609
2025-09-29 00:36:41.362 37217 DEBUG oslo_service.service [-] oslo_policy.remote_ssl_ca_crt_file = None log_opt_values /usr/lib/python3/dist-packages/oslo_config/cfg.py:2609
2025-09-29 00:36:41.362 37217 DEBUG oslo_service.service [-] oslo_policy.remote_ssl_client_crt_file = None log_opt_values /usr/lib/python3/dist-packages/oslo_config/cfg.py:2609
2025-09-29 00:36:41.362 37217 DEBUG oslo_service.service [-] oslo_policy.remote_ssl_client_key_file = None log_opt_values /usr/lib/python3/dist-packages/oslo_config/cfg.py:2609
2025-09-29 00:36:41.362 37217 DEBUG oslo_service.service [-] oslo_policy.remote_ssl_verify_server_crt = False log_opt_values /usr/lib/python3/dist-packages/oslo_config/cfg.py:2609
2025-09-29 00:36:41.362 37217 DEBUG oslo_service.service [-] trustee.auth_section = None log_opt_values /usr/lib/python3/dist-packages/oslo_config/cfg.py:2609
2025-09-29 00:36:41.363 37217 WARNING oslo_config.cfg [-] Deprecated: Option "auth_plugin" from group "trustee" is deprecated. Use option "auth_type" from group "trustee".
2025-09-29 00:36:41.363 37217 DEBUG oslo_service.service [-] trustee.auth_type = password log_opt_values /usr/lib/python3/dist-packages/oslo_config/cfg.py:2609
2025-09-29 00:36:41.363 37217 DEBUG oslo_service.service [-] oslo_versionedobjects.fatal_exception_format_errors = False log_opt_values /usr/lib/python3/dist-packages/oslo_config/cfg.py:2609
2025-09-29 00:36:41.363 37217 DEBUG oslo_service.service [-] oslo_messaging_rabbit.amqp_auto_delete = False log_opt_values /usr/lib/python3/dist-packages/oslo_config/cfg.py:2609
2025-09-29 00:36:41.363 37217 DEBUG oslo_service.service [-] oslo_messaging_rabbit.amqp_durable_queues = False log_opt_values /usr/lib/python3/dist-packages/oslo_config/cfg.py:2609
2025-09-29 00:36:41.363 37217 DEBUG oslo_service.service [-] oslo_messaging_rabbit.conn_pool_min_size = 2 log_opt_values /usr/lib/python3/dist-packages/oslo_config/cfg.py:2609
2025-09-29 00:36:41.363 37217 DEBUG oslo_service.service [-] oslo_messaging_rabbit.conn_pool_ttl = 1200 log_opt_values /usr/lib/python3/dist-packages/oslo_config/cfg.py:2609
2025-09-29 00:36:41.364 37217 DEBUG oslo_service.service [-] oslo_messaging_rabbit.direct_mandatory_flag = True log_opt_values /usr/lib/python3/dist-packages/oslo_config/cfg.py:2609
2025-09-29 00:36:41.364 37217 DEBUG oslo_service.service [-] oslo_messaging_rabbit.enable_cancel_on_failover = False log_opt_values /usr/lib/python3/dist-packages/oslo_config/cfg.py:2609
2025-09-29 00:36:41.364 37217 DEBUG oslo_service.service [-] oslo_messaging_rabbit.heartbeat_in_pthread = False log_opt_values /usr/lib/python3/dist-packages/oslo_config/cfg.py:2609
2025-09-29 00:36:41.364 37217 DEBUG oslo_service.service [-] oslo_messaging_rabbit.heartbeat_rate = 2 log_opt_values /usr/lib/python3/dist-packages/oslo_config/cfg.py:2609
2025-09-29 00:36:41.364 37217 DEBUG oslo_service.service [-] oslo_messaging_rabbit.heartbeat_timeout_threshold = 60 log_opt_values /usr/lib/python3/dist-packages/oslo_config/cfg.py:2609
2025-09-29 00:36:41.364 37217 DEBUG oslo_service.service [-] oslo_messaging_rabbit.kombu_compression = None log_opt_values /usr/lib/python3/dist-packages/oslo_config/cfg.py:2609
2025-09-29 00:36:41.364 37441 INFO heat.engine.worker [-] Starting engine_worker (1.4) in engine b203da19-9018-4116-9119-9cf31f2cbcce.
2025-09-29 00:36:41.364 37217 DEBUG oslo_service.service [-] oslo_messaging_rabbit.kombu_failover_strategy = round-robin log_opt_values /usr/lib/python3/dist-packages/oslo_config/cfg.py:2609
2025-09-29 00:36:41.364 37217 DEBUG oslo_service.service [-] oslo_messaging_rabbit.kombu_missing_consumer_retry_timeout = 60 log_opt_values /usr/lib/python3/dist-packages/oslo_config/cfg.py:2609
2025-09-29 00:36:41.365 37217 DEBUG oslo_service.service [-] oslo_messaging_rabbit.kombu_reconnect_delay = 1.0 log_opt_values /usr/lib/python3/dist-packages/oslo_config/cfg.py:2609
2025-09-29 00:36:41.365 37217 DEBUG oslo_service.service [-] oslo_messaging_rabbit.rabbit_ha_queues = False log_opt_values /usr/lib/python3/dist-packages/oslo_config/cfg.py:2609
2025-09-29 00:36:41.365 37217 DEBUG oslo_service.service [-] oslo_messaging_rabbit.rabbit_interval_max = 30 log_opt_values /usr/lib/python3/dist-packages/oslo_config/cfg.py:2609
2025-09-29 00:36:41.366 37217 DEBUG oslo_service.service [-] oslo_messaging_rabbit.rabbit_login_method = AMQPLAIN log_opt_values /usr/lib/python3/dist-packages/oslo_config/cfg.py:2609
2025-09-29 00:36:41.367 37217 DEBUG oslo_service.service [-] oslo_messaging_rabbit.rabbit_qos_prefetch_count = 0 log_opt_values /usr/lib/python3/dist-packages/oslo_config/cfg.py:2609
2025-09-29 00:36:41.367 37217 DEBUG oslo_service.service [-] oslo_messaging_rabbit.rabbit_quorum_queue = False log_opt_values /usr/lib/python3/dist-packages/oslo_config/cfg.py:2609
2025-09-29 00:36:41.367 37217 DEBUG oslo_service.service [-] oslo_messaging_rabbit.rabbit_retry_backoff = 2 log_opt_values /usr/lib/python3/dist-packages/oslo_config/cfg.py:2609
2025-09-29 00:36:41.367 37217 DEBUG oslo_service.service [-] oslo_messaging_rabbit.rabbit_retry_interval = 1 log_opt_values /usr/lib/python3/dist-packages/oslo_config/cfg.py:2609
2025-09-29 00:36:41.367 37217 DEBUG oslo_service.service [-] oslo_messaging_rabbit.rabbit_transient_queues_ttl = 1800 log_opt_values /usr/lib/python3/dist-packages/oslo_config/cfg.py:2609
2025-09-29 00:36:41.367 37217 DEBUG oslo_service.service [-] oslo_messaging_rabbit.rpc_conn_pool_size = 30 log_opt_values /usr/lib/python3/dist-packages/oslo_config/cfg.py:2609
2025-09-29 00:36:41.367 37217 DEBUG oslo_service.service [-] oslo_messaging_rabbit.ssl = False log_opt_values /usr/lib/python3/dist-packages/oslo_config/cfg.py:2609
2025-09-29 00:36:41.368 37217 DEBUG oslo_service.service [-] oslo_messaging_rabbit.ssl_ca_file = log_opt_values /usr/lib/python3/dist-packages/oslo_config/cfg.py:2609
2025-09-29 00:36:41.368 37217 DEBUG oslo_service.service [-] oslo_messaging_rabbit.ssl_cert_file = log_opt_values /usr/lib/python3/dist-packages/oslo_config/cfg.py:2609
2025-09-29 00:36:41.368 37217 DEBUG oslo_service.service [-] oslo_messaging_rabbit.ssl_key_file = log_opt_values /usr/lib/python3/dist-packages/oslo_config/cfg.py:2609
2025-09-29 00:36:41.368 37217 DEBUG oslo_service.service [-] oslo_messaging_rabbit.ssl_version = log_opt_values /usr/lib/python3/dist-packages/oslo_config/cfg.py:2609
2025-09-29 00:36:41.368 37217 DEBUG oslo_service.service [-] oslo_messaging_notifications.driver = [] log_opt_values /usr/lib/python3/dist-packages/oslo_config/cfg.py:2609
2025-09-29 00:36:41.368 37217 DEBUG oslo_service.service [-] oslo_messaging_notifications.retry = -1 log_opt_values /usr/lib/python3/dist-packages/oslo_config/cfg.py:2609
2025-09-29 00:36:41.368 37217 DEBUG oslo_service.service [-] oslo_messaging_notifications.topics = ['notifications'] log_opt_values /usr/lib/python3/dist-packages/oslo_config/cfg.py:2609
2025-09-29 00:36:41.369 37217 DEBUG oslo_service.service [-] oslo_messaging_notifications.transport_url = **** log_opt_values /usr/lib/python3/dist-packages/oslo_config/cfg.py:2609
2025-09-29 00:36:41.369 37217 DEBUG oslo_service.service [-] cache.backend = dogpile.cache.null log_opt_values /usr/lib/python3/dist-packages/oslo_config/cfg.py:2609
2025-09-29 00:36:41.369 37217 DEBUG oslo_service.service [-] cache.backend_argument = **** log_opt_values /usr/lib/python3/dist-packages/oslo_config/cfg.py:2609
2025-09-29 00:36:41.369 37217 DEBUG oslo_service.service [-] cache.config_prefix = cache.oslo log_opt_values /usr/lib/python3/dist-packages/oslo_config/cfg.py:2609
2025-09-29 00:36:41.369 37217 DEBUG oslo_service.service [-] cache.debug_cache_backend = False log_opt_values /usr/lib/python3/dist-packages/oslo_config/cfg.py:2609
2025-09-29 00:36:41.369 37217 DEBUG oslo_service.service [-] cache.enabled = False log_opt_values /usr/lib/python3/dist-packages/oslo_config/cfg.py:2609
2025-09-29 00:36:41.370 37217 DEBUG oslo_service.service [-] cache.expiration_time = 600 log_opt_values /usr/lib/python3/dist-packages/oslo_config/cfg.py:2609
2025-09-29 00:36:41.370 37217 DEBUG oslo_service.service [-] cache.memcache_dead_retry = 300 log_opt_values /usr/lib/python3/dist-packages/oslo_config/cfg.py:2609
2025-09-29 00:36:41.370 37217 DEBUG oslo_service.service [-] cache.memcache_pool_connection_get_timeout = 10 log_opt_values /usr/lib/python3/dist-packages/oslo_config/cfg.py:2609
2025-09-29 00:36:41.370 37217 DEBUG oslo_service.service [-] cache.memcache_pool_flush_on_reconnect = False log_opt_values /usr/lib/python3/dist-packages/oslo_config/cfg.py:2609
2025-09-29 00:36:41.370 37217 DEBUG oslo_service.service [-] cache.memcache_pool_maxsize = 10 log_opt_values /usr/lib/python3/dist-packages/oslo_config/cfg.py:2609
2025-09-29 00:36:41.370 37217 DEBUG oslo_service.service [-] cache.memcache_pool_unused_timeout = 60 log_opt_values /usr/lib/python3/dist-packages/oslo_config/cfg.py:2609
2025-09-29 00:36:41.370 37217 DEBUG oslo_service.service [-] cache.memcache_servers = ['localhost:11211'] log_opt_values /usr/lib/python3/dist-packages/oslo_config/cfg.py:2609
2025-09-29 00:36:41.370 37217 DEBUG oslo_service.service [-] cache.memcache_socket_timeout = 1.0 log_opt_values /usr/lib/python3/dist-packages/oslo_config/cfg.py:2609
2025-09-29 00:36:41.370 37217 DEBUG oslo_service.service [-] cache.proxies = [] log_opt_values /usr/lib/python3/dist-packages/oslo_config/cfg.py:2609
2025-09-29 00:36:41.371 37217 DEBUG oslo_service.service [-] cache.tls_allowed_ciphers = None log_opt_values /usr/lib/python3/dist-packages/oslo_config/cfg.py:2609
2025-09-29 00:36:41.371 37217 DEBUG oslo_service.service [-] cache.tls_cafile = None log_opt_values /usr/lib/python3/dist-packages/oslo_config/cfg.py:2609
2025-09-29 00:36:41.371 37217 DEBUG oslo_service.service [-] cache.tls_certfile = None log_opt_values /usr/lib/python3/dist-packages/oslo_config/cfg.py:2609
2025-09-29 00:36:41.371 37217 DEBUG oslo_service.service [-] cache.tls_enabled = False log_opt_values /usr/lib/python3/dist-packages/oslo_config/cfg.py:2609
2025-09-29 00:36:41.371 37217 DEBUG oslo_service.service [-] cache.tls_keyfile = None log_opt_values /usr/lib/python3/dist-packages/oslo_config/cfg.py:2609
2025-09-29 00:36:41.371 37217 DEBUG oslo_service.service [-] constraint_validation_cache.caching = True log_opt_values /usr/lib/python3/dist-packages/oslo_config/cfg.py:2609
2025-09-29 00:36:41.371 37217 DEBUG oslo_service.service [-] constraint_validation_cache.expiration_time = 60 log_opt_values /usr/lib/python3/dist-packages/oslo_config/cfg.py:2609
2025-09-29 00:36:41.371 37217 DEBUG oslo_service.service [-] service_extension_cache.caching = True log_opt_values /usr/lib/python3/dist-packages/oslo_config/cfg.py:2609
2025-09-29 00:36:41.371 37217 DEBUG oslo_service.service [-] service_extension_cache.expiration_time = 3600 log_opt_values /usr/lib/python3/dist-packages/oslo_config/cfg.py:2609
2025-09-29 00:36:41.372 37217 DEBUG oslo_service.service [-] resource_finder_cache.caching = True log_opt_values /usr/lib/python3/dist-packages/oslo_config/cfg.py:2609
2025-09-29 00:36:41.372 37217 DEBUG oslo_service.service [-] resource_finder_cache.expiration_time = 3600 log_opt_values /usr/lib/python3/dist-packages/oslo_config/cfg.py:2609
2025-09-29 00:36:41.372 37217 DEBUG oslo_service.service [-] yaql.limit_iterators = 200 log_opt_values /usr/lib/python3/dist-packages/oslo_config/cfg.py:2609
2025-09-29 00:36:41.374 37217 DEBUG oslo_service.service [-] yaql.memory_quota = 10000 log_opt_values /usr/lib/python3/dist-packages/oslo_config/cfg.py:2609
2025-09-29 00:36:41.375 37217 DEBUG oslo_service.service [-] ******************************************************************************** log_opt_values /usr/lib/python3/dist-packages/oslo_config/cfg.py:2613
2025-09-29 00:36:41.433 37438 DEBUG oslo_db.sqlalchemy.engines [req-f1326098-0aab-4221-95f0-d275103936e8 - - - - -] MySQL server mode set to STRICT_TRANS_TABLES,STRICT_ALL_TABLES,NO_ZERO_IN_DATE,NO_ZERO_DATE,ERROR_FOR_DIVISION_BY_ZERO,TRADITIONAL,NO_ENGINE_SUBSTITUTION _check_effective_sql_mode /usr/lib/python3/dist-packages/oslo_db/sqlalchemy/engines.py:314
2025-09-29 00:36:41.437 37439 DEBUG oslo_db.sqlalchemy.engines [req-139354aa-f7ff-4987-bb80-7b4fad6397ed - - - - -] MySQL server mode set to STRICT_TRANS_TABLES,STRICT_ALL_TABLES,NO_ZERO_IN_DATE,NO_ZERO_DATE,ERROR_FOR_DIVISION_BY_ZERO,TRADITIONAL,NO_ENGINE_SUBSTITUTION _check_effective_sql_mode /usr/lib/python3/dist-packages/oslo_db/sqlalchemy/engines.py:314
2025-09-29 00:36:41.447 37441 DEBUG oslo_db.sqlalchemy.engines [req-b28680bf-d43e-4ad9-b29b-0287aff3f158 - - - - -] MySQL server mode set to STRICT_TRANS_TABLES,STRICT_ALL_TABLES,NO_ZERO_IN_DATE,NO_ZERO_DATE,ERROR_FOR_DIVISION_BY_ZERO,TRADITIONAL,NO_ENGINE_SUBSTITUTION _check_effective_sql_mode /usr/lib/python3/dist-packages/oslo_db/sqlalchemy/engines.py:314
2025-09-29 00:36:41.451 37440 DEBUG oslo_db.sqlalchemy.engines [req-fdf130c9-114f-4721-a66a-711c9e2074ee - - - - -] MySQL server mode set to STRICT_TRANS_TABLES,STRICT_ALL_TABLES,NO_ZERO_IN_DATE,NO_ZERO_DATE,ERROR_FOR_DIVISION_BY_ZERO,TRADITIONAL,NO_ENGINE_SUBSTITUTION _check_effective_sql_mode /usr/lib/python3/dist-packages/oslo_db/sqlalchemy/engines.py:314
2025-09-29 00:36:41.510 37438 DEBUG heat.engine.service [req-111668c6-2d76-433b-9c72-8c75085c2535 - - - - -] Service ce57a3a8-8276-4946-a0d7-4a0c803c5f6d is started service_manage_report /usr/lib/python3/dist-packages/heat/engine/service.py:2363
2025-09-29 00:36:41.523 37440 DEBUG heat.engine.service [req-2b37ff95-fca1-4d4a-bd37-af66422db35a - - - - -] Service 940c05a8-eca7-43db-927a-dddbf8d9c90a is started service_manage_report /usr/lib/python3/dist-packages/heat/engine/service.py:2363
2025-09-29 00:36:41.536 37438 DEBUG heat.engine.service [req-111668c6-2d76-433b-9c72-8c75085c2535 - - - - -] Service ce57a3a8-8276-4946-a0d7-4a0c803c5f6d is updated service_manage_report /usr/lib/python3/dist-packages/heat/engine/service.py:2370
2025-09-29 00:36:41.543 37440 DEBUG heat.engine.service [req-2b37ff95-fca1-4d4a-bd37-af66422db35a - - - - -] Service 940c05a8-eca7-43db-927a-dddbf8d9c90a is updated service_manage_report /usr/lib/python3/dist-packages/heat/engine/service.py:2370
2025-09-29 00:36:41.543 37439 DEBUG heat.engine.service [req-ea8765fc-8494-491e-af12-04f69bc99a2c - - - - -] Service 70dc6ec3-e13c-4048-881f-ab0cce885b88 is started service_manage_report /usr/lib/python3/dist-packages/heat/engine/service.py:2363
2025-09-29 00:36:41.544 37441 DEBUG heat.engine.service [req-603fc5ca-0283-48bc-9489-b5ac07bd9618 - - - - -] Service 1cba89ed-721b-4479-80b2-dc5a84a7c2f8 is started service_manage_report /usr/lib/python3/dist-packages/heat/engine/service.py:2363
2025-09-29 00:36:41.562 37441 DEBUG heat.engine.service [req-603fc5ca-0283-48bc-9489-b5ac07bd9618 - - - - -] Service 1cba89ed-721b-4479-80b2-dc5a84a7c2f8 is updated service_manage_report /usr/lib/python3/dist-packages/heat/engine/service.py:2370
2025-09-29 00:36:41.568 37439 DEBUG heat.engine.service [req-ea8765fc-8494-491e-af12-04f69bc99a2c - - - - -] Service 70dc6ec3-e13c-4048-881f-ab0cce885b88 is updated service_manage_report /usr/lib/python3/dist-packages/heat/engine/service.py:2370
2025-09-29 00:37:41.502 37438 DEBUG heat.engine.service [req-7a5c3802-bd85-4355-aa5e-3bcd05ba7e10 - - - - -] Service ce57a3a8-8276-4946-a0d7-4a0c803c5f6d is updated service_manage_report /usr/lib/python3/dist-packages/heat/engine/service.py:2370
2025-09-29 00:37:41.518 37441 DEBUG heat.engine.service [req-adcc6606-8e6a-4781-b498-e156b79b3767 - - - - -] Service 1cba89ed-721b-4479-80b2-dc5a84a7c2f8 is updated service_manage_report /usr/lib/python3/dist-packages/heat/engine/service.py:2370
2025-09-29 00:37:41.527 37439 DEBUG heat.engine.service [req-2fd66fba-9da9-4df1-ad30-72efd72ba408 - - - - -] Service 70dc6ec3-e13c-4048-881f-ab0cce885b88 is updated service_manage_report /usr/lib/python3/dist-packages/heat/engine/service.py:2370
2025-09-29 00:37:41.529 37440 DEBUG heat.engine.service [req-006bd6ec-321d-47b6-8aed-1cc21636fb1b - - - - -] Service 940c05a8-eca7-43db-927a-dddbf8d9c90a is updated service_manage_report /usr/lib/python3/dist-packages/heat/engine/service.py:2370
2025-09-29 00:38:41.497 37438 DEBUG heat.engine.service [req-532471a2-d4d3-4654-acc9-a58dcec8d953 - - - - -] Service ce57a3a8-8276-4946-a0d7-4a0c803c5f6d is updated service_manage_report /usr/lib/python3/dist-packages/heat/engine/service.py:2370
2025-09-29 00:38:41.514 37441 DEBUG heat.engine.service [req-451c53d1-940e-4100-b23d-d06170a67316 - - - - -] Service 1cba89ed-721b-4479-80b2-dc5a84a7c2f8 is updated service_manage_report /usr/lib/python3/dist-packages/heat/engine/service.py:2370
2025-09-29 00:38:41.522 37439 DEBUG heat.engine.service [req-d84f4f31-ad53-45ff-8517-bbd41766ad3a - - - - -] Service 70dc6ec3-e13c-4048-881f-ab0cce885b88 is updated service_manage_report /usr/lib/python3/dist-packages/heat/engine/service.py:2370
2025-09-29 00:38:41.524 37440 DEBUG heat.engine.service [req-851e4a7f-5f28-4f28-97f8-b65ee3a8a012 - - - - -] Service 940c05a8-eca7-43db-927a-dddbf8d9c90a is updated service_manage_report /usr/lib/python3/dist-packages/heat/engine/service.py:2370
2025-09-29 00:39:41.502 37438 DEBUG heat.engine.service [req-183ebd51-dc41-402c-96d9-98b4c87aa5c1 - - - - -] Service ce57a3a8-8276-4946-a0d7-4a0c803c5f6d is updated service_manage_report /usr/lib/python3/dist-packages/heat/engine/service.py:2370
2025-09-29 00:39:41.521 37441 DEBUG heat.engine.service [req-9b4ad271-c03d-48d2-99f8-6ed9ab26b99d - - - - -] Service 1cba89ed-721b-4479-80b2-dc5a84a7c2f8 is updated service_manage_report /usr/lib/python3/dist-packages/heat/engine/service.py:2370
2025-09-29 00:39:41.525 37439 DEBUG heat.engine.service [req-50c58de7-c874-4b3e-bd7a-3b3bc06c4ef8 - - - - -] Service 70dc6ec3-e13c-4048-881f-ab0cce885b88 is updated service_manage_report /usr/lib/python3/dist-packages/heat/engine/service.py:2370
2025-09-29 00:39:41.530 37440 DEBUG heat.engine.service [req-db8c096e-a3b5-43db-9d50-ee949ca34fc2 - - - - -] Service 940c05a8-eca7-43db-927a-dddbf8d9c90a is updated service_manage_report /usr/lib/python3/dist-packages/heat/engine/service.py:2370
2025-09-29 00:40:41.507 37438 DEBUG heat.engine.service [req-42ba34a6-96f9-47f3-a7f3-2c2b66205685 - - - - -] Service ce57a3a8-8276-4946-a0d7-4a0c803c5f6d is updated service_manage_report /usr/lib/python3/dist-packages/heat/engine/service.py:2370
2025-09-29 00:40:41.515 37441 DEBUG heat.engine.service [req-c076adea-dfa1-4dde-bbb3-b5d1a5550ba6 - - - - -] Service 1cba89ed-721b-4479-80b2-dc5a84a7c2f8 is updated service_manage_report /usr/lib/python3/dist-packages/heat/engine/service.py:2370
2025-09-29 00:40:41.527 37440 DEBUG heat.engine.service [req-18c781b3-5867-4a68-888f-505635d4533d - - - - -] Service 940c05a8-eca7-43db-927a-dddbf8d9c90a is updated service_manage_report /usr/lib/python3/dist-packages/heat/engine/service.py:2370
2025-09-29 00:40:41.530 37439 DEBUG heat.engine.service [req-464dec13-ab6d-4f5f-83de-5a88dc944ec2 - - - - -] Service 70dc6ec3-e13c-4048-881f-ab0cce885b88 is updated service_manage_report /usr/lib/python3/dist-packages/heat/engine/service.py:2370
2025-09-29 00:41:41.512 37438 DEBUG heat.engine.service [req-8df94f19-fb47-4df5-97e8-ce0e4896d302 - - - - -] Service ce57a3a8-8276-4946-a0d7-4a0c803c5f6d is updated service_manage_report /usr/lib/python3/dist-packages/heat/engine/service.py:2370
2025-09-29 00:41:41.520 37441 DEBUG heat.engine.service [req-14aff957-f5c7-4ad6-afc3-e0063622908f - - - - -] Service 1cba89ed-721b-4479-80b2-dc5a84a7c2f8 is updated service_manage_report /usr/lib/python3/dist-packages/heat/engine/service.py:2370
2025-09-29 00:41:41.522 37440 DEBUG heat.engine.service [req-fb634695-4f52-4038-b323-1dedafc3d18f - - - - -] Service 940c05a8-eca7-43db-927a-dddbf8d9c90a is updated service_manage_report /usr/lib/python3/dist-packages/heat/engine/service.py:2370
2025-09-29 00:41:41.535 37439 DEBUG heat.engine.service [req-08b4fb64-e6d2-4d1b-9371-ed1a56f0300c - - - - -] Service 70dc6ec3-e13c-4048-881f-ab0cce885b88 is updated service_manage_report /usr/lib/python3/dist-packages/heat/engine/service.py:2370
2025-09-29 00:42:41.533 37438 DEBUG heat.engine.service [req-10d61c2a-c9ca-4d6f-8532-b448a70d3348 - - - - -] Service ce57a3a8-8276-4946-a0d7-4a0c803c5f6d is updated service_manage_report /usr/lib/python3/dist-packages/heat/engine/service.py:2370
2025-09-29 00:42:41.546 37441 DEBUG heat.engine.service [req-3c8e8d17-2e21-4ffa-a8e2-1d7f7b08d060 - - - - -] Service 1cba89ed-721b-4479-80b2-dc5a84a7c2f8 is updated service_manage_report /usr/lib/python3/dist-packages/heat/engine/service.py:2370
2025-09-29 00:42:41.549 37439 DEBUG heat.engine.service [req-a8f47881-b648-4189-914b-03e49d682e66 - - - - -] Service 70dc6ec3-e13c-4048-881f-ab0cce885b88 is updated service_manage_report /usr/lib/python3/dist-packages/heat/engine/service.py:2370
2025-09-29 00:42:41.557 37440 DEBUG heat.engine.service [req-7b84b214-3b18-483e-a855-17751c69ad72 - - - - -] Service 940c05a8-eca7-43db-927a-dddbf8d9c90a is updated service_manage_report /usr/lib/python3/dist-packages/heat/engine/service.py:2370
2025-09-29 00:43:41.518 37438 DEBUG heat.engine.service [req-192d975a-1b52-45d7-a9e0-c520529020b9 - - - - -] Service ce57a3a8-8276-4946-a0d7-4a0c803c5f6d is updated service_manage_report /usr/lib/python3/dist-packages/heat/engine/service.py:2370
2025-09-29 00:43:41.530 37441 DEBUG heat.engine.service [req-64ce5737-d8a5-4597-ba15-2603ca2b67a5 - - - - -] Service 1cba89ed-721b-4479-80b2-dc5a84a7c2f8 is updated service_manage_report /usr/lib/python3/dist-packages/heat/engine/service.py:2370
2025-09-29 00:43:41.536 37439 DEBUG heat.engine.service [req-c3fe9a75-8f77-4b0c-929f-c5b379829340 - - - - -] Service 70dc6ec3-e13c-4048-881f-ab0cce885b88 is updated service_manage_report /usr/lib/python3/dist-packages/heat/engine/service.py:2370
2025-09-29 00:43:41.536 37440 DEBUG heat.engine.service [req-5836aed8-0e92-4202-873d-171c6a82457a - - - - -] Service 940c05a8-eca7-43db-927a-dddbf8d9c90a is updated service_manage_report /usr/lib/python3/dist-packages/heat/engine/service.py:2370
2025-09-29 00:44:41.526 37438 DEBUG heat.engine.service [req-4afa8096-e81d-411d-ae5a-0d9163577b3b - - - - -] Service ce57a3a8-8276-4946-a0d7-4a0c803c5f6d is updated service_manage_report /usr/lib/python3/dist-packages/heat/engine/service.py:2370
2025-09-29 00:44:41.530 37439 DEBUG heat.engine.service [req-49189169-001c-40e9-90ca-c4602b380f54 - - - - -] Service 70dc6ec3-e13c-4048-881f-ab0cce885b88 is updated service_manage_report /usr/lib/python3/dist-packages/heat/engine/service.py:2370
2025-09-29 00:44:41.537 37440 DEBUG heat.engine.service [req-33d7aa07-7554-47c6-9af3-8712326ca9b3 - - - - -] Service 940c05a8-eca7-43db-927a-dddbf8d9c90a is updated service_manage_report /usr/lib/python3/dist-packages/heat/engine/service.py:2370
2025-09-29 00:44:41.538 37441 DEBUG heat.engine.service [req-4224a099-6989-4d33-9946-34e294b40be3 - - - - -] Service 1cba89ed-721b-4479-80b2-dc5a84a7c2f8 is updated service_manage_report /usr/lib/python3/dist-packages/heat/engine/service.py:2370
2025-09-29 00:45:41.524 37438 DEBUG heat.engine.service [req-775346ef-01e0-48c2-a765-c31eab53bfec - - - - -] Service ce57a3a8-8276-4946-a0d7-4a0c803c5f6d is updated service_manage_report /usr/lib/python3/dist-packages/heat/engine/service.py:2370
2025-09-29 00:45:41.535 37440 DEBUG heat.engine.service [req-af8e1b8f-45c3-4456-b84b-31abb10df422 - - - - -] Service 940c05a8-eca7-43db-927a-dddbf8d9c90a is updated service_manage_report /usr/lib/python3/dist-packages/heat/engine/service.py:2370
2025-09-29 00:45:41.542 37441 DEBUG heat.engine.service [req-45ea0305-c0d1-4586-a052-758ba61f7b99 - - - - -] Service 1cba89ed-721b-4479-80b2-dc5a84a7c2f8 is updated service_manage_report /usr/lib/python3/dist-packages/heat/engine/service.py:2370
2025-09-29 00:45:41.545 37439 DEBUG heat.engine.service [req-a55f7811-4aba-4202-8cd4-edb63c8230be - - - - -] Service 70dc6ec3-e13c-4048-881f-ab0cce885b88 is updated service_manage_report /usr/lib/python3/dist-packages/heat/engine/service.py:2370
2025-09-29 00:46:41.519 37438 DEBUG heat.engine.service [req-b810aa4b-2115-444e-9be3-2f2cce2cffda - - - - -] Service ce57a3a8-8276-4946-a0d7-4a0c803c5f6d is updated service_manage_report /usr/lib/python3/dist-packages/heat/engine/service.py:2370
2025-09-29 00:46:41.527 37440 DEBUG heat.engine.service [req-53baf7f7-ce05-4a95-88a9-8d8d53b0bcd9 - - - - -] Service 940c05a8-eca7-43db-927a-dddbf8d9c90a is updated service_manage_report /usr/lib/python3/dist-packages/heat/engine/service.py:2370
2025-09-29 00:46:41.536 37441 DEBUG heat.engine.service [req-0656588f-7048-454a-8c71-1aff200bc676 - - - - -] Service 1cba89ed-721b-4479-80b2-dc5a84a7c2f8 is updated service_manage_report /usr/lib/python3/dist-packages/heat/engine/service.py:2370
2025-09-29 00:46:41.540 37439 DEBUG heat.engine.service [req-520d35fc-625b-4022-b6e0-82a5d5912831 - - - - -] Service 70dc6ec3-e13c-4048-881f-ab0cce885b88 is updated service_manage_report /usr/lib/python3/dist-packages/heat/engine/service.py:2370
2025-09-29 00:47:41.527 37438 DEBUG heat.engine.service [req-55829062-d135-4fc5-bb1f-cde387e11037 - - - - -] Service ce57a3a8-8276-4946-a0d7-4a0c803c5f6d is updated service_manage_report /usr/lib/python3/dist-packages/heat/engine/service.py:2370
2025-09-29 00:47:41.534 37440 DEBUG heat.engine.service [req-fbfe31e3-c652-4b94-897a-61e0b436a159 - - - - -] Service 940c05a8-eca7-43db-927a-dddbf8d9c90a is updated service_manage_report /usr/lib/python3/dist-packages/heat/engine/service.py:2370
2025-09-29 00:47:41.540 37441 DEBUG heat.engine.service [req-c65ef40f-e36d-402b-9aa4-b16abbcdc75e - - - - -] Service 1cba89ed-721b-4479-80b2-dc5a84a7c2f8 is updated service_manage_report /usr/lib/python3/dist-packages/heat/engine/service.py:2370
2025-09-29 00:47:41.544 37439 DEBUG heat.engine.service [req-163c2507-67d1-4fb0-97c0-d336cb7a462c - - - - -] Service 70dc6ec3-e13c-4048-881f-ab0cce885b88 is updated service_manage_report /usr/lib/python3/dist-packages/heat/engine/service.py:2370
2025-09-29 00:48:41.522 37438 DEBUG heat.engine.service [req-ffbf4138-34ff-4228-9f78-388d91dddee7 - - - - -] Service ce57a3a8-8276-4946-a0d7-4a0c803c5f6d is updated service_manage_report /usr/lib/python3/dist-packages/heat/engine/service.py:2370
2025-09-29 00:48:41.529 37440 DEBUG heat.engine.service [req-925fc155-ec5c-4ccb-a0ba-dbbac7c447d7 - - - - -] Service 940c05a8-eca7-43db-927a-dddbf8d9c90a is updated service_manage_report /usr/lib/python3/dist-packages/heat/engine/service.py:2370
2025-09-29 00:48:41.547 37441 DEBUG heat.engine.service [req-a73c81ac-f443-4398-b340-430247377b58 - - - - -] Service 1cba89ed-721b-4479-80b2-dc5a84a7c2f8 is updated service_manage_report /usr/lib/python3/dist-packages/heat/engine/service.py:2370
2025-09-29 00:48:41.549 37439 DEBUG heat.engine.service [req-87f47102-8f29-4455-968d-f16d0229f935 - - - - -] Service 70dc6ec3-e13c-4048-881f-ab0cce885b88 is updated service_manage_report /usr/lib/python3/dist-packages/heat/engine/service.py:2370
2025-09-29 00:49:41.527 37438 DEBUG heat.engine.service [req-191d1bca-1aaa-416e-9c30-5df256266eda - - - - -] Service ce57a3a8-8276-4946-a0d7-4a0c803c5f6d is updated service_manage_report /usr/lib/python3/dist-packages/heat/engine/service.py:2370
2025-09-29 00:49:41.536 37440 DEBUG heat.engine.service [req-df108f9f-4d45-48ad-b32b-aeab18f4165b - - - - -] Service 940c05a8-eca7-43db-927a-dddbf8d9c90a is updated service_manage_report /usr/lib/python3/dist-packages/heat/engine/service.py:2370
2025-09-29 00:49:41.540 37441 DEBUG heat.engine.service [req-58fbdeb4-5804-45e1-bd1a-adffaf69ff86 - - - - -] Service 1cba89ed-721b-4479-80b2-dc5a84a7c2f8 is updated service_manage_report /usr/lib/python3/dist-packages/heat/engine/service.py:2370
2025-09-29 00:49:41.555 37439 DEBUG heat.engine.service [req-022cb4a9-c137-467d-943f-52feda9a4260 - - - - -] Service 70dc6ec3-e13c-4048-881f-ab0cce885b88 is updated service_manage_report /usr/lib/python3/dist-packages/heat/engine/service.py:2370
2025-09-29 00:50:41.535 37438 DEBUG heat.engine.service [req-143c8216-1dfe-4a37-8496-41afb2884a32 - - - - -] Service ce57a3a8-8276-4946-a0d7-4a0c803c5f6d is updated service_manage_report /usr/lib/python3/dist-packages/heat/engine/service.py:2370
2025-09-29 00:50:41.539 37440 DEBUG heat.engine.service [req-f7ac851c-e7fc-4373-a809-1f6e78dd37c0 - - - - -] Service 940c05a8-eca7-43db-927a-dddbf8d9c90a is updated service_manage_report /usr/lib/python3/dist-packages/heat/engine/service.py:2370
2025-09-29 00:50:41.547 37441 DEBUG heat.engine.service [req-16bbe795-41a4-4f5f-b0a0-daa1cb787fc9 - - - - -] Service 1cba89ed-721b-4479-80b2-dc5a84a7c2f8 is updated service_manage_report /usr/lib/python3/dist-packages/heat/engine/service.py:2370
2025-09-29 00:50:41.555 37439 DEBUG heat.engine.service [req-2114f096-89fb-4afa-b104-6e673a33173e - - - - -] Service 70dc6ec3-e13c-4048-881f-ab0cce885b88 is updated service_manage_report /usr/lib/python3/dist-packages/heat/engine/service.py:2370
2025-09-29 00:51:41.533 37438 DEBUG heat.engine.service [req-c06f9ac5-73c3-4621-b5a5-dab16db8db4a - - - - -] Service ce57a3a8-8276-4946-a0d7-4a0c803c5f6d is updated service_manage_report /usr/lib/python3/dist-packages/heat/engine/service.py:2370
2025-09-29 00:51:41.537 37440 DEBUG heat.engine.service [req-3fbd1801-a9dc-411c-963f-ab096fe9d234 - - - - -] Service 940c05a8-eca7-43db-927a-dddbf8d9c90a is updated service_manage_report /usr/lib/python3/dist-packages/heat/engine/service.py:2370
2025-09-29 00:51:41.544 37441 DEBUG heat.engine.service [req-4844f110-babc-4aeb-9236-94385dcd0612 - - - - -] Service 1cba89ed-721b-4479-80b2-dc5a84a7c2f8 is updated service_manage_report /usr/lib/python3/dist-packages/heat/engine/service.py:2370
2025-09-29 00:51:41.553 37439 DEBUG heat.engine.service [req-8a6bd223-f6dc-4ede-b420-95408006124d - - - - -] Service 70dc6ec3-e13c-4048-881f-ab0cce885b88 is updated service_manage_report /usr/lib/python3/dist-packages/heat/engine/service.py:2370
2025-09-29 00:52:41.528 37438 DEBUG heat.engine.service [req-429b92c0-b7b9-40e1-9684-89bd0d87423e - - - - -] Service ce57a3a8-8276-4946-a0d7-4a0c803c5f6d is updated service_manage_report /usr/lib/python3/dist-packages/heat/engine/service.py:2370
2025-09-29 00:52:41.531 37440 DEBUG heat.engine.service [req-774c751e-3a49-41d9-a866-984d234e65d3 - - - - -] Service 940c05a8-eca7-43db-927a-dddbf8d9c90a is updated service_manage_report /usr/lib/python3/dist-packages/heat/engine/service.py:2370
2025-09-29 00:52:41.538 37441 DEBUG heat.engine.service [req-685c71e5-ddb4-4739-94ea-73ecf0130f95 - - - - -] Service 1cba89ed-721b-4479-80b2-dc5a84a7c2f8 is updated service_manage_report /usr/lib/python3/dist-packages/heat/engine/service.py:2370
2025-09-29 00:52:41.547 37439 DEBUG heat.engine.service [req-50dcde04-ba16-45eb-aee6-d86951a4f45a - - - - -] Service 70dc6ec3-e13c-4048-881f-ab0cce885b88 is updated service_manage_report /usr/lib/python3/dist-packages/heat/engine/service.py:2370
2025-09-29 00:53:41.534 37438 DEBUG heat.engine.service [req-8bf6773d-255f-4fa8-b22b-b85dc95c0307 - - - - -] Service ce57a3a8-8276-4946-a0d7-4a0c803c5f6d is updated service_manage_report /usr/lib/python3/dist-packages/heat/engine/service.py:2370
2025-09-29 00:53:41.538 37440 DEBUG heat.engine.service [req-83733b39-645d-41c5-8023-bdb517148373 - - - - -] Service 940c05a8-eca7-43db-927a-dddbf8d9c90a is updated service_manage_report /usr/lib/python3/dist-packages/heat/engine/service.py:2370
2025-09-29 00:53:41.542 37441 DEBUG heat.engine.service [req-54822672-a10e-4da8-9732-dbc8921e9427 - - - - -] Service 1cba89ed-721b-4479-80b2-dc5a84a7c2f8 is updated service_manage_report /usr/lib/python3/dist-packages/heat/engine/service.py:2370
2025-09-29 00:53:41.552 37439 DEBUG heat.engine.service [req-4eb4f734-393f-4dad-9173-30ad0353c8de - - - - -] Service 70dc6ec3-e13c-4048-881f-ab0cce885b88 is updated service_manage_report /usr/lib/python3/dist-packages/heat/engine/service.py:2370
2025-09-29 00:54:41.533 37438 DEBUG heat.engine.service [req-ed41d176-f5c1-4951-a6ff-884dc13fa2a9 - - - - -] Service ce57a3a8-8276-4946-a0d7-4a0c803c5f6d is updated service_manage_report /usr/lib/python3/dist-packages/heat/engine/service.py:2370
2025-09-29 00:54:41.535 37440 DEBUG heat.engine.service [req-ab114256-c089-498d-8316-6e3f79260850 - - - - -] Service 940c05a8-eca7-43db-927a-dddbf8d9c90a is updated service_manage_report /usr/lib/python3/dist-packages/heat/engine/service.py:2370
2025-09-29 00:54:41.545 37441 DEBUG heat.engine.service [req-dbcc3069-e01c-4959-b426-40cf191f79f9 - - - - -] Service 1cba89ed-721b-4479-80b2-dc5a84a7c2f8 is updated service_manage_report /usr/lib/python3/dist-packages/heat/engine/service.py:2370
2025-09-29 00:54:41.554 37439 DEBUG heat.engine.service [req-8fee4830-99dd-4f51-a496-604b254996bc - - - - -] Service 70dc6ec3-e13c-4048-881f-ab0cce885b88 is updated service_manage_report /usr/lib/python3/dist-packages/heat/engine/service.py:2370
2025-09-29 00:55:41.528 37438 DEBUG heat.engine.service [req-e6b738fe-1625-4809-88d8-851322e1b95e - - - - -] Service ce57a3a8-8276-4946-a0d7-4a0c803c5f6d is updated service_manage_report /usr/lib/python3/dist-packages/heat/engine/service.py:2370
2025-09-29 00:55:41.530 37440 DEBUG heat.engine.service [req-81e34e8c-0e08-4d0a-bd32-75ff60fe12df - - - - -] Service 940c05a8-eca7-43db-927a-dddbf8d9c90a is updated service_manage_report /usr/lib/python3/dist-packages/heat/engine/service.py:2370
2025-09-29 00:55:41.550 37441 DEBUG heat.engine.service [req-b0ff9136-5d3e-4f59-8e09-68c6f0822ff3 - - - - -] Service 1cba89ed-721b-4479-80b2-dc5a84a7c2f8 is updated service_manage_report /usr/lib/python3/dist-packages/heat/engine/service.py:2370
2025-09-29 00:55:41.581 37439 DEBUG heat.engine.service [req-b6d7f649-8f16-4e10-8e55-b1a2f5160cb3 - - - - -] Service 70dc6ec3-e13c-4048-881f-ab0cce885b88 is updated service_manage_report /usr/lib/python3/dist-packages/heat/engine/service.py:2370
2025-09-29 00:56:41.534 37438 DEBUG heat.engine.service [req-75048796-2409-4054-aa5e-d833838fc72b - - - - -] Service ce57a3a8-8276-4946-a0d7-4a0c803c5f6d is updated service_manage_report /usr/lib/python3/dist-packages/heat/engine/service.py:2370
2025-09-29 00:56:41.538 37440 DEBUG heat.engine.service [req-1f2375c7-cea2-4c6a-9dac-ffb2ad1b96cc - - - - -] Service 940c05a8-eca7-43db-927a-dddbf8d9c90a is updated service_manage_report /usr/lib/python3/dist-packages/heat/engine/service.py:2370
2025-09-29 00:56:41.553 37441 DEBUG heat.engine.service [req-7a26cf5d-c5ec-42c5-a5e9-3b5ef7cf1a79 - - - - -] Service 1cba89ed-721b-4479-80b2-dc5a84a7c2f8 is updated service_manage_report /usr/lib/python3/dist-packages/heat/engine/service.py:2370
2025-09-29 00:56:41.555 37439 DEBUG heat.engine.service [req-c139bf6c-0423-4720-b327-58d3d2fafe56 - - - - -] Service 70dc6ec3-e13c-4048-881f-ab0cce885b88 is updated service_manage_report /usr/lib/python3/dist-packages/heat/engine/service.py:2370
2025-09-29 00:57:41.533 37440 DEBUG heat.engine.service [req-d968fd11-4be3-4ae9-91f8-fdc11be14f2f - - - - -] Service 940c05a8-eca7-43db-927a-dddbf8d9c90a is updated service_manage_report /usr/lib/python3/dist-packages/heat/engine/service.py:2370
2025-09-29 00:57:41.538 37438 DEBUG heat.engine.service [req-289b482a-3625-49c0-affb-6d479069c14a - - - - -] Service ce57a3a8-8276-4946-a0d7-4a0c803c5f6d is updated service_manage_report /usr/lib/python3/dist-packages/heat/engine/service.py:2370
2025-09-29 00:57:41.557 37441 DEBUG heat.engine.service [req-3734f7ea-26c1-4cd8-89dc-b1f1ef9ac551 - - - - -] Service 1cba89ed-721b-4479-80b2-dc5a84a7c2f8 is updated service_manage_report /usr/lib/python3/dist-packages/heat/engine/service.py:2370
2025-09-29 00:57:41.559 37439 DEBUG heat.engine.service [req-b4f20158-c42c-4b3a-8594-85c3f8aca188 - - - - -] Service 70dc6ec3-e13c-4048-881f-ab0cce885b88 is updated service_manage_report /usr/lib/python3/dist-packages/heat/engine/service.py:2370
2025-09-29 00:58:41.537 37440 DEBUG heat.engine.service [req-4f1a0142-3999-4608-b3e4-7c8472377551 - - - - -] Service 940c05a8-eca7-43db-927a-dddbf8d9c90a is updated service_manage_report /usr/lib/python3/dist-packages/heat/engine/service.py:2370
2025-09-29 00:58:41.545 37438 DEBUG heat.engine.service [req-75a17137-60d0-4c30-b63f-0b76a40c5ce1 - - - - -] Service ce57a3a8-8276-4946-a0d7-4a0c803c5f6d is updated service_manage_report /usr/lib/python3/dist-packages/heat/engine/service.py:2370
2025-09-29 00:58:41.563 37441 DEBUG heat.engine.service [req-ef7cbfb7-ca28-4692-a553-d758f3cee2e6 - - - - -] Service 1cba89ed-721b-4479-80b2-dc5a84a7c2f8 is updated service_manage_report /usr/lib/python3/dist-packages/heat/engine/service.py:2370
2025-09-29 00:58:41.565 37439 DEBUG heat.engine.service [req-08d770c7-d72d-4a46-9b9e-3eb21760a83f - - - - -] Service 70dc6ec3-e13c-4048-881f-ab0cce885b88 is updated service_manage_report /usr/lib/python3/dist-packages/heat/engine/service.py:2370
2025-09-29 00:59:41.541 37438 DEBUG heat.engine.service [req-d13d0c06-f119-40a6-afa2-ae4760c19abc - - - - -] Service ce57a3a8-8276-4946-a0d7-4a0c803c5f6d is updated service_manage_report /usr/lib/python3/dist-packages/heat/engine/service.py:2370
2025-09-29 00:59:41.546 37440 DEBUG heat.engine.service [req-db3eecab-a59a-424d-8d5f-d677fabc9254 - - - - -] Service 940c05a8-eca7-43db-927a-dddbf8d9c90a is updated service_manage_report /usr/lib/python3/dist-packages/heat/engine/service.py:2370
2025-09-29 00:59:41.558 37441 DEBUG heat.engine.service [req-537aad06-3d8e-48e5-9ae7-92ac54c95c09 - - - - -] Service 1cba89ed-721b-4479-80b2-dc5a84a7c2f8 is updated service_manage_report /usr/lib/python3/dist-packages/heat/engine/service.py:2370
2025-09-29 00:59:41.569 37439 DEBUG heat.engine.service [req-a68116f0-4709-410b-aa6e-6344c6b78462 - - - - -] Service 70dc6ec3-e13c-4048-881f-ab0cce885b88 is updated service_manage_report /usr/lib/python3/dist-packages/heat/engine/service.py:2370
2025-09-29 01:00:41.537 37438 DEBUG heat.engine.service [req-c51d3ba7-8170-4550-b068-d5ee43f8e3fc - - - - -] Service ce57a3a8-8276-4946-a0d7-4a0c803c5f6d is updated service_manage_report /usr/lib/python3/dist-packages/heat/engine/service.py:2370
2025-09-29 01:00:41.542 37440 DEBUG heat.engine.service [req-50d64628-7536-4f27-adb8-9024cb2cca07 - - - - -] Service 940c05a8-eca7-43db-927a-dddbf8d9c90a is updated service_manage_report /usr/lib/python3/dist-packages/heat/engine/service.py:2370
2025-09-29 01:00:41.563 37441 DEBUG heat.engine.service [req-749442cf-8957-4c82-9ce6-a6b2226815b9 - - - - -] Service 1cba89ed-721b-4479-80b2-dc5a84a7c2f8 is updated service_manage_report /usr/lib/python3/dist-packages/heat/engine/service.py:2370
2025-09-29 01:00:41.573 37439 DEBUG heat.engine.service [req-368bf754-ae12-48bf-8904-b447e210cfbe - - - - -] Service 70dc6ec3-e13c-4048-881f-ab0cce885b88 is updated service_manage_report /usr/lib/python3/dist-packages/heat/engine/service.py:2370
2025-09-29 01:01:41.531 37438 DEBUG heat.engine.service [req-d788daa7-8c43-49a9-b6cb-0770ace1b571 - - - - -] Service ce57a3a8-8276-4946-a0d7-4a0c803c5f6d is updated service_manage_report /usr/lib/python3/dist-packages/heat/engine/service.py:2370
2025-09-29 01:01:41.549 37440 DEBUG heat.engine.service [req-80ffd720-b30a-4f98-902b-0999482d0fe8 - - - - -] Service 940c05a8-eca7-43db-927a-dddbf8d9c90a is updated service_manage_report /usr/lib/python3/dist-packages/heat/engine/service.py:2370
2025-09-29 01:01:41.569 37441 DEBUG heat.engine.service [req-9cb4a5be-9ab8-4db8-80e7-b60f0d78344b - - - - -] Service 1cba89ed-721b-4479-80b2-dc5a84a7c2f8 is updated service_manage_report /usr/lib/python3/dist-packages/heat/engine/service.py:2370
2025-09-29 01:01:41.575 37439 DEBUG heat.engine.service [req-6f483e07-647f-4199-9a27-ecfb5189d2d0 - - - - -] Service 70dc6ec3-e13c-4048-881f-ab0cce885b88 is updated service_manage_report /usr/lib/python3/dist-packages/heat/engine/service.py:2370
2025-09-29 01:02:41.536 37438 DEBUG heat.engine.service [req-5d01d19e-0e6b-4d81-881f-b5d3a4a8cb70 - - - - -] Service ce57a3a8-8276-4946-a0d7-4a0c803c5f6d is updated service_manage_report /usr/lib/python3/dist-packages/heat/engine/service.py:2370
2025-09-29 01:02:41.544 37440 DEBUG heat.engine.service [req-d04df10a-85c0-4d50-848e-ab74dc27fcd3 - - - - -] Service 940c05a8-eca7-43db-927a-dddbf8d9c90a is updated service_manage_report /usr/lib/python3/dist-packages/heat/engine/service.py:2370
2025-09-29 01:02:41.575 37441 DEBUG heat.engine.service [req-83ca05ad-26d7-4226-bfee-b28ad289c201 - - - - -] Service 1cba89ed-721b-4479-80b2-dc5a84a7c2f8 is updated service_manage_report /usr/lib/python3/dist-packages/heat/engine/service.py:2370
2025-09-29 01:02:41.584 37439 DEBUG heat.engine.service [req-397635e0-4fed-4526-8645-50c12593c5ff - - - - -] Service 70dc6ec3-e13c-4048-881f-ab0cce885b88 is updated service_manage_report /usr/lib/python3/dist-packages/heat/engine/service.py:2370
2025-09-29 01:03:41.542 37438 DEBUG heat.engine.service [req-ada4c882-f563-4ba8-8b05-e966bc5a8cc0 - - - - -] Service ce57a3a8-8276-4946-a0d7-4a0c803c5f6d is updated service_manage_report /usr/lib/python3/dist-packages/heat/engine/service.py:2370
2025-09-29 01:03:41.549 37440 DEBUG heat.engine.service [req-fe1f5371-d96c-42f0-a7a9-e1d198db57a5 - - - - -] Service 940c05a8-eca7-43db-927a-dddbf8d9c90a is updated service_manage_report /usr/lib/python3/dist-packages/heat/engine/service.py:2370
2025-09-29 01:03:41.570 37441 DEBUG heat.engine.service [req-257951e4-2694-41db-8e6f-533416f197f6 - - - - -] Service 1cba89ed-721b-4479-80b2-dc5a84a7c2f8 is updated service_manage_report /usr/lib/python3/dist-packages/heat/engine/service.py:2370
2025-09-29 01:03:41.583 37439 DEBUG heat.engine.service [req-4dae5d76-07cc-4e9f-a4e1-81ea3e619214 - - - - -] Service 70dc6ec3-e13c-4048-881f-ab0cce885b88 is updated service_manage_report /usr/lib/python3/dist-packages/heat/engine/service.py:2370
2025-09-29 01:04:41.547 37438 DEBUG heat.engine.service [req-475a7516-cfc0-43e0-89bf-fdcc803990f8 - - - - -] Service ce57a3a8-8276-4946-a0d7-4a0c803c5f6d is updated service_manage_report /usr/lib/python3/dist-packages/heat/engine/service.py:2370
2025-09-29 01:04:41.557 37440 DEBUG heat.engine.service [req-08a9fbdc-5e12-49c6-9938-53ea2be6d4c9 - - - - -] Service 940c05a8-eca7-43db-927a-dddbf8d9c90a is updated service_manage_report /usr/lib/python3/dist-packages/heat/engine/service.py:2370
2025-09-29 01:04:41.573 37441 DEBUG heat.engine.service [req-85f76398-4cd4-4c07-9ab3-8919a332f62f - - - - -] Service 1cba89ed-721b-4479-80b2-dc5a84a7c2f8 is updated service_manage_report /usr/lib/python3/dist-packages/heat/engine/service.py:2370
2025-09-29 01:04:41.577 37439 DEBUG heat.engine.service [req-756730b3-e529-41de-9f75-c0e284e68fff - - - - -] Service 70dc6ec3-e13c-4048-881f-ab0cce885b88 is updated service_manage_report /usr/lib/python3/dist-packages/heat/engine/service.py:2370
2025-09-29 01:05:41.552 37438 DEBUG heat.engine.service [req-deb2c9a0-537e-423c-8f4a-95c8f594e558 - - - - -] Service ce57a3a8-8276-4946-a0d7-4a0c803c5f6d is updated service_manage_report /usr/lib/python3/dist-packages/heat/engine/service.py:2370
2025-09-29 01:05:41.553 37440 DEBUG heat.engine.service [req-a2a54e13-9fd6-477b-848d-c1d576c472ae - - - - -] Service 940c05a8-eca7-43db-927a-dddbf8d9c90a is updated service_manage_report /usr/lib/python3/dist-packages/heat/engine/service.py:2370
2025-09-29 01:05:41.578 37441 DEBUG heat.engine.service [req-18709c12-c20c-4987-a5c8-0e76b89ca8cc - - - - -] Service 1cba89ed-721b-4479-80b2-dc5a84a7c2f8 is updated service_manage_report /usr/lib/python3/dist-packages/heat/engine/service.py:2370
