2025-09-29 01:37:23.835 7 DEBUG oslo_service.service [-] ml2_type_vxlan.vni_ranges = [] log_opt_values /var/lib/kolla/venv/lib/python3.6/site-packages/oslo_config/cfg.py:2611
2025-09-29 01:37:23.835 7 DEBUG oslo_service.service [-] ml2_type_vxlan.vxlan_group = None log_opt_values /var/lib/kolla/venv/lib/python3.6/site-packages/oslo_config/cfg.py:2611
2025-09-29 01:37:23.835 7 DEBUG oslo_service.service [-] database.backend = sqlalchemy log_opt_values /var/lib/kolla/venv/lib/python3.6/site-packages/oslo_config/cfg.py:2611
2025-09-29 01:37:23.835 7 DEBUG oslo_service.service [-] database.connection = **** log_opt_values /var/lib/kolla/venv/lib/python3.6/site-packages/oslo_config/cfg.py:2611
2025-09-29 01:37:23.835 7 DEBUG oslo_service.service [-] database.connection_debug = 0 log_opt_values /var/lib/kolla/venv/lib/python3.6/site-packages/oslo_config/cfg.py:2611
2025-09-29 01:37:23.835 7 DEBUG oslo_service.service [-] database.connection_parameters = log_opt_values /var/lib/kolla/venv/lib/python3.6/site-packages/oslo_config/cfg.py:2611
2025-09-29 01:37:23.835 7 DEBUG oslo_service.service [-] database.connection_recycle_time = 10 log_opt_values /var/lib/kolla/venv/lib/python3.6/site-packages/oslo_config/cfg.py:2611
2025-09-29 01:37:23.835 7 DEBUG oslo_service.service [-] database.connection_trace = False log_opt_values /var/lib/kolla/venv/lib/python3.6/site-packages/oslo_config/cfg.py:2611
2025-09-29 01:37:23.835 7 DEBUG oslo_service.service [-] database.db_inc_retry_interval = True log_opt_values /var/lib/kolla/venv/lib/python3.6/site-packages/oslo_config/cfg.py:2611
2025-09-29 01:37:23.835 24 DEBUG neutron.services.l3_router.l3_router_plugin [-] neutron.services.l3_router.l3_router_plugin.L3RouterPlugin method start_rpc_listeners called with arguments () {} wrapper /var/lib/kolla/venv/lib/python3.6/site-packages/oslo_log/helpers.py:66
2025-09-29 01:37:23.835 7 DEBUG oslo_service.service [-] database.db_max_retries = 20 log_opt_values /var/lib/kolla/venv/lib/python3.6/site-packages/oslo_config/cfg.py:2611
2025-09-29 01:37:23.836 7 DEBUG oslo_service.service [-] database.db_max_retry_interval = 10 log_opt_values /var/lib/kolla/venv/lib/python3.6/site-packages/oslo_config/cfg.py:2611
2025-09-29 01:37:23.836 7 DEBUG oslo_service.service [-] database.db_retry_interval = 1 log_opt_values /var/lib/kolla/venv/lib/python3.6/site-packages/oslo_config/cfg.py:2611
2025-09-29 01:37:23.836 7 DEBUG oslo_service.service [-] database.max_overflow = 50 log_opt_values /var/lib/kolla/venv/lib/python3.6/site-packages/oslo_config/cfg.py:2611
2025-09-29 01:37:23.836 7 DEBUG oslo_service.service [-] database.max_pool_size = 1 log_opt_values /var/lib/kolla/venv/lib/python3.6/site-packages/oslo_config/cfg.py:2611
2025-09-29 01:37:23.836 7 DEBUG oslo_service.service [-] database.max_retries = -1 log_opt_values /var/lib/kolla/venv/lib/python3.6/site-packages/oslo_config/cfg.py:2611
2025-09-29 01:37:23.836 7 DEBUG oslo_service.service [-] database.mysql_enable_ndb = False log_opt_values /var/lib/kolla/venv/lib/python3.6/site-packages/oslo_config/cfg.py:2611
2025-09-29 01:37:23.836 7 DEBUG oslo_service.service [-] database.mysql_sql_mode = TRADITIONAL log_opt_values /var/lib/kolla/venv/lib/python3.6/site-packages/oslo_config/cfg.py:2611
2025-09-29 01:37:23.836 7 DEBUG oslo_service.service [-] database.pool_timeout = None log_opt_values /var/lib/kolla/venv/lib/python3.6/site-packages/oslo_config/cfg.py:2611
2025-09-29 01:37:23.836 7 DEBUG oslo_service.service [-] database.retry_interval = 10 log_opt_values /var/lib/kolla/venv/lib/python3.6/site-packages/oslo_config/cfg.py:2611
2025-09-29 01:37:23.836 7 DEBUG oslo_service.service [-] database.slave_connection = **** log_opt_values /var/lib/kolla/venv/lib/python3.6/site-packages/oslo_config/cfg.py:2611
2025-09-29 01:37:23.836 7 DEBUG oslo_service.service [-] database.sqlite_synchronous = True log_opt_values /var/lib/kolla/venv/lib/python3.6/site-packages/oslo_config/cfg.py:2611
2025-09-29 01:37:23.836 7 DEBUG oslo_service.service [-] database.use_db_reconnect = False log_opt_values /var/lib/kolla/venv/lib/python3.6/site-packages/oslo_config/cfg.py:2611
2025-09-29 01:37:23.836 7 DEBUG oslo_service.service [-] ******************************************************************************** log_opt_values /var/lib/kolla/venv/lib/python3.6/site-packages/oslo_config/cfg.py:2613
2025-09-29 01:37:25.410 22 DEBUG neutron.wsgi [-] (22) accepted ('10.0.0.130', 39238) server /var/lib/kolla/venv/lib/python3.6/site-packages/eventlet/wsgi.py:1004
2025-09-29 01:37:25.416 22 INFO neutron.wsgi [-] 10.0.0.130 "GET / HTTP/1.1" status: 200 len: 228 time: 0.0050466
2025-09-29 01:37:27.704 23 DEBUG neutron.api.rpc.handlers.dhcp_rpc [req-d4d4ab26-29e6-4873-8c9d-75a3e5e3b166 - - - - -] get_active_networks_info from cn-jenkins-deploy-platform-ansible-os-4202-1 get_active_networks_info /var/lib/kolla/venv/lib/python3.6/site-packages/neutron/api/rpc/handlers/dhcp_rpc.py:159
2025-09-29 01:37:27.726 28 DEBUG neutron_lib.callbacks.manager [req-714eff0e-6c24-460d-ab2a-bd8355f7e4de - - - - -] Publish callbacks ['neutron.services.segments.db._update_segment_host_mapping_for_agent-8734149138291', 'neutron.services.l3_router.l3_router_plugin.DVRResourceOperationHandler.create_fip_agent_gw_ports-604675'] for agent (9d7ffe89-7527-48de-8ab1-d7ecee75f4de), after_create _notify_loop /var/lib/kolla/venv/lib/python3.6/site-packages/neutron_lib/callbacks/manager.py:177
2025-09-29 01:37:27.738 23 DEBUG neutron.scheduler.dhcp_agent_scheduler [req-d4d4ab26-29e6-4873-8c9d-75a3e5e3b166 - - - - -] No non-hosted networks auto_schedule_networks /var/lib/kolla/venv/lib/python3.6/site-packages/neutron/scheduler/dhcp_agent_scheduler.py:60
2025-09-29 01:37:46.155 27 DEBUG neutron_lib.callbacks.manager [req-b9fbc722-99fe-4014-9b67-02c3852c8da1 - - - - -] Publish callbacks ['neutron.services.segments.db._update_segment_host_mapping_for_agent-8734149138291', 'neutron.services.l3_router.l3_router_plugin.DVRResourceOperationHandler.create_fip_agent_gw_ports-604675'] for agent (28b333b8-a79d-47f1-92ba-98f6ab8d5422), after_create _notify_loop /var/lib/kolla/venv/lib/python3.6/site-packages/neutron_lib/callbacks/manager.py:177
2025-09-29 01:37:55.458 22 DEBUG neutron.wsgi [-] (22) accepted ('10.0.0.130', 57002) server /var/lib/kolla/venv/lib/python3.6/site-packages/eventlet/wsgi.py:1004
2025-09-29 01:37:55.462 22 INFO neutron.wsgi [-] 10.0.0.130 "GET / HTTP/1.1" status: 200 len: 228 time: 0.0029945
2025-09-29 01:37:57.714 26 DEBUG neutron_lib.callbacks.manager [req-e17f5212-a33d-46f3-81b9-2423d304be9b - - - - -] Publish callbacks ['neutron.services.segments.db._update_segment_host_mapping_for_agent-8734149138291', 'neutron.plugins.ml2.plugin.Ml2Plugin._retry_binding_revived_agents-3957973'] for agent (9d7ffe89-7527-48de-8ab1-d7ecee75f4de), after_update _notify_loop /var/lib/kolla/venv/lib/python3.6/site-packages/neutron_lib/callbacks/manager.py:177
2025-09-29 01:38:07.800 29 DEBUG neutron.db.agents_db [req-7a7dc005-b6cd-4bcd-8645-283806a20dde - - - - -] Agent healthcheck: found 2 active agents agent_health_check /var/lib/kolla/venv/lib/python3.6/site-packages/neutron/db/agents_db.py:318
2025-09-29 01:38:16.111 23 DEBUG neutron_lib.callbacks.manager [req-b9fbc722-99fe-4014-9b67-02c3852c8da1 - - - - -] Publish callbacks ['neutron.services.segments.db._update_segment_host_mapping_for_agent-8734149138291', 'neutron.plugins.ml2.plugin.Ml2Plugin._retry_binding_revived_agents-3957973'] for agent (28b333b8-a79d-47f1-92ba-98f6ab8d5422), after_update _notify_loop /var/lib/kolla/venv/lib/python3.6/site-packages/neutron_lib/callbacks/manager.py:177
2025-09-29 01:38:25.504 22 DEBUG neutron.wsgi [-] (22) accepted ('10.0.0.130', 47180) server /var/lib/kolla/venv/lib/python3.6/site-packages/eventlet/wsgi.py:1004
2025-09-29 01:38:25.507 22 INFO neutron.wsgi [-] 10.0.0.130 "GET / HTTP/1.1" status: 200 len: 228 time: 0.0026875
2025-09-29 01:38:27.713 25 DEBUG neutron_lib.callbacks.manager [req-b64ff566-f4c6-4d67-9c23-9ef7ad52cc8d - - - - -] Publish callbacks ['neutron.services.segments.db._update_segment_host_mapping_for_agent-8734149138291', 'neutron.plugins.ml2.plugin.Ml2Plugin._retry_binding_revived_agents-3957973'] for agent (9d7ffe89-7527-48de-8ab1-d7ecee75f4de), after_update _notify_loop /var/lib/kolla/venv/lib/python3.6/site-packages/neutron_lib/callbacks/manager.py:177
2025-09-29 01:38:44.787 29 DEBUG neutron.db.agents_db [req-7a7dc005-b6cd-4bcd-8645-283806a20dde - - - - -] Agent healthcheck: found 2 active agents agent_health_check /var/lib/kolla/venv/lib/python3.6/site-packages/neutron/db/agents_db.py:318
2025-09-29 01:38:46.124 24 DEBUG neutron_lib.callbacks.manager [req-b9fbc722-99fe-4014-9b67-02c3852c8da1 - - - - -] Publish callbacks ['neutron.services.segments.db._update_segment_host_mapping_for_agent-8734149138291', 'neutron.plugins.ml2.plugin.Ml2Plugin._retry_binding_revived_agents-3957973'] for agent (28b333b8-a79d-47f1-92ba-98f6ab8d5422), after_update _notify_loop /var/lib/kolla/venv/lib/python3.6/site-packages/neutron_lib/callbacks/manager.py:177
2025-09-29 01:38:55.560 22 DEBUG neutron.wsgi [-] (22) accepted ('10.0.0.130', 36166) server /var/lib/kolla/venv/lib/python3.6/site-packages/eventlet/wsgi.py:1004
2025-09-29 01:38:55.564 22 INFO neutron.wsgi [-] 10.0.0.130 "GET / HTTP/1.1" status: 200 len: 228 time: 0.0029194
2025-09-29 01:38:57.696 28 DEBUG neutron_lib.callbacks.manager [req-52acfd48-5927-411e-bf18-df1a0d17b3f1 - - - - -] Publish callbacks ['neutron.services.segments.db._update_segment_host_mapping_for_agent-8734149138291', 'neutron.plugins.ml2.plugin.Ml2Plugin._retry_binding_revived_agents-3957973'] for agent (9d7ffe89-7527-48de-8ab1-d7ecee75f4de), after_update _notify_loop /var/lib/kolla/venv/lib/python3.6/site-packages/neutron_lib/callbacks/manager.py:177
2025-09-29 01:39:16.113 27 DEBUG neutron_lib.callbacks.manager [req-b9fbc722-99fe-4014-9b67-02c3852c8da1 - - - - -] Publish callbacks ['neutron.services.segments.db._update_segment_host_mapping_for_agent-8734149138291', 'neutron.plugins.ml2.plugin.Ml2Plugin._retry_binding_revived_agents-3957973'] for agent (28b333b8-a79d-47f1-92ba-98f6ab8d5422), after_update _notify_loop /var/lib/kolla/venv/lib/python3.6/site-packages/neutron_lib/callbacks/manager.py:177
2025-09-29 01:39:21.784 29 DEBUG neutron.db.agents_db [req-7a7dc005-b6cd-4bcd-8645-283806a20dde - - - - -] Agent healthcheck: found 2 active agents agent_health_check /var/lib/kolla/venv/lib/python3.6/site-packages/neutron/db/agents_db.py:318
2025-09-29 01:39:25.606 22 DEBUG neutron.wsgi [-] (22) accepted ('10.0.0.130', 51572) server /var/lib/kolla/venv/lib/python3.6/site-packages/eventlet/wsgi.py:1004
2025-09-29 01:39:25.609 22 INFO neutron.wsgi [-] 10.0.0.130 "GET / HTTP/1.1" status: 200 len: 228 time: 0.0025580
2025-09-29 01:39:27.693 26 DEBUG neutron_lib.callbacks.manager [req-e3ce6b0d-f408-4f34-96eb-e791ccc41605 - - - - -] Publish callbacks ['neutron.services.segments.db._update_segment_host_mapping_for_agent-8734149138291', 'neutron.plugins.ml2.plugin.Ml2Plugin._retry_binding_revived_agents-3957973'] for agent (9d7ffe89-7527-48de-8ab1-d7ecee75f4de), after_update _notify_loop /var/lib/kolla/venv/lib/python3.6/site-packages/neutron_lib/callbacks/manager.py:177
2025-09-29 01:39:46.113 23 DEBUG neutron_lib.callbacks.manager [req-b9fbc722-99fe-4014-9b67-02c3852c8da1 - - - - -] Publish callbacks ['neutron.services.segments.db._update_segment_host_mapping_for_agent-8734149138291', 'neutron.plugins.ml2.plugin.Ml2Plugin._retry_binding_revived_agents-3957973'] for agent (28b333b8-a79d-47f1-92ba-98f6ab8d5422), after_update _notify_loop /var/lib/kolla/venv/lib/python3.6/site-packages/neutron_lib/callbacks/manager.py:177
2025-09-29 01:39:55.653 22 DEBUG neutron.wsgi [-] (22) accepted ('10.0.0.130', 49004) server /var/lib/kolla/venv/lib/python3.6/site-packages/eventlet/wsgi.py:1004
2025-09-29 01:39:55.656 22 INFO neutron.wsgi [-] 10.0.0.130 "GET / HTTP/1.1" status: 200 len: 228 time: 0.0028446
2025-09-29 01:39:57.689 25 DEBUG neutron_lib.callbacks.manager [req-309f4e8f-3f29-4ebd-8e3c-29d91f9415ae - - - - -] Publish callbacks ['neutron.services.segments.db._update_segment_host_mapping_for_agent-8734149138291', 'neutron.plugins.ml2.plugin.Ml2Plugin._retry_binding_revived_agents-3957973'] for agent (9d7ffe89-7527-48de-8ab1-d7ecee75f4de), after_update _notify_loop /var/lib/kolla/venv/lib/python3.6/site-packages/neutron_lib/callbacks/manager.py:177
2025-09-29 01:39:58.784 29 DEBUG neutron.db.agents_db [req-7a7dc005-b6cd-4bcd-8645-283806a20dde - - - - -] Agent healthcheck: found 2 active agents agent_health_check /var/lib/kolla/venv/lib/python3.6/site-packages/neutron/db/agents_db.py:318
2025-09-29 01:40:16.115 24 DEBUG neutron_lib.callbacks.manager [req-b9fbc722-99fe-4014-9b67-02c3852c8da1 - - - - -] Publish callbacks ['neutron.services.segments.db._update_segment_host_mapping_for_agent-8734149138291', 'neutron.plugins.ml2.plugin.Ml2Plugin._retry_binding_revived_agents-3957973'] for agent (28b333b8-a79d-47f1-92ba-98f6ab8d5422), after_update _notify_loop /var/lib/kolla/venv/lib/python3.6/site-packages/neutron_lib/callbacks/manager.py:177
2025-09-29 01:40:25.701 22 DEBUG neutron.wsgi [-] (22) accepted ('10.0.0.130', 42660) server /var/lib/kolla/venv/lib/python3.6/site-packages/eventlet/wsgi.py:1004
2025-09-29 01:40:25.704 22 INFO neutron.wsgi [-] 10.0.0.130 "GET / HTTP/1.1" status: 200 len: 228 time: 0.0025406
2025-09-29 01:40:27.685 28 DEBUG neutron_lib.callbacks.manager [req-eaa0756a-9759-4979-844c-cc9139e2ddd8 - - - - -] Publish callbacks ['neutron.services.segments.db._update_segment_host_mapping_for_agent-8734149138291', 'neutron.plugins.ml2.plugin.Ml2Plugin._retry_binding_revived_agents-3957973'] for agent (9d7ffe89-7527-48de-8ab1-d7ecee75f4de), after_update _notify_loop /var/lib/kolla/venv/lib/python3.6/site-packages/neutron_lib/callbacks/manager.py:177
2025-09-29 01:40:35.782 29 DEBUG neutron.db.agents_db [req-7a7dc005-b6cd-4bcd-8645-283806a20dde - - - - -] Agent healthcheck: found 2 active agents agent_health_check /var/lib/kolla/venv/lib/python3.6/site-packages/neutron/db/agents_db.py:318
2025-09-29 01:40:46.118 27 DEBUG neutron_lib.callbacks.manager [req-b9fbc722-99fe-4014-9b67-02c3852c8da1 - - - - -] Publish callbacks ['neutron.services.segments.db._update_segment_host_mapping_for_agent-8734149138291', 'neutron.plugins.ml2.plugin.Ml2Plugin._retry_binding_revived_agents-3957973'] for agent (28b333b8-a79d-47f1-92ba-98f6ab8d5422), after_update _notify_loop /var/lib/kolla/venv/lib/python3.6/site-packages/neutron_lib/callbacks/manager.py:177
2025-09-29 01:40:55.748 22 DEBUG neutron.wsgi [-] (22) accepted ('10.0.0.130', 52248) server /var/lib/kolla/venv/lib/python3.6/site-packages/eventlet/wsgi.py:1004
2025-09-29 01:40:55.751 22 INFO neutron.wsgi [-] 10.0.0.130 "GET / HTTP/1.1" status: 200 len: 228 time: 0.0026813
2025-09-29 01:40:57.681 26 DEBUG neutron_lib.callbacks.manager [req-48314d57-d5e7-473f-b3f3-f5962f419092 - - - - -] Publish callbacks ['neutron.services.segments.db._update_segment_host_mapping_for_agent-8734149138291', 'neutron.plugins.ml2.plugin.Ml2Plugin._retry_binding_revived_agents-3957973'] for agent (9d7ffe89-7527-48de-8ab1-d7ecee75f4de), after_update _notify_loop /var/lib/kolla/venv/lib/python3.6/site-packages/neutron_lib/callbacks/manager.py:177
2025-09-29 01:41:12.778 29 DEBUG neutron.db.agents_db [req-7a7dc005-b6cd-4bcd-8645-283806a20dde - - - - -] Agent healthcheck: found 2 active agents agent_health_check /var/lib/kolla/venv/lib/python3.6/site-packages/neutron/db/agents_db.py:318
2025-09-29 01:41:16.120 23 DEBUG neutron_lib.callbacks.manager [req-b9fbc722-99fe-4014-9b67-02c3852c8da1 - - - - -] Publish callbacks ['neutron.services.segments.db._update_segment_host_mapping_for_agent-8734149138291', 'neutron.plugins.ml2.plugin.Ml2Plugin._retry_binding_revived_agents-3957973'] for agent (28b333b8-a79d-47f1-92ba-98f6ab8d5422), after_update _notify_loop /var/lib/kolla/venv/lib/python3.6/site-packages/neutron_lib/callbacks/manager.py:177
2025-09-29 01:41:25.791 22 DEBUG neutron.wsgi [-] (22) accepted ('10.0.0.130', 55452) server /var/lib/kolla/venv/lib/python3.6/site-packages/eventlet/wsgi.py:1004
2025-09-29 01:41:25.795 22 INFO neutron.wsgi [-] 10.0.0.130 "GET / HTTP/1.1" status: 200 len: 228 time: 0.0026162
2025-09-29 01:41:27.682 25 DEBUG neutron_lib.callbacks.manager [req-a5f66a9e-f580-4ad1-8cac-6ca6a8943e57 - - - - -] Publish callbacks ['neutron.services.segments.db._update_segment_host_mapping_for_agent-8734149138291', 'neutron.plugins.ml2.plugin.Ml2Plugin._retry_binding_revived_agents-3957973'] for agent (9d7ffe89-7527-48de-8ab1-d7ecee75f4de), after_update _notify_loop /var/lib/kolla/venv/lib/python3.6/site-packages/neutron_lib/callbacks/manager.py:177
2025-09-29 01:41:46.124 24 DEBUG neutron_lib.callbacks.manager [req-b9fbc722-99fe-4014-9b67-02c3852c8da1 - - - - -] Publish callbacks ['neutron.services.segments.db._update_segment_host_mapping_for_agent-8734149138291', 'neutron.plugins.ml2.plugin.Ml2Plugin._retry_binding_revived_agents-3957973'] for agent (28b333b8-a79d-47f1-92ba-98f6ab8d5422), after_update _notify_loop /var/lib/kolla/venv/lib/python3.6/site-packages/neutron_lib/callbacks/manager.py:177
2025-09-29 01:41:49.774 29 DEBUG neutron.db.agents_db [req-7a7dc005-b6cd-4bcd-8645-283806a20dde - - - - -] Agent healthcheck: found 2 active agents agent_health_check /var/lib/kolla/venv/lib/python3.6/site-packages/neutron/db/agents_db.py:318
2025-09-29 01:41:55.834 22 DEBUG neutron.wsgi [-] (22) accepted ('10.0.0.130', 49278) server /var/lib/kolla/venv/lib/python3.6/site-packages/eventlet/wsgi.py:1004
2025-09-29 01:41:55.839 22 INFO neutron.wsgi [-] 10.0.0.130 "GET / HTTP/1.1" status: 200 len: 228 time: 0.0043159
2025-09-29 01:41:57.678 28 DEBUG neutron_lib.callbacks.manager [req-556626de-e1d9-470e-91f3-cae035884aea - - - - -] Publish callbacks ['neutron.services.segments.db._update_segment_host_mapping_for_agent-8734149138291', 'neutron.plugins.ml2.plugin.Ml2Plugin._retry_binding_revived_agents-3957973'] for agent (9d7ffe89-7527-48de-8ab1-d7ecee75f4de), after_update _notify_loop /var/lib/kolla/venv/lib/python3.6/site-packages/neutron_lib/callbacks/manager.py:177
2025-09-29 01:42:16.126 27 DEBUG neutron_lib.callbacks.manager [req-b9fbc722-99fe-4014-9b67-02c3852c8da1 - - - - -] Publish callbacks ['neutron.services.segments.db._update_segment_host_mapping_for_agent-8734149138291', 'neutron.plugins.ml2.plugin.Ml2Plugin._retry_binding_revived_agents-3957973'] for agent (28b333b8-a79d-47f1-92ba-98f6ab8d5422), after_update _notify_loop /var/lib/kolla/venv/lib/python3.6/site-packages/neutron_lib/callbacks/manager.py:177
2025-09-29 01:42:25.882 22 DEBUG neutron.wsgi [-] (22) accepted ('10.0.0.130', 39098) server /var/lib/kolla/venv/lib/python3.6/site-packages/eventlet/wsgi.py:1004
2025-09-29 01:42:25.886 22 INFO neutron.wsgi [-] 10.0.0.130 "GET / HTTP/1.1" status: 200 len: 228 time: 0.0026469
2025-09-29 01:42:26.770 29 DEBUG neutron.db.agents_db [req-7a7dc005-b6cd-4bcd-8645-283806a20dde - - - - -] Agent healthcheck: found 2 active agents agent_health_check /var/lib/kolla/venv/lib/python3.6/site-packages/neutron/db/agents_db.py:318
2025-09-29 01:42:27.676 26 DEBUG neutron_lib.callbacks.manager [req-8dc940c7-b5c9-421d-9060-9f2ec7467fa2 - - - - -] Publish callbacks ['neutron.services.segments.db._update_segment_host_mapping_for_agent-8734149138291', 'neutron.plugins.ml2.plugin.Ml2Plugin._retry_binding_revived_agents-3957973'] for agent (9d7ffe89-7527-48de-8ab1-d7ecee75f4de), after_update _notify_loop /var/lib/kolla/venv/lib/python3.6/site-packages/neutron_lib/callbacks/manager.py:177
2025-09-29 01:42:46.128 23 DEBUG neutron_lib.callbacks.manager [req-b9fbc722-99fe-4014-9b67-02c3852c8da1 - - - - -] Publish callbacks ['neutron.services.segments.db._update_segment_host_mapping_for_agent-8734149138291', 'neutron.plugins.ml2.plugin.Ml2Plugin._retry_binding_revived_agents-3957973'] for agent (28b333b8-a79d-47f1-92ba-98f6ab8d5422), after_update _notify_loop /var/lib/kolla/venv/lib/python3.6/site-packages/neutron_lib/callbacks/manager.py:177
2025-09-29 01:42:55.930 22 DEBUG neutron.wsgi [-] (22) accepted ('10.0.0.130', 34072) server /var/lib/kolla/venv/lib/python3.6/site-packages/eventlet/wsgi.py:1004
2025-09-29 01:42:55.936 22 INFO neutron.wsgi [-] 10.0.0.130 "GET / HTTP/1.1" status: 200 len: 228 time: 0.0044456
2025-09-29 01:42:57.920 25 DEBUG neutron_lib.callbacks.manager [req-fce2217f-eeaf-41e0-a684-298dee3ea645 - - - - -] Publish callbacks ['neutron.services.segments.db._update_segment_host_mapping_for_agent-8734149138291', 'neutron.plugins.ml2.plugin.Ml2Plugin._retry_binding_revived_agents-3957973'] for agent (9d7ffe89-7527-48de-8ab1-d7ecee75f4de), after_update _notify_loop /var/lib/kolla/venv/lib/python3.6/site-packages/neutron_lib/callbacks/manager.py:177
2025-09-29 01:43:03.783 29 DEBUG neutron.db.agents_db [req-7a7dc005-b6cd-4bcd-8645-283806a20dde - - - - -] Agent healthcheck: found 2 active agents agent_health_check /var/lib/kolla/venv/lib/python3.6/site-packages/neutron/db/agents_db.py:318
2025-09-29 01:43:16.131 24 DEBUG neutron_lib.callbacks.manager [req-b9fbc722-99fe-4014-9b67-02c3852c8da1 - - - - -] Publish callbacks ['neutron.services.segments.db._update_segment_host_mapping_for_agent-8734149138291', 'neutron.plugins.ml2.plugin.Ml2Plugin._retry_binding_revived_agents-3957973'] for agent (28b333b8-a79d-47f1-92ba-98f6ab8d5422), after_update _notify_loop /var/lib/kolla/venv/lib/python3.6/site-packages/neutron_lib/callbacks/manager.py:177
2025-09-29 01:43:25.975 22 DEBUG neutron.wsgi [-] (22) accepted ('10.0.0.130', 40448) server /var/lib/kolla/venv/lib/python3.6/site-packages/eventlet/wsgi.py:1004
2025-09-29 01:43:25.978 22 INFO neutron.wsgi [-] 10.0.0.130 "GET / HTTP/1.1" status: 200 len: 228 time: 0.0023651
2025-09-29 01:43:27.676 28 DEBUG neutron_lib.callbacks.manager [req-a855e970-b05b-4774-8dfe-e5775445e144 - - - - -] Publish callbacks ['neutron.services.segments.db._update_segment_host_mapping_for_agent-8734149138291', 'neutron.plugins.ml2.plugin.Ml2Plugin._retry_binding_revived_agents-3957973'] for agent (9d7ffe89-7527-48de-8ab1-d7ecee75f4de), after_update _notify_loop /var/lib/kolla/venv/lib/python3.6/site-packages/neutron_lib/callbacks/manager.py:177
2025-09-29 01:43:40.781 29 DEBUG neutron.db.agents_db [req-7a7dc005-b6cd-4bcd-8645-283806a20dde - - - - -] Agent healthcheck: found 2 active agents agent_health_check /var/lib/kolla/venv/lib/python3.6/site-packages/neutron/db/agents_db.py:318
2025-09-29 01:43:46.133 27 DEBUG neutron_lib.callbacks.manager [req-b9fbc722-99fe-4014-9b67-02c3852c8da1 - - - - -] Publish callbacks ['neutron.services.segments.db._update_segment_host_mapping_for_agent-8734149138291', 'neutron.plugins.ml2.plugin.Ml2Plugin._retry_binding_revived_agents-3957973'] for agent (28b333b8-a79d-47f1-92ba-98f6ab8d5422), after_update _notify_loop /var/lib/kolla/venv/lib/python3.6/site-packages/neutron_lib/callbacks/manager.py:177
2025-09-29 01:43:56.019 22 DEBUG neutron.wsgi [-] (22) accepted ('10.0.0.130', 54696) server /var/lib/kolla/venv/lib/python3.6/site-packages/eventlet/wsgi.py:1004
2025-09-29 01:43:56.022 22 INFO neutron.wsgi [-] 10.0.0.130 "GET / HTTP/1.1" status: 200 len: 228 time: 0.0024996
2025-09-29 01:43:57.672 26 DEBUG neutron_lib.callbacks.manager [req-e10cac3e-1ce0-45c3-accf-a612c7f22e91 - - - - -] Publish callbacks ['neutron.services.segments.db._update_segment_host_mapping_for_agent-8734149138291', 'neutron.plugins.ml2.plugin.Ml2Plugin._retry_binding_revived_agents-3957973'] for agent (9d7ffe89-7527-48de-8ab1-d7ecee75f4de), after_update _notify_loop /var/lib/kolla/venv/lib/python3.6/site-packages/neutron_lib/callbacks/manager.py:177
2025-09-29 01:44:16.135 23 DEBUG neutron_lib.callbacks.manager [req-b9fbc722-99fe-4014-9b67-02c3852c8da1 - - - - -] Publish callbacks ['neutron.services.segments.db._update_segment_host_mapping_for_agent-8734149138291', 'neutron.plugins.ml2.plugin.Ml2Plugin._retry_binding_revived_agents-3957973'] for agent (28b333b8-a79d-47f1-92ba-98f6ab8d5422), after_update _notify_loop /var/lib/kolla/venv/lib/python3.6/site-packages/neutron_lib/callbacks/manager.py:177
2025-09-29 01:44:17.782 29 DEBUG neutron.db.agents_db [req-7a7dc005-b6cd-4bcd-8645-283806a20dde - - - - -] Agent healthcheck: found 2 active agents agent_health_check /var/lib/kolla/venv/lib/python3.6/site-packages/neutron/db/agents_db.py:318
2025-09-29 01:44:26.063 22 DEBUG neutron.wsgi [-] (22) accepted ('10.0.0.130', 55846) server /var/lib/kolla/venv/lib/python3.6/site-packages/eventlet/wsgi.py:1004
2025-09-29 01:44:26.066 22 INFO neutron.wsgi [-] 10.0.0.130 "GET / HTTP/1.1" status: 200 len: 228 time: 0.0026848
2025-09-29 01:44:27.677 25 DEBUG neutron_lib.callbacks.manager [req-11801575-3a0b-44f3-a7ff-019142c92744 - - - - -] Publish callbacks ['neutron.services.segments.db._update_segment_host_mapping_for_agent-8734149138291', 'neutron.plugins.ml2.plugin.Ml2Plugin._retry_binding_revived_agents-3957973'] for agent (9d7ffe89-7527-48de-8ab1-d7ecee75f4de), after_update _notify_loop /var/lib/kolla/venv/lib/python3.6/site-packages/neutron_lib/callbacks/manager.py:177
2025-09-29 01:44:46.137 24 DEBUG neutron_lib.callbacks.manager [req-b9fbc722-99fe-4014-9b67-02c3852c8da1 - - - - -] Publish callbacks ['neutron.services.segments.db._update_segment_host_mapping_for_agent-8734149138291', 'neutron.plugins.ml2.plugin.Ml2Plugin._retry_binding_revived_agents-3957973'] for agent (28b333b8-a79d-47f1-92ba-98f6ab8d5422), after_update _notify_loop /var/lib/kolla/venv/lib/python3.6/site-packages/neutron_lib/callbacks/manager.py:177
2025-09-29 01:44:54.779 29 DEBUG neutron.db.agents_db [req-7a7dc005-b6cd-4bcd-8645-283806a20dde - - - - -] Agent healthcheck: found 2 active agents agent_health_check /var/lib/kolla/venv/lib/python3.6/site-packages/neutron/db/agents_db.py:318
2025-09-29 01:44:56.109 22 DEBUG neutron.wsgi [-] (22) accepted ('10.0.0.130', 51256) server /var/lib/kolla/venv/lib/python3.6/site-packages/eventlet/wsgi.py:1004
2025-09-29 01:44:56.113 22 INFO neutron.wsgi [-] 10.0.0.130 "GET / HTTP/1.1" status: 200 len: 228 time: 0.0035143
2025-09-29 01:44:57.674 28 DEBUG neutron_lib.callbacks.manager [req-c4a5d5f9-9640-41e9-88b7-704cee77a753 - - - - -] Publish callbacks ['neutron.services.segments.db._update_segment_host_mapping_for_agent-8734149138291', 'neutron.plugins.ml2.plugin.Ml2Plugin._retry_binding_revived_agents-3957973'] for agent (9d7ffe89-7527-48de-8ab1-d7ecee75f4de), after_update _notify_loop /var/lib/kolla/venv/lib/python3.6/site-packages/neutron_lib/callbacks/manager.py:177
2025-09-29 01:45:16.140 27 DEBUG neutron_lib.callbacks.manager [req-b9fbc722-99fe-4014-9b67-02c3852c8da1 - - - - -] Publish callbacks ['neutron.services.segments.db._update_segment_host_mapping_for_agent-8734149138291', 'neutron.plugins.ml2.plugin.Ml2Plugin._retry_binding_revived_agents-3957973'] for agent (28b333b8-a79d-47f1-92ba-98f6ab8d5422), after_update _notify_loop /var/lib/kolla/venv/lib/python3.6/site-packages/neutron_lib/callbacks/manager.py:177
2025-09-29 01:45:26.166 22 DEBUG neutron.wsgi [-] (22) accepted ('10.0.0.130', 42344) server /var/lib/kolla/venv/lib/python3.6/site-packages/eventlet/wsgi.py:1004
2025-09-29 01:45:26.170 22 INFO neutron.wsgi [-] 10.0.0.130 "GET / HTTP/1.1" status: 200 len: 228 time: 0.0032365
2025-09-29 01:45:27.669 26 DEBUG neutron_lib.callbacks.manager [req-30b09061-8ab4-49fb-81cb-078bbfc3f155 - - - - -] Publish callbacks ['neutron.services.segments.db._update_segment_host_mapping_for_agent-8734149138291', 'neutron.plugins.ml2.plugin.Ml2Plugin._retry_binding_revived_agents-3957973'] for agent (9d7ffe89-7527-48de-8ab1-d7ecee75f4de), after_update _notify_loop /var/lib/kolla/venv/lib/python3.6/site-packages/neutron_lib/callbacks/manager.py:177
2025-09-29 01:45:31.778 29 DEBUG neutron.db.agents_db [req-7a7dc005-b6cd-4bcd-8645-283806a20dde - - - - -] Agent healthcheck: found 2 active agents agent_health_check /var/lib/kolla/venv/lib/python3.6/site-packages/neutron/db/agents_db.py:318
2025-09-29 01:45:35.027 7 INFO oslo_service.service [-] Caught SIGTERM, stopping children
2025-09-29 01:45:35.028 7 DEBUG oslo_concurrency.lockutils [-] Acquired lock "singleton_lock" lock /var/lib/kolla/venv/lib/python3.6/site-packages/oslo_concurrency/lockutils.py:294
2025-09-29 01:45:35.028 7 DEBUG oslo_concurrency.lockutils [-] Releasing lock "singleton_lock" lock /var/lib/kolla/venv/lib/python3.6/site-packages/oslo_concurrency/lockutils.py:312
2025-09-29 01:45:35.028 7 DEBUG oslo_service.service [-] Stop services. stop /var/lib/kolla/venv/lib/python3.6/site-packages/oslo_service/service.py:695
2025-09-29 01:45:35.029 7 DEBUG neutron.service [-] calling RpcWorker stop() stop /var/lib/kolla/venv/lib/python3.6/site-packages/neutron/service.py:138
2025-09-29 01:45:35.029 7 DEBUG neutron.service [-] calling RpcWorker stop() stop /var/lib/kolla/venv/lib/python3.6/site-packages/neutron/service.py:138
2025-09-29 01:45:35.029 7 DEBUG oslo_service.service [-] Killing children. stop /var/lib/kolla/venv/lib/python3.6/site-packages/oslo_service/service.py:700
2025-09-29 01:45:35.029 22 INFO neutron.wsgi [-] (22) wsgi exited, is_accepting=True
2025-09-29 01:45:35.030 22 DEBUG oslo_concurrency.lockutils [req-b9855afa-f7d8-4bc8-8a1f-285e01c5904e - - - - -] Acquired lock "singleton_lock" lock /var/lib/kolla/venv/lib/python3.6/site-packages/oslo_concurrency/lockutils.py:294
2025-09-29 01:45:35.030 22 DEBUG oslo_concurrency.lockutils [req-b9855afa-f7d8-4bc8-8a1f-285e01c5904e - - - - -] Releasing lock "singleton_lock" lock /var/lib/kolla/venv/lib/python3.6/site-packages/oslo_concurrency/lockutils.py:312
2025-09-29 01:45:35.035 7 INFO oslo_service.service [-] Waiting on 8 children to exit
2025-09-29 01:45:35.035 23 DEBUG neutron.service [-] calling RpcWorker stop() stop /var/lib/kolla/venv/lib/python3.6/site-packages/neutron/service.py:138
2025-09-29 01:45:35.035 28 DEBUG neutron.service [-] calling RpcWorker stop() stop /var/lib/kolla/venv/lib/python3.6/site-packages/neutron/service.py:138
2025-09-29 01:45:35.036 7 INFO oslo_service.service [-] Child 22 exited with status 0
2025-09-29 01:45:35.035 24 DEBUG neutron.service [-] calling RpcWorker stop() stop /var/lib/kolla/venv/lib/python3.6/site-packages/neutron/service.py:138
2025-09-29 01:45:35.036 23 DEBUG neutron.service [-] calling stop on stop /var/lib/kolla/venv/lib/python3.6/site-packages/neutron/service.py:141
2025-09-29 01:45:35.037 29 DEBUG neutron.service [-] calling RpcWorker stop() stop /var/lib/kolla/venv/lib/python3.6/site-packages/neutron/service.py:138
2025-09-29 01:45:35.038 29 DEBUG neutron.service [-] calling stop on stop /var/lib/kolla/venv/lib/python3.6/site-packages/neutron/service.py:141
2025-09-29 01:45:35.036 28 DEBUG neutron.service [-] calling stop on stop /var/lib/kolla/venv/lib/python3.6/site-packages/neutron/service.py:141
2025-09-29 01:45:35.036 24 DEBUG neutron.service [-] calling stop on stop /var/lib/kolla/venv/lib/python3.6/site-packages/neutron/service.py:141
2025-09-29 01:45:35.039 26 DEBUG neutron.service [-] calling RpcWorker stop() stop /var/lib/kolla/venv/lib/python3.6/site-packages/neutron/service.py:138
2025-09-29 01:45:35.039 26 DEBUG neutron.service [-] calling stop on stop /var/lib/kolla/venv/lib/python3.6/site-packages/neutron/service.py:141
2025-09-29 01:45:35.045 25 DEBUG neutron.service [-] calling RpcWorker stop() stop /var/lib/kolla/venv/lib/python3.6/site-packages/neutron/service.py:138
2025-09-29 01:45:35.046 25 DEBUG neutron.service [-] calling stop on stop /var/lib/kolla/venv/lib/python3.6/site-packages/neutron/service.py:141
2025-09-29 01:45:35.048 27 DEBUG neutron.service [-] calling RpcWorker stop() stop /var/lib/kolla/venv/lib/python3.6/site-packages/neutron/service.py:138
2025-09-29 01:45:35.049 27 DEBUG neutron.service [-] calling stop on stop /var/lib/kolla/venv/lib/python3.6/site-packages/neutron/service.py:141
2025-09-29 01:45:35.862 26 DEBUG oslo_concurrency.lockutils [req-b9855afa-f7d8-4bc8-8a1f-285e01c5904e - - - - -] Acquired lock "singleton_lock" lock /var/lib/kolla/venv/lib/python3.6/site-packages/oslo_concurrency/lockutils.py:294
2025-09-29 01:45:35.863 26 DEBUG oslo_concurrency.lockutils [req-b9855afa-f7d8-4bc8-8a1f-285e01c5904e - - - - -] Releasing lock "singleton_lock" lock /var/lib/kolla/venv/lib/python3.6/site-packages/oslo_concurrency/lockutils.py:312
2025-09-29 01:45:35.863 26 DEBUG neutron.service [req-b9855afa-f7d8-4bc8-8a1f-285e01c5904e - - - - -] calling RpcWorker wait() _wait /var/lib/kolla/venv/lib/python3.6/site-packages/neutron/service.py:128
2025-09-29 01:45:35.863 26 DEBUG neutron.service [req-b9855afa-f7d8-4bc8-8a1f-285e01c5904e - - - - -] calling wait on _wait /var/lib/kolla/venv/lib/python3.6/site-packages/neutron/service.py:131
2025-09-29 01:45:35.870 28 DEBUG oslo_concurrency.lockutils [req-b9855afa-f7d8-4bc8-8a1f-285e01c5904e - - - - -] Acquired lock "singleton_lock" lock /var/lib/kolla/venv/lib/python3.6/site-packages/oslo_concurrency/lockutils.py:294
2025-09-29 01:45:35.870 28 DEBUG oslo_concurrency.lockutils [req-b9855afa-f7d8-4bc8-8a1f-285e01c5904e - - - - -] Releasing lock "singleton_lock" lock /var/lib/kolla/venv/lib/python3.6/site-packages/oslo_concurrency/lockutils.py:312
2025-09-29 01:45:35.871 28 DEBUG neutron.service [req-b9855afa-f7d8-4bc8-8a1f-285e01c5904e - - - - -] calling RpcWorker wait() _wait /var/lib/kolla/venv/lib/python3.6/site-packages/neutron/service.py:128
2025-09-29 01:45:35.871 28 DEBUG neutron.service [req-b9855afa-f7d8-4bc8-8a1f-285e01c5904e - - - - -] calling wait on _wait /var/lib/kolla/venv/lib/python3.6/site-packages/neutron/service.py:131
2025-09-29 01:45:35.872 26 WARNING amqp [req-b9855afa-f7d8-4bc8-8a1f-285e01c5904e - - - - -] Received method (60, 30) during closing channel 1. This method will be ignored
2025-09-29 01:45:35.873 26 DEBUG neutron.service [req-b9855afa-f7d8-4bc8-8a1f-285e01c5904e - - - - -] returning from RpcWorker wait() _wait /var/lib/kolla/venv/lib/python3.6/site-packages/neutron/service.py:135
2025-09-29 01:45:35.881 7 INFO oslo_service.service [-] Child 26 exited with status 0
2025-09-29 01:45:35.881 28 WARNING amqp [req-b9855afa-f7d8-4bc8-8a1f-285e01c5904e - - - - -] Received method (60, 30) during closing channel 1. This method will be ignored
2025-09-29 01:45:35.882 28 DEBUG neutron.service [req-b9855afa-f7d8-4bc8-8a1f-285e01c5904e - - - - -] returning from RpcWorker wait() _wait /var/lib/kolla/venv/lib/python3.6/site-packages/neutron/service.py:135
2025-09-29 01:45:35.887 7 INFO oslo_service.service [-] Child 28 exited with status 0
2025-09-29 01:45:38.783 23 DEBUG neutron.service [-] calling stop on stop /var/lib/kolla/venv/lib/python3.6/site-packages/neutron/service.py:141
2025-09-29 01:45:38.794 24 DEBUG neutron.service [-] calling stop on stop /var/lib/kolla/venv/lib/python3.6/site-packages/neutron/service.py:141
2025-09-29 01:45:38.797 25 DEBUG neutron.service [-] calling stop on stop /var/lib/kolla/venv/lib/python3.6/site-packages/neutron/service.py:141
2025-09-29 01:45:38.812 29 DEBUG oslo_concurrency.lockutils [req-b9855afa-f7d8-4bc8-8a1f-285e01c5904e - - - - -] Acquired lock "singleton_lock" lock /var/lib/kolla/venv/lib/python3.6/site-packages/oslo_concurrency/lockutils.py:294
2025-09-29 01:45:38.812 29 DEBUG oslo_concurrency.lockutils [req-b9855afa-f7d8-4bc8-8a1f-285e01c5904e - - - - -] Releasing lock "singleton_lock" lock /var/lib/kolla/venv/lib/python3.6/site-packages/oslo_concurrency/lockutils.py:312
2025-09-29 01:45:38.813 29 DEBUG neutron.service [req-b9855afa-f7d8-4bc8-8a1f-285e01c5904e - - - - -] calling RpcWorker wait() _wait /var/lib/kolla/venv/lib/python3.6/site-packages/neutron/service.py:128
2025-09-29 01:45:38.813 29 DEBUG neutron.service [req-b9855afa-f7d8-4bc8-8a1f-285e01c5904e - - - - -] calling wait on _wait /var/lib/kolla/venv/lib/python3.6/site-packages/neutron/service.py:131
2025-09-29 01:45:38.818 25 DEBUG neutron.service [-] calling stop on stop /var/lib/kolla/venv/lib/python3.6/site-packages/neutron/service.py:141
2025-09-29 01:45:38.818 29 WARNING amqp [req-b9855afa-f7d8-4bc8-8a1f-285e01c5904e - - - - -] Received method (60, 30) during closing channel 1. This method will be ignored
2025-09-29 01:45:38.819 29 DEBUG neutron.service [req-b9855afa-f7d8-4bc8-8a1f-285e01c5904e - - - - -] returning from RpcWorker wait() _wait /var/lib/kolla/venv/lib/python3.6/site-packages/neutron/service.py:135
2025-09-29 01:45:38.819 23 DEBUG neutron.service [-] calling stop on stop /var/lib/kolla/venv/lib/python3.6/site-packages/neutron/service.py:141
2025-09-29 01:45:38.824 7 INFO oslo_service.service [-] Child 29 exited with status 0
2025-09-29 01:45:38.833 24 DEBUG neutron.service [-] calling stop on stop /var/lib/kolla/venv/lib/python3.6/site-packages/neutron/service.py:141
2025-09-29 01:45:38.839 23 DEBUG neutron.service [-] calling stop on stop /var/lib/kolla/venv/lib/python3.6/site-packages/neutron/service.py:141
2025-09-29 01:45:38.845 24 DEBUG neutron.service [-] calling stop on stop /var/lib/kolla/venv/lib/python3.6/site-packages/neutron/service.py:141
2025-09-29 01:45:38.856 25 DEBUG neutron.service [-] calling stop on stop /var/lib/kolla/venv/lib/python3.6/site-packages/neutron/service.py:141
2025-09-29 01:45:38.858 23 DEBUG oslo_concurrency.lockutils [req-b9855afa-f7d8-4bc8-8a1f-285e01c5904e - - - - -] Acquired lock "singleton_lock" lock /var/lib/kolla/venv/lib/python3.6/site-packages/oslo_concurrency/lockutils.py:294
2025-09-29 01:45:38.858 23 DEBUG oslo_concurrency.lockutils [req-b9855afa-f7d8-4bc8-8a1f-285e01c5904e - - - - -] Releasing lock "singleton_lock" lock /var/lib/kolla/venv/lib/python3.6/site-packages/oslo_concurrency/lockutils.py:312
2025-09-29 01:45:38.859 23 DEBUG neutron.service [req-b9855afa-f7d8-4bc8-8a1f-285e01c5904e - - - - -] calling RpcWorker wait() _wait /var/lib/kolla/venv/lib/python3.6/site-packages/neutron/service.py:128
2025-09-29 01:45:38.859 23 DEBUG neutron.service [req-b9855afa-f7d8-4bc8-8a1f-285e01c5904e - - - - -] calling wait on _wait /var/lib/kolla/venv/lib/python3.6/site-packages/neutron/service.py:131
2025-09-29 01:45:38.860 25 DEBUG oslo_concurrency.lockutils [req-b9855afa-f7d8-4bc8-8a1f-285e01c5904e - - - - -] Acquired lock "singleton_lock" lock /var/lib/kolla/venv/lib/python3.6/site-packages/oslo_concurrency/lockutils.py:294
2025-09-29 01:45:38.861 25 DEBUG oslo_concurrency.lockutils [req-b9855afa-f7d8-4bc8-8a1f-285e01c5904e - - - - -] Releasing lock "singleton_lock" lock /var/lib/kolla/venv/lib/python3.6/site-packages/oslo_concurrency/lockutils.py:312
2025-09-29 01:45:38.861 25 DEBUG neutron.service [req-b9855afa-f7d8-4bc8-8a1f-285e01c5904e - - - - -] calling RpcWorker wait() _wait /var/lib/kolla/venv/lib/python3.6/site-packages/neutron/service.py:128
2025-09-29 01:45:38.861 25 DEBUG neutron.service [req-b9855afa-f7d8-4bc8-8a1f-285e01c5904e - - - - -] calling wait on _wait /var/lib/kolla/venv/lib/python3.6/site-packages/neutron/service.py:131
2025-09-29 01:45:38.860 24 DEBUG oslo_concurrency.lockutils [req-b9855afa-f7d8-4bc8-8a1f-285e01c5904e - - - - -] Acquired lock "singleton_lock" lock /var/lib/kolla/venv/lib/python3.6/site-packages/oslo_concurrency/lockutils.py:294
2025-09-29 01:45:38.863 24 DEBUG oslo_concurrency.lockutils [req-b9855afa-f7d8-4bc8-8a1f-285e01c5904e - - - - -] Releasing lock "singleton_lock" lock /var/lib/kolla/venv/lib/python3.6/site-packages/oslo_concurrency/lockutils.py:312
2025-09-29 01:45:38.864 24 DEBUG neutron.service [req-b9855afa-f7d8-4bc8-8a1f-285e01c5904e - - - - -] calling RpcWorker wait() _wait /var/lib/kolla/venv/lib/python3.6/site-packages/neutron/service.py:128
2025-09-29 01:45:38.865 24 DEBUG neutron.service [req-b9855afa-f7d8-4bc8-8a1f-285e01c5904e - - - - -] calling wait on _wait /var/lib/kolla/venv/lib/python3.6/site-packages/neutron/service.py:131
2025-09-29 01:45:38.870 23 WARNING amqp [req-b9855afa-f7d8-4bc8-8a1f-285e01c5904e - - - - -] Received method (60, 30) during closing channel 1. This method will be ignored
2025-09-29 01:45:38.871 23 DEBUG neutron.service [req-b9855afa-f7d8-4bc8-8a1f-285e01c5904e - - - - -] calling wait on _wait /var/lib/kolla/venv/lib/python3.6/site-packages/neutron/service.py:131
2025-09-29 01:45:38.872 25 WARNING amqp [req-b9855afa-f7d8-4bc8-8a1f-285e01c5904e - - - - -] Received method (60, 30) during closing channel 1. This method will be ignored
2025-09-29 01:45:38.873 25 DEBUG neutron.service [req-b9855afa-f7d8-4bc8-8a1f-285e01c5904e - - - - -] calling wait on _wait /var/lib/kolla/venv/lib/python3.6/site-packages/neutron/service.py:131
2025-09-29 01:45:38.875 24 WARNING amqp [req-b9855afa-f7d8-4bc8-8a1f-285e01c5904e - - - - -] Received method (60, 30) during closing channel 1. This method will be ignored
2025-09-29 01:45:38.876 24 DEBUG neutron.service [req-b9855afa-f7d8-4bc8-8a1f-285e01c5904e - - - - -] calling wait on _wait /var/lib/kolla/venv/lib/python3.6/site-packages/neutron/service.py:131
2025-09-29 01:45:38.878 23 WARNING amqp [req-b9855afa-f7d8-4bc8-8a1f-285e01c5904e - - - - -] Received method (60, 30) during closing channel 1. This method will be ignored
2025-09-29 01:45:38.880 25 WARNING amqp [req-b9855afa-f7d8-4bc8-8a1f-285e01c5904e - - - - -] Received method (60, 30) during closing channel 1. This method will be ignored
2025-09-29 01:45:38.881 25 DEBUG neutron.service [req-b9855afa-f7d8-4bc8-8a1f-285e01c5904e - - - - -] calling wait on _wait /var/lib/kolla/venv/lib/python3.6/site-packages/neutron/service.py:131
2025-09-29 01:45:38.880 23 DEBUG neutron.service [req-b9855afa-f7d8-4bc8-8a1f-285e01c5904e - - - - -] calling wait on _wait /var/lib/kolla/venv/lib/python3.6/site-packages/neutron/service.py:131
2025-09-29 01:45:38.884 24 WARNING amqp [req-b9855afa-f7d8-4bc8-8a1f-285e01c5904e - - - - -] Received method (60, 30) during closing channel 1. This method will be ignored
2025-09-29 01:45:38.886 24 DEBUG neutron.service [req-b9855afa-f7d8-4bc8-8a1f-285e01c5904e - - - - -] calling wait on _wait /var/lib/kolla/venv/lib/python3.6/site-packages/neutron/service.py:131
2025-09-29 01:45:38.886 25 WARNING amqp [req-b9855afa-f7d8-4bc8-8a1f-285e01c5904e - - - - -] Received method (60, 30) during closing channel 1. This method will be ignored
2025-09-29 01:45:38.887 25 DEBUG neutron.service [req-b9855afa-f7d8-4bc8-8a1f-285e01c5904e - - - - -] calling wait on _wait /var/lib/kolla/venv/lib/python3.6/site-packages/neutron/service.py:131
2025-09-29 01:45:38.889 23 WARNING amqp [req-b9855afa-f7d8-4bc8-8a1f-285e01c5904e - - - - -] Received method (60, 30) during closing channel 1. This method will be ignored
2025-09-29 01:45:38.891 23 DEBUG neutron.service [req-b9855afa-f7d8-4bc8-8a1f-285e01c5904e - - - - -] calling wait on _wait /var/lib/kolla/venv/lib/python3.6/site-packages/neutron/service.py:131
2025-09-29 01:45:38.891 24 WARNING amqp [req-b9855afa-f7d8-4bc8-8a1f-285e01c5904e - - - - -] Received method (60, 30) during closing channel 1. This method will be ignored
2025-09-29 01:45:38.894 25 WARNING amqp [req-b9855afa-f7d8-4bc8-8a1f-285e01c5904e - - - - -] Received method (60, 30) during closing channel 1. This method will be ignored
2025-09-29 01:45:38.896 23 WARNING amqp [req-b9855afa-f7d8-4bc8-8a1f-285e01c5904e - - - - -] Received method (60, 30) during closing channel 1. This method will be ignored
2025-09-29 01:45:38.894 24 DEBUG neutron.service [req-b9855afa-f7d8-4bc8-8a1f-285e01c5904e - - - - -] calling wait on _wait /var/lib/kolla/venv/lib/python3.6/site-packages/neutron/service.py:131
2025-09-29 01:45:38.896 23 DEBUG neutron.service [req-b9855afa-f7d8-4bc8-8a1f-285e01c5904e - - - - -] returning from RpcWorker wait() _wait /var/lib/kolla/venv/lib/python3.6/site-packages/neutron/service.py:135
2025-09-29 01:45:38.896 25 DEBUG neutron.service [req-b9855afa-f7d8-4bc8-8a1f-285e01c5904e - - - - -] returning from RpcWorker wait() _wait /var/lib/kolla/venv/lib/python3.6/site-packages/neutron/service.py:135
2025-09-29 01:45:38.901 24 WARNING amqp [req-b9855afa-f7d8-4bc8-8a1f-285e01c5904e - - - - -] Received method (60, 30) during closing channel 1. This method will be ignored
2025-09-29 01:45:38.903 24 DEBUG neutron.service [req-b9855afa-f7d8-4bc8-8a1f-285e01c5904e - - - - -] returning from RpcWorker wait() _wait /var/lib/kolla/venv/lib/python3.6/site-packages/neutron/service.py:135
2025-09-29 01:45:38.903 7 INFO oslo_service.service [-] Child 23 exited with status 0
2025-09-29 01:45:38.910 7 INFO oslo_service.service [-] Child 25 exited with status 0
2025-09-29 01:45:38.910 7 INFO oslo_service.service [-] Child 24 exited with status 0
2025-09-29 01:45:39.337 27 DEBUG oslo_concurrency.lockutils [req-b9855afa-f7d8-4bc8-8a1f-285e01c5904e - - - - -] Acquired lock "singleton_lock" lock /var/lib/kolla/venv/lib/python3.6/site-packages/oslo_concurrency/lockutils.py:294
2025-09-29 01:45:39.338 27 DEBUG oslo_concurrency.lockutils [req-b9855afa-f7d8-4bc8-8a1f-285e01c5904e - - - - -] Releasing lock "singleton_lock" lock /var/lib/kolla/venv/lib/python3.6/site-packages/oslo_concurrency/lockutils.py:312
2025-09-29 01:45:39.338 27 DEBUG neutron.service [req-b9855afa-f7d8-4bc8-8a1f-285e01c5904e - - - - -] calling RpcWorker wait() _wait /var/lib/kolla/venv/lib/python3.6/site-packages/neutron/service.py:128
2025-09-29 01:45:39.338 27 DEBUG neutron.service [req-b9855afa-f7d8-4bc8-8a1f-285e01c5904e - - - - -] calling wait on _wait /var/lib/kolla/venv/lib/python3.6/site-packages/neutron/service.py:131
2025-09-29 01:45:39.345 27 WARNING amqp [req-b9855afa-f7d8-4bc8-8a1f-285e01c5904e - - - - -] Received method (60, 30) during closing channel 1. This method will be ignored
2025-09-29 01:45:39.348 27 DEBUG neutron.service [req-b9855afa-f7d8-4bc8-8a1f-285e01c5904e - - - - -] returning from RpcWorker wait() _wait /var/lib/kolla/venv/lib/python3.6/site-packages/neutron/service.py:135
2025-09-29 01:45:39.355 7 INFO oslo_service.service [-] Child 27 exited with status 0
2025-09-29 01:45:39.355 7 INFO oslo_service.service [-] Wait called after thread killed. Cleaning up.
2025-09-29 01:45:39.356 7 DEBUG oslo_service.service [-] Stop services. stop /var/lib/kolla/venv/lib/python3.6/site-packages/oslo_service/service.py:695
2025-09-29 01:45:39.356 7 DEBUG oslo_service.service [-] Killing children. stop /var/lib/kolla/venv/lib/python3.6/site-packages/oslo_service/service.py:700
2025-09-29 01:45:43.252 7 INFO neutron.common.config [-] Logging enabled!
2025-09-29 01:45:43.252 7 INFO neutron.common.config [-] /var/lib/kolla/venv/bin/neutron-server version 20.5.1.dev23
2025-09-29 01:45:43.253 7 DEBUG neutron.common.config [-] command line: /var/lib/kolla/venv/bin/neutron-server --config-file /etc/neutron/neutron.conf --config-file /etc/neutron/ContrailPlugin.ini --config-file /etc/neutron/api-paste.ini setup_logging /var/lib/kolla/venv/lib/python3.6/site-packages/neutron/common/config.py:115
2025-09-29 01:45:43.257 7 INFO neutron.common.config [-] Logging enabled!
2025-09-29 01:45:43.257 7 INFO neutron.common.config [-] /var/lib/kolla/venv/bin/neutron-server version 20.5.1.dev23
2025-09-29 01:45:43.259 7 DEBUG neutron.common.config [-] command line: /var/lib/kolla/venv/bin/neutron-server --config-file /etc/neutron/neutron.conf --config-file /etc/neutron/ContrailPlugin.ini --config-file /etc/neutron/api-paste.ini setup_logging /var/lib/kolla/venv/lib/python3.6/site-packages/neutron/common/config.py:115
2025-09-29 01:45:43.259 7 DEBUG neutron.common.config [-] ******************************************************************************** log_opt_values /var/lib/kolla/venv/lib/python3.6/site-packages/oslo_config/cfg.py:2589
2025-09-29 01:45:43.259 7 DEBUG neutron.common.config [-] Configuration options gathered from: log_opt_values /var/lib/kolla/venv/lib/python3.6/site-packages/oslo_config/cfg.py:2590
2025-09-29 01:45:43.260 7 DEBUG neutron.common.config [-] command line args: ['--config-file', '/etc/neutron/neutron.conf', '--config-file', '/etc/neutron/ContrailPlugin.ini', '--config-file', '/etc/neutron/api-paste.ini'] log_opt_values /var/lib/kolla/venv/lib/python3.6/site-packages/oslo_config/cfg.py:2591
2025-09-29 01:45:43.261 7 DEBUG neutron.common.config [-] config files: ['/etc/neutron/neutron.conf', '/etc/neutron/ContrailPlugin.ini', '/etc/neutron/api-paste.ini'] log_opt_values /var/lib/kolla/venv/lib/python3.6/site-packages/oslo_config/cfg.py:2593
2025-09-29 01:45:43.262 7 DEBUG neutron.common.config [-] ================================================================================ log_opt_values /var/lib/kolla/venv/lib/python3.6/site-packages/oslo_config/cfg.py:2594
2025-09-29 01:45:43.262 7 DEBUG neutron.common.config [-] allow_bulk = True log_opt_values /var/lib/kolla/venv/lib/python3.6/site-packages/oslo_config/cfg.py:2603
2025-09-29 01:45:43.262 7 WARNING oslo_config.cfg [-] Deprecated: Option "allow_overlapping_ips" from group "DEFAULT" is deprecated for removal. Its value may be silently ignored in the future.
2025-09-29 01:45:43.262 7 DEBUG neutron.common.config [-] allow_overlapping_ips = True log_opt_values /var/lib/kolla/venv/lib/python3.6/site-packages/oslo_config/cfg.py:2603
2025-09-29 01:45:43.262 7 DEBUG neutron.common.config [-] api_extensions_path = /opt/plugin/site-packages/neutron_plugin_contrail/extensions:/opt/plugin/site-packages/neutron_lbaas/extensions log_opt_values /var/lib/kolla/venv/lib/python3.6/site-packages/oslo_config/cfg.py:2603
2025-09-29 01:45:43.262 7 DEBUG neutron.common.config [-] api_paste_config = /etc/neutron/api-paste.ini log_opt_values /var/lib/kolla/venv/lib/python3.6/site-packages/oslo_config/cfg.py:2603
2025-09-29 01:45:43.262 7 DEBUG neutron.common.config [-] api_workers = 1 log_opt_values /var/lib/kolla/venv/lib/python3.6/site-packages/oslo_config/cfg.py:2603
2025-09-29 01:45:43.263 7 DEBUG neutron.common.config [-] auth_strategy = keystone log_opt_values /var/lib/kolla/venv/lib/python3.6/site-packages/oslo_config/cfg.py:2603
2025-09-29 01:45:43.263 7 DEBUG neutron.common.config [-] backlog = 4096 log_opt_values /var/lib/kolla/venv/lib/python3.6/site-packages/oslo_config/cfg.py:2603
