2025-09-25 00:39:29.526 164594 DEBUG oslo_service.service [req-082e8bee-5930-4f4b-a1d5-60eee1b9f1b8 - - - - -] resize_confirm_window = 0 log_opt_values /usr/lib/python3/dist-packages/oslo_config/cfg.py:2602
2025-09-25 00:39:29.526 164594 DEBUG oslo_service.service [req-082e8bee-5930-4f4b-a1d5-60eee1b9f1b8 - - - - -] resize_fs_using_block_device = False log_opt_values /usr/lib/python3/dist-packages/oslo_config/cfg.py:2602
2025-09-25 00:39:29.526 164594 DEBUG oslo_service.service [req-082e8bee-5930-4f4b-a1d5-60eee1b9f1b8 - - - - -] resume_guests_state_on_host_boot = False log_opt_values /usr/lib/python3/dist-packages/oslo_config/cfg.py:2602
2025-09-25 00:39:29.526 164594 DEBUG oslo_service.service [req-082e8bee-5930-4f4b-a1d5-60eee1b9f1b8 - - - - -] rootwrap_config = /etc/nova/rootwrap.conf log_opt_values /usr/lib/python3/dist-packages/oslo_config/cfg.py:2602
2025-09-25 00:39:29.526 164594 DEBUG oslo_service.service [req-082e8bee-5930-4f4b-a1d5-60eee1b9f1b8 - - - - -] run_external_periodic_tasks = True log_opt_values /usr/lib/python3/dist-packages/oslo_config/cfg.py:2602
2025-09-25 00:39:29.526 164594 DEBUG oslo_service.service [req-082e8bee-5930-4f4b-a1d5-60eee1b9f1b8 - - - - -] running_deleted_instance_action = reap log_opt_values /usr/lib/python3/dist-packages/oslo_config/cfg.py:2602
2025-09-25 00:39:29.527 164594 DEBUG oslo_service.service [req-082e8bee-5930-4f4b-a1d5-60eee1b9f1b8 - - - - -] running_deleted_instance_poll_interval = 1800 log_opt_values /usr/lib/python3/dist-packages/oslo_config/cfg.py:2602
2025-09-25 00:39:29.527 164594 DEBUG oslo_service.service [req-082e8bee-5930-4f4b-a1d5-60eee1b9f1b8 - - - - -] running_deleted_instance_timeout = 0 log_opt_values /usr/lib/python3/dist-packages/oslo_config/cfg.py:2602
2025-09-25 00:39:29.527 164594 DEBUG oslo_service.service [req-082e8bee-5930-4f4b-a1d5-60eee1b9f1b8 - - - - -] scheduler_instance_sync_interval = 120 log_opt_values /usr/lib/python3/dist-packages/oslo_config/cfg.py:2602
2025-09-25 00:39:29.527 164594 DEBUG oslo_service.service [req-082e8bee-5930-4f4b-a1d5-60eee1b9f1b8 - - - - -] service_down_time = 60 log_opt_values /usr/lib/python3/dist-packages/oslo_config/cfg.py:2602
2025-09-25 00:39:29.528 164594 DEBUG oslo_service.service [req-082e8bee-5930-4f4b-a1d5-60eee1b9f1b8 - - - - -] servicegroup_driver = db log_opt_values /usr/lib/python3/dist-packages/oslo_config/cfg.py:2602
2025-09-25 00:39:29.528 164594 DEBUG oslo_service.service [req-082e8bee-5930-4f4b-a1d5-60eee1b9f1b8 - - - - -] shelved_offload_time = 0 log_opt_values /usr/lib/python3/dist-packages/oslo_config/cfg.py:2602
2025-09-25 00:39:29.528 164594 DEBUG oslo_service.service [req-082e8bee-5930-4f4b-a1d5-60eee1b9f1b8 - - - - -] shelved_poll_interval = 3600 log_opt_values /usr/lib/python3/dist-packages/oslo_config/cfg.py:2602
2025-09-25 00:39:29.528 164594 DEBUG oslo_service.service [req-082e8bee-5930-4f4b-a1d5-60eee1b9f1b8 - - - - -] shutdown_timeout = 60 log_opt_values /usr/lib/python3/dist-packages/oslo_config/cfg.py:2602
2025-09-25 00:39:29.528 164594 DEBUG oslo_service.service [req-082e8bee-5930-4f4b-a1d5-60eee1b9f1b8 - - - - -] source_is_ipv6 = False log_opt_values /usr/lib/python3/dist-packages/oslo_config/cfg.py:2602
2025-09-25 00:39:29.528 164594 DEBUG oslo_service.service [req-082e8bee-5930-4f4b-a1d5-60eee1b9f1b8 - - - - -] ssl_only = False log_opt_values /usr/lib/python3/dist-packages/oslo_config/cfg.py:2602
2025-09-25 00:39:29.529 164594 DEBUG oslo_service.service [req-082e8bee-5930-4f4b-a1d5-60eee1b9f1b8 - - - - -] state_path = /var/lib/nova log_opt_values /usr/lib/python3/dist-packages/oslo_config/cfg.py:2602
2025-09-25 00:39:29.529 164594 DEBUG oslo_service.service [req-082e8bee-5930-4f4b-a1d5-60eee1b9f1b8 - - - - -] sync_power_state_interval = 600 log_opt_values /usr/lib/python3/dist-packages/oslo_config/cfg.py:2602
2025-09-25 00:39:29.529 164594 DEBUG oslo_service.service [req-082e8bee-5930-4f4b-a1d5-60eee1b9f1b8 - - - - -] sync_power_state_pool_size = 1000 log_opt_values /usr/lib/python3/dist-packages/oslo_config/cfg.py:2602
2025-09-25 00:39:29.529 164594 DEBUG oslo_service.service [req-082e8bee-5930-4f4b-a1d5-60eee1b9f1b8 - - - - -] syslog_log_facility = LOG_USER log_opt_values /usr/lib/python3/dist-packages/oslo_config/cfg.py:2602
2025-09-25 00:39:29.529 164594 DEBUG oslo_service.service [req-082e8bee-5930-4f4b-a1d5-60eee1b9f1b8 - - - - -] tempdir = None log_opt_values /usr/lib/python3/dist-packages/oslo_config/cfg.py:2602
2025-09-25 00:39:29.530 164594 DEBUG oslo_service.service [req-082e8bee-5930-4f4b-a1d5-60eee1b9f1b8 - - - - -] timeout_nbd = 10 log_opt_values /usr/lib/python3/dist-packages/oslo_config/cfg.py:2602
2025-09-25 00:39:29.530 164594 DEBUG oslo_service.service [req-082e8bee-5930-4f4b-a1d5-60eee1b9f1b8 - - - - -] transport_url = **** log_opt_values /usr/lib/python3/dist-packages/oslo_config/cfg.py:2602
2025-09-25 00:39:29.530 164594 DEBUG oslo_service.service [req-082e8bee-5930-4f4b-a1d5-60eee1b9f1b8 - - - - -] update_resources_interval = 0 log_opt_values /usr/lib/python3/dist-packages/oslo_config/cfg.py:2602
2025-09-25 00:39:29.530 164594 DEBUG oslo_service.service [req-082e8bee-5930-4f4b-a1d5-60eee1b9f1b8 - - - - -] use_cow_images = True log_opt_values /usr/lib/python3/dist-packages/oslo_config/cfg.py:2602
2025-09-25 00:39:29.530 164594 DEBUG oslo_service.service [req-082e8bee-5930-4f4b-a1d5-60eee1b9f1b8 - - - - -] use_eventlog = False log_opt_values /usr/lib/python3/dist-packages/oslo_config/cfg.py:2602
2025-09-25 00:39:29.530 164594 DEBUG oslo_service.service [req-082e8bee-5930-4f4b-a1d5-60eee1b9f1b8 - - - - -] use_journal = False log_opt_values /usr/lib/python3/dist-packages/oslo_config/cfg.py:2602
2025-09-25 00:39:29.531 164594 DEBUG oslo_service.service [req-082e8bee-5930-4f4b-a1d5-60eee1b9f1b8 - - - - -] use_json = False log_opt_values /usr/lib/python3/dist-packages/oslo_config/cfg.py:2602
2025-09-25 00:39:29.531 164594 DEBUG oslo_service.service [req-082e8bee-5930-4f4b-a1d5-60eee1b9f1b8 - - - - -] use_rootwrap_daemon = False log_opt_values /usr/lib/python3/dist-packages/oslo_config/cfg.py:2602
2025-09-25 00:39:29.531 164594 DEBUG oslo_service.service [req-082e8bee-5930-4f4b-a1d5-60eee1b9f1b8 - - - - -] use_stderr = False log_opt_values /usr/lib/python3/dist-packages/oslo_config/cfg.py:2602
2025-09-25 00:39:29.531 164594 DEBUG oslo_service.service [req-082e8bee-5930-4f4b-a1d5-60eee1b9f1b8 - - - - -] use_syslog = False log_opt_values /usr/lib/python3/dist-packages/oslo_config/cfg.py:2602
2025-09-25 00:39:29.531 164994 DEBUG oslo_messaging._drivers.amqpdriver [-] Listener is running poll /usr/lib/python3/dist-packages/oslo_messaging/_drivers/amqpdriver.py:343
2025-09-25 00:39:29.531 164594 DEBUG oslo_service.service [req-082e8bee-5930-4f4b-a1d5-60eee1b9f1b8 - - - - -] vcpu_pin_set = None log_opt_values /usr/lib/python3/dist-packages/oslo_config/cfg.py:2602
2025-09-25 00:39:29.531 164994 DEBUG oslo_messaging._drivers.amqpdriver [-] AMQPListener connection consume poll /usr/lib/python3/dist-packages/oslo_messaging/_drivers/amqpdriver.py:357
2025-09-25 00:39:29.531 164594 DEBUG oslo_service.service [req-082e8bee-5930-4f4b-a1d5-60eee1b9f1b8 - - - - -] vif_plugging_is_fatal = True log_opt_values /usr/lib/python3/dist-packages/oslo_config/cfg.py:2602
2025-09-25 00:39:29.532 164594 DEBUG oslo_service.service [req-082e8bee-5930-4f4b-a1d5-60eee1b9f1b8 - - - - -] vif_plugging_timeout = 300 log_opt_values /usr/lib/python3/dist-packages/oslo_config/cfg.py:2602
2025-09-25 00:39:29.532 164594 DEBUG oslo_service.service [req-082e8bee-5930-4f4b-a1d5-60eee1b9f1b8 - - - - -] virt_mkfs = [] log_opt_values /usr/lib/python3/dist-packages/oslo_config/cfg.py:2602
2025-09-25 00:39:29.532 164594 DEBUG oslo_service.service [req-082e8bee-5930-4f4b-a1d5-60eee1b9f1b8 - - - - -] volume_usage_poll_interval = 0 log_opt_values /usr/lib/python3/dist-packages/oslo_config/cfg.py:2602
2025-09-25 00:39:29.532 164994 DEBUG nova.service [req-59085b63-332a-4c80-a208-5b379cd13825 - - - - -] Join ServiceGroup membership for this service scheduler start /usr/lib/python3/dist-packages/nova/service.py:199
2025-09-25 00:39:29.532 164594 DEBUG oslo_service.service [req-082e8bee-5930-4f4b-a1d5-60eee1b9f1b8 - - - - -] watch_log_file = False log_opt_values /usr/lib/python3/dist-packages/oslo_config/cfg.py:2602
2025-09-25 00:39:29.532 164994 DEBUG nova.servicegroup.drivers.db [req-59085b63-332a-4c80-a208-5b379cd13825 - - - - -] DB_Driver: join new ServiceGroup member juju-d9221b-0-lxd-7 to the scheduler group, service = join /usr/lib/python3/dist-packages/nova/servicegroup/drivers/db.py:44
2025-09-25 00:39:29.532 164594 DEBUG oslo_service.service [req-082e8bee-5930-4f4b-a1d5-60eee1b9f1b8 - - - - -] web = /usr/share/spice-html5 log_opt_values /usr/lib/python3/dist-packages/oslo_config/cfg.py:2602
2025-09-25 00:39:29.533 164594 DEBUG oslo_service.service [req-082e8bee-5930-4f4b-a1d5-60eee1b9f1b8 - - - - -] oslo_concurrency.disable_process_locking = False log_opt_values /usr/lib/python3/dist-packages/oslo_config/cfg.py:2609
2025-09-25 00:39:29.533 164594 DEBUG oslo_service.service [req-082e8bee-5930-4f4b-a1d5-60eee1b9f1b8 - - - - -] oslo_concurrency.lock_path = /var/lock/nova log_opt_values /usr/lib/python3/dist-packages/oslo_config/cfg.py:2609
2025-09-25 00:39:29.535 164994 DEBUG oslo_messaging._drivers.amqpdriver [-] AMQPListener connection timeout poll /usr/lib/python3/dist-packages/oslo_messaging/_drivers/amqpdriver.py:360
2025-09-25 00:39:29.535 164994 DEBUG oslo_messaging._drivers.amqpdriver [-] Listener is running poll /usr/lib/python3/dist-packages/oslo_messaging/_drivers/amqpdriver.py:343
2025-09-25 00:39:29.535 164994 DEBUG oslo_messaging._drivers.amqpdriver [-] AMQPListener connection consume poll /usr/lib/python3/dist-packages/oslo_messaging/_drivers/amqpdriver.py:357
2025-09-25 00:39:29.533 164594 WARNING oslo_config.cfg [req-082e8bee-5930-4f4b-a1d5-60eee1b9f1b8 - - - - -] Deprecated: Option "auth_strategy" from group "api" is deprecated for removal ( The only non-default choice, ``noauth2``, is for internal development and testing purposes only and should not be used in deployments. This option and its middleware, NoAuthMiddleware[V2_18], will be removed in a future release. ). Its value may be silently ignored in the future.
2025-09-25 00:39:29.538 164594 DEBUG oslo_service.service [req-082e8bee-5930-4f4b-a1d5-60eee1b9f1b8 - - - - -] api.auth_strategy = keystone log_opt_values /usr/lib/python3/dist-packages/oslo_config/cfg.py:2609
2025-09-25 00:39:29.538 164594 DEBUG oslo_service.service [req-082e8bee-5930-4f4b-a1d5-60eee1b9f1b8 - - - - -] api.compute_link_prefix = None log_opt_values /usr/lib/python3/dist-packages/oslo_config/cfg.py:2609
2025-09-25 00:39:29.538 164594 DEBUG oslo_service.service [req-082e8bee-5930-4f4b-a1d5-60eee1b9f1b8 - - - - -] api.config_drive_skip_versions = 1.0 2007-01-19 2007-03-01 2007-08-29 2007-10-10 2007-12-15 2008-02-01 2008-09-01 log_opt_values /usr/lib/python3/dist-packages/oslo_config/cfg.py:2609
2025-09-25 00:39:29.539 164594 DEBUG oslo_service.service [req-082e8bee-5930-4f4b-a1d5-60eee1b9f1b8 - - - - -] api.dhcp_domain = novalocal log_opt_values /usr/lib/python3/dist-packages/oslo_config/cfg.py:2609
2025-09-25 00:39:29.539 164594 DEBUG oslo_service.service [req-082e8bee-5930-4f4b-a1d5-60eee1b9f1b8 - - - - -] api.enable_instance_password = True log_opt_values /usr/lib/python3/dist-packages/oslo_config/cfg.py:2609
2025-09-25 00:39:29.539 164594 DEBUG oslo_service.service [req-082e8bee-5930-4f4b-a1d5-60eee1b9f1b8 - - - - -] api.glance_link_prefix = None log_opt_values /usr/lib/python3/dist-packages/oslo_config/cfg.py:2609
2025-09-25 00:39:29.539 164594 DEBUG oslo_service.service [req-082e8bee-5930-4f4b-a1d5-60eee1b9f1b8 - - - - -] api.instance_list_cells_batch_fixed_size = 100 log_opt_values /usr/lib/python3/dist-packages/oslo_config/cfg.py:2609
2025-09-25 00:39:29.540 164594 DEBUG oslo_service.service [req-082e8bee-5930-4f4b-a1d5-60eee1b9f1b8 - - - - -] api.instance_list_cells_batch_strategy = distributed log_opt_values /usr/lib/python3/dist-packages/oslo_config/cfg.py:2609
2025-09-25 00:39:29.540 164594 DEBUG oslo_service.service [req-082e8bee-5930-4f4b-a1d5-60eee1b9f1b8 - - - - -] api.instance_list_per_project_cells = False log_opt_values /usr/lib/python3/dist-packages/oslo_config/cfg.py:2609
2025-09-25 00:39:29.540 164995 DEBUG nova.service [req-48adaa71-456b-4219-9f7f-cb273545eea5 - - - - -] Creating RPC server for service scheduler start /usr/lib/python3/dist-packages/nova/service.py:182
2025-09-25 00:39:29.540 164594 DEBUG oslo_service.service [req-082e8bee-5930-4f4b-a1d5-60eee1b9f1b8 - - - - -] api.list_records_by_skipping_down_cells = True log_opt_values /usr/lib/python3/dist-packages/oslo_config/cfg.py:2609
2025-09-25 00:39:29.540 164594 DEBUG oslo_service.service [req-082e8bee-5930-4f4b-a1d5-60eee1b9f1b8 - - - - -] api.local_metadata_per_cell = False log_opt_values /usr/lib/python3/dist-packages/oslo_config/cfg.py:2609
2025-09-25 00:39:29.541 164594 DEBUG oslo_service.service [req-082e8bee-5930-4f4b-a1d5-60eee1b9f1b8 - - - - -] api.max_limit = 1000 log_opt_values /usr/lib/python3/dist-packages/oslo_config/cfg.py:2609
2025-09-25 00:39:29.541 164594 DEBUG oslo_service.service [req-082e8bee-5930-4f4b-a1d5-60eee1b9f1b8 - - - - -] api.metadata_cache_expiration = 15 log_opt_values /usr/lib/python3/dist-packages/oslo_config/cfg.py:2609
2025-09-25 00:39:29.541 164594 DEBUG oslo_service.service [req-082e8bee-5930-4f4b-a1d5-60eee1b9f1b8 - - - - -] api.neutron_default_tenant_id = default log_opt_values /usr/lib/python3/dist-packages/oslo_config/cfg.py:2609
2025-09-25 00:39:29.541 164594 DEBUG oslo_service.service [req-082e8bee-5930-4f4b-a1d5-60eee1b9f1b8 - - - - -] api.use_forwarded_for = False log_opt_values /usr/lib/python3/dist-packages/oslo_config/cfg.py:2609
2025-09-25 00:39:29.541 164594 DEBUG oslo_service.service [req-082e8bee-5930-4f4b-a1d5-60eee1b9f1b8 - - - - -] api.use_neutron_default_nets = False log_opt_values /usr/lib/python3/dist-packages/oslo_config/cfg.py:2609
2025-09-25 00:39:29.542 164594 DEBUG oslo_service.service [req-082e8bee-5930-4f4b-a1d5-60eee1b9f1b8 - - - - -] api.vendordata_dynamic_connect_timeout = 5 log_opt_values /usr/lib/python3/dist-packages/oslo_config/cfg.py:2609
2025-09-25 00:39:29.542 164594 DEBUG oslo_service.service [req-082e8bee-5930-4f4b-a1d5-60eee1b9f1b8 - - - - -] api.vendordata_dynamic_failure_fatal = False log_opt_values /usr/lib/python3/dist-packages/oslo_config/cfg.py:2609
2025-09-25 00:39:29.542 164594 DEBUG oslo_service.service [req-082e8bee-5930-4f4b-a1d5-60eee1b9f1b8 - - - - -] api.vendordata_dynamic_read_timeout = 5 log_opt_values /usr/lib/python3/dist-packages/oslo_config/cfg.py:2609
2025-09-25 00:39:29.542 164594 DEBUG oslo_service.service [req-082e8bee-5930-4f4b-a1d5-60eee1b9f1b8 - - - - -] api.vendordata_dynamic_ssl_certfile = log_opt_values /usr/lib/python3/dist-packages/oslo_config/cfg.py:2609
2025-09-25 00:39:29.543 164594 DEBUG oslo_service.service [req-082e8bee-5930-4f4b-a1d5-60eee1b9f1b8 - - - - -] api.vendordata_dynamic_targets = [] log_opt_values /usr/lib/python3/dist-packages/oslo_config/cfg.py:2609
2025-09-25 00:39:29.543 164594 DEBUG oslo_service.service [req-082e8bee-5930-4f4b-a1d5-60eee1b9f1b8 - - - - -] api.vendordata_jsonfile_path = None log_opt_values /usr/lib/python3/dist-packages/oslo_config/cfg.py:2609
2025-09-25 00:39:29.543 164594 DEBUG oslo_service.service [req-082e8bee-5930-4f4b-a1d5-60eee1b9f1b8 - - - - -] api.vendordata_providers = ['StaticJSON'] log_opt_values /usr/lib/python3/dist-packages/oslo_config/cfg.py:2609
2025-09-25 00:39:29.543 164594 DEBUG oslo_service.service [req-082e8bee-5930-4f4b-a1d5-60eee1b9f1b8 - - - - -] cache.backend = dogpile.cache.null log_opt_values /usr/lib/python3/dist-packages/oslo_config/cfg.py:2609
2025-09-25 00:39:29.543 164594 DEBUG oslo_service.service [req-082e8bee-5930-4f4b-a1d5-60eee1b9f1b8 - - - - -] cache.backend_argument = **** log_opt_values /usr/lib/python3/dist-packages/oslo_config/cfg.py:2609
2025-09-25 00:39:29.544 164594 DEBUG oslo_service.service [req-082e8bee-5930-4f4b-a1d5-60eee1b9f1b8 - - - - -] cache.config_prefix = cache.oslo log_opt_values /usr/lib/python3/dist-packages/oslo_config/cfg.py:2609
2025-09-25 00:39:29.544 164594 DEBUG oslo_service.service [req-082e8bee-5930-4f4b-a1d5-60eee1b9f1b8 - - - - -] cache.debug_cache_backend = False log_opt_values /usr/lib/python3/dist-packages/oslo_config/cfg.py:2609
2025-09-25 00:39:29.544 164594 DEBUG oslo_service.service [req-082e8bee-5930-4f4b-a1d5-60eee1b9f1b8 - - - - -] cache.enabled = False log_opt_values /usr/lib/python3/dist-packages/oslo_config/cfg.py:2609
2025-09-25 00:39:29.544 164594 DEBUG oslo_service.service [req-082e8bee-5930-4f4b-a1d5-60eee1b9f1b8 - - - - -] cache.expiration_time = 600 log_opt_values /usr/lib/python3/dist-packages/oslo_config/cfg.py:2609
2025-09-25 00:39:29.544 164594 DEBUG oslo_service.service [req-082e8bee-5930-4f4b-a1d5-60eee1b9f1b8 - - - - -] cache.memcache_dead_retry = 300 log_opt_values /usr/lib/python3/dist-packages/oslo_config/cfg.py:2609
2025-09-25 00:39:29.545 164594 DEBUG oslo_service.service [req-082e8bee-5930-4f4b-a1d5-60eee1b9f1b8 - - - - -] cache.memcache_pool_connection_get_timeout = 10 log_opt_values /usr/lib/python3/dist-packages/oslo_config/cfg.py:2609
2025-09-25 00:39:29.545 164594 DEBUG oslo_service.service [req-082e8bee-5930-4f4b-a1d5-60eee1b9f1b8 - - - - -] cache.memcache_pool_flush_on_reconnect = False log_opt_values /usr/lib/python3/dist-packages/oslo_config/cfg.py:2609
2025-09-25 00:39:29.545 164594 DEBUG oslo_service.service [req-082e8bee-5930-4f4b-a1d5-60eee1b9f1b8 - - - - -] cache.memcache_pool_maxsize = 10 log_opt_values /usr/lib/python3/dist-packages/oslo_config/cfg.py:2609
2025-09-25 00:39:29.545 164594 DEBUG oslo_service.service [req-082e8bee-5930-4f4b-a1d5-60eee1b9f1b8 - - - - -] cache.memcache_pool_unused_timeout = 60 log_opt_values /usr/lib/python3/dist-packages/oslo_config/cfg.py:2609
2025-09-25 00:39:29.545 164594 DEBUG oslo_service.service [req-082e8bee-5930-4f4b-a1d5-60eee1b9f1b8 - - - - -] cache.memcache_servers = ['localhost:11211'] log_opt_values /usr/lib/python3/dist-packages/oslo_config/cfg.py:2609
2025-09-25 00:39:29.546 164594 DEBUG oslo_service.service [req-082e8bee-5930-4f4b-a1d5-60eee1b9f1b8 - - - - -] cache.memcache_socket_timeout = 1.0 log_opt_values /usr/lib/python3/dist-packages/oslo_config/cfg.py:2609
2025-09-25 00:39:29.546 164594 DEBUG oslo_service.service [req-082e8bee-5930-4f4b-a1d5-60eee1b9f1b8 - - - - -] cache.proxies = [] log_opt_values /usr/lib/python3/dist-packages/oslo_config/cfg.py:2609
2025-09-25 00:39:29.546 164594 DEBUG oslo_service.service [req-082e8bee-5930-4f4b-a1d5-60eee1b9f1b8 - - - - -] cache.tls_allowed_ciphers = None log_opt_values /usr/lib/python3/dist-packages/oslo_config/cfg.py:2609
2025-09-25 00:39:29.546 164594 DEBUG oslo_service.service [req-082e8bee-5930-4f4b-a1d5-60eee1b9f1b8 - - - - -] cache.tls_cafile = None log_opt_values /usr/lib/python3/dist-packages/oslo_config/cfg.py:2609
2025-09-25 00:39:29.546 164594 DEBUG oslo_service.service [req-082e8bee-5930-4f4b-a1d5-60eee1b9f1b8 - - - - -] cache.tls_certfile = None log_opt_values /usr/lib/python3/dist-packages/oslo_config/cfg.py:2609
2025-09-25 00:39:29.546 164594 DEBUG oslo_service.service [req-082e8bee-5930-4f4b-a1d5-60eee1b9f1b8 - - - - -] cache.tls_enabled = False log_opt_values /usr/lib/python3/dist-packages/oslo_config/cfg.py:2609
2025-09-25 00:39:29.547 164594 DEBUG oslo_service.service [req-082e8bee-5930-4f4b-a1d5-60eee1b9f1b8 - - - - -] cache.tls_keyfile = None log_opt_values /usr/lib/python3/dist-packages/oslo_config/cfg.py:2609
2025-09-25 00:39:29.547 164594 DEBUG oslo_service.service [req-082e8bee-5930-4f4b-a1d5-60eee1b9f1b8 - - - - -] cinder.auth_section = None log_opt_values /usr/lib/python3/dist-packages/oslo_config/cfg.py:2609
2025-09-25 00:39:29.547 164594 DEBUG oslo_service.service [req-082e8bee-5930-4f4b-a1d5-60eee1b9f1b8 - - - - -] cinder.auth_type = None log_opt_values /usr/lib/python3/dist-packages/oslo_config/cfg.py:2609
2025-09-25 00:39:29.547 164594 DEBUG oslo_service.service [req-082e8bee-5930-4f4b-a1d5-60eee1b9f1b8 - - - - -] cinder.cafile = None log_opt_values /usr/lib/python3/dist-packages/oslo_config/cfg.py:2609
2025-09-25 00:39:29.548 164594 DEBUG oslo_service.service [req-082e8bee-5930-4f4b-a1d5-60eee1b9f1b8 - - - - -] cinder.catalog_info = volumev3::publicURL log_opt_values /usr/lib/python3/dist-packages/oslo_config/cfg.py:2609
2025-09-25 00:39:29.548 164594 DEBUG oslo_service.service [req-082e8bee-5930-4f4b-a1d5-60eee1b9f1b8 - - - - -] cinder.certfile = None log_opt_values /usr/lib/python3/dist-packages/oslo_config/cfg.py:2609
2025-09-25 00:39:29.548 164996 DEBUG oslo_messaging._drivers.amqpdriver [-] Listener is running poll /usr/lib/python3/dist-packages/oslo_messaging/_drivers/amqpdriver.py:343
2025-09-25 00:39:29.548 164594 DEBUG oslo_service.service [req-082e8bee-5930-4f4b-a1d5-60eee1b9f1b8 - - - - -] cinder.collect_timing = False log_opt_values /usr/lib/python3/dist-packages/oslo_config/cfg.py:2609
2025-09-25 00:39:29.548 164996 DEBUG oslo_messaging._drivers.amqpdriver [-] AMQPListener connection consume poll /usr/lib/python3/dist-packages/oslo_messaging/_drivers/amqpdriver.py:357
2025-09-25 00:39:29.548 164594 DEBUG oslo_service.service [req-082e8bee-5930-4f4b-a1d5-60eee1b9f1b8 - - - - -] cinder.cross_az_attach = True log_opt_values /usr/lib/python3/dist-packages/oslo_config/cfg.py:2609
2025-09-25 00:39:29.548 164594 DEBUG oslo_service.service [req-082e8bee-5930-4f4b-a1d5-60eee1b9f1b8 - - - - -] cinder.debug = False log_opt_values /usr/lib/python3/dist-packages/oslo_config/cfg.py:2609
2025-09-25 00:39:29.549 164594 DEBUG oslo_service.service [req-082e8bee-5930-4f4b-a1d5-60eee1b9f1b8 - - - - -] cinder.endpoint_template = None log_opt_values /usr/lib/python3/dist-packages/oslo_config/cfg.py:2609
2025-09-25 00:39:29.549 164594 DEBUG oslo_service.service [req-082e8bee-5930-4f4b-a1d5-60eee1b9f1b8 - - - - -] cinder.http_retries = 3 log_opt_values /usr/lib/python3/dist-packages/oslo_config/cfg.py:2609
2025-09-25 00:39:29.549 164996 DEBUG nova.service [req-48b0cf89-3ab9-4603-849c-6faff5f0d0b1 - - - - -] Join ServiceGroup membership for this service scheduler start /usr/lib/python3/dist-packages/nova/service.py:199
2025-09-25 00:39:29.549 164594 DEBUG oslo_service.service [req-082e8bee-5930-4f4b-a1d5-60eee1b9f1b8 - - - - -] cinder.insecure = False log_opt_values /usr/lib/python3/dist-packages/oslo_config/cfg.py:2609
2025-09-25 00:39:29.549 164594 DEBUG oslo_service.service [req-082e8bee-5930-4f4b-a1d5-60eee1b9f1b8 - - - - -] cinder.keyfile = None log_opt_values /usr/lib/python3/dist-packages/oslo_config/cfg.py:2609
2025-09-25 00:39:29.549 164996 DEBUG nova.servicegroup.drivers.db [req-48b0cf89-3ab9-4603-849c-6faff5f0d0b1 - - - - -] DB_Driver: join new ServiceGroup member juju-d9221b-0-lxd-7 to the scheduler group, service = join /usr/lib/python3/dist-packages/nova/servicegroup/drivers/db.py:44
2025-09-25 00:39:29.549 164594 DEBUG oslo_service.service [req-082e8bee-5930-4f4b-a1d5-60eee1b9f1b8 - - - - -] cinder.os_region_name = None log_opt_values /usr/lib/python3/dist-packages/oslo_config/cfg.py:2609
2025-09-25 00:39:29.549 164594 DEBUG oslo_service.service [req-082e8bee-5930-4f4b-a1d5-60eee1b9f1b8 - - - - -] cinder.split_loggers = False log_opt_values /usr/lib/python3/dist-packages/oslo_config/cfg.py:2609
2025-09-25 00:39:29.550 164594 DEBUG oslo_service.service [req-082e8bee-5930-4f4b-a1d5-60eee1b9f1b8 - - - - -] cinder.timeout = None log_opt_values /usr/lib/python3/dist-packages/oslo_config/cfg.py:2609
2025-09-25 00:39:29.550 164594 DEBUG oslo_service.service [req-082e8bee-5930-4f4b-a1d5-60eee1b9f1b8 - - - - -] compute.consecutive_build_service_disable_threshold = 10 log_opt_values /usr/lib/python3/dist-packages/oslo_config/cfg.py:2609
2025-09-25 00:39:29.550 164594 DEBUG oslo_service.service [req-082e8bee-5930-4f4b-a1d5-60eee1b9f1b8 - - - - -] compute.cpu_dedicated_set = None log_opt_values /usr/lib/python3/dist-packages/oslo_config/cfg.py:2609
2025-09-25 00:39:29.550 164594 DEBUG oslo_service.service [req-082e8bee-5930-4f4b-a1d5-60eee1b9f1b8 - - - - -] compute.cpu_shared_set = None log_opt_values /usr/lib/python3/dist-packages/oslo_config/cfg.py:2609
2025-09-25 00:39:29.550 164594 DEBUG oslo_service.service [req-082e8bee-5930-4f4b-a1d5-60eee1b9f1b8 - - - - -] compute.image_type_exclude_list = [] log_opt_values /usr/lib/python3/dist-packages/oslo_config/cfg.py:2609
2025-09-25 00:39:29.550 164594 DEBUG oslo_service.service [req-082e8bee-5930-4f4b-a1d5-60eee1b9f1b8 - - - - -] compute.live_migration_wait_for_vif_plug = True log_opt_values /usr/lib/python3/dist-packages/oslo_config/cfg.py:2609
2025-09-25 00:39:29.551 164594 DEBUG oslo_service.service [req-082e8bee-5930-4f4b-a1d5-60eee1b9f1b8 - - - - -] compute.max_concurrent_disk_ops = 0 log_opt_values /usr/lib/python3/dist-packages/oslo_config/cfg.py:2609
2025-09-25 00:39:29.551 164594 DEBUG oslo_service.service [req-082e8bee-5930-4f4b-a1d5-60eee1b9f1b8 - - - - -] compute.max_disk_devices_to_attach = -1 log_opt_values /usr/lib/python3/dist-packages/oslo_config/cfg.py:2609
2025-09-25 00:39:29.551 164594 DEBUG oslo_service.service [req-082e8bee-5930-4f4b-a1d5-60eee1b9f1b8 - - - - -] compute.packing_host_numa_cells_allocation_strategy = True log_opt_values /usr/lib/python3/dist-packages/oslo_config/cfg.py:2609
2025-09-25 00:39:29.551 164594 DEBUG oslo_service.service [req-082e8bee-5930-4f4b-a1d5-60eee1b9f1b8 - - - - -] compute.provider_config_location = /etc/nova/provider_config/ log_opt_values /usr/lib/python3/dist-packages/oslo_config/cfg.py:2609
2025-09-25 00:39:29.551 164594 DEBUG oslo_service.service [req-082e8bee-5930-4f4b-a1d5-60eee1b9f1b8 - - - - -] compute.resource_provider_association_refresh = 300 log_opt_values /usr/lib/python3/dist-packages/oslo_config/cfg.py:2609
2025-09-25 00:39:29.551 164594 DEBUG oslo_service.service [req-082e8bee-5930-4f4b-a1d5-60eee1b9f1b8 - - - - -] compute.shutdown_retry_interval = 10 log_opt_values /usr/lib/python3/dist-packages/oslo_config/cfg.py:2609
2025-09-25 00:39:29.552 164996 DEBUG oslo_messaging._drivers.amqpdriver [-] AMQPListener connection timeout poll /usr/lib/python3/dist-packages/oslo_messaging/_drivers/amqpdriver.py:360
2025-09-25 00:39:29.552 164594 DEBUG oslo_service.service [req-082e8bee-5930-4f4b-a1d5-60eee1b9f1b8 - - - - -] compute.vmdk_allowed_types = ['streamOptimized', 'monolithicSparse'] log_opt_values /usr/lib/python3/dist-packages/oslo_config/cfg.py:2609
2025-09-25 00:39:29.552 164996 DEBUG oslo_messaging._drivers.amqpdriver [-] Listener is running poll /usr/lib/python3/dist-packages/oslo_messaging/_drivers/amqpdriver.py:343
2025-09-25 00:39:29.552 164594 DEBUG oslo_service.service [req-082e8bee-5930-4f4b-a1d5-60eee1b9f1b8 - - - - -] conductor.workers = 4 log_opt_values /usr/lib/python3/dist-packages/oslo_config/cfg.py:2609
2025-09-25 00:39:29.552 164996 DEBUG oslo_messaging._drivers.amqpdriver [-] AMQPListener connection consume poll /usr/lib/python3/dist-packages/oslo_messaging/_drivers/amqpdriver.py:357
2025-09-25 00:39:29.552 164594 DEBUG oslo_service.service [req-082e8bee-5930-4f4b-a1d5-60eee1b9f1b8 - - - - -] console.allowed_origins = [] log_opt_values /usr/lib/python3/dist-packages/oslo_config/cfg.py:2609
2025-09-25 00:39:29.552 164594 DEBUG oslo_service.service [req-082e8bee-5930-4f4b-a1d5-60eee1b9f1b8 - - - - -] console.ssl_ciphers = None log_opt_values /usr/lib/python3/dist-packages/oslo_config/cfg.py:2609
2025-09-25 00:39:29.552 164594 DEBUG oslo_service.service [req-082e8bee-5930-4f4b-a1d5-60eee1b9f1b8 - - - - -] console.ssl_minimum_version = default log_opt_values /usr/lib/python3/dist-packages/oslo_config/cfg.py:2609
2025-09-25 00:39:29.553 164594 DEBUG oslo_service.service [req-082e8bee-5930-4f4b-a1d5-60eee1b9f1b8 - - - - -] consoleauth.token_ttl = 600 log_opt_values /usr/lib/python3/dist-packages/oslo_config/cfg.py:2609
2025-09-25 00:39:29.553 164594 DEBUG oslo_service.service [req-082e8bee-5930-4f4b-a1d5-60eee1b9f1b8 - - - - -] cyborg.cafile = None log_opt_values /usr/lib/python3/dist-packages/oslo_config/cfg.py:2609
2025-09-25 00:39:29.553 164594 DEBUG oslo_service.service [req-082e8bee-5930-4f4b-a1d5-60eee1b9f1b8 - - - - -] cyborg.certfile = None log_opt_values /usr/lib/python3/dist-packages/oslo_config/cfg.py:2609
2025-09-25 00:39:29.553 164594 DEBUG oslo_service.service [req-082e8bee-5930-4f4b-a1d5-60eee1b9f1b8 - - - - -] cyborg.collect_timing = False log_opt_values /usr/lib/python3/dist-packages/oslo_config/cfg.py:2609
2025-09-25 00:39:29.553 164594 DEBUG oslo_service.service [req-082e8bee-5930-4f4b-a1d5-60eee1b9f1b8 - - - - -] cyborg.connect_retries = None log_opt_values /usr/lib/python3/dist-packages/oslo_config/cfg.py:2609
2025-09-25 00:39:29.554 164594 DEBUG oslo_service.service [req-082e8bee-5930-4f4b-a1d5-60eee1b9f1b8 - - - - -] cyborg.connect_retry_delay = None log_opt_values /usr/lib/python3/dist-packages/oslo_config/cfg.py:2609
2025-09-25 00:39:29.554 164594 DEBUG oslo_service.service [req-082e8bee-5930-4f4b-a1d5-60eee1b9f1b8 - - - - -] cyborg.endpoint_override = None log_opt_values /usr/lib/python3/dist-packages/oslo_config/cfg.py:2609
2025-09-25 00:39:29.554 164594 DEBUG oslo_service.service [req-082e8bee-5930-4f4b-a1d5-60eee1b9f1b8 - - - - -] cyborg.insecure = False log_opt_values /usr/lib/python3/dist-packages/oslo_config/cfg.py:2609
2025-09-25 00:39:29.554 164594 DEBUG oslo_service.service [req-082e8bee-5930-4f4b-a1d5-60eee1b9f1b8 - - - - -] cyborg.keyfile = None log_opt_values /usr/lib/python3/dist-packages/oslo_config/cfg.py:2609
2025-09-25 00:39:29.554 164594 DEBUG oslo_service.service [req-082e8bee-5930-4f4b-a1d5-60eee1b9f1b8 - - - - -] cyborg.max_version = None log_opt_values /usr/lib/python3/dist-packages/oslo_config/cfg.py:2609
2025-09-25 00:39:29.555 164594 DEBUG oslo_service.service [req-082e8bee-5930-4f4b-a1d5-60eee1b9f1b8 - - - - -] cyborg.min_version = None log_opt_values /usr/lib/python3/dist-packages/oslo_config/cfg.py:2609
2025-09-25 00:39:29.555 164594 DEBUG oslo_service.service [req-082e8bee-5930-4f4b-a1d5-60eee1b9f1b8 - - - - -] cyborg.region_name = None log_opt_values /usr/lib/python3/dist-packages/oslo_config/cfg.py:2609
2025-09-25 00:39:29.555 164594 DEBUG oslo_service.service [req-082e8bee-5930-4f4b-a1d5-60eee1b9f1b8 - - - - -] cyborg.service_name = None log_opt_values /usr/lib/python3/dist-packages/oslo_config/cfg.py:2609
2025-09-25 00:39:29.555 164997 DEBUG oslo_messaging._drivers.amqpdriver [-] Listener is running poll /usr/lib/python3/dist-packages/oslo_messaging/_drivers/amqpdriver.py:343
2025-09-25 00:39:29.557 164594 DEBUG oslo_service.service [req-082e8bee-5930-4f4b-a1d5-60eee1b9f1b8 - - - - -] cyborg.service_type = accelerator log_opt_values /usr/lib/python3/dist-packages/oslo_config/cfg.py:2609
2025-09-25 00:39:29.557 164997 DEBUG oslo_messaging._drivers.amqpdriver [-] AMQPListener connection consume poll /usr/lib/python3/dist-packages/oslo_messaging/_drivers/amqpdriver.py:357
2025-09-25 00:39:29.557 164594 DEBUG oslo_service.service [req-082e8bee-5930-4f4b-a1d5-60eee1b9f1b8 - - - - -] cyborg.split_loggers = False log_opt_values /usr/lib/python3/dist-packages/oslo_config/cfg.py:2609
2025-09-25 00:39:29.557 164594 DEBUG oslo_service.service [req-082e8bee-5930-4f4b-a1d5-60eee1b9f1b8 - - - - -] cyborg.status_code_retries = None log_opt_values /usr/lib/python3/dist-packages/oslo_config/cfg.py:2609
2025-09-25 00:39:29.558 164594 DEBUG oslo_service.service [req-082e8bee-5930-4f4b-a1d5-60eee1b9f1b8 - - - - -] cyborg.status_code_retry_delay = None log_opt_values /usr/lib/python3/dist-packages/oslo_config/cfg.py:2609
2025-09-25 00:39:29.558 164594 DEBUG oslo_service.service [req-082e8bee-5930-4f4b-a1d5-60eee1b9f1b8 - - - - -] cyborg.timeout = None log_opt_values /usr/lib/python3/dist-packages/oslo_config/cfg.py:2609
2025-09-25 00:39:29.558 164594 DEBUG oslo_service.service [req-082e8bee-5930-4f4b-a1d5-60eee1b9f1b8 - - - - -] cyborg.valid_interfaces = ['internal', 'public'] log_opt_values /usr/lib/python3/dist-packages/oslo_config/cfg.py:2609
2025-09-25 00:39:29.559 164594 DEBUG oslo_service.service [req-082e8bee-5930-4f4b-a1d5-60eee1b9f1b8 - - - - -] cyborg.version = None log_opt_values /usr/lib/python3/dist-packages/oslo_config/cfg.py:2609
2025-09-25 00:39:29.560 164594 DEBUG oslo_service.service [req-082e8bee-5930-4f4b-a1d5-60eee1b9f1b8 - - - - -] database.backend = sqlalchemy log_opt_values /usr/lib/python3/dist-packages/oslo_config/cfg.py:2609
2025-09-25 00:39:29.560 164594 DEBUG oslo_service.service [req-082e8bee-5930-4f4b-a1d5-60eee1b9f1b8 - - - - -] database.connection = **** log_opt_values /usr/lib/python3/dist-packages/oslo_config/cfg.py:2609
2025-09-25 00:39:29.560 164594 DEBUG oslo_service.service [req-082e8bee-5930-4f4b-a1d5-60eee1b9f1b8 - - - - -] database.connection_debug = 0 log_opt_values /usr/lib/python3/dist-packages/oslo_config/cfg.py:2609
2025-09-25 00:39:29.560 164594 DEBUG oslo_service.service [req-082e8bee-5930-4f4b-a1d5-60eee1b9f1b8 - - - - -] database.connection_parameters = log_opt_values /usr/lib/python3/dist-packages/oslo_config/cfg.py:2609
2025-09-25 00:39:29.560 164594 DEBUG oslo_service.service [req-082e8bee-5930-4f4b-a1d5-60eee1b9f1b8 - - - - -] database.connection_recycle_time = 3600 log_opt_values /usr/lib/python3/dist-packages/oslo_config/cfg.py:2609
2025-09-25 00:39:29.561 164594 DEBUG oslo_service.service [req-082e8bee-5930-4f4b-a1d5-60eee1b9f1b8 - - - - -] database.connection_trace = False log_opt_values /usr/lib/python3/dist-packages/oslo_config/cfg.py:2609
2025-09-25 00:39:29.561 164594 DEBUG oslo_service.service [req-082e8bee-5930-4f4b-a1d5-60eee1b9f1b8 - - - - -] database.db_inc_retry_interval = True log_opt_values /usr/lib/python3/dist-packages/oslo_config/cfg.py:2609
2025-09-25 00:39:29.561 164594 DEBUG oslo_service.service [req-082e8bee-5930-4f4b-a1d5-60eee1b9f1b8 - - - - -] database.db_max_retries = 20 log_opt_values /usr/lib/python3/dist-packages/oslo_config/cfg.py:2609
2025-09-25 00:39:29.561 164594 DEBUG oslo_service.service [req-082e8bee-5930-4f4b-a1d5-60eee1b9f1b8 - - - - -] database.db_max_retry_interval = 10 log_opt_values /usr/lib/python3/dist-packages/oslo_config/cfg.py:2609
2025-09-25 00:39:29.561 164995 DEBUG oslo_messaging._drivers.amqpdriver [-] Listener is running poll /usr/lib/python3/dist-packages/oslo_messaging/_drivers/amqpdriver.py:343
2025-09-25 00:39:29.561 164594 DEBUG oslo_service.service [req-082e8bee-5930-4f4b-a1d5-60eee1b9f1b8 - - - - -] database.db_retry_interval = 1 log_opt_values /usr/lib/python3/dist-packages/oslo_config/cfg.py:2609
2025-09-25 00:39:29.561 164995 DEBUG oslo_messaging._drivers.amqpdriver [-] AMQPListener connection consume poll /usr/lib/python3/dist-packages/oslo_messaging/_drivers/amqpdriver.py:357
2025-09-25 00:39:29.562 164594 DEBUG oslo_service.service [req-082e8bee-5930-4f4b-a1d5-60eee1b9f1b8 - - - - -] database.max_overflow = 50 log_opt_values /usr/lib/python3/dist-packages/oslo_config/cfg.py:2609
2025-09-25 00:39:29.561 164997 DEBUG nova.service [req-a25c47f2-030c-4abc-8f53-b6f9736fd8f5 - - - - -] Join ServiceGroup membership for this service scheduler start /usr/lib/python3/dist-packages/nova/service.py:199
2025-09-25 00:39:29.562 164594 DEBUG oslo_service.service [req-082e8bee-5930-4f4b-a1d5-60eee1b9f1b8 - - - - -] database.max_pool_size = 4 log_opt_values /usr/lib/python3/dist-packages/oslo_config/cfg.py:2609
2025-09-25 00:39:29.562 164594 DEBUG oslo_service.service [req-082e8bee-5930-4f4b-a1d5-60eee1b9f1b8 - - - - -] database.max_retries = 10 log_opt_values /usr/lib/python3/dist-packages/oslo_config/cfg.py:2609
2025-09-25 00:39:29.562 164997 DEBUG nova.servicegroup.drivers.db [req-a25c47f2-030c-4abc-8f53-b6f9736fd8f5 - - - - -] DB_Driver: join new ServiceGroup member juju-d9221b-0-lxd-7 to the scheduler group, service = join /usr/lib/python3/dist-packages/nova/servicegroup/drivers/db.py:44
2025-09-25 00:39:29.562 164594 DEBUG oslo_service.service [req-082e8bee-5930-4f4b-a1d5-60eee1b9f1b8 - - - - -] database.mysql_enable_ndb = False log_opt_values /usr/lib/python3/dist-packages/oslo_config/cfg.py:2609
2025-09-25 00:39:29.562 164594 DEBUG oslo_service.service [req-082e8bee-5930-4f4b-a1d5-60eee1b9f1b8 - - - - -] database.mysql_sql_mode = TRADITIONAL log_opt_values /usr/lib/python3/dist-packages/oslo_config/cfg.py:2609
2025-09-25 00:39:29.562 164594 DEBUG oslo_service.service [req-082e8bee-5930-4f4b-a1d5-60eee1b9f1b8 - - - - -] database.pool_timeout = None log_opt_values /usr/lib/python3/dist-packages/oslo_config/cfg.py:2609
2025-09-25 00:39:29.563 164594 DEBUG oslo_service.service [req-082e8bee-5930-4f4b-a1d5-60eee1b9f1b8 - - - - -] database.retry_interval = 10 log_opt_values /usr/lib/python3/dist-packages/oslo_config/cfg.py:2609
2025-09-25 00:39:29.563 164594 DEBUG oslo_service.service [req-082e8bee-5930-4f4b-a1d5-60eee1b9f1b8 - - - - -] database.slave_connection = **** log_opt_values /usr/lib/python3/dist-packages/oslo_config/cfg.py:2609
2025-09-25 00:39:29.563 164594 DEBUG oslo_service.service [req-082e8bee-5930-4f4b-a1d5-60eee1b9f1b8 - - - - -] database.sqlite_synchronous = True log_opt_values /usr/lib/python3/dist-packages/oslo_config/cfg.py:2609
2025-09-25 00:39:29.563 164594 DEBUG oslo_service.service [req-082e8bee-5930-4f4b-a1d5-60eee1b9f1b8 - - - - -] database.use_db_reconnect = False log_opt_values /usr/lib/python3/dist-packages/oslo_config/cfg.py:2609
2025-09-25 00:39:29.563 164995 DEBUG nova.service [req-48adaa71-456b-4219-9f7f-cb273545eea5 - - - - -] Join ServiceGroup membership for this service scheduler start /usr/lib/python3/dist-packages/nova/service.py:199
2025-09-25 00:39:29.563 164594 DEBUG oslo_service.service [req-082e8bee-5930-4f4b-a1d5-60eee1b9f1b8 - - - - -] api_database.backend = sqlalchemy log_opt_values /usr/lib/python3/dist-packages/oslo_config/cfg.py:2609
2025-09-25 00:39:29.563 164594 DEBUG oslo_service.service [req-082e8bee-5930-4f4b-a1d5-60eee1b9f1b8 - - - - -] api_database.connection = **** log_opt_values /usr/lib/python3/dist-packages/oslo_config/cfg.py:2609
2025-09-25 00:39:29.563 164995 DEBUG nova.servicegroup.drivers.db [req-48adaa71-456b-4219-9f7f-cb273545eea5 - - - - -] DB_Driver: join new ServiceGroup member juju-d9221b-0-lxd-7 to the scheduler group, service = join /usr/lib/python3/dist-packages/nova/servicegroup/drivers/db.py:44
2025-09-25 00:39:29.563 164594 DEBUG oslo_service.service [req-082e8bee-5930-4f4b-a1d5-60eee1b9f1b8 - - - - -] api_database.connection_debug = 0 log_opt_values /usr/lib/python3/dist-packages/oslo_config/cfg.py:2609
2025-09-25 00:39:29.564 164594 DEBUG oslo_service.service [req-082e8bee-5930-4f4b-a1d5-60eee1b9f1b8 - - - - -] api_database.connection_parameters = log_opt_values /usr/lib/python3/dist-packages/oslo_config/cfg.py:2609
2025-09-25 00:39:29.564 164997 DEBUG oslo_messaging._drivers.amqpdriver [-] AMQPListener connection timeout poll /usr/lib/python3/dist-packages/oslo_messaging/_drivers/amqpdriver.py:360
2025-09-25 00:39:29.564 164995 DEBUG oslo_messaging._drivers.amqpdriver [-] AMQPListener connection timeout poll /usr/lib/python3/dist-packages/oslo_messaging/_drivers/amqpdriver.py:360
2025-09-25 00:39:29.564 164594 DEBUG oslo_service.service [req-082e8bee-5930-4f4b-a1d5-60eee1b9f1b8 - - - - -] api_database.connection_recycle_time = 3600 log_opt_values /usr/lib/python3/dist-packages/oslo_config/cfg.py:2609
2025-09-25 00:39:29.564 164997 DEBUG oslo_messaging._drivers.amqpdriver [-] Listener is running poll /usr/lib/python3/dist-packages/oslo_messaging/_drivers/amqpdriver.py:343
2025-09-25 00:39:29.564 164995 DEBUG oslo_messaging._drivers.amqpdriver [-] Listener is running poll /usr/lib/python3/dist-packages/oslo_messaging/_drivers/amqpdriver.py:343
2025-09-25 00:39:29.564 164997 DEBUG oslo_messaging._drivers.amqpdriver [-] AMQPListener connection consume poll /usr/lib/python3/dist-packages/oslo_messaging/_drivers/amqpdriver.py:357
2025-09-25 00:39:29.564 164594 DEBUG oslo_service.service [req-082e8bee-5930-4f4b-a1d5-60eee1b9f1b8 - - - - -] api_database.connection_trace = False log_opt_values /usr/lib/python3/dist-packages/oslo_config/cfg.py:2609
2025-09-25 00:39:29.564 164995 DEBUG oslo_messaging._drivers.amqpdriver [-] AMQPListener connection consume poll /usr/lib/python3/dist-packages/oslo_messaging/_drivers/amqpdriver.py:357
2025-09-25 00:39:29.564 164594 DEBUG oslo_service.service [req-082e8bee-5930-4f4b-a1d5-60eee1b9f1b8 - - - - -] api_database.db_inc_retry_interval = True log_opt_values /usr/lib/python3/dist-packages/oslo_config/cfg.py:2609
2025-09-25 00:39:29.564 164594 DEBUG oslo_service.service [req-082e8bee-5930-4f4b-a1d5-60eee1b9f1b8 - - - - -] api_database.db_max_retries = 20 log_opt_values /usr/lib/python3/dist-packages/oslo_config/cfg.py:2609
2025-09-25 00:39:29.565 164594 DEBUG oslo_service.service [req-082e8bee-5930-4f4b-a1d5-60eee1b9f1b8 - - - - -] api_database.db_max_retry_interval = 10 log_opt_values /usr/lib/python3/dist-packages/oslo_config/cfg.py:2609
2025-09-25 00:39:29.565 164594 DEBUG oslo_service.service [req-082e8bee-5930-4f4b-a1d5-60eee1b9f1b8 - - - - -] api_database.db_retry_interval = 1 log_opt_values /usr/lib/python3/dist-packages/oslo_config/cfg.py:2609
2025-09-25 00:39:29.565 164594 DEBUG oslo_service.service [req-082e8bee-5930-4f4b-a1d5-60eee1b9f1b8 - - - - -] api_database.max_overflow = 50 log_opt_values /usr/lib/python3/dist-packages/oslo_config/cfg.py:2609
2025-09-25 00:39:29.565 164594 DEBUG oslo_service.service [req-082e8bee-5930-4f4b-a1d5-60eee1b9f1b8 - - - - -] api_database.max_pool_size = 4 log_opt_values /usr/lib/python3/dist-packages/oslo_config/cfg.py:2609
2025-09-25 00:39:29.565 164594 DEBUG oslo_service.service [req-082e8bee-5930-4f4b-a1d5-60eee1b9f1b8 - - - - -] api_database.max_retries = 10 log_opt_values /usr/lib/python3/dist-packages/oslo_config/cfg.py:2609
2025-09-25 00:39:29.565 164594 DEBUG oslo_service.service [req-082e8bee-5930-4f4b-a1d5-60eee1b9f1b8 - - - - -] api_database.mysql_enable_ndb = False log_opt_values /usr/lib/python3/dist-packages/oslo_config/cfg.py:2609
2025-09-25 00:39:29.566 164594 DEBUG oslo_service.service [req-082e8bee-5930-4f4b-a1d5-60eee1b9f1b8 - - - - -] api_database.mysql_sql_mode = TRADITIONAL log_opt_values /usr/lib/python3/dist-packages/oslo_config/cfg.py:2609
2025-09-25 00:39:29.566 164594 DEBUG oslo_service.service [req-082e8bee-5930-4f4b-a1d5-60eee1b9f1b8 - - - - -] api_database.pool_timeout = None log_opt_values /usr/lib/python3/dist-packages/oslo_config/cfg.py:2609
2025-09-25 00:39:29.566 164594 DEBUG oslo_service.service [req-082e8bee-5930-4f4b-a1d5-60eee1b9f1b8 - - - - -] api_database.retry_interval = 10 log_opt_values /usr/lib/python3/dist-packages/oslo_config/cfg.py:2609
2025-09-25 00:39:29.566 164594 DEBUG oslo_service.service [req-082e8bee-5930-4f4b-a1d5-60eee1b9f1b8 - - - - -] api_database.slave_connection = **** log_opt_values /usr/lib/python3/dist-packages/oslo_config/cfg.py:2609
2025-09-25 00:39:29.566 164594 DEBUG oslo_service.service [req-082e8bee-5930-4f4b-a1d5-60eee1b9f1b8 - - - - -] api_database.sqlite_synchronous = True log_opt_values /usr/lib/python3/dist-packages/oslo_config/cfg.py:2609
2025-09-25 00:39:29.566 164594 DEBUG oslo_service.service [req-082e8bee-5930-4f4b-a1d5-60eee1b9f1b8 - - - - -] devices.enabled_mdev_types = [] log_opt_values /usr/lib/python3/dist-packages/oslo_config/cfg.py:2609
2025-09-25 00:39:29.567 164594 DEBUG oslo_service.service [req-082e8bee-5930-4f4b-a1d5-60eee1b9f1b8 - - - - -] ephemeral_storage_encryption.cipher = aes-xts-plain64 log_opt_values /usr/lib/python3/dist-packages/oslo_config/cfg.py:2609
2025-09-25 00:39:29.567 164594 DEBUG oslo_service.service [req-082e8bee-5930-4f4b-a1d5-60eee1b9f1b8 - - - - -] ephemeral_storage_encryption.enabled = False log_opt_values /usr/lib/python3/dist-packages/oslo_config/cfg.py:2609
2025-09-25 00:39:29.567 164594 DEBUG oslo_service.service [req-082e8bee-5930-4f4b-a1d5-60eee1b9f1b8 - - - - -] ephemeral_storage_encryption.key_size = 512 log_opt_values /usr/lib/python3/dist-packages/oslo_config/cfg.py:2609
2025-09-25 00:39:29.567 164594 WARNING oslo_config.cfg [req-082e8bee-5930-4f4b-a1d5-60eee1b9f1b8 - - - - -] Deprecated: Option "api_servers" from group "glance" is deprecated for removal ( Support for image service configuration via standard keystoneauth1 Adapter options was added in the 17.0.0 Queens release. The api_servers option was retained temporarily to allow consumers time to cut over to a real load balancing solution. ). Its value may be silently ignored in the future.
2025-09-25 00:39:29.570 164594 DEBUG oslo_service.service [req-082e8bee-5930-4f4b-a1d5-60eee1b9f1b8 - - - - -] glance.api_servers = ['http://252.57.104.167:9292'] log_opt_values /usr/lib/python3/dist-packages/oslo_config/cfg.py:2609
2025-09-25 00:39:29.570 164594 DEBUG oslo_service.service [req-082e8bee-5930-4f4b-a1d5-60eee1b9f1b8 - - - - -] glance.cafile = None log_opt_values /usr/lib/python3/dist-packages/oslo_config/cfg.py:2609
2025-09-25 00:39:29.571 164594 DEBUG oslo_service.service [req-082e8bee-5930-4f4b-a1d5-60eee1b9f1b8 - - - - -] glance.certfile = None log_opt_values /usr/lib/python3/dist-packages/oslo_config/cfg.py:2609
2025-09-25 00:39:29.571 164594 DEBUG oslo_service.service [req-082e8bee-5930-4f4b-a1d5-60eee1b9f1b8 - - - - -] glance.collect_timing = False log_opt_values /usr/lib/python3/dist-packages/oslo_config/cfg.py:2609
2025-09-25 00:39:29.571 164594 DEBUG oslo_service.service [req-082e8bee-5930-4f4b-a1d5-60eee1b9f1b8 - - - - -] glance.connect_retries = None log_opt_values /usr/lib/python3/dist-packages/oslo_config/cfg.py:2609
2025-09-25 00:39:29.571 164594 DEBUG oslo_service.service [req-082e8bee-5930-4f4b-a1d5-60eee1b9f1b8 - - - - -] glance.connect_retry_delay = None log_opt_values /usr/lib/python3/dist-packages/oslo_config/cfg.py:2609
2025-09-25 00:39:29.572 164594 DEBUG oslo_service.service [req-082e8bee-5930-4f4b-a1d5-60eee1b9f1b8 - - - - -] glance.debug = False log_opt_values /usr/lib/python3/dist-packages/oslo_config/cfg.py:2609
2025-09-25 00:39:29.572 164594 DEBUG oslo_service.service [req-082e8bee-5930-4f4b-a1d5-60eee1b9f1b8 - - - - -] glance.default_trusted_certificate_ids = [] log_opt_values /usr/lib/python3/dist-packages/oslo_config/cfg.py:2609
2025-09-25 00:39:29.572 164594 DEBUG oslo_service.service [req-082e8bee-5930-4f4b-a1d5-60eee1b9f1b8 - - - - -] glance.enable_certificate_validation = False log_opt_values /usr/lib/python3/dist-packages/oslo_config/cfg.py:2609
2025-09-25 00:39:29.572 164594 DEBUG oslo_service.service [req-082e8bee-5930-4f4b-a1d5-60eee1b9f1b8 - - - - -] glance.enable_rbd_download = False log_opt_values /usr/lib/python3/dist-packages/oslo_config/cfg.py:2609
2025-09-25 00:39:29.573 164594 DEBUG oslo_service.service [req-082e8bee-5930-4f4b-a1d5-60eee1b9f1b8 - - - - -] glance.endpoint_override = None log_opt_values /usr/lib/python3/dist-packages/oslo_config/cfg.py:2609
2025-09-25 00:39:29.573 164594 DEBUG oslo_service.service [req-082e8bee-5930-4f4b-a1d5-60eee1b9f1b8 - - - - -] glance.insecure = False log_opt_values /usr/lib/python3/dist-packages/oslo_config/cfg.py:2609
2025-09-25 00:39:29.573 164594 DEBUG oslo_service.service [req-082e8bee-5930-4f4b-a1d5-60eee1b9f1b8 - - - - -] glance.keyfile = None log_opt_values /usr/lib/python3/dist-packages/oslo_config/cfg.py:2609
2025-09-25 00:39:29.573 164594 DEBUG oslo_service.service [req-082e8bee-5930-4f4b-a1d5-60eee1b9f1b8 - - - - -] glance.max_version = None log_opt_values /usr/lib/python3/dist-packages/oslo_config/cfg.py:2609
2025-09-25 00:39:29.573 164594 DEBUG oslo_service.service [req-082e8bee-5930-4f4b-a1d5-60eee1b9f1b8 - - - - -] glance.min_version = None log_opt_values /usr/lib/python3/dist-packages/oslo_config/cfg.py:2609
2025-09-25 00:39:29.574 164594 DEBUG oslo_service.service [req-082e8bee-5930-4f4b-a1d5-60eee1b9f1b8 - - - - -] glance.num_retries = 3 log_opt_values /usr/lib/python3/dist-packages/oslo_config/cfg.py:2609
2025-09-25 00:39:29.574 164594 DEBUG oslo_service.service [req-082e8bee-5930-4f4b-a1d5-60eee1b9f1b8 - - - - -] glance.rbd_ceph_conf = log_opt_values /usr/lib/python3/dist-packages/oslo_config/cfg.py:2609
2025-09-25 00:39:29.574 164594 DEBUG oslo_service.service [req-082e8bee-5930-4f4b-a1d5-60eee1b9f1b8 - - - - -] glance.rbd_connect_timeout = 5 log_opt_values /usr/lib/python3/dist-packages/oslo_config/cfg.py:2609
2025-09-25 00:39:29.574 164594 DEBUG oslo_service.service [req-082e8bee-5930-4f4b-a1d5-60eee1b9f1b8 - - - - -] glance.rbd_pool = log_opt_values /usr/lib/python3/dist-packages/oslo_config/cfg.py:2609
2025-09-25 00:39:29.574 164594 DEBUG oslo_service.service [req-082e8bee-5930-4f4b-a1d5-60eee1b9f1b8 - - - - -] glance.rbd_user = log_opt_values /usr/lib/python3/dist-packages/oslo_config/cfg.py:2609
2025-09-25 00:39:29.575 164594 DEBUG oslo_service.service [req-082e8bee-5930-4f4b-a1d5-60eee1b9f1b8 - - - - -] glance.region_name = None log_opt_values /usr/lib/python3/dist-packages/oslo_config/cfg.py:2609
2025-09-25 00:39:29.575 164594 DEBUG oslo_service.service [req-082e8bee-5930-4f4b-a1d5-60eee1b9f1b8 - - - - -] glance.service_name = None log_opt_values /usr/lib/python3/dist-packages/oslo_config/cfg.py:2609
2025-09-25 00:39:29.575 164594 DEBUG oslo_service.service [req-082e8bee-5930-4f4b-a1d5-60eee1b9f1b8 - - - - -] glance.service_type = image log_opt_values /usr/lib/python3/dist-packages/oslo_config/cfg.py:2609
2025-09-25 00:39:29.575 164594 DEBUG oslo_service.service [req-082e8bee-5930-4f4b-a1d5-60eee1b9f1b8 - - - - -] glance.split_loggers = False log_opt_values /usr/lib/python3/dist-packages/oslo_config/cfg.py:2609
2025-09-25 00:39:29.576 164594 DEBUG oslo_service.service [req-082e8bee-5930-4f4b-a1d5-60eee1b9f1b8 - - - - -] glance.status_code_retries = None log_opt_values /usr/lib/python3/dist-packages/oslo_config/cfg.py:2609
2025-09-25 00:39:29.576 164594 DEBUG oslo_service.service [req-082e8bee-5930-4f4b-a1d5-60eee1b9f1b8 - - - - -] glance.status_code_retry_delay = None log_opt_values /usr/lib/python3/dist-packages/oslo_config/cfg.py:2609
