2025-09-25 01:35:17.876 7 DEBUG oslo_service.service [-] ml2_type_gre.tunnel_id_ranges = [] log_opt_values /var/lib/kolla/venv/lib/python3.6/site-packages/oslo_config/cfg.py:2611
2025-09-25 01:35:17.876 7 DEBUG oslo_service.service [-] ml2_type_vlan.network_vlan_ranges = [] log_opt_values /var/lib/kolla/venv/lib/python3.6/site-packages/oslo_config/cfg.py:2611
2025-09-25 01:35:17.876 7 DEBUG oslo_service.service [-] ml2_type_vxlan.vni_ranges = [] log_opt_values /var/lib/kolla/venv/lib/python3.6/site-packages/oslo_config/cfg.py:2611
2025-09-25 01:35:17.876 7 DEBUG oslo_service.service [-] ml2_type_vxlan.vxlan_group = None log_opt_values /var/lib/kolla/venv/lib/python3.6/site-packages/oslo_config/cfg.py:2611
2025-09-25 01:35:17.876 7 DEBUG oslo_service.service [-] database.backend = sqlalchemy log_opt_values /var/lib/kolla/venv/lib/python3.6/site-packages/oslo_config/cfg.py:2611
2025-09-25 01:35:17.876 7 DEBUG oslo_service.service [-] database.connection = **** log_opt_values /var/lib/kolla/venv/lib/python3.6/site-packages/oslo_config/cfg.py:2611
2025-09-25 01:35:17.876 7 DEBUG oslo_service.service [-] database.connection_debug = 0 log_opt_values /var/lib/kolla/venv/lib/python3.6/site-packages/oslo_config/cfg.py:2611
2025-09-25 01:35:17.876 7 DEBUG oslo_service.service [-] database.connection_parameters = log_opt_values /var/lib/kolla/venv/lib/python3.6/site-packages/oslo_config/cfg.py:2611
2025-09-25 01:35:17.876 7 DEBUG oslo_service.service [-] database.connection_recycle_time = 10 log_opt_values /var/lib/kolla/venv/lib/python3.6/site-packages/oslo_config/cfg.py:2611
2025-09-25 01:35:17.876 7 DEBUG oslo_service.service [-] database.connection_trace = False log_opt_values /var/lib/kolla/venv/lib/python3.6/site-packages/oslo_config/cfg.py:2611
2025-09-25 01:35:17.876 7 DEBUG oslo_service.service [-] database.db_inc_retry_interval = True log_opt_values /var/lib/kolla/venv/lib/python3.6/site-packages/oslo_config/cfg.py:2611
2025-09-25 01:35:17.876 7 DEBUG oslo_service.service [-] database.db_max_retries = 20 log_opt_values /var/lib/kolla/venv/lib/python3.6/site-packages/oslo_config/cfg.py:2611
2025-09-25 01:35:17.876 7 DEBUG oslo_service.service [-] database.db_max_retry_interval = 10 log_opt_values /var/lib/kolla/venv/lib/python3.6/site-packages/oslo_config/cfg.py:2611
2025-09-25 01:35:17.876 7 DEBUG oslo_service.service [-] database.db_retry_interval = 1 log_opt_values /var/lib/kolla/venv/lib/python3.6/site-packages/oslo_config/cfg.py:2611
2025-09-25 01:35:17.877 7 DEBUG oslo_service.service [-] database.max_overflow = 50 log_opt_values /var/lib/kolla/venv/lib/python3.6/site-packages/oslo_config/cfg.py:2611
2025-09-25 01:35:17.877 7 DEBUG oslo_service.service [-] database.max_pool_size = 1 log_opt_values /var/lib/kolla/venv/lib/python3.6/site-packages/oslo_config/cfg.py:2611
2025-09-25 01:35:17.877 7 DEBUG oslo_service.service [-] database.max_retries = -1 log_opt_values /var/lib/kolla/venv/lib/python3.6/site-packages/oslo_config/cfg.py:2611
2025-09-25 01:35:17.877 7 DEBUG oslo_service.service [-] database.mysql_enable_ndb = False log_opt_values /var/lib/kolla/venv/lib/python3.6/site-packages/oslo_config/cfg.py:2611
2025-09-25 01:35:17.877 7 DEBUG oslo_service.service [-] database.mysql_sql_mode = TRADITIONAL log_opt_values /var/lib/kolla/venv/lib/python3.6/site-packages/oslo_config/cfg.py:2611
2025-09-25 01:35:17.877 7 DEBUG oslo_service.service [-] database.pool_timeout = None log_opt_values /var/lib/kolla/venv/lib/python3.6/site-packages/oslo_config/cfg.py:2611
2025-09-25 01:35:17.877 7 DEBUG oslo_service.service [-] database.retry_interval = 10 log_opt_values /var/lib/kolla/venv/lib/python3.6/site-packages/oslo_config/cfg.py:2611
2025-09-25 01:35:17.877 7 DEBUG oslo_service.service [-] database.slave_connection = **** log_opt_values /var/lib/kolla/venv/lib/python3.6/site-packages/oslo_config/cfg.py:2611
2025-09-25 01:35:17.877 7 DEBUG oslo_service.service [-] database.sqlite_synchronous = True log_opt_values /var/lib/kolla/venv/lib/python3.6/site-packages/oslo_config/cfg.py:2611
2025-09-25 01:35:17.877 7 DEBUG oslo_service.service [-] database.use_db_reconnect = False log_opt_values /var/lib/kolla/venv/lib/python3.6/site-packages/oslo_config/cfg.py:2611
2025-09-25 01:35:17.877 7 DEBUG oslo_service.service [-] ******************************************************************************** log_opt_values /var/lib/kolla/venv/lib/python3.6/site-packages/oslo_config/cfg.py:2613
2025-09-25 01:35:19.352 22 DEBUG neutron.wsgi [-] (22) accepted ('10.0.0.254', 43642) server /var/lib/kolla/venv/lib/python3.6/site-packages/eventlet/wsgi.py:1004
2025-09-25 01:35:19.359 22 INFO neutron.wsgi [-] 10.0.0.254 "GET / HTTP/1.1" status: 200 len: 228 time: 0.0056119
2025-09-25 01:35:21.921 23 DEBUG neutron.api.rpc.handlers.dhcp_rpc [req-50ab2147-67df-4893-89fd-514dc46e4bc0 - - - - -] get_active_networks_info from cn-jenkins-deploy-platform-ansible-os-4187-1 get_active_networks_info /var/lib/kolla/venv/lib/python3.6/site-packages/neutron/api/rpc/handlers/dhcp_rpc.py:159
2025-09-25 01:35:21.946 26 DEBUG neutron_lib.callbacks.manager [req-913947da-1bcc-4cf0-9370-2bc50e1d488e - - - - -] Publish callbacks ['neutron.services.segments.db._update_segment_host_mapping_for_agent-8792754959987', 'neutron.services.l3_router.l3_router_plugin.DVRResourceOperationHandler.create_fip_agent_gw_ports-595971'] for agent (a5d63a18-0baf-45f5-a7d9-0e8377c89edd), after_create _notify_loop /var/lib/kolla/venv/lib/python3.6/site-packages/neutron_lib/callbacks/manager.py:177
2025-09-25 01:35:21.960 23 DEBUG neutron.scheduler.dhcp_agent_scheduler [req-50ab2147-67df-4893-89fd-514dc46e4bc0 - - - - -] No non-hosted networks auto_schedule_networks /var/lib/kolla/venv/lib/python3.6/site-packages/neutron/scheduler/dhcp_agent_scheduler.py:60
2025-09-25 01:35:39.180 27 DEBUG neutron_lib.callbacks.manager [req-62529ba6-d1e2-4b0c-9fa9-cf3aa2fb5e9e - - - - -] Publish callbacks ['neutron.services.segments.db._update_segment_host_mapping_for_agent-8792754959987', 'neutron.services.l3_router.l3_router_plugin.DVRResourceOperationHandler.create_fip_agent_gw_ports-595971'] for agent (e2c41f4b-e9c5-4507-9d3b-89ac090d611b), after_create _notify_loop /var/lib/kolla/venv/lib/python3.6/site-packages/neutron_lib/callbacks/manager.py:177
2025-09-25 01:35:49.405 22 DEBUG neutron.wsgi [-] (22) accepted ('10.0.0.254', 47748) server /var/lib/kolla/venv/lib/python3.6/site-packages/eventlet/wsgi.py:1004
2025-09-25 01:35:49.409 22 INFO neutron.wsgi [-] 10.0.0.254 "GET / HTTP/1.1" status: 200 len: 228 time: 0.0035176
2025-09-25 01:35:51.937 28 DEBUG neutron_lib.callbacks.manager [req-63f0f521-f740-4bbd-bd2f-816128131d6e - - - - -] Publish callbacks ['neutron.services.segments.db._update_segment_host_mapping_for_agent-8792754959987', 'neutron.plugins.ml2.plugin.Ml2Plugin._retry_binding_revived_agents-1319646'] for agent (a5d63a18-0baf-45f5-a7d9-0e8377c89edd), after_update _notify_loop /var/lib/kolla/venv/lib/python3.6/site-packages/neutron_lib/callbacks/manager.py:177
2025-09-25 01:36:09.157 23 DEBUG neutron_lib.callbacks.manager [req-62529ba6-d1e2-4b0c-9fa9-cf3aa2fb5e9e - - - - -] Publish callbacks ['neutron.services.segments.db._update_segment_host_mapping_for_agent-8792754959987', 'neutron.plugins.ml2.plugin.Ml2Plugin._retry_binding_revived_agents-1319646'] for agent (e2c41f4b-e9c5-4507-9d3b-89ac090d611b), after_update _notify_loop /var/lib/kolla/venv/lib/python3.6/site-packages/neutron_lib/callbacks/manager.py:177
2025-09-25 01:36:19.455 22 DEBUG neutron.wsgi [-] (22) accepted ('10.0.0.254', 46120) server /var/lib/kolla/venv/lib/python3.6/site-packages/eventlet/wsgi.py:1004
2025-09-25 01:36:19.459 22 INFO neutron.wsgi [-] 10.0.0.254 "GET / HTTP/1.1" status: 200 len: 228 time: 0.0030708
2025-09-25 01:36:21.934 24 DEBUG neutron_lib.callbacks.manager [req-7c63a2fc-1db9-45b9-ad31-dd6177f4cb18 - - - - -] Publish callbacks ['neutron.services.segments.db._update_segment_host_mapping_for_agent-8792754959987', 'neutron.plugins.ml2.plugin.Ml2Plugin._retry_binding_revived_agents-1319646'] for agent (a5d63a18-0baf-45f5-a7d9-0e8377c89edd), after_update _notify_loop /var/lib/kolla/venv/lib/python3.6/site-packages/neutron_lib/callbacks/manager.py:177
2025-09-25 01:36:30.824 29 DEBUG neutron.db.agents_db [req-e79fb9ea-2dbb-441e-80dc-017aa6abf1e2 - - - - -] Agent healthcheck: found 2 active agents agent_health_check /var/lib/kolla/venv/lib/python3.6/site-packages/neutron/db/agents_db.py:318
2025-09-25 01:36:39.169 25 DEBUG neutron_lib.callbacks.manager [req-62529ba6-d1e2-4b0c-9fa9-cf3aa2fb5e9e - - - - -] Publish callbacks ['neutron.services.segments.db._update_segment_host_mapping_for_agent-8792754959987', 'neutron.plugins.ml2.plugin.Ml2Plugin._retry_binding_revived_agents-1319646'] for agent (e2c41f4b-e9c5-4507-9d3b-89ac090d611b), after_update _notify_loop /var/lib/kolla/venv/lib/python3.6/site-packages/neutron_lib/callbacks/manager.py:177
2025-09-25 01:36:49.508 22 DEBUG neutron.wsgi [-] (22) accepted ('10.0.0.254', 53824) server /var/lib/kolla/venv/lib/python3.6/site-packages/eventlet/wsgi.py:1004
2025-09-25 01:36:49.511 22 INFO neutron.wsgi [-] 10.0.0.254 "GET / HTTP/1.1" status: 200 len: 228 time: 0.0029459
2025-09-25 01:36:51.917 26 DEBUG neutron_lib.callbacks.manager [req-6552e301-b33c-4113-95c4-6517b5411b51 - - - - -] Publish callbacks ['neutron.services.segments.db._update_segment_host_mapping_for_agent-8792754959987', 'neutron.plugins.ml2.plugin.Ml2Plugin._retry_binding_revived_agents-1319646'] for agent (a5d63a18-0baf-45f5-a7d9-0e8377c89edd), after_update _notify_loop /var/lib/kolla/venv/lib/python3.6/site-packages/neutron_lib/callbacks/manager.py:177
2025-09-25 01:37:07.825 29 DEBUG neutron.db.agents_db [req-e79fb9ea-2dbb-441e-80dc-017aa6abf1e2 - - - - -] Agent healthcheck: found 2 active agents agent_health_check /var/lib/kolla/venv/lib/python3.6/site-packages/neutron/db/agents_db.py:318
2025-09-25 01:37:09.162 27 DEBUG neutron_lib.callbacks.manager [req-62529ba6-d1e2-4b0c-9fa9-cf3aa2fb5e9e - - - - -] Publish callbacks ['neutron.services.segments.db._update_segment_host_mapping_for_agent-8792754959987', 'neutron.plugins.ml2.plugin.Ml2Plugin._retry_binding_revived_agents-1319646'] for agent (e2c41f4b-e9c5-4507-9d3b-89ac090d611b), after_update _notify_loop /var/lib/kolla/venv/lib/python3.6/site-packages/neutron_lib/callbacks/manager.py:177
2025-09-25 01:37:19.559 22 DEBUG neutron.wsgi [-] (22) accepted ('10.0.0.254', 53594) server /var/lib/kolla/venv/lib/python3.6/site-packages/eventlet/wsgi.py:1004
2025-09-25 01:37:19.562 22 INFO neutron.wsgi [-] 10.0.0.254 "GET / HTTP/1.1" status: 200 len: 228 time: 0.0030587
2025-09-25 01:37:21.913 28 DEBUG neutron_lib.callbacks.manager [req-35b9a526-b431-4ec9-96ca-e4e7cbe4e7e6 - - - - -] Publish callbacks ['neutron.services.segments.db._update_segment_host_mapping_for_agent-8792754959987', 'neutron.plugins.ml2.plugin.Ml2Plugin._retry_binding_revived_agents-1319646'] for agent (a5d63a18-0baf-45f5-a7d9-0e8377c89edd), after_update _notify_loop /var/lib/kolla/venv/lib/python3.6/site-packages/neutron_lib/callbacks/manager.py:177
2025-09-25 01:37:39.158 23 DEBUG neutron_lib.callbacks.manager [req-62529ba6-d1e2-4b0c-9fa9-cf3aa2fb5e9e - - - - -] Publish callbacks ['neutron.services.segments.db._update_segment_host_mapping_for_agent-8792754959987', 'neutron.plugins.ml2.plugin.Ml2Plugin._retry_binding_revived_agents-1319646'] for agent (e2c41f4b-e9c5-4507-9d3b-89ac090d611b), after_update _notify_loop /var/lib/kolla/venv/lib/python3.6/site-packages/neutron_lib/callbacks/manager.py:177
2025-09-25 01:37:44.823 29 DEBUG neutron.db.agents_db [req-e79fb9ea-2dbb-441e-80dc-017aa6abf1e2 - - - - -] Agent healthcheck: found 2 active agents agent_health_check /var/lib/kolla/venv/lib/python3.6/site-packages/neutron/db/agents_db.py:318
2025-09-25 01:37:49.606 22 DEBUG neutron.wsgi [-] (22) accepted ('10.0.0.254', 52792) server /var/lib/kolla/venv/lib/python3.6/site-packages/eventlet/wsgi.py:1004
2025-09-25 01:37:49.610 22 INFO neutron.wsgi [-] 10.0.0.254 "GET / HTTP/1.1" status: 200 len: 228 time: 0.0029399
2025-09-25 01:37:51.919 24 DEBUG neutron_lib.callbacks.manager [req-8dcb4334-e532-47a3-9d4f-af0b9bebc59b - - - - -] Publish callbacks ['neutron.services.segments.db._update_segment_host_mapping_for_agent-8792754959987', 'neutron.plugins.ml2.plugin.Ml2Plugin._retry_binding_revived_agents-1319646'] for agent (a5d63a18-0baf-45f5-a7d9-0e8377c89edd), after_update _notify_loop /var/lib/kolla/venv/lib/python3.6/site-packages/neutron_lib/callbacks/manager.py:177
2025-09-25 01:38:09.161 25 DEBUG neutron_lib.callbacks.manager [req-62529ba6-d1e2-4b0c-9fa9-cf3aa2fb5e9e - - - - -] Publish callbacks ['neutron.services.segments.db._update_segment_host_mapping_for_agent-8792754959987', 'neutron.plugins.ml2.plugin.Ml2Plugin._retry_binding_revived_agents-1319646'] for agent (e2c41f4b-e9c5-4507-9d3b-89ac090d611b), after_update _notify_loop /var/lib/kolla/venv/lib/python3.6/site-packages/neutron_lib/callbacks/manager.py:177
2025-09-25 01:38:19.658 22 DEBUG neutron.wsgi [-] (22) accepted ('10.0.0.254', 47116) server /var/lib/kolla/venv/lib/python3.6/site-packages/eventlet/wsgi.py:1004
2025-09-25 01:38:19.661 22 INFO neutron.wsgi [-] 10.0.0.254 "GET / HTTP/1.1" status: 200 len: 228 time: 0.0027187
2025-09-25 01:38:21.822 29 DEBUG neutron.db.agents_db [req-e79fb9ea-2dbb-441e-80dc-017aa6abf1e2 - - - - -] Agent healthcheck: found 2 active agents agent_health_check /var/lib/kolla/venv/lib/python3.6/site-packages/neutron/db/agents_db.py:318
2025-09-25 01:38:21.914 26 DEBUG neutron_lib.callbacks.manager [req-fd943208-e75f-433a-89aa-4c3acd525e49 - - - - -] Publish callbacks ['neutron.services.segments.db._update_segment_host_mapping_for_agent-8792754959987', 'neutron.plugins.ml2.plugin.Ml2Plugin._retry_binding_revived_agents-1319646'] for agent (a5d63a18-0baf-45f5-a7d9-0e8377c89edd), after_update _notify_loop /var/lib/kolla/venv/lib/python3.6/site-packages/neutron_lib/callbacks/manager.py:177
2025-09-25 01:38:39.163 27 DEBUG neutron_lib.callbacks.manager [req-62529ba6-d1e2-4b0c-9fa9-cf3aa2fb5e9e - - - - -] Publish callbacks ['neutron.services.segments.db._update_segment_host_mapping_for_agent-8792754959987', 'neutron.plugins.ml2.plugin.Ml2Plugin._retry_binding_revived_agents-1319646'] for agent (e2c41f4b-e9c5-4507-9d3b-89ac090d611b), after_update _notify_loop /var/lib/kolla/venv/lib/python3.6/site-packages/neutron_lib/callbacks/manager.py:177
2025-09-25 01:38:49.708 22 DEBUG neutron.wsgi [-] (22) accepted ('10.0.0.254', 36544) server /var/lib/kolla/venv/lib/python3.6/site-packages/eventlet/wsgi.py:1004
2025-09-25 01:38:49.712 22 INFO neutron.wsgi [-] 10.0.0.254 "GET / HTTP/1.1" status: 200 len: 228 time: 0.0028989
2025-09-25 01:38:51.910 28 DEBUG neutron_lib.callbacks.manager [req-495e50ab-3d82-40be-912a-bd40877bc4b6 - - - - -] Publish callbacks ['neutron.services.segments.db._update_segment_host_mapping_for_agent-8792754959987', 'neutron.plugins.ml2.plugin.Ml2Plugin._retry_binding_revived_agents-1319646'] for agent (a5d63a18-0baf-45f5-a7d9-0e8377c89edd), after_update _notify_loop /var/lib/kolla/venv/lib/python3.6/site-packages/neutron_lib/callbacks/manager.py:177
2025-09-25 01:38:58.818 29 DEBUG neutron.db.agents_db [req-e79fb9ea-2dbb-441e-80dc-017aa6abf1e2 - - - - -] Agent healthcheck: found 2 active agents agent_health_check /var/lib/kolla/venv/lib/python3.6/site-packages/neutron/db/agents_db.py:318
2025-09-25 01:39:09.166 23 DEBUG neutron_lib.callbacks.manager [req-62529ba6-d1e2-4b0c-9fa9-cf3aa2fb5e9e - - - - -] Publish callbacks ['neutron.services.segments.db._update_segment_host_mapping_for_agent-8792754959987', 'neutron.plugins.ml2.plugin.Ml2Plugin._retry_binding_revived_agents-1319646'] for agent (e2c41f4b-e9c5-4507-9d3b-89ac090d611b), after_update _notify_loop /var/lib/kolla/venv/lib/python3.6/site-packages/neutron_lib/callbacks/manager.py:177
2025-09-25 01:39:19.758 22 DEBUG neutron.wsgi [-] (22) accepted ('10.0.0.254', 42312) server /var/lib/kolla/venv/lib/python3.6/site-packages/eventlet/wsgi.py:1004
2025-09-25 01:39:19.762 22 INFO neutron.wsgi [-] 10.0.0.254 "GET / HTTP/1.1" status: 200 len: 228 time: 0.0027394
2025-09-25 01:39:21.908 24 DEBUG neutron_lib.callbacks.manager [req-591da430-6581-4e98-82eb-8818d69000c5 - - - - -] Publish callbacks ['neutron.services.segments.db._update_segment_host_mapping_for_agent-8792754959987', 'neutron.plugins.ml2.plugin.Ml2Plugin._retry_binding_revived_agents-1319646'] for agent (a5d63a18-0baf-45f5-a7d9-0e8377c89edd), after_update _notify_loop /var/lib/kolla/venv/lib/python3.6/site-packages/neutron_lib/callbacks/manager.py:177
2025-09-25 01:39:35.827 29 DEBUG neutron.db.agents_db [req-e79fb9ea-2dbb-441e-80dc-017aa6abf1e2 - - - - -] Agent healthcheck: found 2 active agents agent_health_check /var/lib/kolla/venv/lib/python3.6/site-packages/neutron/db/agents_db.py:318
2025-09-25 01:39:39.170 25 DEBUG neutron_lib.callbacks.manager [req-62529ba6-d1e2-4b0c-9fa9-cf3aa2fb5e9e - - - - -] Publish callbacks ['neutron.services.segments.db._update_segment_host_mapping_for_agent-8792754959987', 'neutron.plugins.ml2.plugin.Ml2Plugin._retry_binding_revived_agents-1319646'] for agent (e2c41f4b-e9c5-4507-9d3b-89ac090d611b), after_update _notify_loop /var/lib/kolla/venv/lib/python3.6/site-packages/neutron_lib/callbacks/manager.py:177
2025-09-25 01:39:49.810 22 DEBUG neutron.wsgi [-] (22) accepted ('10.0.0.254', 48586) server /var/lib/kolla/venv/lib/python3.6/site-packages/eventlet/wsgi.py:1004
2025-09-25 01:39:49.833 22 INFO neutron.wsgi [-] 10.0.0.254 "GET / HTTP/1.1" status: 200 len: 228 time: 0.0048118
2025-09-25 01:39:51.904 26 DEBUG neutron_lib.callbacks.manager [req-156a49bd-3758-44ff-ab6e-8c5202c58cb0 - - - - -] Publish callbacks ['neutron.services.segments.db._update_segment_host_mapping_for_agent-8792754959987', 'neutron.plugins.ml2.plugin.Ml2Plugin._retry_binding_revived_agents-1319646'] for agent (a5d63a18-0baf-45f5-a7d9-0e8377c89edd), after_update _notify_loop /var/lib/kolla/venv/lib/python3.6/site-packages/neutron_lib/callbacks/manager.py:177
2025-09-25 01:40:09.171 27 DEBUG neutron_lib.callbacks.manager [req-62529ba6-d1e2-4b0c-9fa9-cf3aa2fb5e9e - - - - -] Publish callbacks ['neutron.services.segments.db._update_segment_host_mapping_for_agent-8792754959987', 'neutron.plugins.ml2.plugin.Ml2Plugin._retry_binding_revived_agents-1319646'] for agent (e2c41f4b-e9c5-4507-9d3b-89ac090d611b), after_update _notify_loop /var/lib/kolla/venv/lib/python3.6/site-packages/neutron_lib/callbacks/manager.py:177
2025-09-25 01:40:12.838 29 DEBUG neutron.db.agents_db [req-e79fb9ea-2dbb-441e-80dc-017aa6abf1e2 - - - - -] Agent healthcheck: found 2 active agents agent_health_check /var/lib/kolla/venv/lib/python3.6/site-packages/neutron/db/agents_db.py:318
2025-09-25 01:40:19.879 22 DEBUG neutron.wsgi [-] (22) accepted ('10.0.0.254', 41670) server /var/lib/kolla/venv/lib/python3.6/site-packages/eventlet/wsgi.py:1004
2025-09-25 01:40:19.882 22 INFO neutron.wsgi [-] 10.0.0.254 "GET / HTTP/1.1" status: 200 len: 228 time: 0.0027969
2025-09-25 01:40:21.900 28 DEBUG neutron_lib.callbacks.manager [req-2abccef9-048a-4039-990c-1b6e8a8ae2bd - - - - -] Publish callbacks ['neutron.services.segments.db._update_segment_host_mapping_for_agent-8792754959987', 'neutron.plugins.ml2.plugin.Ml2Plugin._retry_binding_revived_agents-1319646'] for agent (a5d63a18-0baf-45f5-a7d9-0e8377c89edd), after_update _notify_loop /var/lib/kolla/venv/lib/python3.6/site-packages/neutron_lib/callbacks/manager.py:177
2025-09-25 01:40:39.174 23 DEBUG neutron_lib.callbacks.manager [req-62529ba6-d1e2-4b0c-9fa9-cf3aa2fb5e9e - - - - -] Publish callbacks ['neutron.services.segments.db._update_segment_host_mapping_for_agent-8792754959987', 'neutron.plugins.ml2.plugin.Ml2Plugin._retry_binding_revived_agents-1319646'] for agent (e2c41f4b-e9c5-4507-9d3b-89ac090d611b), after_update _notify_loop /var/lib/kolla/venv/lib/python3.6/site-packages/neutron_lib/callbacks/manager.py:177
2025-09-25 01:40:49.835 29 DEBUG neutron.db.agents_db [req-e79fb9ea-2dbb-441e-80dc-017aa6abf1e2 - - - - -] Agent healthcheck: found 2 active agents agent_health_check /var/lib/kolla/venv/lib/python3.6/site-packages/neutron/db/agents_db.py:318
2025-09-25 01:40:49.929 22 DEBUG neutron.wsgi [-] (22) accepted ('10.0.0.254', 45244) server /var/lib/kolla/venv/lib/python3.6/site-packages/eventlet/wsgi.py:1004
2025-09-25 01:40:49.933 22 INFO neutron.wsgi [-] 10.0.0.254 "GET / HTTP/1.1" status: 200 len: 228 time: 0.0033631
2025-09-25 01:40:52.010 24 DEBUG neutron_lib.callbacks.manager [req-3a0ebb42-ce25-4dea-883d-12370958e492 - - - - -] Publish callbacks ['neutron.services.segments.db._update_segment_host_mapping_for_agent-8792754959987', 'neutron.plugins.ml2.plugin.Ml2Plugin._retry_binding_revived_agents-1319646'] for agent (a5d63a18-0baf-45f5-a7d9-0e8377c89edd), after_update _notify_loop /var/lib/kolla/venv/lib/python3.6/site-packages/neutron_lib/callbacks/manager.py:177
2025-09-25 01:41:09.175 25 DEBUG neutron_lib.callbacks.manager [req-62529ba6-d1e2-4b0c-9fa9-cf3aa2fb5e9e - - - - -] Publish callbacks ['neutron.services.segments.db._update_segment_host_mapping_for_agent-8792754959987', 'neutron.plugins.ml2.plugin.Ml2Plugin._retry_binding_revived_agents-1319646'] for agent (e2c41f4b-e9c5-4507-9d3b-89ac090d611b), after_update _notify_loop /var/lib/kolla/venv/lib/python3.6/site-packages/neutron_lib/callbacks/manager.py:177
2025-09-25 01:41:19.979 22 DEBUG neutron.wsgi [-] (22) accepted ('10.0.0.254', 53092) server /var/lib/kolla/venv/lib/python3.6/site-packages/eventlet/wsgi.py:1004
2025-09-25 01:41:19.982 22 INFO neutron.wsgi [-] 10.0.0.254 "GET / HTTP/1.1" status: 200 len: 228 time: 0.0026469
2025-09-25 01:41:21.895 26 DEBUG neutron_lib.callbacks.manager [req-01c49470-0e55-4d67-a242-1366b2980a56 - - - - -] Publish callbacks ['neutron.services.segments.db._update_segment_host_mapping_for_agent-8792754959987', 'neutron.plugins.ml2.plugin.Ml2Plugin._retry_binding_revived_agents-1319646'] for agent (a5d63a18-0baf-45f5-a7d9-0e8377c89edd), after_update _notify_loop /var/lib/kolla/venv/lib/python3.6/site-packages/neutron_lib/callbacks/manager.py:177
2025-09-25 01:41:26.842 29 DEBUG neutron.db.agents_db [req-e79fb9ea-2dbb-441e-80dc-017aa6abf1e2 - - - - -] Agent healthcheck: found 2 active agents agent_health_check /var/lib/kolla/venv/lib/python3.6/site-packages/neutron/db/agents_db.py:318
2025-09-25 01:41:39.276 27 DEBUG neutron_lib.callbacks.manager [req-62529ba6-d1e2-4b0c-9fa9-cf3aa2fb5e9e - - - - -] Publish callbacks ['neutron.services.segments.db._update_segment_host_mapping_for_agent-8792754959987', 'neutron.plugins.ml2.plugin.Ml2Plugin._retry_binding_revived_agents-1319646'] for agent (e2c41f4b-e9c5-4507-9d3b-89ac090d611b), after_update _notify_loop /var/lib/kolla/venv/lib/python3.6/site-packages/neutron_lib/callbacks/manager.py:177
2025-09-25 01:41:50.028 22 DEBUG neutron.wsgi [-] (22) accepted ('10.0.0.254', 55806) server /var/lib/kolla/venv/lib/python3.6/site-packages/eventlet/wsgi.py:1004
2025-09-25 01:41:50.032 22 INFO neutron.wsgi [-] 10.0.0.254 "GET / HTTP/1.1" status: 200 len: 228 time: 0.0026584
2025-09-25 01:41:51.900 28 DEBUG neutron_lib.callbacks.manager [req-ac0ac116-bce8-4e74-b713-ea3d308672a7 - - - - -] Publish callbacks ['neutron.services.segments.db._update_segment_host_mapping_for_agent-8792754959987', 'neutron.plugins.ml2.plugin.Ml2Plugin._retry_binding_revived_agents-1319646'] for agent (a5d63a18-0baf-45f5-a7d9-0e8377c89edd), after_update _notify_loop /var/lib/kolla/venv/lib/python3.6/site-packages/neutron_lib/callbacks/manager.py:177
2025-09-25 01:42:03.849 29 DEBUG neutron.db.agents_db [req-e79fb9ea-2dbb-441e-80dc-017aa6abf1e2 - - - - -] Agent healthcheck: found 2 active agents agent_health_check /var/lib/kolla/venv/lib/python3.6/site-packages/neutron/db/agents_db.py:318
2025-09-25 01:42:09.180 23 DEBUG neutron_lib.callbacks.manager [req-62529ba6-d1e2-4b0c-9fa9-cf3aa2fb5e9e - - - - -] Publish callbacks ['neutron.services.segments.db._update_segment_host_mapping_for_agent-8792754959987', 'neutron.plugins.ml2.plugin.Ml2Plugin._retry_binding_revived_agents-1319646'] for agent (e2c41f4b-e9c5-4507-9d3b-89ac090d611b), after_update _notify_loop /var/lib/kolla/venv/lib/python3.6/site-packages/neutron_lib/callbacks/manager.py:177
2025-09-25 01:42:20.080 22 DEBUG neutron.wsgi [-] (22) accepted ('10.0.0.254', 35830) server /var/lib/kolla/venv/lib/python3.6/site-packages/eventlet/wsgi.py:1004
2025-09-25 01:42:20.084 22 INFO neutron.wsgi [-] 10.0.0.254 "GET / HTTP/1.1" status: 200 len: 228 time: 0.0031803
2025-09-25 01:42:21.906 24 DEBUG neutron_lib.callbacks.manager [req-b0879192-8038-4abd-8e12-d308884d6c9b - - - - -] Publish callbacks ['neutron.services.segments.db._update_segment_host_mapping_for_agent-8792754959987', 'neutron.plugins.ml2.plugin.Ml2Plugin._retry_binding_revived_agents-1319646'] for agent (a5d63a18-0baf-45f5-a7d9-0e8377c89edd), after_update _notify_loop /var/lib/kolla/venv/lib/python3.6/site-packages/neutron_lib/callbacks/manager.py:177
2025-09-25 01:42:39.183 25 DEBUG neutron_lib.callbacks.manager [req-62529ba6-d1e2-4b0c-9fa9-cf3aa2fb5e9e - - - - -] Publish callbacks ['neutron.services.segments.db._update_segment_host_mapping_for_agent-8792754959987', 'neutron.plugins.ml2.plugin.Ml2Plugin._retry_binding_revived_agents-1319646'] for agent (e2c41f4b-e9c5-4507-9d3b-89ac090d611b), after_update _notify_loop /var/lib/kolla/venv/lib/python3.6/site-packages/neutron_lib/callbacks/manager.py:177
2025-09-25 01:42:40.848 29 DEBUG neutron.db.agents_db [req-e79fb9ea-2dbb-441e-80dc-017aa6abf1e2 - - - - -] Agent healthcheck: found 2 active agents agent_health_check /var/lib/kolla/venv/lib/python3.6/site-packages/neutron/db/agents_db.py:318
2025-09-25 01:42:50.133 22 DEBUG neutron.wsgi [-] (22) accepted ('10.0.0.254', 47474) server /var/lib/kolla/venv/lib/python3.6/site-packages/eventlet/wsgi.py:1004
2025-09-25 01:42:50.136 22 INFO neutron.wsgi [-] 10.0.0.254 "GET / HTTP/1.1" status: 200 len: 228 time: 0.0026836
2025-09-25 01:42:51.902 26 DEBUG neutron_lib.callbacks.manager [req-115635b3-1e4c-4999-b135-81a80aa110a9 - - - - -] Publish callbacks ['neutron.services.segments.db._update_segment_host_mapping_for_agent-8792754959987', 'neutron.plugins.ml2.plugin.Ml2Plugin._retry_binding_revived_agents-1319646'] for agent (a5d63a18-0baf-45f5-a7d9-0e8377c89edd), after_update _notify_loop /var/lib/kolla/venv/lib/python3.6/site-packages/neutron_lib/callbacks/manager.py:177
2025-09-25 01:43:09.190 27 DEBUG neutron_lib.callbacks.manager [req-62529ba6-d1e2-4b0c-9fa9-cf3aa2fb5e9e - - - - -] Publish callbacks ['neutron.services.segments.db._update_segment_host_mapping_for_agent-8792754959987', 'neutron.plugins.ml2.plugin.Ml2Plugin._retry_binding_revived_agents-1319646'] for agent (e2c41f4b-e9c5-4507-9d3b-89ac090d611b), after_update _notify_loop /var/lib/kolla/venv/lib/python3.6/site-packages/neutron_lib/callbacks/manager.py:177
2025-09-25 01:43:17.845 29 DEBUG neutron.db.agents_db [req-e79fb9ea-2dbb-441e-80dc-017aa6abf1e2 - - - - -] Agent healthcheck: found 2 active agents agent_health_check /var/lib/kolla/venv/lib/python3.6/site-packages/neutron/db/agents_db.py:318
2025-09-25 01:43:20.192 22 DEBUG neutron.wsgi [-] (22) accepted ('10.0.0.254', 34994) server /var/lib/kolla/venv/lib/python3.6/site-packages/eventlet/wsgi.py:1004
2025-09-25 01:43:20.196 22 INFO neutron.wsgi [-] 10.0.0.254 "GET / HTTP/1.1" status: 200 len: 228 time: 0.0034354
2025-09-25 01:43:21.909 28 DEBUG neutron_lib.callbacks.manager [req-c1819c94-3362-4b34-827c-e0c1c0890f52 - - - - -] Publish callbacks ['neutron.services.segments.db._update_segment_host_mapping_for_agent-8792754959987', 'neutron.plugins.ml2.plugin.Ml2Plugin._retry_binding_revived_agents-1319646'] for agent (a5d63a18-0baf-45f5-a7d9-0e8377c89edd), after_update _notify_loop /var/lib/kolla/venv/lib/python3.6/site-packages/neutron_lib/callbacks/manager.py:177
2025-09-25 01:43:39.186 23 DEBUG neutron_lib.callbacks.manager [req-62529ba6-d1e2-4b0c-9fa9-cf3aa2fb5e9e - - - - -] Publish callbacks ['neutron.services.segments.db._update_segment_host_mapping_for_agent-8792754959987', 'neutron.plugins.ml2.plugin.Ml2Plugin._retry_binding_revived_agents-1319646'] for agent (e2c41f4b-e9c5-4507-9d3b-89ac090d611b), after_update _notify_loop /var/lib/kolla/venv/lib/python3.6/site-packages/neutron_lib/callbacks/manager.py:177
2025-09-25 01:43:50.246 22 DEBUG neutron.wsgi [-] (22) accepted ('10.0.0.254', 43782) server /var/lib/kolla/venv/lib/python3.6/site-packages/eventlet/wsgi.py:1004
2025-09-25 01:43:50.250 22 INFO neutron.wsgi [-] 10.0.0.254 "GET / HTTP/1.1" status: 200 len: 228 time: 0.0027788
2025-09-25 01:43:51.905 24 DEBUG neutron_lib.callbacks.manager [req-30bc74f8-696a-4f19-a464-a904ef13dcf5 - - - - -] Publish callbacks ['neutron.services.segments.db._update_segment_host_mapping_for_agent-8792754959987', 'neutron.plugins.ml2.plugin.Ml2Plugin._retry_binding_revived_agents-1319646'] for agent (a5d63a18-0baf-45f5-a7d9-0e8377c89edd), after_update _notify_loop /var/lib/kolla/venv/lib/python3.6/site-packages/neutron_lib/callbacks/manager.py:177
2025-09-25 01:43:52.083 7 INFO oslo_service.service [-] Caught SIGTERM, stopping children
2025-09-25 01:43:52.084 7 DEBUG oslo_concurrency.lockutils [-] Acquired lock "singleton_lock" lock /var/lib/kolla/venv/lib/python3.6/site-packages/oslo_concurrency/lockutils.py:294
2025-09-25 01:43:52.084 7 DEBUG oslo_concurrency.lockutils [-] Releasing lock "singleton_lock" lock /var/lib/kolla/venv/lib/python3.6/site-packages/oslo_concurrency/lockutils.py:312
2025-09-25 01:43:52.084 7 DEBUG oslo_service.service [-] Stop services. stop /var/lib/kolla/venv/lib/python3.6/site-packages/oslo_service/service.py:695
2025-09-25 01:43:52.084 7 DEBUG neutron.service [-] calling RpcWorker stop() stop /var/lib/kolla/venv/lib/python3.6/site-packages/neutron/service.py:138
2025-09-25 01:43:52.085 7 DEBUG neutron.service [-] calling RpcWorker stop() stop /var/lib/kolla/venv/lib/python3.6/site-packages/neutron/service.py:138
2025-09-25 01:43:52.085 7 DEBUG oslo_service.service [-] Killing children. stop /var/lib/kolla/venv/lib/python3.6/site-packages/oslo_service/service.py:700
2025-09-25 01:43:52.085 7 INFO oslo_service.service [-] Waiting on 8 children to exit
2025-09-25 01:43:52.085 22 INFO neutron.wsgi [-] (22) wsgi exited, is_accepting=True
2025-09-25 01:43:52.085 23 DEBUG neutron.service [-] calling RpcWorker stop() stop /var/lib/kolla/venv/lib/python3.6/site-packages/neutron/service.py:138
2025-09-25 01:43:52.086 25 DEBUG neutron.service [-] calling RpcWorker stop() stop /var/lib/kolla/venv/lib/python3.6/site-packages/neutron/service.py:138
2025-09-25 01:43:52.086 22 DEBUG oslo_concurrency.lockutils [req-168a5d7f-00db-4533-bbab-636f8be9656a - - - - -] Acquired lock "singleton_lock" lock /var/lib/kolla/venv/lib/python3.6/site-packages/oslo_concurrency/lockutils.py:294
2025-09-25 01:43:52.086 23 DEBUG neutron.service [-] calling stop on stop /var/lib/kolla/venv/lib/python3.6/site-packages/neutron/service.py:141
2025-09-25 01:43:52.087 22 DEBUG oslo_concurrency.lockutils [req-168a5d7f-00db-4533-bbab-636f8be9656a - - - - -] Releasing lock "singleton_lock" lock /var/lib/kolla/venv/lib/python3.6/site-packages/oslo_concurrency/lockutils.py:312
2025-09-25 01:43:52.087 24 DEBUG neutron.service [-] calling RpcWorker stop() stop /var/lib/kolla/venv/lib/python3.6/site-packages/neutron/service.py:138
2025-09-25 01:43:52.086 25 DEBUG neutron.service [-] calling stop on stop /var/lib/kolla/venv/lib/python3.6/site-packages/neutron/service.py:141
2025-09-25 01:43:52.086 29 DEBUG neutron.service [-] calling RpcWorker stop() stop /var/lib/kolla/venv/lib/python3.6/site-packages/neutron/service.py:138
2025-09-25 01:43:52.087 24 DEBUG neutron.service [-] calling stop on stop /var/lib/kolla/venv/lib/python3.6/site-packages/neutron/service.py:141
2025-09-25 01:43:52.089 29 DEBUG neutron.service [-] calling stop on stop /var/lib/kolla/venv/lib/python3.6/site-packages/neutron/service.py:141
2025-09-25 01:43:52.090 7 INFO oslo_service.service [-] Child 22 exited with status 0
2025-09-25 01:43:52.091 27 DEBUG neutron.service [-] calling RpcWorker stop() stop /var/lib/kolla/venv/lib/python3.6/site-packages/neutron/service.py:138
2025-09-25 01:43:52.091 27 DEBUG neutron.service [-] calling stop on stop /var/lib/kolla/venv/lib/python3.6/site-packages/neutron/service.py:141
2025-09-25 01:43:52.095 26 DEBUG neutron.service [-] calling RpcWorker stop() stop /var/lib/kolla/venv/lib/python3.6/site-packages/neutron/service.py:138
2025-09-25 01:43:52.095 26 DEBUG neutron.service [-] calling stop on stop /var/lib/kolla/venv/lib/python3.6/site-packages/neutron/service.py:141
2025-09-25 01:43:52.115 28 DEBUG neutron.service [-] calling RpcWorker stop() stop /var/lib/kolla/venv/lib/python3.6/site-packages/neutron/service.py:138
2025-09-25 01:43:52.115 28 DEBUG neutron.service [-] calling stop on stop /var/lib/kolla/venv/lib/python3.6/site-packages/neutron/service.py:141
2025-09-25 01:43:52.808 23 DEBUG neutron.service [-] calling stop on stop /var/lib/kolla/venv/lib/python3.6/site-packages/neutron/service.py:141
2025-09-25 01:43:52.812 24 DEBUG neutron.service [-] calling stop on stop /var/lib/kolla/venv/lib/python3.6/site-packages/neutron/service.py:141
2025-09-25 01:43:52.823 26 DEBUG oslo_concurrency.lockutils [req-168a5d7f-00db-4533-bbab-636f8be9656a - - - - -] Acquired lock "singleton_lock" lock /var/lib/kolla/venv/lib/python3.6/site-packages/oslo_concurrency/lockutils.py:294
2025-09-25 01:43:52.823 26 DEBUG oslo_concurrency.lockutils [req-168a5d7f-00db-4533-bbab-636f8be9656a - - - - -] Releasing lock "singleton_lock" lock /var/lib/kolla/venv/lib/python3.6/site-packages/oslo_concurrency/lockutils.py:312
2025-09-25 01:43:52.823 26 DEBUG neutron.service [req-168a5d7f-00db-4533-bbab-636f8be9656a - - - - -] calling RpcWorker wait() _wait /var/lib/kolla/venv/lib/python3.6/site-packages/neutron/service.py:128
2025-09-25 01:43:52.824 26 DEBUG neutron.service [req-168a5d7f-00db-4533-bbab-636f8be9656a - - - - -] calling wait on _wait /var/lib/kolla/venv/lib/python3.6/site-packages/neutron/service.py:131
2025-09-25 01:43:52.828 23 DEBUG neutron.service [-] calling stop on stop /var/lib/kolla/venv/lib/python3.6/site-packages/neutron/service.py:141
2025-09-25 01:43:52.831 24 DEBUG neutron.service [-] calling stop on stop /var/lib/kolla/venv/lib/python3.6/site-packages/neutron/service.py:141
2025-09-25 01:43:52.831 27 DEBUG oslo_concurrency.lockutils [req-168a5d7f-00db-4533-bbab-636f8be9656a - - - - -] Acquired lock "singleton_lock" lock /var/lib/kolla/venv/lib/python3.6/site-packages/oslo_concurrency/lockutils.py:294
2025-09-25 01:43:52.833 27 DEBUG oslo_concurrency.lockutils [req-168a5d7f-00db-4533-bbab-636f8be9656a - - - - -] Releasing lock "singleton_lock" lock /var/lib/kolla/venv/lib/python3.6/site-packages/oslo_concurrency/lockutils.py:312
2025-09-25 01:43:52.833 27 DEBUG neutron.service [req-168a5d7f-00db-4533-bbab-636f8be9656a - - - - -] calling RpcWorker wait() _wait /var/lib/kolla/venv/lib/python3.6/site-packages/neutron/service.py:128
2025-09-25 01:43:52.833 27 DEBUG neutron.service [req-168a5d7f-00db-4533-bbab-636f8be9656a - - - - -] calling wait on _wait /var/lib/kolla/venv/lib/python3.6/site-packages/neutron/service.py:131
2025-09-25 01:43:52.834 26 WARNING amqp [req-168a5d7f-00db-4533-bbab-636f8be9656a - - - - -] Received method (60, 30) during closing channel 1. This method will be ignored
2025-09-25 01:43:52.835 26 DEBUG neutron.service [req-168a5d7f-00db-4533-bbab-636f8be9656a - - - - -] returning from RpcWorker wait() _wait /var/lib/kolla/venv/lib/python3.6/site-packages/neutron/service.py:135
2025-09-25 01:43:52.839 29 DEBUG oslo_concurrency.lockutils [req-168a5d7f-00db-4533-bbab-636f8be9656a - - - - -] Acquired lock "singleton_lock" lock /var/lib/kolla/venv/lib/python3.6/site-packages/oslo_concurrency/lockutils.py:294
2025-09-25 01:43:52.839 29 DEBUG oslo_concurrency.lockutils [req-168a5d7f-00db-4533-bbab-636f8be9656a - - - - -] Releasing lock "singleton_lock" lock /var/lib/kolla/venv/lib/python3.6/site-packages/oslo_concurrency/lockutils.py:312
2025-09-25 01:43:52.840 29 DEBUG neutron.service [req-168a5d7f-00db-4533-bbab-636f8be9656a - - - - -] calling RpcWorker wait() _wait /var/lib/kolla/venv/lib/python3.6/site-packages/neutron/service.py:128
2025-09-25 01:43:52.840 29 DEBUG neutron.service [req-168a5d7f-00db-4533-bbab-636f8be9656a - - - - -] calling wait on _wait /var/lib/kolla/venv/lib/python3.6/site-packages/neutron/service.py:131
2025-09-25 01:43:52.841 7 INFO oslo_service.service [-] Child 26 exited with status 0
2025-09-25 01:43:52.842 27 WARNING amqp [req-168a5d7f-00db-4533-bbab-636f8be9656a - - - - -] Received method (60, 30) during closing channel 1. This method will be ignored
2025-09-25 01:43:52.843 27 DEBUG neutron.service [req-168a5d7f-00db-4533-bbab-636f8be9656a - - - - -] returning from RpcWorker wait() _wait /var/lib/kolla/venv/lib/python3.6/site-packages/neutron/service.py:135
2025-09-25 01:43:52.845 25 DEBUG neutron.service [-] calling stop on stop /var/lib/kolla/venv/lib/python3.6/site-packages/neutron/service.py:141
2025-09-25 01:43:52.848 7 INFO oslo_service.service [-] Child 27 exited with status 0
2025-09-25 01:43:52.849 29 WARNING amqp [req-168a5d7f-00db-4533-bbab-636f8be9656a - - - - -] Received method (60, 30) during closing channel 1. This method will be ignored
2025-09-25 01:43:52.850 29 DEBUG neutron.service [req-168a5d7f-00db-4533-bbab-636f8be9656a - - - - -] returning from RpcWorker wait() _wait /var/lib/kolla/venv/lib/python3.6/site-packages/neutron/service.py:135
2025-09-25 01:43:52.854 7 INFO oslo_service.service [-] Child 29 exited with status 0
2025-09-25 01:43:52.859 25 DEBUG neutron.service [-] calling stop on stop /var/lib/kolla/venv/lib/python3.6/site-packages/neutron/service.py:141
2025-09-25 01:43:52.869 25 DEBUG neutron.service [-] calling stop on stop /var/lib/kolla/venv/lib/python3.6/site-packages/neutron/service.py:141
2025-09-25 01:43:52.879 25 DEBUG oslo_concurrency.lockutils [req-168a5d7f-00db-4533-bbab-636f8be9656a - - - - -] Acquired lock "singleton_lock" lock /var/lib/kolla/venv/lib/python3.6/site-packages/oslo_concurrency/lockutils.py:294
2025-09-25 01:43:52.880 25 DEBUG oslo_concurrency.lockutils [req-168a5d7f-00db-4533-bbab-636f8be9656a - - - - -] Releasing lock "singleton_lock" lock /var/lib/kolla/venv/lib/python3.6/site-packages/oslo_concurrency/lockutils.py:312
2025-09-25 01:43:52.880 25 DEBUG neutron.service [req-168a5d7f-00db-4533-bbab-636f8be9656a - - - - -] calling RpcWorker wait() _wait /var/lib/kolla/venv/lib/python3.6/site-packages/neutron/service.py:128
2025-09-25 01:43:52.880 25 DEBUG neutron.service [req-168a5d7f-00db-4533-bbab-636f8be9656a - - - - -] calling wait on _wait /var/lib/kolla/venv/lib/python3.6/site-packages/neutron/service.py:131
2025-09-25 01:43:52.886 25 WARNING amqp [req-168a5d7f-00db-4533-bbab-636f8be9656a - - - - -] Received method (60, 30) during closing channel 1. This method will be ignored
2025-09-25 01:43:52.887 25 DEBUG neutron.service [req-168a5d7f-00db-4533-bbab-636f8be9656a - - - - -] calling wait on _wait /var/lib/kolla/venv/lib/python3.6/site-packages/neutron/service.py:131
2025-09-25 01:43:52.892 25 WARNING amqp [req-168a5d7f-00db-4533-bbab-636f8be9656a - - - - -] Received method (60, 30) during closing channel 1. This method will be ignored
2025-09-25 01:43:52.893 25 DEBUG neutron.service [req-168a5d7f-00db-4533-bbab-636f8be9656a - - - - -] calling wait on _wait /var/lib/kolla/venv/lib/python3.6/site-packages/neutron/service.py:131
2025-09-25 01:43:52.898 25 WARNING amqp [req-168a5d7f-00db-4533-bbab-636f8be9656a - - - - -] Received method (60, 30) during closing channel 1. This method will be ignored
2025-09-25 01:43:52.899 25 DEBUG neutron.service [req-168a5d7f-00db-4533-bbab-636f8be9656a - - - - -] calling wait on _wait /var/lib/kolla/venv/lib/python3.6/site-packages/neutron/service.py:131
2025-09-25 01:43:52.903 25 WARNING amqp [req-168a5d7f-00db-4533-bbab-636f8be9656a - - - - -] Received method (60, 30) during closing channel 1. This method will be ignored
2025-09-25 01:43:52.904 25 DEBUG neutron.service [req-168a5d7f-00db-4533-bbab-636f8be9656a - - - - -] returning from RpcWorker wait() _wait /var/lib/kolla/venv/lib/python3.6/site-packages/neutron/service.py:135
2025-09-25 01:43:52.909 7 INFO oslo_service.service [-] Child 25 exited with status 0
2025-09-25 01:43:52.927 24 DEBUG neutron.service [-] calling stop on stop /var/lib/kolla/venv/lib/python3.6/site-packages/neutron/service.py:141
2025-09-25 01:43:55.104 28 DEBUG oslo_concurrency.lockutils [req-168a5d7f-00db-4533-bbab-636f8be9656a - - - - -] Acquired lock "singleton_lock" lock /var/lib/kolla/venv/lib/python3.6/site-packages/oslo_concurrency/lockutils.py:294
2025-09-25 01:43:55.105 28 DEBUG oslo_concurrency.lockutils [req-168a5d7f-00db-4533-bbab-636f8be9656a - - - - -] Releasing lock "singleton_lock" lock /var/lib/kolla/venv/lib/python3.6/site-packages/oslo_concurrency/lockutils.py:312
2025-09-25 01:43:55.105 28 DEBUG neutron.service [req-168a5d7f-00db-4533-bbab-636f8be9656a - - - - -] calling RpcWorker wait() _wait /var/lib/kolla/venv/lib/python3.6/site-packages/neutron/service.py:128
2025-09-25 01:43:55.105 28 DEBUG neutron.service [req-168a5d7f-00db-4533-bbab-636f8be9656a - - - - -] calling wait on _wait /var/lib/kolla/venv/lib/python3.6/site-packages/neutron/service.py:131
2025-09-25 01:43:55.114 28 WARNING amqp [req-168a5d7f-00db-4533-bbab-636f8be9656a - - - - -] Received method (60, 30) during closing channel 1. This method will be ignored
2025-09-25 01:43:55.115 28 DEBUG neutron.service [req-168a5d7f-00db-4533-bbab-636f8be9656a - - - - -] returning from RpcWorker wait() _wait /var/lib/kolla/venv/lib/python3.6/site-packages/neutron/service.py:135
2025-09-25 01:43:55.120 7 INFO oslo_service.service [-] Child 28 exited with status 0
2025-09-25 01:43:57.380 23 DEBUG neutron.service [-] calling stop on stop /var/lib/kolla/venv/lib/python3.6/site-packages/neutron/service.py:141
2025-09-25 01:43:57.864 23 DEBUG oslo_concurrency.lockutils [req-168a5d7f-00db-4533-bbab-636f8be9656a - - - - -] Acquired lock "singleton_lock" lock /var/lib/kolla/venv/lib/python3.6/site-packages/oslo_concurrency/lockutils.py:294
2025-09-25 01:43:57.864 23 DEBUG oslo_concurrency.lockutils [req-168a5d7f-00db-4533-bbab-636f8be9656a - - - - -] Releasing lock "singleton_lock" lock /var/lib/kolla/venv/lib/python3.6/site-packages/oslo_concurrency/lockutils.py:312
2025-09-25 01:43:57.865 23 DEBUG neutron.service [req-168a5d7f-00db-4533-bbab-636f8be9656a - - - - -] calling RpcWorker wait() _wait /var/lib/kolla/venv/lib/python3.6/site-packages/neutron/service.py:128
2025-09-25 01:43:57.865 23 DEBUG neutron.service [req-168a5d7f-00db-4533-bbab-636f8be9656a - - - - -] calling wait on _wait /var/lib/kolla/venv/lib/python3.6/site-packages/neutron/service.py:131
2025-09-25 01:43:57.866 24 DEBUG oslo_concurrency.lockutils [req-168a5d7f-00db-4533-bbab-636f8be9656a - - - - -] Acquired lock "singleton_lock" lock /var/lib/kolla/venv/lib/python3.6/site-packages/oslo_concurrency/lockutils.py:294
2025-09-25 01:43:57.866 24 DEBUG oslo_concurrency.lockutils [req-168a5d7f-00db-4533-bbab-636f8be9656a - - - - -] Releasing lock "singleton_lock" lock /var/lib/kolla/venv/lib/python3.6/site-packages/oslo_concurrency/lockutils.py:312
2025-09-25 01:43:57.866 24 DEBUG neutron.service [req-168a5d7f-00db-4533-bbab-636f8be9656a - - - - -] calling RpcWorker wait() _wait /var/lib/kolla/venv/lib/python3.6/site-packages/neutron/service.py:128
2025-09-25 01:43:57.867 24 DEBUG neutron.service [req-168a5d7f-00db-4533-bbab-636f8be9656a - - - - -] calling wait on _wait /var/lib/kolla/venv/lib/python3.6/site-packages/neutron/service.py:131
2025-09-25 01:43:57.871 23 WARNING amqp [req-168a5d7f-00db-4533-bbab-636f8be9656a - - - - -] Received method (60, 30) during closing channel 1. This method will be ignored
2025-09-25 01:43:57.872 23 DEBUG neutron.service [req-168a5d7f-00db-4533-bbab-636f8be9656a - - - - -] calling wait on _wait /var/lib/kolla/venv/lib/python3.6/site-packages/neutron/service.py:131
2025-09-25 01:43:57.874 24 WARNING amqp [req-168a5d7f-00db-4533-bbab-636f8be9656a - - - - -] Received method (60, 30) during closing channel 1. This method will be ignored
2025-09-25 01:43:57.876 24 DEBUG neutron.service [req-168a5d7f-00db-4533-bbab-636f8be9656a - - - - -] calling wait on _wait /var/lib/kolla/venv/lib/python3.6/site-packages/neutron/service.py:131
2025-09-25 01:43:57.877 23 WARNING amqp [req-168a5d7f-00db-4533-bbab-636f8be9656a - - - - -] Received method (60, 30) during closing channel 1. This method will be ignored
2025-09-25 01:43:57.878 23 DEBUG neutron.service [req-168a5d7f-00db-4533-bbab-636f8be9656a - - - - -] calling wait on _wait /var/lib/kolla/venv/lib/python3.6/site-packages/neutron/service.py:131
2025-09-25 01:43:57.881 24 WARNING amqp [req-168a5d7f-00db-4533-bbab-636f8be9656a - - - - -] Received method (60, 30) during closing channel 1. This method will be ignored
2025-09-25 01:43:57.882 24 DEBUG neutron.service [req-168a5d7f-00db-4533-bbab-636f8be9656a - - - - -] calling wait on _wait /var/lib/kolla/venv/lib/python3.6/site-packages/neutron/service.py:131
2025-09-25 01:43:57.885 23 WARNING amqp [req-168a5d7f-00db-4533-bbab-636f8be9656a - - - - -] Received method (60, 30) during closing channel 1. This method will be ignored
2025-09-25 01:43:57.886 23 DEBUG neutron.service [req-168a5d7f-00db-4533-bbab-636f8be9656a - - - - -] calling wait on _wait /var/lib/kolla/venv/lib/python3.6/site-packages/neutron/service.py:131
2025-09-25 01:43:57.887 24 WARNING amqp [req-168a5d7f-00db-4533-bbab-636f8be9656a - - - - -] Received method (60, 30) during closing channel 1. This method will be ignored
2025-09-25 01:43:57.888 24 DEBUG neutron.service [req-168a5d7f-00db-4533-bbab-636f8be9656a - - - - -] calling wait on _wait /var/lib/kolla/venv/lib/python3.6/site-packages/neutron/service.py:131
2025-09-25 01:43:57.891 23 WARNING amqp [req-168a5d7f-00db-4533-bbab-636f8be9656a - - - - -] Received method (60, 30) during closing channel 1. This method will be ignored
2025-09-25 01:43:57.892 23 DEBUG neutron.service [req-168a5d7f-00db-4533-bbab-636f8be9656a - - - - -] returning from RpcWorker wait() _wait /var/lib/kolla/venv/lib/python3.6/site-packages/neutron/service.py:135
2025-09-25 01:43:57.894 24 WARNING amqp [req-168a5d7f-00db-4533-bbab-636f8be9656a - - - - -] Received method (60, 30) during closing channel 1. This method will be ignored
2025-09-25 01:43:57.895 24 DEBUG neutron.service [req-168a5d7f-00db-4533-bbab-636f8be9656a - - - - -] returning from RpcWorker wait() _wait /var/lib/kolla/venv/lib/python3.6/site-packages/neutron/service.py:135
2025-09-25 01:43:57.904 7 INFO oslo_service.service [-] Child 23 exited with status 0
2025-09-25 01:43:57.905 7 INFO oslo_service.service [-] Child 24 exited with status 0
2025-09-25 01:43:57.905 7 INFO oslo_service.service [-] Wait called after thread killed. Cleaning up.
2025-09-25 01:43:57.905 7 DEBUG oslo_service.service [-] Stop services. stop /var/lib/kolla/venv/lib/python3.6/site-packages/oslo_service/service.py:695
2025-09-25 01:43:57.905 7 DEBUG oslo_service.service [-] Killing children. stop /var/lib/kolla/venv/lib/python3.6/site-packages/oslo_service/service.py:700
2025-09-25 01:44:00.913 7 INFO neutron.common.config [-] Logging enabled!
2025-09-25 01:44:00.913 7 INFO neutron.common.config [-] /var/lib/kolla/venv/bin/neutron-server version 20.5.1.dev23
2025-09-25 01:44:00.914 7 DEBUG neutron.common.config [-] command line: /var/lib/kolla/venv/bin/neutron-server --config-file /etc/neutron/neutron.conf --config-file /etc/neutron/ContrailPlugin.ini --config-file /etc/neutron/api-paste.ini setup_logging /var/lib/kolla/venv/lib/python3.6/site-packages/neutron/common/config.py:115
2025-09-25 01:44:00.917 7 INFO neutron.common.config [-] Logging enabled!
2025-09-25 01:44:00.917 7 INFO neutron.common.config [-] /var/lib/kolla/venv/bin/neutron-server version 20.5.1.dev23
2025-09-25 01:44:00.917 7 DEBUG neutron.common.config [-] command line: /var/lib/kolla/venv/bin/neutron-server --config-file /etc/neutron/neutron.conf --config-file /etc/neutron/ContrailPlugin.ini --config-file /etc/neutron/api-paste.ini setup_logging /var/lib/kolla/venv/lib/python3.6/site-packages/neutron/common/config.py:115
2025-09-25 01:44:00.918 7 DEBUG neutron.common.config [-] ******************************************************************************** log_opt_values /var/lib/kolla/venv/lib/python3.6/site-packages/oslo_config/cfg.py:2589
2025-09-25 01:44:00.918 7 DEBUG neutron.common.config [-] Configuration options gathered from: log_opt_values /var/lib/kolla/venv/lib/python3.6/site-packages/oslo_config/cfg.py:2590
2025-09-25 01:44:00.918 7 DEBUG neutron.common.config [-] command line args: ['--config-file', '/etc/neutron/neutron.conf', '--config-file', '/etc/neutron/ContrailPlugin.ini', '--config-file', '/etc/neutron/api-paste.ini'] log_opt_values /var/lib/kolla/venv/lib/python3.6/site-packages/oslo_config/cfg.py:2591
2025-09-25 01:44:00.919 7 DEBUG neutron.common.config [-] config files: ['/etc/neutron/neutron.conf', '/etc/neutron/ContrailPlugin.ini', '/etc/neutron/api-paste.ini'] log_opt_values /var/lib/kolla/venv/lib/python3.6/site-packages/oslo_config/cfg.py:2593
2025-09-25 01:44:00.919 7 DEBUG neutron.common.config [-] ================================================================================ log_opt_values /var/lib/kolla/venv/lib/python3.6/site-packages/oslo_config/cfg.py:2594
2025-09-25 01:44:00.919 7 DEBUG neutron.common.config [-] allow_bulk = True log_opt_values /var/lib/kolla/venv/lib/python3.6/site-packages/oslo_config/cfg.py:2603
2025-09-25 01:44:00.920 7 WARNING oslo_config.cfg [-] Deprecated: Option "allow_overlapping_ips" from group "DEFAULT" is deprecated for removal. Its value may be silently ignored in the future.
