2025-09-22 00:35:29.656 130147 DEBUG oslo_service.service [req-e6f2a9b3-2cdc-48d5-9266-79dab214e5fd - - - - -] compute.max_concurrent_disk_ops = 0 log_opt_values /usr/lib/python3/dist-packages/oslo_config/cfg.py:2609
2025-09-22 00:35:29.656 130147 DEBUG oslo_service.service [req-e6f2a9b3-2cdc-48d5-9266-79dab214e5fd - - - - -] compute.max_disk_devices_to_attach = -1 log_opt_values /usr/lib/python3/dist-packages/oslo_config/cfg.py:2609
2025-09-22 00:35:29.657 130147 DEBUG oslo_service.service [req-e6f2a9b3-2cdc-48d5-9266-79dab214e5fd - - - - -] compute.packing_host_numa_cells_allocation_strategy = True log_opt_values /usr/lib/python3/dist-packages/oslo_config/cfg.py:2609
2025-09-22 00:35:29.658 130147 DEBUG oslo_service.service [req-e6f2a9b3-2cdc-48d5-9266-79dab214e5fd - - - - -] compute.provider_config_location = /etc/nova/provider_config/ log_opt_values /usr/lib/python3/dist-packages/oslo_config/cfg.py:2609
2025-09-22 00:35:29.659 131962 DEBUG nova.service [req-284024b1-6273-4143-a4e6-0ec52ae0168a - - - - -] Creating RPC server for service conductor start /usr/lib/python3/dist-packages/nova/service.py:182
2025-09-22 00:35:29.659 130147 DEBUG oslo_service.service [req-e6f2a9b3-2cdc-48d5-9266-79dab214e5fd - - - - -] compute.resource_provider_association_refresh = 300 log_opt_values /usr/lib/python3/dist-packages/oslo_config/cfg.py:2609
2025-09-22 00:35:29.660 130147 DEBUG oslo_service.service [req-e6f2a9b3-2cdc-48d5-9266-79dab214e5fd - - - - -] compute.shutdown_retry_interval = 10 log_opt_values /usr/lib/python3/dist-packages/oslo_config/cfg.py:2609
2025-09-22 00:35:29.661 130147 DEBUG oslo_service.service [req-e6f2a9b3-2cdc-48d5-9266-79dab214e5fd - - - - -] compute.vmdk_allowed_types = ['streamOptimized', 'monolithicSparse'] log_opt_values /usr/lib/python3/dist-packages/oslo_config/cfg.py:2609
2025-09-22 00:35:29.665 130147 DEBUG oslo_service.service [req-e6f2a9b3-2cdc-48d5-9266-79dab214e5fd - - - - -] conductor.workers = 4 log_opt_values /usr/lib/python3/dist-packages/oslo_config/cfg.py:2609
2025-09-22 00:35:29.667 130147 DEBUG oslo_service.service [req-e6f2a9b3-2cdc-48d5-9266-79dab214e5fd - - - - -] console.allowed_origins = [] log_opt_values /usr/lib/python3/dist-packages/oslo_config/cfg.py:2609
2025-09-22 00:35:29.667 130147 DEBUG oslo_service.service [req-e6f2a9b3-2cdc-48d5-9266-79dab214e5fd - - - - -] console.ssl_ciphers = None log_opt_values /usr/lib/python3/dist-packages/oslo_config/cfg.py:2609
2025-09-22 00:35:29.668 130147 DEBUG oslo_service.service [req-e6f2a9b3-2cdc-48d5-9266-79dab214e5fd - - - - -] console.ssl_minimum_version = default log_opt_values /usr/lib/python3/dist-packages/oslo_config/cfg.py:2609
2025-09-22 00:35:29.682 131963 DEBUG nova.service [req-e20015db-3cb6-4cde-b07d-7f6c7fa67c93 - - - - -] Creating RPC server for service conductor start /usr/lib/python3/dist-packages/nova/service.py:182
2025-09-22 00:35:29.691 130147 DEBUG oslo_service.service [req-e6f2a9b3-2cdc-48d5-9266-79dab214e5fd - - - - -] consoleauth.token_ttl = 600 log_opt_values /usr/lib/python3/dist-packages/oslo_config/cfg.py:2609
2025-09-22 00:35:29.691 130147 DEBUG oslo_service.service [req-e6f2a9b3-2cdc-48d5-9266-79dab214e5fd - - - - -] cyborg.cafile = None log_opt_values /usr/lib/python3/dist-packages/oslo_config/cfg.py:2609
2025-09-22 00:35:29.692 130147 DEBUG oslo_service.service [req-e6f2a9b3-2cdc-48d5-9266-79dab214e5fd - - - - -] cyborg.certfile = None log_opt_values /usr/lib/python3/dist-packages/oslo_config/cfg.py:2609
2025-09-22 00:35:29.692 130147 DEBUG oslo_service.service [req-e6f2a9b3-2cdc-48d5-9266-79dab214e5fd - - - - -] cyborg.collect_timing = False log_opt_values /usr/lib/python3/dist-packages/oslo_config/cfg.py:2609
2025-09-22 00:35:29.692 130147 DEBUG oslo_service.service [req-e6f2a9b3-2cdc-48d5-9266-79dab214e5fd - - - - -] cyborg.connect_retries = None log_opt_values /usr/lib/python3/dist-packages/oslo_config/cfg.py:2609
2025-09-22 00:35:29.692 130147 DEBUG oslo_service.service [req-e6f2a9b3-2cdc-48d5-9266-79dab214e5fd - - - - -] cyborg.connect_retry_delay = None log_opt_values /usr/lib/python3/dist-packages/oslo_config/cfg.py:2609
2025-09-22 00:35:29.692 130147 DEBUG oslo_service.service [req-e6f2a9b3-2cdc-48d5-9266-79dab214e5fd - - - - -] cyborg.endpoint_override = None log_opt_values /usr/lib/python3/dist-packages/oslo_config/cfg.py:2609
2025-09-22 00:35:29.693 130147 DEBUG oslo_service.service [req-e6f2a9b3-2cdc-48d5-9266-79dab214e5fd - - - - -] cyborg.insecure = False log_opt_values /usr/lib/python3/dist-packages/oslo_config/cfg.py:2609
2025-09-22 00:35:29.683 131956 DEBUG oslo_messaging._drivers.amqpdriver [-] Listener is running poll /usr/lib/python3/dist-packages/oslo_messaging/_drivers/amqpdriver.py:343
2025-09-22 00:35:29.685 131962 DEBUG oslo_messaging._drivers.amqpdriver [-] Listener is running poll /usr/lib/python3/dist-packages/oslo_messaging/_drivers/amqpdriver.py:343
2025-09-22 00:35:29.693 130147 DEBUG oslo_service.service [req-e6f2a9b3-2cdc-48d5-9266-79dab214e5fd - - - - -] cyborg.keyfile = None log_opt_values /usr/lib/python3/dist-packages/oslo_config/cfg.py:2609
2025-09-22 00:35:29.693 130147 DEBUG oslo_service.service [req-e6f2a9b3-2cdc-48d5-9266-79dab214e5fd - - - - -] cyborg.max_version = None log_opt_values /usr/lib/python3/dist-packages/oslo_config/cfg.py:2609
2025-09-22 00:35:29.693 131956 DEBUG oslo_messaging._drivers.amqpdriver [-] AMQPListener connection consume poll /usr/lib/python3/dist-packages/oslo_messaging/_drivers/amqpdriver.py:357
2025-09-22 00:35:29.693 131962 DEBUG oslo_messaging._drivers.amqpdriver [-] AMQPListener connection consume poll /usr/lib/python3/dist-packages/oslo_messaging/_drivers/amqpdriver.py:357
2025-09-22 00:35:29.693 130147 DEBUG oslo_service.service [req-e6f2a9b3-2cdc-48d5-9266-79dab214e5fd - - - - -] cyborg.min_version = None log_opt_values /usr/lib/python3/dist-packages/oslo_config/cfg.py:2609
2025-09-22 00:35:29.693 130147 DEBUG oslo_service.service [req-e6f2a9b3-2cdc-48d5-9266-79dab214e5fd - - - - -] cyborg.region_name = None log_opt_values /usr/lib/python3/dist-packages/oslo_config/cfg.py:2609
2025-09-22 00:35:29.690 131964 DEBUG oslo_messaging._drivers.amqpdriver [-] Listener is running poll /usr/lib/python3/dist-packages/oslo_messaging/_drivers/amqpdriver.py:343
2025-09-22 00:35:29.693 130147 DEBUG oslo_service.service [req-e6f2a9b3-2cdc-48d5-9266-79dab214e5fd - - - - -] cyborg.service_name = None log_opt_values /usr/lib/python3/dist-packages/oslo_config/cfg.py:2609
2025-09-22 00:35:29.693 131964 DEBUG oslo_messaging._drivers.amqpdriver [-] AMQPListener connection consume poll /usr/lib/python3/dist-packages/oslo_messaging/_drivers/amqpdriver.py:357
2025-09-22 00:35:29.694 130147 DEBUG oslo_service.service [req-e6f2a9b3-2cdc-48d5-9266-79dab214e5fd - - - - -] cyborg.service_type = accelerator log_opt_values /usr/lib/python3/dist-packages/oslo_config/cfg.py:2609
2025-09-22 00:35:29.693 131956 DEBUG nova.service [req-c387c416-52d1-4f31-b16a-46f7a32c742a - - - - -] Join ServiceGroup membership for this service conductor start /usr/lib/python3/dist-packages/nova/service.py:199
2025-09-22 00:35:29.694 130147 DEBUG oslo_service.service [req-e6f2a9b3-2cdc-48d5-9266-79dab214e5fd - - - - -] cyborg.split_loggers = False log_opt_values /usr/lib/python3/dist-packages/oslo_config/cfg.py:2609
2025-09-22 00:35:29.694 131956 DEBUG nova.servicegroup.drivers.db [req-c387c416-52d1-4f31-b16a-46f7a32c742a - - - - -] DB_Driver: join new ServiceGroup member juju-c05693-0-lxd-7 to the conductor group, service = join /usr/lib/python3/dist-packages/nova/servicegroup/drivers/db.py:44
2025-09-22 00:35:29.694 130147 DEBUG oslo_service.service [req-e6f2a9b3-2cdc-48d5-9266-79dab214e5fd - - - - -] cyborg.status_code_retries = None log_opt_values /usr/lib/python3/dist-packages/oslo_config/cfg.py:2609
2025-09-22 00:35:29.694 131964 DEBUG nova.service [req-01dffa0e-dc06-45ff-8898-7b84a9f93a41 - - - - -] Join ServiceGroup membership for this service conductor start /usr/lib/python3/dist-packages/nova/service.py:199
2025-09-22 00:35:29.694 130147 DEBUG oslo_service.service [req-e6f2a9b3-2cdc-48d5-9266-79dab214e5fd - - - - -] cyborg.status_code_retry_delay = None log_opt_values /usr/lib/python3/dist-packages/oslo_config/cfg.py:2609
2025-09-22 00:35:29.694 130147 DEBUG oslo_service.service [req-e6f2a9b3-2cdc-48d5-9266-79dab214e5fd - - - - -] cyborg.timeout = None log_opt_values /usr/lib/python3/dist-packages/oslo_config/cfg.py:2609
2025-09-22 00:35:29.694 130147 DEBUG oslo_service.service [req-e6f2a9b3-2cdc-48d5-9266-79dab214e5fd - - - - -] cyborg.valid_interfaces = ['internal', 'public'] log_opt_values /usr/lib/python3/dist-packages/oslo_config/cfg.py:2609
2025-09-22 00:35:29.695 130147 DEBUG oslo_service.service [req-e6f2a9b3-2cdc-48d5-9266-79dab214e5fd - - - - -] cyborg.version = None log_opt_values /usr/lib/python3/dist-packages/oslo_config/cfg.py:2609
2025-09-22 00:35:29.695 130147 DEBUG oslo_service.service [req-e6f2a9b3-2cdc-48d5-9266-79dab214e5fd - - - - -] database.backend = sqlalchemy log_opt_values /usr/lib/python3/dist-packages/oslo_config/cfg.py:2609
2025-09-22 00:35:29.695 131964 DEBUG nova.servicegroup.drivers.db [req-01dffa0e-dc06-45ff-8898-7b84a9f93a41 - - - - -] DB_Driver: join new ServiceGroup member juju-c05693-0-lxd-7 to the conductor group, service = join /usr/lib/python3/dist-packages/nova/servicegroup/drivers/db.py:44
2025-09-22 00:35:29.695 130147 DEBUG oslo_service.service [req-e6f2a9b3-2cdc-48d5-9266-79dab214e5fd - - - - -] database.connection = **** log_opt_values /usr/lib/python3/dist-packages/oslo_config/cfg.py:2609
2025-09-22 00:35:29.695 130147 DEBUG oslo_service.service [req-e6f2a9b3-2cdc-48d5-9266-79dab214e5fd - - - - -] database.connection_debug = 0 log_opt_values /usr/lib/python3/dist-packages/oslo_config/cfg.py:2609
2025-09-22 00:35:29.695 130147 DEBUG oslo_service.service [req-e6f2a9b3-2cdc-48d5-9266-79dab214e5fd - - - - -] database.connection_parameters = log_opt_values /usr/lib/python3/dist-packages/oslo_config/cfg.py:2609
2025-09-22 00:35:29.695 130147 DEBUG oslo_service.service [req-e6f2a9b3-2cdc-48d5-9266-79dab214e5fd - - - - -] database.connection_recycle_time = 3600 log_opt_values /usr/lib/python3/dist-packages/oslo_config/cfg.py:2609
2025-09-22 00:35:29.695 131962 DEBUG nova.service [req-284024b1-6273-4143-a4e6-0ec52ae0168a - - - - -] Join ServiceGroup membership for this service conductor start /usr/lib/python3/dist-packages/nova/service.py:199
2025-09-22 00:35:29.696 130147 DEBUG oslo_service.service [req-e6f2a9b3-2cdc-48d5-9266-79dab214e5fd - - - - -] database.connection_trace = False log_opt_values /usr/lib/python3/dist-packages/oslo_config/cfg.py:2609
2025-09-22 00:35:29.696 131962 DEBUG nova.servicegroup.drivers.db [req-284024b1-6273-4143-a4e6-0ec52ae0168a - - - - -] DB_Driver: join new ServiceGroup member juju-c05693-0-lxd-7 to the conductor group, service = join /usr/lib/python3/dist-packages/nova/servicegroup/drivers/db.py:44
2025-09-22 00:35:29.696 130147 DEBUG oslo_service.service [req-e6f2a9b3-2cdc-48d5-9266-79dab214e5fd - - - - -] database.db_inc_retry_interval = True log_opt_values /usr/lib/python3/dist-packages/oslo_config/cfg.py:2609
2025-09-22 00:35:29.696 130147 DEBUG oslo_service.service [req-e6f2a9b3-2cdc-48d5-9266-79dab214e5fd - - - - -] database.db_max_retries = 20 log_opt_values /usr/lib/python3/dist-packages/oslo_config/cfg.py:2609
2025-09-22 00:35:29.696 130147 DEBUG oslo_service.service [req-e6f2a9b3-2cdc-48d5-9266-79dab214e5fd - - - - -] database.db_max_retry_interval = 10 log_opt_values /usr/lib/python3/dist-packages/oslo_config/cfg.py:2609
2025-09-22 00:35:29.696 130147 DEBUG oslo_service.service [req-e6f2a9b3-2cdc-48d5-9266-79dab214e5fd - - - - -] database.db_retry_interval = 1 log_opt_values /usr/lib/python3/dist-packages/oslo_config/cfg.py:2609
2025-09-22 00:35:29.697 130147 DEBUG oslo_service.service [req-e6f2a9b3-2cdc-48d5-9266-79dab214e5fd - - - - -] database.max_overflow = 50 log_opt_values /usr/lib/python3/dist-packages/oslo_config/cfg.py:2609
2025-09-22 00:35:29.697 130147 DEBUG oslo_service.service [req-e6f2a9b3-2cdc-48d5-9266-79dab214e5fd - - - - -] database.max_pool_size = 4 log_opt_values /usr/lib/python3/dist-packages/oslo_config/cfg.py:2609
2025-09-22 00:35:29.697 130147 DEBUG oslo_service.service [req-e6f2a9b3-2cdc-48d5-9266-79dab214e5fd - - - - -] database.max_retries = 10 log_opt_values /usr/lib/python3/dist-packages/oslo_config/cfg.py:2609
2025-09-22 00:35:29.697 130147 DEBUG oslo_service.service [req-e6f2a9b3-2cdc-48d5-9266-79dab214e5fd - - - - -] database.mysql_enable_ndb = False log_opt_values /usr/lib/python3/dist-packages/oslo_config/cfg.py:2609
2025-09-22 00:35:29.697 130147 DEBUG oslo_service.service [req-e6f2a9b3-2cdc-48d5-9266-79dab214e5fd - - - - -] database.mysql_sql_mode = TRADITIONAL log_opt_values /usr/lib/python3/dist-packages/oslo_config/cfg.py:2609
2025-09-22 00:35:29.697 130147 DEBUG oslo_service.service [req-e6f2a9b3-2cdc-48d5-9266-79dab214e5fd - - - - -] database.pool_timeout = None log_opt_values /usr/lib/python3/dist-packages/oslo_config/cfg.py:2609
2025-09-22 00:35:29.698 130147 DEBUG oslo_service.service [req-e6f2a9b3-2cdc-48d5-9266-79dab214e5fd - - - - -] database.retry_interval = 10 log_opt_values /usr/lib/python3/dist-packages/oslo_config/cfg.py:2609
2025-09-22 00:35:29.698 130147 DEBUG oslo_service.service [req-e6f2a9b3-2cdc-48d5-9266-79dab214e5fd - - - - -] database.slave_connection = **** log_opt_values /usr/lib/python3/dist-packages/oslo_config/cfg.py:2609
2025-09-22 00:35:29.698 131956 DEBUG oslo_messaging._drivers.amqpdriver [-] AMQPListener connection timeout poll /usr/lib/python3/dist-packages/oslo_messaging/_drivers/amqpdriver.py:360
2025-09-22 00:35:29.698 130147 DEBUG oslo_service.service [req-e6f2a9b3-2cdc-48d5-9266-79dab214e5fd - - - - -] database.sqlite_synchronous = True log_opt_values /usr/lib/python3/dist-packages/oslo_config/cfg.py:2609
2025-09-22 00:35:29.698 131956 DEBUG oslo_messaging._drivers.amqpdriver [-] Listener is running poll /usr/lib/python3/dist-packages/oslo_messaging/_drivers/amqpdriver.py:343
2025-09-22 00:35:29.698 130147 DEBUG oslo_service.service [req-e6f2a9b3-2cdc-48d5-9266-79dab214e5fd - - - - -] database.use_db_reconnect = False log_opt_values /usr/lib/python3/dist-packages/oslo_config/cfg.py:2609
2025-09-22 00:35:29.698 131956 DEBUG oslo_messaging._drivers.amqpdriver [-] AMQPListener connection consume poll /usr/lib/python3/dist-packages/oslo_messaging/_drivers/amqpdriver.py:357
2025-09-22 00:35:29.698 130147 DEBUG oslo_service.service [req-e6f2a9b3-2cdc-48d5-9266-79dab214e5fd - - - - -] api_database.backend = sqlalchemy log_opt_values /usr/lib/python3/dist-packages/oslo_config/cfg.py:2609
2025-09-22 00:35:29.699 130147 DEBUG oslo_service.service [req-e6f2a9b3-2cdc-48d5-9266-79dab214e5fd - - - - -] api_database.connection = **** log_opt_values /usr/lib/python3/dist-packages/oslo_config/cfg.py:2609
2025-09-22 00:35:29.699 130147 DEBUG oslo_service.service [req-e6f2a9b3-2cdc-48d5-9266-79dab214e5fd - - - - -] api_database.connection_debug = 0 log_opt_values /usr/lib/python3/dist-packages/oslo_config/cfg.py:2609
2025-09-22 00:35:29.699 131964 DEBUG oslo_messaging._drivers.amqpdriver [-] AMQPListener connection timeout poll /usr/lib/python3/dist-packages/oslo_messaging/_drivers/amqpdriver.py:360
2025-09-22 00:35:29.699 130147 DEBUG oslo_service.service [req-e6f2a9b3-2cdc-48d5-9266-79dab214e5fd - - - - -] api_database.connection_parameters = log_opt_values /usr/lib/python3/dist-packages/oslo_config/cfg.py:2609
2025-09-22 00:35:29.699 131964 DEBUG oslo_messaging._drivers.amqpdriver [-] Listener is running poll /usr/lib/python3/dist-packages/oslo_messaging/_drivers/amqpdriver.py:343
2025-09-22 00:35:29.699 131964 DEBUG oslo_messaging._drivers.amqpdriver [-] AMQPListener connection consume poll /usr/lib/python3/dist-packages/oslo_messaging/_drivers/amqpdriver.py:357
2025-09-22 00:35:29.699 130147 DEBUG oslo_service.service [req-e6f2a9b3-2cdc-48d5-9266-79dab214e5fd - - - - -] api_database.connection_recycle_time = 3600 log_opt_values /usr/lib/python3/dist-packages/oslo_config/cfg.py:2609
2025-09-22 00:35:29.700 130147 DEBUG oslo_service.service [req-e6f2a9b3-2cdc-48d5-9266-79dab214e5fd - - - - -] api_database.connection_trace = False log_opt_values /usr/lib/python3/dist-packages/oslo_config/cfg.py:2609
2025-09-22 00:35:29.700 130147 DEBUG oslo_service.service [req-e6f2a9b3-2cdc-48d5-9266-79dab214e5fd - - - - -] api_database.db_inc_retry_interval = True log_opt_values /usr/lib/python3/dist-packages/oslo_config/cfg.py:2609
2025-09-22 00:35:29.700 130147 DEBUG oslo_service.service [req-e6f2a9b3-2cdc-48d5-9266-79dab214e5fd - - - - -] api_database.db_max_retries = 20 log_opt_values /usr/lib/python3/dist-packages/oslo_config/cfg.py:2609
2025-09-22 00:35:29.700 130147 DEBUG oslo_service.service [req-e6f2a9b3-2cdc-48d5-9266-79dab214e5fd - - - - -] api_database.db_max_retry_interval = 10 log_opt_values /usr/lib/python3/dist-packages/oslo_config/cfg.py:2609
2025-09-22 00:35:29.700 130147 DEBUG oslo_service.service [req-e6f2a9b3-2cdc-48d5-9266-79dab214e5fd - - - - -] api_database.db_retry_interval = 1 log_opt_values /usr/lib/python3/dist-packages/oslo_config/cfg.py:2609
2025-09-22 00:35:29.700 130147 DEBUG oslo_service.service [req-e6f2a9b3-2cdc-48d5-9266-79dab214e5fd - - - - -] api_database.max_overflow = 50 log_opt_values /usr/lib/python3/dist-packages/oslo_config/cfg.py:2609
2025-09-22 00:35:29.701 130147 DEBUG oslo_service.service [req-e6f2a9b3-2cdc-48d5-9266-79dab214e5fd - - - - -] api_database.max_pool_size = 4 log_opt_values /usr/lib/python3/dist-packages/oslo_config/cfg.py:2609
2025-09-22 00:35:29.701 130147 DEBUG oslo_service.service [req-e6f2a9b3-2cdc-48d5-9266-79dab214e5fd - - - - -] api_database.max_retries = 10 log_opt_values /usr/lib/python3/dist-packages/oslo_config/cfg.py:2609
2025-09-22 00:35:29.701 130147 DEBUG oslo_service.service [req-e6f2a9b3-2cdc-48d5-9266-79dab214e5fd - - - - -] api_database.mysql_enable_ndb = False log_opt_values /usr/lib/python3/dist-packages/oslo_config/cfg.py:2609
2025-09-22 00:35:29.701 130147 DEBUG oslo_service.service [req-e6f2a9b3-2cdc-48d5-9266-79dab214e5fd - - - - -] api_database.mysql_sql_mode = TRADITIONAL log_opt_values /usr/lib/python3/dist-packages/oslo_config/cfg.py:2609
2025-09-22 00:35:29.701 130147 DEBUG oslo_service.service [req-e6f2a9b3-2cdc-48d5-9266-79dab214e5fd - - - - -] api_database.pool_timeout = None log_opt_values /usr/lib/python3/dist-packages/oslo_config/cfg.py:2609
2025-09-22 00:35:29.701 130147 DEBUG oslo_service.service [req-e6f2a9b3-2cdc-48d5-9266-79dab214e5fd - - - - -] api_database.retry_interval = 10 log_opt_values /usr/lib/python3/dist-packages/oslo_config/cfg.py:2609
2025-09-22 00:35:29.702 130147 DEBUG oslo_service.service [req-e6f2a9b3-2cdc-48d5-9266-79dab214e5fd - - - - -] api_database.slave_connection = **** log_opt_values /usr/lib/python3/dist-packages/oslo_config/cfg.py:2609
2025-09-22 00:35:29.702 130147 DEBUG oslo_service.service [req-e6f2a9b3-2cdc-48d5-9266-79dab214e5fd - - - - -] api_database.sqlite_synchronous = True log_opt_values /usr/lib/python3/dist-packages/oslo_config/cfg.py:2609
2025-09-22 00:35:29.702 130147 DEBUG oslo_service.service [req-e6f2a9b3-2cdc-48d5-9266-79dab214e5fd - - - - -] devices.enabled_mdev_types = [] log_opt_values /usr/lib/python3/dist-packages/oslo_config/cfg.py:2609
2025-09-22 00:35:29.702 130147 DEBUG oslo_service.service [req-e6f2a9b3-2cdc-48d5-9266-79dab214e5fd - - - - -] ephemeral_storage_encryption.cipher = aes-xts-plain64 log_opt_values /usr/lib/python3/dist-packages/oslo_config/cfg.py:2609
2025-09-22 00:35:29.702 130147 DEBUG oslo_service.service [req-e6f2a9b3-2cdc-48d5-9266-79dab214e5fd - - - - -] ephemeral_storage_encryption.enabled = False log_opt_values /usr/lib/python3/dist-packages/oslo_config/cfg.py:2609
2025-09-22 00:35:29.702 130147 DEBUG oslo_service.service [req-e6f2a9b3-2cdc-48d5-9266-79dab214e5fd - - - - -] ephemeral_storage_encryption.key_size = 512 log_opt_values /usr/lib/python3/dist-packages/oslo_config/cfg.py:2609
2025-09-22 00:35:29.703 130147 WARNING oslo_config.cfg [req-e6f2a9b3-2cdc-48d5-9266-79dab214e5fd - - - - -] Deprecated: Option "api_servers" from group "glance" is deprecated for removal ( Support for image service configuration via standard keystoneauth1 Adapter options was added in the 17.0.0 Queens release. The api_servers option was retained temporarily to allow consumers time to cut over to a real load balancing solution. ). Its value may be silently ignored in the future.
2025-09-22 00:35:29.703 130147 DEBUG oslo_service.service [req-e6f2a9b3-2cdc-48d5-9266-79dab214e5fd - - - - -] glance.api_servers = ['http://252.57.173.79:9292'] log_opt_values /usr/lib/python3/dist-packages/oslo_config/cfg.py:2609
2025-09-22 00:35:29.703 130147 DEBUG oslo_service.service [req-e6f2a9b3-2cdc-48d5-9266-79dab214e5fd - - - - -] glance.cafile = None log_opt_values /usr/lib/python3/dist-packages/oslo_config/cfg.py:2609
2025-09-22 00:35:29.703 130147 DEBUG oslo_service.service [req-e6f2a9b3-2cdc-48d5-9266-79dab214e5fd - - - - -] glance.certfile = None log_opt_values /usr/lib/python3/dist-packages/oslo_config/cfg.py:2609
2025-09-22 00:35:29.703 130147 DEBUG oslo_service.service [req-e6f2a9b3-2cdc-48d5-9266-79dab214e5fd - - - - -] glance.collect_timing = False log_opt_values /usr/lib/python3/dist-packages/oslo_config/cfg.py:2609
2025-09-22 00:35:29.704 130147 DEBUG oslo_service.service [req-e6f2a9b3-2cdc-48d5-9266-79dab214e5fd - - - - -] glance.connect_retries = None log_opt_values /usr/lib/python3/dist-packages/oslo_config/cfg.py:2609
2025-09-22 00:35:29.704 130147 DEBUG oslo_service.service [req-e6f2a9b3-2cdc-48d5-9266-79dab214e5fd - - - - -] glance.connect_retry_delay = None log_opt_values /usr/lib/python3/dist-packages/oslo_config/cfg.py:2609
2025-09-22 00:35:29.704 130147 DEBUG oslo_service.service [req-e6f2a9b3-2cdc-48d5-9266-79dab214e5fd - - - - -] glance.debug = False log_opt_values /usr/lib/python3/dist-packages/oslo_config/cfg.py:2609
2025-09-22 00:35:29.704 130147 DEBUG oslo_service.service [req-e6f2a9b3-2cdc-48d5-9266-79dab214e5fd - - - - -] glance.default_trusted_certificate_ids = [] log_opt_values /usr/lib/python3/dist-packages/oslo_config/cfg.py:2609
2025-09-22 00:35:29.704 130147 DEBUG oslo_service.service [req-e6f2a9b3-2cdc-48d5-9266-79dab214e5fd - - - - -] glance.enable_certificate_validation = False log_opt_values /usr/lib/python3/dist-packages/oslo_config/cfg.py:2609
2025-09-22 00:35:29.704 130147 DEBUG oslo_service.service [req-e6f2a9b3-2cdc-48d5-9266-79dab214e5fd - - - - -] glance.enable_rbd_download = False log_opt_values /usr/lib/python3/dist-packages/oslo_config/cfg.py:2609
2025-09-22 00:35:29.705 130147 DEBUG oslo_service.service [req-e6f2a9b3-2cdc-48d5-9266-79dab214e5fd - - - - -] glance.endpoint_override = None log_opt_values /usr/lib/python3/dist-packages/oslo_config/cfg.py:2609
2025-09-22 00:35:29.705 130147 DEBUG oslo_service.service [req-e6f2a9b3-2cdc-48d5-9266-79dab214e5fd - - - - -] glance.insecure = False log_opt_values /usr/lib/python3/dist-packages/oslo_config/cfg.py:2609
2025-09-22 00:35:29.705 130147 DEBUG oslo_service.service [req-e6f2a9b3-2cdc-48d5-9266-79dab214e5fd - - - - -] glance.keyfile = None log_opt_values /usr/lib/python3/dist-packages/oslo_config/cfg.py:2609
2025-09-22 00:35:29.705 130147 DEBUG oslo_service.service [req-e6f2a9b3-2cdc-48d5-9266-79dab214e5fd - - - - -] glance.max_version = None log_opt_values /usr/lib/python3/dist-packages/oslo_config/cfg.py:2609
2025-09-22 00:35:29.699 131962 DEBUG oslo_messaging._drivers.amqpdriver [-] AMQPListener connection timeout poll /usr/lib/python3/dist-packages/oslo_messaging/_drivers/amqpdriver.py:360
2025-09-22 00:35:29.705 130147 DEBUG oslo_service.service [req-e6f2a9b3-2cdc-48d5-9266-79dab214e5fd - - - - -] glance.min_version = None log_opt_values /usr/lib/python3/dist-packages/oslo_config/cfg.py:2609
2025-09-22 00:35:29.705 130147 DEBUG oslo_service.service [req-e6f2a9b3-2cdc-48d5-9266-79dab214e5fd - - - - -] glance.num_retries = 3 log_opt_values /usr/lib/python3/dist-packages/oslo_config/cfg.py:2609
2025-09-22 00:35:29.706 130147 DEBUG oslo_service.service [req-e6f2a9b3-2cdc-48d5-9266-79dab214e5fd - - - - -] glance.rbd_ceph_conf = log_opt_values /usr/lib/python3/dist-packages/oslo_config/cfg.py:2609
2025-09-22 00:35:29.705 131962 DEBUG oslo_messaging._drivers.amqpdriver [-] Listener is running poll /usr/lib/python3/dist-packages/oslo_messaging/_drivers/amqpdriver.py:343
2025-09-22 00:35:29.706 131962 DEBUG oslo_messaging._drivers.amqpdriver [-] AMQPListener connection consume poll /usr/lib/python3/dist-packages/oslo_messaging/_drivers/amqpdriver.py:357
2025-09-22 00:35:29.706 130147 DEBUG oslo_service.service [req-e6f2a9b3-2cdc-48d5-9266-79dab214e5fd - - - - -] glance.rbd_connect_timeout = 5 log_opt_values /usr/lib/python3/dist-packages/oslo_config/cfg.py:2609
2025-09-22 00:35:29.706 130147 DEBUG oslo_service.service [req-e6f2a9b3-2cdc-48d5-9266-79dab214e5fd - - - - -] glance.rbd_pool = log_opt_values /usr/lib/python3/dist-packages/oslo_config/cfg.py:2609
2025-09-22 00:35:29.706 130147 DEBUG oslo_service.service [req-e6f2a9b3-2cdc-48d5-9266-79dab214e5fd - - - - -] glance.rbd_user = log_opt_values /usr/lib/python3/dist-packages/oslo_config/cfg.py:2609
2025-09-22 00:35:29.706 130147 DEBUG oslo_service.service [req-e6f2a9b3-2cdc-48d5-9266-79dab214e5fd - - - - -] glance.region_name = None log_opt_values /usr/lib/python3/dist-packages/oslo_config/cfg.py:2609
2025-09-22 00:35:29.706 130147 DEBUG oslo_service.service [req-e6f2a9b3-2cdc-48d5-9266-79dab214e5fd - - - - -] glance.service_name = None log_opt_values /usr/lib/python3/dist-packages/oslo_config/cfg.py:2609
2025-09-22 00:35:29.707 130147 DEBUG oslo_service.service [req-e6f2a9b3-2cdc-48d5-9266-79dab214e5fd - - - - -] glance.service_type = image log_opt_values /usr/lib/python3/dist-packages/oslo_config/cfg.py:2609
2025-09-22 00:35:29.707 130147 DEBUG oslo_service.service [req-e6f2a9b3-2cdc-48d5-9266-79dab214e5fd - - - - -] glance.split_loggers = False log_opt_values /usr/lib/python3/dist-packages/oslo_config/cfg.py:2609
2025-09-22 00:35:29.707 130147 DEBUG oslo_service.service [req-e6f2a9b3-2cdc-48d5-9266-79dab214e5fd - - - - -] glance.status_code_retries = None log_opt_values /usr/lib/python3/dist-packages/oslo_config/cfg.py:2609
2025-09-22 00:35:29.707 130147 DEBUG oslo_service.service [req-e6f2a9b3-2cdc-48d5-9266-79dab214e5fd - - - - -] glance.status_code_retry_delay = None log_opt_values /usr/lib/python3/dist-packages/oslo_config/cfg.py:2609
2025-09-22 00:35:29.707 130147 DEBUG oslo_service.service [req-e6f2a9b3-2cdc-48d5-9266-79dab214e5fd - - - - -] glance.timeout = None log_opt_values /usr/lib/python3/dist-packages/oslo_config/cfg.py:2609
2025-09-22 00:35:29.707 130147 DEBUG oslo_service.service [req-e6f2a9b3-2cdc-48d5-9266-79dab214e5fd - - - - -] glance.valid_interfaces = ['internal', 'public'] log_opt_values /usr/lib/python3/dist-packages/oslo_config/cfg.py:2609
2025-09-22 00:35:29.708 130147 DEBUG oslo_service.service [req-e6f2a9b3-2cdc-48d5-9266-79dab214e5fd - - - - -] glance.verify_glance_signatures = False log_opt_values /usr/lib/python3/dist-packages/oslo_config/cfg.py:2609
2025-09-22 00:35:29.708 130147 DEBUG oslo_service.service [req-e6f2a9b3-2cdc-48d5-9266-79dab214e5fd - - - - -] glance.version = None log_opt_values /usr/lib/python3/dist-packages/oslo_config/cfg.py:2609
2025-09-22 00:35:29.708 130147 DEBUG oslo_service.service [req-e6f2a9b3-2cdc-48d5-9266-79dab214e5fd - - - - -] guestfs.debug = False log_opt_values /usr/lib/python3/dist-packages/oslo_config/cfg.py:2609
2025-09-22 00:35:29.708 130147 DEBUG oslo_service.service [req-e6f2a9b3-2cdc-48d5-9266-79dab214e5fd - - - - -] hyperv.config_drive_cdrom = False log_opt_values /usr/lib/python3/dist-packages/oslo_config/cfg.py:2609
2025-09-22 00:35:29.708 130147 DEBUG oslo_service.service [req-e6f2a9b3-2cdc-48d5-9266-79dab214e5fd - - - - -] hyperv.config_drive_inject_password = False log_opt_values /usr/lib/python3/dist-packages/oslo_config/cfg.py:2609
2025-09-22 00:35:29.708 130147 DEBUG oslo_service.service [req-e6f2a9b3-2cdc-48d5-9266-79dab214e5fd - - - - -] hyperv.dynamic_memory_ratio = 1.0 log_opt_values /usr/lib/python3/dist-packages/oslo_config/cfg.py:2609
2025-09-22 00:35:29.709 130147 DEBUG oslo_service.service [req-e6f2a9b3-2cdc-48d5-9266-79dab214e5fd - - - - -] hyperv.enable_instance_metrics_collection = False log_opt_values /usr/lib/python3/dist-packages/oslo_config/cfg.py:2609
2025-09-22 00:35:29.709 130147 DEBUG oslo_service.service [req-e6f2a9b3-2cdc-48d5-9266-79dab214e5fd - - - - -] hyperv.enable_remotefx = False log_opt_values /usr/lib/python3/dist-packages/oslo_config/cfg.py:2609
2025-09-22 00:35:29.709 130147 DEBUG oslo_service.service [req-e6f2a9b3-2cdc-48d5-9266-79dab214e5fd - - - - -] hyperv.instances_path_share = log_opt_values /usr/lib/python3/dist-packages/oslo_config/cfg.py:2609
2025-09-22 00:35:29.709 130147 DEBUG oslo_service.service [req-e6f2a9b3-2cdc-48d5-9266-79dab214e5fd - - - - -] hyperv.iscsi_initiator_list = [] log_opt_values /usr/lib/python3/dist-packages/oslo_config/cfg.py:2609
2025-09-22 00:35:29.709 130147 DEBUG oslo_service.service [req-e6f2a9b3-2cdc-48d5-9266-79dab214e5fd - - - - -] hyperv.limit_cpu_features = False log_opt_values /usr/lib/python3/dist-packages/oslo_config/cfg.py:2609
2025-09-22 00:35:29.709 130147 DEBUG oslo_service.service [req-e6f2a9b3-2cdc-48d5-9266-79dab214e5fd - - - - -] hyperv.mounted_disk_query_retry_count = 10 log_opt_values /usr/lib/python3/dist-packages/oslo_config/cfg.py:2609
2025-09-22 00:35:29.710 130147 DEBUG oslo_service.service [req-e6f2a9b3-2cdc-48d5-9266-79dab214e5fd - - - - -] hyperv.mounted_disk_query_retry_interval = 5 log_opt_values /usr/lib/python3/dist-packages/oslo_config/cfg.py:2609
2025-09-22 00:35:29.710 130147 DEBUG oslo_service.service [req-e6f2a9b3-2cdc-48d5-9266-79dab214e5fd - - - - -] hyperv.power_state_check_timeframe = 60 log_opt_values /usr/lib/python3/dist-packages/oslo_config/cfg.py:2609
2025-09-22 00:35:29.710 130147 DEBUG oslo_service.service [req-e6f2a9b3-2cdc-48d5-9266-79dab214e5fd - - - - -] hyperv.power_state_event_polling_interval = 2 log_opt_values /usr/lib/python3/dist-packages/oslo_config/cfg.py:2609
2025-09-22 00:35:29.710 130147 DEBUG oslo_service.service [req-e6f2a9b3-2cdc-48d5-9266-79dab214e5fd - - - - -] hyperv.qemu_img_cmd = qemu-img.exe log_opt_values /usr/lib/python3/dist-packages/oslo_config/cfg.py:2609
2025-09-22 00:35:29.710 130147 DEBUG oslo_service.service [req-e6f2a9b3-2cdc-48d5-9266-79dab214e5fd - - - - -] hyperv.use_multipath_io = False log_opt_values /usr/lib/python3/dist-packages/oslo_config/cfg.py:2609
2025-09-22 00:35:29.710 130147 DEBUG oslo_service.service [req-e6f2a9b3-2cdc-48d5-9266-79dab214e5fd - - - - -] hyperv.volume_attach_retry_count = 10 log_opt_values /usr/lib/python3/dist-packages/oslo_config/cfg.py:2609
2025-09-22 00:35:29.711 130147 DEBUG oslo_service.service [req-e6f2a9b3-2cdc-48d5-9266-79dab214e5fd - - - - -] hyperv.volume_attach_retry_interval = 5 log_opt_values /usr/lib/python3/dist-packages/oslo_config/cfg.py:2609
2025-09-22 00:35:29.711 130147 DEBUG oslo_service.service [req-e6f2a9b3-2cdc-48d5-9266-79dab214e5fd - - - - -] hyperv.vswitch_name = None log_opt_values /usr/lib/python3/dist-packages/oslo_config/cfg.py:2609
2025-09-22 00:35:29.711 130147 DEBUG oslo_service.service [req-e6f2a9b3-2cdc-48d5-9266-79dab214e5fd - - - - -] hyperv.wait_soft_reboot_seconds = 60 log_opt_values /usr/lib/python3/dist-packages/oslo_config/cfg.py:2609
2025-09-22 00:35:29.711 130147 DEBUG oslo_service.service [req-e6f2a9b3-2cdc-48d5-9266-79dab214e5fd - - - - -] mks.enabled = False log_opt_values /usr/lib/python3/dist-packages/oslo_config/cfg.py:2609
2025-09-22 00:35:29.712 130147 DEBUG oslo_service.service [req-e6f2a9b3-2cdc-48d5-9266-79dab214e5fd - - - - -] mks.mksproxy_base_url = http://127.0.0.1:6090/ log_opt_values /usr/lib/python3/dist-packages/oslo_config/cfg.py:2609
2025-09-22 00:35:29.712 130147 DEBUG oslo_service.service [req-e6f2a9b3-2cdc-48d5-9266-79dab214e5fd - - - - -] image_cache.manager_interval = 2400 log_opt_values /usr/lib/python3/dist-packages/oslo_config/cfg.py:2609
2025-09-22 00:35:29.712 130147 DEBUG oslo_service.service [req-e6f2a9b3-2cdc-48d5-9266-79dab214e5fd - - - - -] image_cache.precache_concurrency = 1 log_opt_values /usr/lib/python3/dist-packages/oslo_config/cfg.py:2609
2025-09-22 00:35:29.712 130147 DEBUG oslo_service.service [req-e6f2a9b3-2cdc-48d5-9266-79dab214e5fd - - - - -] image_cache.remove_unused_base_images = True log_opt_values /usr/lib/python3/dist-packages/oslo_config/cfg.py:2609
2025-09-22 00:35:29.712 130147 DEBUG oslo_service.service [req-e6f2a9b3-2cdc-48d5-9266-79dab214e5fd - - - - -] image_cache.remove_unused_original_minimum_age_seconds = 86400 log_opt_values /usr/lib/python3/dist-packages/oslo_config/cfg.py:2609
2025-09-22 00:35:29.713 130147 DEBUG oslo_service.service [req-e6f2a9b3-2cdc-48d5-9266-79dab214e5fd - - - - -] image_cache.remove_unused_resized_minimum_age_seconds = 3600 log_opt_values /usr/lib/python3/dist-packages/oslo_config/cfg.py:2609
2025-09-22 00:35:29.713 130147 DEBUG oslo_service.service [req-e6f2a9b3-2cdc-48d5-9266-79dab214e5fd - - - - -] image_cache.subdirectory_name = _base log_opt_values /usr/lib/python3/dist-packages/oslo_config/cfg.py:2609
2025-09-22 00:35:29.713 130147 DEBUG oslo_service.service [req-e6f2a9b3-2cdc-48d5-9266-79dab214e5fd - - - - -] ironic.api_max_retries = 60 log_opt_values /usr/lib/python3/dist-packages/oslo_config/cfg.py:2609
2025-09-22 00:35:29.713 130147 DEBUG oslo_service.service [req-e6f2a9b3-2cdc-48d5-9266-79dab214e5fd - - - - -] ironic.api_retry_interval = 2 log_opt_values /usr/lib/python3/dist-packages/oslo_config/cfg.py:2609
2025-09-22 00:35:29.713 130147 DEBUG oslo_service.service [req-e6f2a9b3-2cdc-48d5-9266-79dab214e5fd - - - - -] ironic.auth_section = None log_opt_values /usr/lib/python3/dist-packages/oslo_config/cfg.py:2609
2025-09-22 00:35:29.713 130147 DEBUG oslo_service.service [req-e6f2a9b3-2cdc-48d5-9266-79dab214e5fd - - - - -] ironic.auth_type = None log_opt_values /usr/lib/python3/dist-packages/oslo_config/cfg.py:2609
2025-09-22 00:35:29.714 130147 DEBUG oslo_service.service [req-e6f2a9b3-2cdc-48d5-9266-79dab214e5fd - - - - -] ironic.cafile = None log_opt_values /usr/lib/python3/dist-packages/oslo_config/cfg.py:2609
2025-09-22 00:35:29.714 130147 DEBUG oslo_service.service [req-e6f2a9b3-2cdc-48d5-9266-79dab214e5fd - - - - -] ironic.certfile = None log_opt_values /usr/lib/python3/dist-packages/oslo_config/cfg.py:2609
2025-09-22 00:35:29.714 130147 DEBUG oslo_service.service [req-e6f2a9b3-2cdc-48d5-9266-79dab214e5fd - - - - -] ironic.collect_timing = False log_opt_values /usr/lib/python3/dist-packages/oslo_config/cfg.py:2609
2025-09-22 00:35:29.714 130147 DEBUG oslo_service.service [req-e6f2a9b3-2cdc-48d5-9266-79dab214e5fd - - - - -] ironic.connect_retries = None log_opt_values /usr/lib/python3/dist-packages/oslo_config/cfg.py:2609
2025-09-22 00:35:29.714 130147 DEBUG oslo_service.service [req-e6f2a9b3-2cdc-48d5-9266-79dab214e5fd - - - - -] ironic.connect_retry_delay = None log_opt_values /usr/lib/python3/dist-packages/oslo_config/cfg.py:2609
2025-09-22 00:35:29.714 130147 DEBUG oslo_service.service [req-e6f2a9b3-2cdc-48d5-9266-79dab214e5fd - - - - -] ironic.endpoint_override = None log_opt_values /usr/lib/python3/dist-packages/oslo_config/cfg.py:2609
2025-09-22 00:35:29.715 130147 DEBUG oslo_service.service [req-e6f2a9b3-2cdc-48d5-9266-79dab214e5fd - - - - -] ironic.insecure = False log_opt_values /usr/lib/python3/dist-packages/oslo_config/cfg.py:2609
2025-09-22 00:35:29.715 130147 DEBUG oslo_service.service [req-e6f2a9b3-2cdc-48d5-9266-79dab214e5fd - - - - -] ironic.keyfile = None log_opt_values /usr/lib/python3/dist-packages/oslo_config/cfg.py:2609
2025-09-22 00:35:29.715 130147 DEBUG oslo_service.service [req-e6f2a9b3-2cdc-48d5-9266-79dab214e5fd - - - - -] ironic.max_version = None log_opt_values /usr/lib/python3/dist-packages/oslo_config/cfg.py:2609
2025-09-22 00:35:29.715 130147 DEBUG oslo_service.service [req-e6f2a9b3-2cdc-48d5-9266-79dab214e5fd - - - - -] ironic.min_version = None log_opt_values /usr/lib/python3/dist-packages/oslo_config/cfg.py:2609
2025-09-22 00:35:29.715 131963 DEBUG oslo_messaging._drivers.amqpdriver [-] Listener is running poll /usr/lib/python3/dist-packages/oslo_messaging/_drivers/amqpdriver.py:343
2025-09-22 00:35:29.715 130147 DEBUG oslo_service.service [req-e6f2a9b3-2cdc-48d5-9266-79dab214e5fd - - - - -] ironic.partition_key = None log_opt_values /usr/lib/python3/dist-packages/oslo_config/cfg.py:2609
2025-09-22 00:35:29.715 131963 DEBUG oslo_messaging._drivers.amqpdriver [-] AMQPListener connection consume poll /usr/lib/python3/dist-packages/oslo_messaging/_drivers/amqpdriver.py:357
2025-09-22 00:35:29.716 130147 DEBUG oslo_service.service [req-e6f2a9b3-2cdc-48d5-9266-79dab214e5fd - - - - -] ironic.peer_list = [] log_opt_values /usr/lib/python3/dist-packages/oslo_config/cfg.py:2609
2025-09-22 00:35:29.716 130147 DEBUG oslo_service.service [req-e6f2a9b3-2cdc-48d5-9266-79dab214e5fd - - - - -] ironic.region_name = None log_opt_values /usr/lib/python3/dist-packages/oslo_config/cfg.py:2609
2025-09-22 00:35:29.716 130147 DEBUG oslo_service.service [req-e6f2a9b3-2cdc-48d5-9266-79dab214e5fd - - - - -] ironic.serial_console_state_timeout = 10 log_opt_values /usr/lib/python3/dist-packages/oslo_config/cfg.py:2609
2025-09-22 00:35:29.716 130147 DEBUG oslo_service.service [req-e6f2a9b3-2cdc-48d5-9266-79dab214e5fd - - - - -] ironic.service_name = None log_opt_values /usr/lib/python3/dist-packages/oslo_config/cfg.py:2609
2025-09-22 00:35:29.716 131963 DEBUG nova.service [req-e20015db-3cb6-4cde-b07d-7f6c7fa67c93 - - - - -] Join ServiceGroup membership for this service conductor start /usr/lib/python3/dist-packages/nova/service.py:199
2025-09-22 00:35:29.716 130147 DEBUG oslo_service.service [req-e6f2a9b3-2cdc-48d5-9266-79dab214e5fd - - - - -] ironic.service_type = baremetal log_opt_values /usr/lib/python3/dist-packages/oslo_config/cfg.py:2609
2025-09-22 00:35:29.716 131963 DEBUG nova.servicegroup.drivers.db [req-e20015db-3cb6-4cde-b07d-7f6c7fa67c93 - - - - -] DB_Driver: join new ServiceGroup member juju-c05693-0-lxd-7 to the conductor group, service = join /usr/lib/python3/dist-packages/nova/servicegroup/drivers/db.py:44
2025-09-22 00:35:29.716 130147 DEBUG oslo_service.service [req-e6f2a9b3-2cdc-48d5-9266-79dab214e5fd - - - - -] ironic.split_loggers = False log_opt_values /usr/lib/python3/dist-packages/oslo_config/cfg.py:2609
2025-09-22 00:35:29.717 130147 DEBUG oslo_service.service [req-e6f2a9b3-2cdc-48d5-9266-79dab214e5fd - - - - -] ironic.status_code_retries = None log_opt_values /usr/lib/python3/dist-packages/oslo_config/cfg.py:2609
2025-09-22 00:35:29.717 130147 DEBUG oslo_service.service [req-e6f2a9b3-2cdc-48d5-9266-79dab214e5fd - - - - -] ironic.status_code_retry_delay = None log_opt_values /usr/lib/python3/dist-packages/oslo_config/cfg.py:2609
2025-09-22 00:35:29.717 130147 DEBUG oslo_service.service [req-e6f2a9b3-2cdc-48d5-9266-79dab214e5fd - - - - -] ironic.timeout = None log_opt_values /usr/lib/python3/dist-packages/oslo_config/cfg.py:2609
2025-09-22 00:35:29.717 130147 DEBUG oslo_service.service [req-e6f2a9b3-2cdc-48d5-9266-79dab214e5fd - - - - -] ironic.valid_interfaces = ['internal', 'public'] log_opt_values /usr/lib/python3/dist-packages/oslo_config/cfg.py:2609
2025-09-22 00:35:29.717 130147 DEBUG oslo_service.service [req-e6f2a9b3-2cdc-48d5-9266-79dab214e5fd - - - - -] ironic.version = None log_opt_values /usr/lib/python3/dist-packages/oslo_config/cfg.py:2609
2025-09-22 00:35:29.717 130147 DEBUG oslo_service.service [req-e6f2a9b3-2cdc-48d5-9266-79dab214e5fd - - - - -] key_manager.backend = barbican log_opt_values /usr/lib/python3/dist-packages/oslo_config/cfg.py:2609
2025-09-22 00:35:29.718 130147 DEBUG oslo_service.service [req-e6f2a9b3-2cdc-48d5-9266-79dab214e5fd - - - - -] key_manager.fixed_key = **** log_opt_values /usr/lib/python3/dist-packages/oslo_config/cfg.py:2609
2025-09-22 00:35:29.718 130147 DEBUG oslo_service.service [req-e6f2a9b3-2cdc-48d5-9266-79dab214e5fd - - - - -] barbican.auth_endpoint = http://localhost/identity/v3 log_opt_values /usr/lib/python3/dist-packages/oslo_config/cfg.py:2609
2025-09-22 00:35:29.718 130147 DEBUG oslo_service.service [req-e6f2a9b3-2cdc-48d5-9266-79dab214e5fd - - - - -] barbican.barbican_api_version = None log_opt_values /usr/lib/python3/dist-packages/oslo_config/cfg.py:2609
2025-09-22 00:35:29.718 130147 DEBUG oslo_service.service [req-e6f2a9b3-2cdc-48d5-9266-79dab214e5fd - - - - -] barbican.barbican_endpoint = None log_opt_values /usr/lib/python3/dist-packages/oslo_config/cfg.py:2609
2025-09-22 00:35:29.718 130147 DEBUG oslo_service.service [req-e6f2a9b3-2cdc-48d5-9266-79dab214e5fd - - - - -] barbican.barbican_endpoint_type = public log_opt_values /usr/lib/python3/dist-packages/oslo_config/cfg.py:2609
2025-09-22 00:35:29.718 130147 DEBUG oslo_service.service [req-e6f2a9b3-2cdc-48d5-9266-79dab214e5fd - - - - -] barbican.barbican_region_name = None log_opt_values /usr/lib/python3/dist-packages/oslo_config/cfg.py:2609
2025-09-22 00:35:29.719 130147 DEBUG oslo_service.service [req-e6f2a9b3-2cdc-48d5-9266-79dab214e5fd - - - - -] barbican.cafile = None log_opt_values /usr/lib/python3/dist-packages/oslo_config/cfg.py:2609
2025-09-22 00:35:29.719 131963 DEBUG oslo_messaging._drivers.amqpdriver [-] AMQPListener connection timeout poll /usr/lib/python3/dist-packages/oslo_messaging/_drivers/amqpdriver.py:360
2025-09-22 00:35:29.719 131963 DEBUG oslo_messaging._drivers.amqpdriver [-] Listener is running poll /usr/lib/python3/dist-packages/oslo_messaging/_drivers/amqpdriver.py:343
2025-09-22 00:35:29.719 130147 DEBUG oslo_service.service [req-e6f2a9b3-2cdc-48d5-9266-79dab214e5fd - - - - -] barbican.certfile = None log_opt_values /usr/lib/python3/dist-packages/oslo_config/cfg.py:2609
2025-09-22 00:35:29.719 131963 DEBUG oslo_messaging._drivers.amqpdriver [-] AMQPListener connection consume poll /usr/lib/python3/dist-packages/oslo_messaging/_drivers/amqpdriver.py:357
2025-09-22 00:35:29.719 130147 DEBUG oslo_service.service [req-e6f2a9b3-2cdc-48d5-9266-79dab214e5fd - - - - -] barbican.collect_timing = False log_opt_values /usr/lib/python3/dist-packages/oslo_config/cfg.py:2609
2025-09-22 00:35:29.719 130147 DEBUG oslo_service.service [req-e6f2a9b3-2cdc-48d5-9266-79dab214e5fd - - - - -] barbican.insecure = False log_opt_values /usr/lib/python3/dist-packages/oslo_config/cfg.py:2609
2025-09-22 00:35:29.719 130147 DEBUG oslo_service.service [req-e6f2a9b3-2cdc-48d5-9266-79dab214e5fd - - - - -] barbican.keyfile = None log_opt_values /usr/lib/python3/dist-packages/oslo_config/cfg.py:2609
2025-09-22 00:35:29.720 130147 DEBUG oslo_service.service [req-e6f2a9b3-2cdc-48d5-9266-79dab214e5fd - - - - -] barbican.number_of_retries = 60 log_opt_values /usr/lib/python3/dist-packages/oslo_config/cfg.py:2609
2025-09-22 00:35:29.720 130147 DEBUG oslo_service.service [req-e6f2a9b3-2cdc-48d5-9266-79dab214e5fd - - - - -] barbican.retry_delay = 1 log_opt_values /usr/lib/python3/dist-packages/oslo_config/cfg.py:2609
2025-09-22 00:35:29.720 130147 DEBUG oslo_service.service [req-e6f2a9b3-2cdc-48d5-9266-79dab214e5fd - - - - -] barbican.send_service_user_token = False log_opt_values /usr/lib/python3/dist-packages/oslo_config/cfg.py:2609
2025-09-22 00:35:29.720 130147 DEBUG oslo_service.service [req-e6f2a9b3-2cdc-48d5-9266-79dab214e5fd - - - - -] barbican.split_loggers = False log_opt_values /usr/lib/python3/dist-packages/oslo_config/cfg.py:2609
2025-09-22 00:35:29.720 130147 DEBUG oslo_service.service [req-e6f2a9b3-2cdc-48d5-9266-79dab214e5fd - - - - -] barbican.timeout = None log_opt_values /usr/lib/python3/dist-packages/oslo_config/cfg.py:2609
2025-09-22 00:35:29.720 130147 DEBUG oslo_service.service [req-e6f2a9b3-2cdc-48d5-9266-79dab214e5fd - - - - -] barbican.verify_ssl = True log_opt_values /usr/lib/python3/dist-packages/oslo_config/cfg.py:2609
2025-09-22 00:35:29.720 130147 DEBUG oslo_service.service [req-e6f2a9b3-2cdc-48d5-9266-79dab214e5fd - - - - -] barbican.verify_ssl_path = None log_opt_values /usr/lib/python3/dist-packages/oslo_config/cfg.py:2609
2025-09-22 00:35:29.721 130147 DEBUG oslo_service.service [req-e6f2a9b3-2cdc-48d5-9266-79dab214e5fd - - - - -] barbican_service_user.auth_section = None log_opt_values /usr/lib/python3/dist-packages/oslo_config/cfg.py:2609
2025-09-22 00:35:29.721 130147 DEBUG oslo_service.service [req-e6f2a9b3-2cdc-48d5-9266-79dab214e5fd - - - - -] barbican_service_user.auth_type = None log_opt_values /usr/lib/python3/dist-packages/oslo_config/cfg.py:2609
2025-09-22 00:35:29.721 130147 DEBUG oslo_service.service [req-e6f2a9b3-2cdc-48d5-9266-79dab214e5fd - - - - -] barbican_service_user.cafile = None log_opt_values /usr/lib/python3/dist-packages/oslo_config/cfg.py:2609
2025-09-22 00:35:29.721 130147 DEBUG oslo_service.service [req-e6f2a9b3-2cdc-48d5-9266-79dab214e5fd - - - - -] barbican_service_user.certfile = None log_opt_values /usr/lib/python3/dist-packages/oslo_config/cfg.py:2609
2025-09-22 00:35:29.721 130147 DEBUG oslo_service.service [req-e6f2a9b3-2cdc-48d5-9266-79dab214e5fd - - - - -] barbican_service_user.collect_timing = False log_opt_values /usr/lib/python3/dist-packages/oslo_config/cfg.py:2609
2025-09-22 00:35:29.721 130147 DEBUG oslo_service.service [req-e6f2a9b3-2cdc-48d5-9266-79dab214e5fd - - - - -] barbican_service_user.insecure = False log_opt_values /usr/lib/python3/dist-packages/oslo_config/cfg.py:2609
2025-09-22 00:35:29.722 130147 DEBUG oslo_service.service [req-e6f2a9b3-2cdc-48d5-9266-79dab214e5fd - - - - -] barbican_service_user.keyfile = None log_opt_values /usr/lib/python3/dist-packages/oslo_config/cfg.py:2609
2025-09-22 00:35:29.722 130147 DEBUG oslo_service.service [req-e6f2a9b3-2cdc-48d5-9266-79dab214e5fd - - - - -] barbican_service_user.split_loggers = False log_opt_values /usr/lib/python3/dist-packages/oslo_config/cfg.py:2609
2025-09-22 00:35:29.722 130147 DEBUG oslo_service.service [req-e6f2a9b3-2cdc-48d5-9266-79dab214e5fd - - - - -] barbican_service_user.timeout = None log_opt_values /usr/lib/python3/dist-packages/oslo_config/cfg.py:2609
2025-09-22 00:35:29.722 130147 DEBUG oslo_service.service [req-e6f2a9b3-2cdc-48d5-9266-79dab214e5fd - - - - -] vault.approle_role_id = None log_opt_values /usr/lib/python3/dist-packages/oslo_config/cfg.py:2609
2025-09-22 00:35:29.722 130147 DEBUG oslo_service.service [req-e6f2a9b3-2cdc-48d5-9266-79dab214e5fd - - - - -] vault.approle_secret_id = None log_opt_values /usr/lib/python3/dist-packages/oslo_config/cfg.py:2609
2025-09-22 00:35:29.722 130147 DEBUG oslo_service.service [req-e6f2a9b3-2cdc-48d5-9266-79dab214e5fd - - - - -] vault.cafile = None log_opt_values /usr/lib/python3/dist-packages/oslo_config/cfg.py:2609
2025-09-22 00:35:29.723 130147 DEBUG oslo_service.service [req-e6f2a9b3-2cdc-48d5-9266-79dab214e5fd - - - - -] vault.certfile = None log_opt_values /usr/lib/python3/dist-packages/oslo_config/cfg.py:2609
2025-09-22 00:35:29.723 130147 DEBUG oslo_service.service [req-e6f2a9b3-2cdc-48d5-9266-79dab214e5fd - - - - -] vault.collect_timing = False log_opt_values /usr/lib/python3/dist-packages/oslo_config/cfg.py:2609
2025-09-22 00:35:29.723 130147 DEBUG oslo_service.service [req-e6f2a9b3-2cdc-48d5-9266-79dab214e5fd - - - - -] vault.insecure = False log_opt_values /usr/lib/python3/dist-packages/oslo_config/cfg.py:2609
2025-09-22 00:35:29.723 130147 DEBUG oslo_service.service [req-e6f2a9b3-2cdc-48d5-9266-79dab214e5fd - - - - -] vault.keyfile = None log_opt_values /usr/lib/python3/dist-packages/oslo_config/cfg.py:2609
2025-09-22 00:35:29.723 130147 DEBUG oslo_service.service [req-e6f2a9b3-2cdc-48d5-9266-79dab214e5fd - - - - -] vault.kv_mountpoint = secret log_opt_values /usr/lib/python3/dist-packages/oslo_config/cfg.py:2609
2025-09-22 00:35:29.723 130147 DEBUG oslo_service.service [req-e6f2a9b3-2cdc-48d5-9266-79dab214e5fd - - - - -] vault.kv_version = 2 log_opt_values /usr/lib/python3/dist-packages/oslo_config/cfg.py:2609
2025-09-22 00:35:29.724 130147 DEBUG oslo_service.service [req-e6f2a9b3-2cdc-48d5-9266-79dab214e5fd - - - - -] vault.namespace = None log_opt_values /usr/lib/python3/dist-packages/oslo_config/cfg.py:2609
2025-09-22 00:35:29.724 130147 DEBUG oslo_service.service [req-e6f2a9b3-2cdc-48d5-9266-79dab214e5fd - - - - -] vault.root_token_id = None log_opt_values /usr/lib/python3/dist-packages/oslo_config/cfg.py:2609
2025-09-22 00:35:29.724 130147 DEBUG oslo_service.service [req-e6f2a9b3-2cdc-48d5-9266-79dab214e5fd - - - - -] vault.split_loggers = False log_opt_values /usr/lib/python3/dist-packages/oslo_config/cfg.py:2609
2025-09-22 00:35:29.724 130147 DEBUG oslo_service.service [req-e6f2a9b3-2cdc-48d5-9266-79dab214e5fd - - - - -] vault.ssl_ca_crt_file = None log_opt_values /usr/lib/python3/dist-packages/oslo_config/cfg.py:2609
2025-09-22 00:35:29.724 130147 DEBUG oslo_service.service [req-e6f2a9b3-2cdc-48d5-9266-79dab214e5fd - - - - -] vault.timeout = None log_opt_values /usr/lib/python3/dist-packages/oslo_config/cfg.py:2609
2025-09-22 00:35:29.724 130147 DEBUG oslo_service.service [req-e6f2a9b3-2cdc-48d5-9266-79dab214e5fd - - - - -] vault.use_ssl = False log_opt_values /usr/lib/python3/dist-packages/oslo_config/cfg.py:2609
2025-09-22 00:35:29.725 130147 DEBUG oslo_service.service [req-e6f2a9b3-2cdc-48d5-9266-79dab214e5fd - - - - -] vault.vault_url = http://127.0.0.1:8200 log_opt_values /usr/lib/python3/dist-packages/oslo_config/cfg.py:2609
2025-09-22 00:35:29.725 130147 DEBUG oslo_service.service [req-e6f2a9b3-2cdc-48d5-9266-79dab214e5fd - - - - -] keystone.cafile = None log_opt_values /usr/lib/python3/dist-packages/oslo_config/cfg.py:2609
2025-09-22 00:35:29.725 130147 DEBUG oslo_service.service [req-e6f2a9b3-2cdc-48d5-9266-79dab214e5fd - - - - -] keystone.certfile = None log_opt_values /usr/lib/python3/dist-packages/oslo_config/cfg.py:2609
