2025-09-18 00:37:46.229 133587 DEBUG oslo_messaging._drivers.amqpdriver [-] AMQPListener connection timeout poll /usr/lib/python3/dist-packages/oslo_messaging/_drivers/amqpdriver.py:360
2025-09-18 00:37:46.230 133587 DEBUG oslo_messaging._drivers.amqpdriver [-] Listener is running poll /usr/lib/python3/dist-packages/oslo_messaging/_drivers/amqpdriver.py:343
2025-09-18 00:37:46.230 133587 DEBUG oslo_messaging._drivers.amqpdriver [-] AMQPListener connection consume poll /usr/lib/python3/dist-packages/oslo_messaging/_drivers/amqpdriver.py:357
2025-09-18 00:37:46.232 133586 DEBUG oslo_messaging._drivers.amqpdriver [-] AMQPListener connection timeout poll /usr/lib/python3/dist-packages/oslo_messaging/_drivers/amqpdriver.py:360
2025-09-18 00:37:46.232 133586 DEBUG oslo_messaging._drivers.amqpdriver [-] Listener is running poll /usr/lib/python3/dist-packages/oslo_messaging/_drivers/amqpdriver.py:343
2025-09-18 00:37:46.232 133586 DEBUG oslo_messaging._drivers.amqpdriver [-] AMQPListener connection consume poll /usr/lib/python3/dist-packages/oslo_messaging/_drivers/amqpdriver.py:357
2025-09-18 00:37:46.242 133584 DEBUG oslo_messaging._drivers.amqpdriver [-] AMQPListener connection timeout poll /usr/lib/python3/dist-packages/oslo_messaging/_drivers/amqpdriver.py:360
2025-09-18 00:37:46.242 133584 DEBUG oslo_messaging._drivers.amqpdriver [-] Listener is running poll /usr/lib/python3/dist-packages/oslo_messaging/_drivers/amqpdriver.py:343
2025-09-18 00:37:46.243 133584 DEBUG oslo_messaging._drivers.amqpdriver [-] AMQPListener connection consume poll /usr/lib/python3/dist-packages/oslo_messaging/_drivers/amqpdriver.py:357
2025-09-18 00:37:48.231 133587 DEBUG oslo_messaging._drivers.amqpdriver [-] AMQPListener connection timeout poll /usr/lib/python3/dist-packages/oslo_messaging/_drivers/amqpdriver.py:360
2025-09-18 00:37:48.232 133587 DEBUG oslo_messaging._drivers.amqpdriver [-] Listener is running poll /usr/lib/python3/dist-packages/oslo_messaging/_drivers/amqpdriver.py:343
2025-09-18 00:37:48.232 133587 DEBUG oslo_messaging._drivers.amqpdriver [-] AMQPListener connection consume poll /usr/lib/python3/dist-packages/oslo_messaging/_drivers/amqpdriver.py:357
2025-09-18 00:37:48.232 133585 DEBUG oslo_messaging._drivers.amqpdriver [-] AMQPListener connection timeout poll /usr/lib/python3/dist-packages/oslo_messaging/_drivers/amqpdriver.py:360
2025-09-18 00:37:48.232 133585 DEBUG oslo_messaging._drivers.amqpdriver [-] Listener is running poll /usr/lib/python3/dist-packages/oslo_messaging/_drivers/amqpdriver.py:343
2025-09-18 00:37:48.232 133585 DEBUG oslo_messaging._drivers.amqpdriver [-] AMQPListener connection consume poll /usr/lib/python3/dist-packages/oslo_messaging/_drivers/amqpdriver.py:357
2025-09-18 00:37:48.234 133586 DEBUG oslo_messaging._drivers.amqpdriver [-] AMQPListener connection timeout poll /usr/lib/python3/dist-packages/oslo_messaging/_drivers/amqpdriver.py:360
2025-09-18 00:37:48.235 133586 DEBUG oslo_messaging._drivers.amqpdriver [-] Listener is running poll /usr/lib/python3/dist-packages/oslo_messaging/_drivers/amqpdriver.py:343
2025-09-18 00:37:48.235 133586 DEBUG oslo_messaging._drivers.amqpdriver [-] AMQPListener connection consume poll /usr/lib/python3/dist-packages/oslo_messaging/_drivers/amqpdriver.py:357
2025-09-18 00:37:48.245 133584 DEBUG oslo_messaging._drivers.amqpdriver [-] AMQPListener connection timeout poll /usr/lib/python3/dist-packages/oslo_messaging/_drivers/amqpdriver.py:360
2025-09-18 00:37:48.246 133584 DEBUG oslo_messaging._drivers.amqpdriver [-] Listener is running poll /usr/lib/python3/dist-packages/oslo_messaging/_drivers/amqpdriver.py:343
2025-09-18 00:37:48.246 133584 DEBUG oslo_messaging._drivers.amqpdriver [-] AMQPListener connection consume poll /usr/lib/python3/dist-packages/oslo_messaging/_drivers/amqpdriver.py:357
2025-09-18 00:37:52.233 133587 DEBUG oslo_messaging._drivers.amqpdriver [-] AMQPListener connection timeout poll /usr/lib/python3/dist-packages/oslo_messaging/_drivers/amqpdriver.py:360
2025-09-18 00:37:52.234 133587 DEBUG oslo_messaging._drivers.amqpdriver [-] Listener is running poll /usr/lib/python3/dist-packages/oslo_messaging/_drivers/amqpdriver.py:343
2025-09-18 00:37:52.234 133587 DEBUG oslo_messaging._drivers.amqpdriver [-] AMQPListener connection consume poll /usr/lib/python3/dist-packages/oslo_messaging/_drivers/amqpdriver.py:357
2025-09-18 00:37:52.236 133585 DEBUG oslo_messaging._drivers.amqpdriver [-] AMQPListener connection timeout poll /usr/lib/python3/dist-packages/oslo_messaging/_drivers/amqpdriver.py:360
2025-09-18 00:37:52.236 133585 DEBUG oslo_messaging._drivers.amqpdriver [-] Listener is running poll /usr/lib/python3/dist-packages/oslo_messaging/_drivers/amqpdriver.py:343
2025-09-18 00:37:52.236 133585 DEBUG oslo_messaging._drivers.amqpdriver [-] AMQPListener connection consume poll /usr/lib/python3/dist-packages/oslo_messaging/_drivers/amqpdriver.py:357
2025-09-18 00:37:52.238 133586 DEBUG oslo_messaging._drivers.amqpdriver [-] AMQPListener connection timeout poll /usr/lib/python3/dist-packages/oslo_messaging/_drivers/amqpdriver.py:360
2025-09-18 00:37:52.239 133586 DEBUG oslo_messaging._drivers.amqpdriver [-] Listener is running poll /usr/lib/python3/dist-packages/oslo_messaging/_drivers/amqpdriver.py:343
2025-09-18 00:37:52.239 133586 DEBUG oslo_messaging._drivers.amqpdriver [-] AMQPListener connection consume poll /usr/lib/python3/dist-packages/oslo_messaging/_drivers/amqpdriver.py:357
2025-09-18 00:37:52.249 133584 DEBUG oslo_messaging._drivers.amqpdriver [-] AMQPListener connection timeout poll /usr/lib/python3/dist-packages/oslo_messaging/_drivers/amqpdriver.py:360
2025-09-18 00:37:52.249 133584 DEBUG oslo_messaging._drivers.amqpdriver [-] Listener is running poll /usr/lib/python3/dist-packages/oslo_messaging/_drivers/amqpdriver.py:343
2025-09-18 00:37:52.249 133584 DEBUG oslo_messaging._drivers.amqpdriver [-] AMQPListener connection consume poll /usr/lib/python3/dist-packages/oslo_messaging/_drivers/amqpdriver.py:357
2025-09-18 00:37:53.226 133587 DEBUG oslo_service.periodic_task [req-dd77f254-1fec-4659-9ee1-3a0ddf6a8414 - - - - -] Running periodic task SchedulerManager._discover_hosts_in_cells run_periodic_tasks /usr/lib/python3/dist-packages/oslo_service/periodic_task.py:210
2025-09-18 00:37:53.227 133587 DEBUG oslo_db.sqlalchemy.engines [req-dd77f254-1fec-4659-9ee1-3a0ddf6a8414 - - - - -] Parent process 132258 forked (133587) with an open database connection, which is being discarded and recreated. checkout /usr/lib/python3/dist-packages/oslo_db/sqlalchemy/engines.py:413
2025-09-18 00:37:53.236 133587 DEBUG oslo_concurrency.lockutils [req-dd77f254-1fec-4659-9ee1-3a0ddf6a8414 - - - - -] Lock "72d3b66e-76b7-4abc-93cd-034ecec8f7c4" acquired by "nova.context.set_target_cell..get_or_set_cached_cell_and_set_connections" :: waited 0.000s inner /usr/lib/python3/dist-packages/oslo_concurrency/lockutils.py:386
2025-09-18 00:37:53.238 133587 DEBUG oslo_concurrency.lockutils [req-dd77f254-1fec-4659-9ee1-3a0ddf6a8414 - - - - -] Lock "72d3b66e-76b7-4abc-93cd-034ecec8f7c4" "released" by "nova.context.set_target_cell..get_or_set_cached_cell_and_set_connections" :: held 0.002s inner /usr/lib/python3/dist-packages/oslo_concurrency/lockutils.py:400
2025-09-18 00:37:53.244 133587 DEBUG oslo_db.sqlalchemy.engines [req-dd77f254-1fec-4659-9ee1-3a0ddf6a8414 - - - - -] MySQL server mode set to STRICT_TRANS_TABLES,STRICT_ALL_TABLES,NO_ZERO_IN_DATE,NO_ZERO_DATE,ERROR_FOR_DIVISION_BY_ZERO,TRADITIONAL,NO_ENGINE_SUBSTITUTION _check_effective_sql_mode /usr/lib/python3/dist-packages/oslo_db/sqlalchemy/engines.py:314
2025-09-18 00:38:00.235 133587 DEBUG oslo_messaging._drivers.amqpdriver [-] AMQPListener connection timeout poll /usr/lib/python3/dist-packages/oslo_messaging/_drivers/amqpdriver.py:360
2025-09-18 00:38:00.236 133587 DEBUG oslo_messaging._drivers.amqpdriver [-] Listener is running poll /usr/lib/python3/dist-packages/oslo_messaging/_drivers/amqpdriver.py:343
2025-09-18 00:38:00.236 133587 DEBUG oslo_messaging._drivers.amqpdriver [-] AMQPListener connection consume poll /usr/lib/python3/dist-packages/oslo_messaging/_drivers/amqpdriver.py:357
2025-09-18 00:38:00.237 133585 DEBUG oslo_messaging._drivers.amqpdriver [-] AMQPListener connection timeout poll /usr/lib/python3/dist-packages/oslo_messaging/_drivers/amqpdriver.py:360
2025-09-18 00:38:00.239 133585 DEBUG oslo_messaging._drivers.amqpdriver [-] Listener is running poll /usr/lib/python3/dist-packages/oslo_messaging/_drivers/amqpdriver.py:343
2025-09-18 00:38:00.239 133585 DEBUG oslo_messaging._drivers.amqpdriver [-] AMQPListener connection consume poll /usr/lib/python3/dist-packages/oslo_messaging/_drivers/amqpdriver.py:357
2025-09-18 00:38:00.241 133586 DEBUG oslo_messaging._drivers.amqpdriver [-] AMQPListener connection timeout poll /usr/lib/python3/dist-packages/oslo_messaging/_drivers/amqpdriver.py:360
2025-09-18 00:38:00.242 133586 DEBUG oslo_messaging._drivers.amqpdriver [-] Listener is running poll /usr/lib/python3/dist-packages/oslo_messaging/_drivers/amqpdriver.py:343
2025-09-18 00:38:00.243 133586 DEBUG oslo_messaging._drivers.amqpdriver [-] AMQPListener connection consume poll /usr/lib/python3/dist-packages/oslo_messaging/_drivers/amqpdriver.py:357
2025-09-18 00:38:00.250 133584 DEBUG oslo_messaging._drivers.amqpdriver [-] AMQPListener connection timeout poll /usr/lib/python3/dist-packages/oslo_messaging/_drivers/amqpdriver.py:360
2025-09-18 00:38:00.250 133584 DEBUG oslo_messaging._drivers.amqpdriver [-] Listener is running poll /usr/lib/python3/dist-packages/oslo_messaging/_drivers/amqpdriver.py:343
2025-09-18 00:38:00.251 133584 DEBUG oslo_messaging._drivers.amqpdriver [-] AMQPListener connection consume poll /usr/lib/python3/dist-packages/oslo_messaging/_drivers/amqpdriver.py:357
2025-09-18 00:38:05.231 133585 DEBUG oslo_service.periodic_task [req-9709b9c0-0c84-4004-b9f7-d3ab7f26f564 - - - - -] Running periodic task SchedulerManager._discover_hosts_in_cells run_periodic_tasks /usr/lib/python3/dist-packages/oslo_service/periodic_task.py:210
2025-09-18 00:38:05.233 133585 DEBUG oslo_db.sqlalchemy.engines [req-9709b9c0-0c84-4004-b9f7-d3ab7f26f564 - - - - -] Parent process 132258 forked (133585) with an open database connection, which is being discarded and recreated. checkout /usr/lib/python3/dist-packages/oslo_db/sqlalchemy/engines.py:413
2025-09-18 00:38:05.241 133585 DEBUG oslo_concurrency.lockutils [req-9709b9c0-0c84-4004-b9f7-d3ab7f26f564 - - - - -] Lock "72d3b66e-76b7-4abc-93cd-034ecec8f7c4" acquired by "nova.context.set_target_cell..get_or_set_cached_cell_and_set_connections" :: waited 0.000s inner /usr/lib/python3/dist-packages/oslo_concurrency/lockutils.py:386
2025-09-18 00:38:05.244 133585 DEBUG oslo_concurrency.lockutils [req-9709b9c0-0c84-4004-b9f7-d3ab7f26f564 - - - - -] Lock "72d3b66e-76b7-4abc-93cd-034ecec8f7c4" "released" by "nova.context.set_target_cell..get_or_set_cached_cell_and_set_connections" :: held 0.003s inner /usr/lib/python3/dist-packages/oslo_concurrency/lockutils.py:400
2025-09-18 00:38:05.251 133585 DEBUG oslo_db.sqlalchemy.engines [req-9709b9c0-0c84-4004-b9f7-d3ab7f26f564 - - - - -] MySQL server mode set to STRICT_TRANS_TABLES,STRICT_ALL_TABLES,NO_ZERO_IN_DATE,NO_ZERO_DATE,ERROR_FOR_DIVISION_BY_ZERO,TRADITIONAL,NO_ENGINE_SUBSTITUTION _check_effective_sql_mode /usr/lib/python3/dist-packages/oslo_db/sqlalchemy/engines.py:314
2025-09-18 00:38:05.322 133585 INFO nova.scheduler.manager [req-9709b9c0-0c84-4004-b9f7-d3ab7f26f564 - - - - -] Discovered 1 new hosts: cell1:cn-jenkins-deploy-platform-juju-os-577-1
2025-09-18 00:38:09.241 133584 DEBUG oslo_service.periodic_task [req-41c8e2b2-e61a-4c90-b9b1-c608d3aeddd9 - - - - -] Running periodic task SchedulerManager._discover_hosts_in_cells run_periodic_tasks /usr/lib/python3/dist-packages/oslo_service/periodic_task.py:210
2025-09-18 00:38:09.242 133584 DEBUG oslo_db.sqlalchemy.engines [req-41c8e2b2-e61a-4c90-b9b1-c608d3aeddd9 - - - - -] Parent process 132258 forked (133584) with an open database connection, which is being discarded and recreated. checkout /usr/lib/python3/dist-packages/oslo_db/sqlalchemy/engines.py:413
2025-09-18 00:38:09.250 133584 DEBUG oslo_concurrency.lockutils [req-41c8e2b2-e61a-4c90-b9b1-c608d3aeddd9 - - - - -] Lock "72d3b66e-76b7-4abc-93cd-034ecec8f7c4" acquired by "nova.context.set_target_cell..get_or_set_cached_cell_and_set_connections" :: waited 0.000s inner /usr/lib/python3/dist-packages/oslo_concurrency/lockutils.py:386
2025-09-18 00:38:09.251 133584 DEBUG oslo_concurrency.lockutils [req-41c8e2b2-e61a-4c90-b9b1-c608d3aeddd9 - - - - -] Lock "72d3b66e-76b7-4abc-93cd-034ecec8f7c4" "released" by "nova.context.set_target_cell..get_or_set_cached_cell_and_set_connections" :: held 0.002s inner /usr/lib/python3/dist-packages/oslo_concurrency/lockutils.py:400
2025-09-18 00:38:09.258 133584 DEBUG oslo_db.sqlalchemy.engines [req-41c8e2b2-e61a-4c90-b9b1-c608d3aeddd9 - - - - -] MySQL server mode set to STRICT_TRANS_TABLES,STRICT_ALL_TABLES,NO_ZERO_IN_DATE,NO_ZERO_DATE,ERROR_FOR_DIVISION_BY_ZERO,TRADITIONAL,NO_ENGINE_SUBSTITUTION _check_effective_sql_mode /usr/lib/python3/dist-packages/oslo_db/sqlalchemy/engines.py:314
2025-09-18 00:38:16.227 133586 DEBUG oslo_service.periodic_task [req-1e8b4cbd-3ef1-42b1-8008-095358c9642b - - - - -] Running periodic task SchedulerManager._discover_hosts_in_cells run_periodic_tasks /usr/lib/python3/dist-packages/oslo_service/periodic_task.py:210
2025-09-18 00:38:16.228 133586 DEBUG oslo_db.sqlalchemy.engines [req-1e8b4cbd-3ef1-42b1-8008-095358c9642b - - - - -] Parent process 132258 forked (133586) with an open database connection, which is being discarded and recreated. checkout /usr/lib/python3/dist-packages/oslo_db/sqlalchemy/engines.py:413
2025-09-18 00:38:16.241 133586 DEBUG oslo_concurrency.lockutils [req-1e8b4cbd-3ef1-42b1-8008-095358c9642b - - - - -] Lock "72d3b66e-76b7-4abc-93cd-034ecec8f7c4" acquired by "nova.context.set_target_cell..get_or_set_cached_cell_and_set_connections" :: waited 0.000s inner /usr/lib/python3/dist-packages/oslo_concurrency/lockutils.py:386
2025-09-18 00:38:16.243 133586 DEBUG oslo_concurrency.lockutils [req-1e8b4cbd-3ef1-42b1-8008-095358c9642b - - - - -] Lock "72d3b66e-76b7-4abc-93cd-034ecec8f7c4" "released" by "nova.context.set_target_cell..get_or_set_cached_cell_and_set_connections" :: held 0.002s inner /usr/lib/python3/dist-packages/oslo_concurrency/lockutils.py:400
2025-09-18 00:38:16.250 133586 DEBUG oslo_db.sqlalchemy.engines [req-1e8b4cbd-3ef1-42b1-8008-095358c9642b - - - - -] MySQL server mode set to STRICT_TRANS_TABLES,STRICT_ALL_TABLES,NO_ZERO_IN_DATE,NO_ZERO_DATE,ERROR_FOR_DIVISION_BY_ZERO,TRADITIONAL,NO_ENGINE_SUBSTITUTION _check_effective_sql_mode /usr/lib/python3/dist-packages/oslo_db/sqlalchemy/engines.py:314
2025-09-18 00:38:23.259 133587 DEBUG oslo_service.periodic_task [req-dd77f254-1fec-4659-9ee1-3a0ddf6a8414 - - - - -] Running periodic task SchedulerManager._discover_hosts_in_cells run_periodic_tasks /usr/lib/python3/dist-packages/oslo_service/periodic_task.py:210
2025-09-18 00:38:23.264 133587 DEBUG oslo_concurrency.lockutils [req-f49f5005-d44e-47c2-ae13-f5e12171ccec - - - - -] Lock "72d3b66e-76b7-4abc-93cd-034ecec8f7c4" acquired by "nova.context.set_target_cell..get_or_set_cached_cell_and_set_connections" :: waited 0.000s inner /usr/lib/python3/dist-packages/oslo_concurrency/lockutils.py:386
2025-09-18 00:38:23.265 133587 DEBUG oslo_concurrency.lockutils [req-f49f5005-d44e-47c2-ae13-f5e12171ccec - - - - -] Lock "72d3b66e-76b7-4abc-93cd-034ecec8f7c4" "released" by "nova.context.set_target_cell..get_or_set_cached_cell_and_set_connections" :: held 0.000s inner /usr/lib/python3/dist-packages/oslo_concurrency/lockutils.py:400
2025-09-18 00:38:30.203 133586 DEBUG oslo_messaging._drivers.amqpdriver [-] AMQPListener connection timeout poll /usr/lib/python3/dist-packages/oslo_messaging/_drivers/amqpdriver.py:360
2025-09-18 00:38:30.203 133586 DEBUG oslo_messaging._drivers.amqpdriver [-] Listener is running poll /usr/lib/python3/dist-packages/oslo_messaging/_drivers/amqpdriver.py:343
2025-09-18 00:38:30.203 133586 DEBUG oslo_messaging._drivers.amqpdriver [-] AMQPListener connection consume poll /usr/lib/python3/dist-packages/oslo_messaging/_drivers/amqpdriver.py:357
2025-09-18 00:38:30.208 133585 DEBUG oslo_messaging._drivers.amqpdriver [-] AMQPListener connection timeout poll /usr/lib/python3/dist-packages/oslo_messaging/_drivers/amqpdriver.py:360
2025-09-18 00:38:30.208 133585 DEBUG oslo_messaging._drivers.amqpdriver [-] Listener is running poll /usr/lib/python3/dist-packages/oslo_messaging/_drivers/amqpdriver.py:343
2025-09-18 00:38:30.209 133585 DEBUG oslo_messaging._drivers.amqpdriver [-] AMQPListener connection consume poll /usr/lib/python3/dist-packages/oslo_messaging/_drivers/amqpdriver.py:357
2025-09-18 00:38:30.212 133587 DEBUG oslo_messaging._drivers.amqpdriver [-] AMQPListener connection timeout poll /usr/lib/python3/dist-packages/oslo_messaging/_drivers/amqpdriver.py:360
2025-09-18 00:38:30.212 133587 DEBUG oslo_messaging._drivers.amqpdriver [-] Listener is running poll /usr/lib/python3/dist-packages/oslo_messaging/_drivers/amqpdriver.py:343
2025-09-18 00:38:30.212 133587 DEBUG oslo_messaging._drivers.amqpdriver [-] AMQPListener connection consume poll /usr/lib/python3/dist-packages/oslo_messaging/_drivers/amqpdriver.py:357
2025-09-18 00:38:30.230 133584 DEBUG oslo_messaging._drivers.amqpdriver [-] AMQPListener connection timeout poll /usr/lib/python3/dist-packages/oslo_messaging/_drivers/amqpdriver.py:360
2025-09-18 00:38:30.230 133584 DEBUG oslo_messaging._drivers.amqpdriver [-] Listener is running poll /usr/lib/python3/dist-packages/oslo_messaging/_drivers/amqpdriver.py:343
2025-09-18 00:38:30.231 133584 DEBUG oslo_messaging._drivers.amqpdriver [-] AMQPListener connection consume poll /usr/lib/python3/dist-packages/oslo_messaging/_drivers/amqpdriver.py:357
2025-09-18 00:38:35.327 133585 DEBUG oslo_service.periodic_task [req-9709b9c0-0c84-4004-b9f7-d3ab7f26f564 - - - - -] Running periodic task SchedulerManager._discover_hosts_in_cells run_periodic_tasks /usr/lib/python3/dist-packages/oslo_service/periodic_task.py:210
2025-09-18 00:38:35.332 133585 DEBUG oslo_concurrency.lockutils [req-472a3bf9-fc88-4641-8c0c-8a888db648de - - - - -] Lock "72d3b66e-76b7-4abc-93cd-034ecec8f7c4" acquired by "nova.context.set_target_cell..get_or_set_cached_cell_and_set_connections" :: waited 0.000s inner /usr/lib/python3/dist-packages/oslo_concurrency/lockutils.py:386
2025-09-18 00:38:35.332 133585 DEBUG oslo_concurrency.lockutils [req-472a3bf9-fc88-4641-8c0c-8a888db648de - - - - -] Lock "72d3b66e-76b7-4abc-93cd-034ecec8f7c4" "released" by "nova.context.set_target_cell..get_or_set_cached_cell_and_set_connections" :: held 0.000s inner /usr/lib/python3/dist-packages/oslo_concurrency/lockutils.py:400
2025-09-18 00:38:39.279 133584 DEBUG oslo_service.periodic_task [req-41c8e2b2-e61a-4c90-b9b1-c608d3aeddd9 - - - - -] Running periodic task SchedulerManager._discover_hosts_in_cells run_periodic_tasks /usr/lib/python3/dist-packages/oslo_service/periodic_task.py:210
2025-09-18 00:38:39.285 133584 DEBUG oslo_concurrency.lockutils [req-033ac800-348b-430b-8bd4-cbd8483ad035 - - - - -] Lock "72d3b66e-76b7-4abc-93cd-034ecec8f7c4" acquired by "nova.context.set_target_cell..get_or_set_cached_cell_and_set_connections" :: waited 0.000s inner /usr/lib/python3/dist-packages/oslo_concurrency/lockutils.py:386
2025-09-18 00:38:39.285 133584 DEBUG oslo_concurrency.lockutils [req-033ac800-348b-430b-8bd4-cbd8483ad035 - - - - -] Lock "72d3b66e-76b7-4abc-93cd-034ecec8f7c4" "released" by "nova.context.set_target_cell..get_or_set_cached_cell_and_set_connections" :: held 0.000s inner /usr/lib/python3/dist-packages/oslo_concurrency/lockutils.py:400
2025-09-18 00:38:46.262 133586 DEBUG oslo_service.periodic_task [req-1e8b4cbd-3ef1-42b1-8008-095358c9642b - - - - -] Running periodic task SchedulerManager._discover_hosts_in_cells run_periodic_tasks /usr/lib/python3/dist-packages/oslo_service/periodic_task.py:210
2025-09-18 00:38:46.273 133586 DEBUG oslo_concurrency.lockutils [req-6255d0c3-2f50-4561-81ea-d269429845c7 - - - - -] Lock "72d3b66e-76b7-4abc-93cd-034ecec8f7c4" acquired by "nova.context.set_target_cell..get_or_set_cached_cell_and_set_connections" :: waited 0.000s inner /usr/lib/python3/dist-packages/oslo_concurrency/lockutils.py:386
2025-09-18 00:38:46.273 133586 DEBUG oslo_concurrency.lockutils [req-6255d0c3-2f50-4561-81ea-d269429845c7 - - - - -] Lock "72d3b66e-76b7-4abc-93cd-034ecec8f7c4" "released" by "nova.context.set_target_cell..get_or_set_cached_cell_and_set_connections" :: held 0.000s inner /usr/lib/python3/dist-packages/oslo_concurrency/lockutils.py:400
2025-09-18 00:38:51.979 132258 INFO oslo_service.service [req-ac4c923b-910b-4ee8-bb12-7815085dd6bc - - - - -] Caught SIGTERM, stopping children
2025-09-18 00:38:51.980 132258 DEBUG oslo_concurrency.lockutils [req-ac4c923b-910b-4ee8-bb12-7815085dd6bc - - - - -] Acquired lock "singleton_lock" lock /usr/lib/python3/dist-packages/oslo_concurrency/lockutils.py:294
2025-09-18 00:38:51.980 132258 DEBUG oslo_concurrency.lockutils [req-ac4c923b-910b-4ee8-bb12-7815085dd6bc - - - - -] Releasing lock "singleton_lock" lock /usr/lib/python3/dist-packages/oslo_concurrency/lockutils.py:312
2025-09-18 00:38:51.981 132258 DEBUG oslo_service.service [req-ac4c923b-910b-4ee8-bb12-7815085dd6bc - - - - -] Stop services. stop /usr/lib/python3/dist-packages/oslo_service/service.py:695
2025-09-18 00:38:51.981 132258 DEBUG oslo_service.service [req-ac4c923b-910b-4ee8-bb12-7815085dd6bc - - - - -] Killing children. stop /usr/lib/python3/dist-packages/oslo_service/service.py:700
2025-09-18 00:38:51.981 132258 INFO oslo_service.service [req-ac4c923b-910b-4ee8-bb12-7815085dd6bc - - - - -] Waiting on 4 children to exit
2025-09-18 00:38:51.987 132258 INFO oslo_service.service [req-ac4c923b-910b-4ee8-bb12-7815085dd6bc - - - - -] Child 133584 killed by signal 15
2025-09-18 00:38:51.989 132258 INFO oslo_service.service [req-ac4c923b-910b-4ee8-bb12-7815085dd6bc - - - - -] Child 133585 killed by signal 15
2025-09-18 00:38:51.991 132258 INFO oslo_service.service [req-ac4c923b-910b-4ee8-bb12-7815085dd6bc - - - - -] Child 133587 killed by signal 15
2025-09-18 00:38:51.995 132258 INFO oslo_service.service [req-ac4c923b-910b-4ee8-bb12-7815085dd6bc - - - - -] Child 133586 killed by signal 15
2025-09-18 00:38:53.864 156524 DEBUG oslo_db.sqlalchemy.engines [req-e9a97ff9-25de-464d-b103-d9bec67c8dde - - - - -] MySQL server mode set to STRICT_TRANS_TABLES,STRICT_ALL_TABLES,NO_ZERO_IN_DATE,NO_ZERO_DATE,ERROR_FOR_DIVISION_BY_ZERO,TRADITIONAL,NO_ENGINE_SUBSTITUTION _check_effective_sql_mode /usr/lib/python3/dist-packages/oslo_db/sqlalchemy/engines.py:314
2025-09-18 00:38:53.904 156524 DEBUG nova.scheduler.host_manager [req-e9a97ff9-25de-464d-b103-d9bec67c8dde - - - - -] Found 1 cells: 72d3b66e-76b7-4abc-93cd-034ecec8f7c4 refresh_cells_caches /usr/lib/python3/dist-packages/nova/scheduler/host_manager.py:730
2025-09-18 00:38:53.905 156524 DEBUG nova.scheduler.host_manager [req-e9a97ff9-25de-464d-b103-d9bec67c8dde - - - - -] Found 0 disabled cells: refresh_cells_caches /usr/lib/python3/dist-packages/nova/scheduler/host_manager.py:742
2025-09-18 00:38:53.911 156524 WARNING nova.scheduler.filters.availability_zone_filter [req-e9a97ff9-25de-464d-b103-d9bec67c8dde - - - - -] The 'AvailabilityZoneFilter' is deprecated since the 24.0.0 (Xena) release. Since the 18.0.0 (Rocky) release, nova has supported mapping AZs to placement aggregates. The feature is enabled by the 'query_placement_for_availability_zone' config option and is now enabled by default. As such, the 'AvailabilityZoneFilter' is no longer required. Nova is currently configured to use both placement and the AvailabilityZoneFilter for AZ enforcement.
2025-09-18 00:38:54.014 156524 DEBUG nova.scheduler.host_manager [req-e9a97ff9-25de-464d-b103-d9bec67c8dde - - - - -] START:_async_init_instance_info _async_init_instance_info /usr/lib/python3/dist-packages/nova/scheduler/host_manager.py:411
2025-09-18 00:38:54.017 156524 DEBUG oslo_concurrency.lockutils [req-ff0b16ec-8cc2-4daf-83eb-2d5eca4103e1 - - - - -] Lock "72d3b66e-76b7-4abc-93cd-034ecec8f7c4" acquired by "nova.context.set_target_cell..get_or_set_cached_cell_and_set_connections" :: waited 0.000s inner /usr/lib/python3/dist-packages/oslo_concurrency/lockutils.py:386
2025-09-18 00:38:54.018 156524 DEBUG oslo_concurrency.lockutils [req-ff0b16ec-8cc2-4daf-83eb-2d5eca4103e1 - - - - -] Lock "72d3b66e-76b7-4abc-93cd-034ecec8f7c4" "released" by "nova.context.set_target_cell..get_or_set_cached_cell_and_set_connections" :: held 0.001s inner /usr/lib/python3/dist-packages/oslo_concurrency/lockutils.py:400
2025-09-18 00:38:54.024 156524 DEBUG oslo_db.sqlalchemy.engines [req-ff0b16ec-8cc2-4daf-83eb-2d5eca4103e1 - - - - -] MySQL server mode set to STRICT_TRANS_TABLES,STRICT_ALL_TABLES,NO_ZERO_IN_DATE,NO_ZERO_DATE,ERROR_FOR_DIVISION_BY_ZERO,TRADITIONAL,NO_ENGINE_SUBSTITUTION _check_effective_sql_mode /usr/lib/python3/dist-packages/oslo_db/sqlalchemy/engines.py:314
2025-09-18 00:38:54.037 156524 DEBUG nova.scheduler.host_manager [req-ff0b16ec-8cc2-4daf-83eb-2d5eca4103e1 - - - - -] Total number of compute nodes: 1 _async_init_instance_info /usr/lib/python3/dist-packages/nova/scheduler/host_manager.py:424
2025-09-18 00:38:54.038 156524 DEBUG oslo_concurrency.lockutils [req-ff0b16ec-8cc2-4daf-83eb-2d5eca4103e1 - - - - -] Lock "72d3b66e-76b7-4abc-93cd-034ecec8f7c4" acquired by "nova.context.set_target_cell..get_or_set_cached_cell_and_set_connections" :: waited 0.000s inner /usr/lib/python3/dist-packages/oslo_concurrency/lockutils.py:386
2025-09-18 00:38:54.038 156524 DEBUG oslo_concurrency.lockutils [req-ff0b16ec-8cc2-4daf-83eb-2d5eca4103e1 - - - - -] Lock "72d3b66e-76b7-4abc-93cd-034ecec8f7c4" "released" by "nova.context.set_target_cell..get_or_set_cached_cell_and_set_connections" :: held 0.000s inner /usr/lib/python3/dist-packages/oslo_concurrency/lockutils.py:400
2025-09-18 00:38:54.125 156524 DEBUG nova.scheduler.host_manager [req-ff0b16ec-8cc2-4daf-83eb-2d5eca4103e1 - - - - -] Adding 0 instances for hosts 10-20 _async_init_instance_info /usr/lib/python3/dist-packages/nova/scheduler/host_manager.py:443
2025-09-18 00:38:54.126 156524 DEBUG nova.scheduler.host_manager [req-ff0b16ec-8cc2-4daf-83eb-2d5eca4103e1 - - - - -] END:_async_init_instance_info _async_init_instance_info /usr/lib/python3/dist-packages/nova/scheduler/host_manager.py:454
2025-09-18 00:38:54.452 156524 DEBUG nova.context [req-e9a97ff9-25de-464d-b103-d9bec67c8dde - - - - -] Found 2 cells: 00000000-0000-0000-0000-000000000000(cell0),72d3b66e-76b7-4abc-93cd-034ecec8f7c4(cell1) load_cells /usr/lib/python3/dist-packages/nova/context.py:464
2025-09-18 00:38:54.453 156524 DEBUG oslo_concurrency.lockutils [req-755abc13-961b-438f-9b68-21ac8d45464b - - - - -] Lock "00000000-0000-0000-0000-000000000000" acquired by "nova.context.set_target_cell..get_or_set_cached_cell_and_set_connections" :: waited 0.000s inner /usr/lib/python3/dist-packages/oslo_concurrency/lockutils.py:386
2025-09-18 00:38:54.454 156524 DEBUG oslo_concurrency.lockutils [req-755abc13-961b-438f-9b68-21ac8d45464b - - - - -] Lock "00000000-0000-0000-0000-000000000000" "released" by "nova.context.set_target_cell..get_or_set_cached_cell_and_set_connections" :: held 0.001s inner /usr/lib/python3/dist-packages/oslo_concurrency/lockutils.py:400
2025-09-18 00:38:54.456 156524 DEBUG oslo_concurrency.lockutils [req-755abc13-961b-438f-9b68-21ac8d45464b - - - - -] Lock "72d3b66e-76b7-4abc-93cd-034ecec8f7c4" acquired by "nova.context.set_target_cell..get_or_set_cached_cell_and_set_connections" :: waited 0.000s inner /usr/lib/python3/dist-packages/oslo_concurrency/lockutils.py:386
2025-09-18 00:38:54.457 156524 DEBUG oslo_concurrency.lockutils [req-755abc13-961b-438f-9b68-21ac8d45464b - - - - -] Lock "72d3b66e-76b7-4abc-93cd-034ecec8f7c4" "released" by "nova.context.set_target_cell..get_or_set_cached_cell_and_set_connections" :: held 0.001s inner /usr/lib/python3/dist-packages/oslo_concurrency/lockutils.py:400
2025-09-18 00:38:54.469 156524 DEBUG oslo_db.sqlalchemy.engines [req-755abc13-961b-438f-9b68-21ac8d45464b - - - - -] MySQL server mode set to STRICT_TRANS_TABLES,STRICT_ALL_TABLES,NO_ZERO_IN_DATE,NO_ZERO_DATE,ERROR_FOR_DIVISION_BY_ZERO,TRADITIONAL,NO_ENGINE_SUBSTITUTION _check_effective_sql_mode /usr/lib/python3/dist-packages/oslo_db/sqlalchemy/engines.py:314
2025-09-18 00:38:54.492 156524 DEBUG oslo_concurrency.lockutils [req-755abc13-961b-438f-9b68-21ac8d45464b - - - - -] Acquired lock "singleton_lock" lock /usr/lib/python3/dist-packages/oslo_concurrency/lockutils.py:294
2025-09-18 00:38:54.493 156524 DEBUG oslo_concurrency.lockutils [req-755abc13-961b-438f-9b68-21ac8d45464b - - - - -] Releasing lock "singleton_lock" lock /usr/lib/python3/dist-packages/oslo_concurrency/lockutils.py:312
2025-09-18 00:38:54.494 156524 INFO oslo_service.service [req-755abc13-961b-438f-9b68-21ac8d45464b - - - - -] Starting 4 workers
2025-09-18 00:38:54.499 156524 DEBUG oslo_service.service [req-755abc13-961b-438f-9b68-21ac8d45464b - - - - -] Started child 156838 _start_child /usr/lib/python3/dist-packages/oslo_service/service.py:575
2025-09-18 00:38:54.505 156838 INFO nova.service [-] Starting scheduler node (version 25.2.1)
2025-09-18 00:38:54.506 156524 DEBUG oslo_service.service [req-755abc13-961b-438f-9b68-21ac8d45464b - - - - -] Started child 156839 _start_child /usr/lib/python3/dist-packages/oslo_service/service.py:575
2025-09-18 00:38:54.514 156839 INFO nova.service [-] Starting scheduler node (version 25.2.1)
2025-09-18 00:38:54.513 156524 DEBUG oslo_service.service [req-755abc13-961b-438f-9b68-21ac8d45464b - - - - -] Started child 156840 _start_child /usr/lib/python3/dist-packages/oslo_service/service.py:575
2025-09-18 00:38:54.519 156840 INFO nova.service [-] Starting scheduler node (version 25.2.1)
2025-09-18 00:38:54.519 156838 DEBUG oslo_db.sqlalchemy.engines [req-c835a81d-ea8b-414c-8398-e69967e989ed - - - - -] MySQL server mode set to STRICT_TRANS_TABLES,STRICT_ALL_TABLES,NO_ZERO_IN_DATE,NO_ZERO_DATE,ERROR_FOR_DIVISION_BY_ZERO,TRADITIONAL,NO_ENGINE_SUBSTITUTION _check_effective_sql_mode /usr/lib/python3/dist-packages/oslo_db/sqlalchemy/engines.py:314
2025-09-18 00:38:54.521 156524 DEBUG oslo_service.service [req-755abc13-961b-438f-9b68-21ac8d45464b - - - - -] Started child 156841 _start_child /usr/lib/python3/dist-packages/oslo_service/service.py:575
2025-09-18 00:38:54.524 156524 DEBUG oslo_service.service [req-755abc13-961b-438f-9b68-21ac8d45464b - - - - -] Full set of CONF: wait /usr/lib/python3/dist-packages/oslo_service/service.py:649
2025-09-18 00:38:54.524 156524 DEBUG oslo_service.service [req-755abc13-961b-438f-9b68-21ac8d45464b - - - - -] ******************************************************************************** log_opt_values /usr/lib/python3/dist-packages/oslo_config/cfg.py:2589
2025-09-18 00:38:54.525 156524 DEBUG oslo_service.service [req-755abc13-961b-438f-9b68-21ac8d45464b - - - - -] Configuration options gathered from: log_opt_values /usr/lib/python3/dist-packages/oslo_config/cfg.py:2590
2025-09-18 00:38:54.527 156524 DEBUG oslo_service.service [req-755abc13-961b-438f-9b68-21ac8d45464b - - - - -] command line args: ['--config-file=/etc/nova/nova.conf', '--log-file=/var/log/nova/nova-scheduler.log'] log_opt_values /usr/lib/python3/dist-packages/oslo_config/cfg.py:2591
2025-09-18 00:38:54.527 156524 DEBUG oslo_service.service [req-755abc13-961b-438f-9b68-21ac8d45464b - - - - -] config files: ['/etc/nova/nova.conf'] log_opt_values /usr/lib/python3/dist-packages/oslo_config/cfg.py:2592
2025-09-18 00:38:54.527 156524 DEBUG oslo_service.service [req-755abc13-961b-438f-9b68-21ac8d45464b - - - - -] ================================================================================ log_opt_values /usr/lib/python3/dist-packages/oslo_config/cfg.py:2594
2025-09-18 00:38:54.528 156524 DEBUG oslo_service.service [req-755abc13-961b-438f-9b68-21ac8d45464b - - - - -] allow_resize_to_same_host = False log_opt_values /usr/lib/python3/dist-packages/oslo_config/cfg.py:2602
2025-09-18 00:38:54.528 156524 DEBUG oslo_service.service [req-755abc13-961b-438f-9b68-21ac8d45464b - - - - -] arq_binding_timeout = 300 log_opt_values /usr/lib/python3/dist-packages/oslo_config/cfg.py:2602
2025-09-18 00:38:54.528 156524 DEBUG oslo_service.service [req-755abc13-961b-438f-9b68-21ac8d45464b - - - - -] block_device_allocate_retries = 60 log_opt_values /usr/lib/python3/dist-packages/oslo_config/cfg.py:2602
2025-09-18 00:38:54.529 156524 DEBUG oslo_service.service [req-755abc13-961b-438f-9b68-21ac8d45464b - - - - -] block_device_allocate_retries_interval = 3 log_opt_values /usr/lib/python3/dist-packages/oslo_config/cfg.py:2602
2025-09-18 00:38:54.529 156524 DEBUG oslo_service.service [req-755abc13-961b-438f-9b68-21ac8d45464b - - - - -] cert = self.pem log_opt_values /usr/lib/python3/dist-packages/oslo_config/cfg.py:2602
2025-09-18 00:38:54.529 156524 DEBUG oslo_service.service [req-755abc13-961b-438f-9b68-21ac8d45464b - - - - -] compute_driver = libvirt.LibvirtDriver log_opt_values /usr/lib/python3/dist-packages/oslo_config/cfg.py:2602
2025-09-18 00:38:54.530 156524 DEBUG oslo_service.service [req-755abc13-961b-438f-9b68-21ac8d45464b - - - - -] compute_monitors = [] log_opt_values /usr/lib/python3/dist-packages/oslo_config/cfg.py:2602
2025-09-18 00:38:54.530 156524 DEBUG oslo_service.service [req-755abc13-961b-438f-9b68-21ac8d45464b - - - - -] config_dir = [] log_opt_values /usr/lib/python3/dist-packages/oslo_config/cfg.py:2602
2025-09-18 00:38:54.530 156524 DEBUG oslo_service.service [req-755abc13-961b-438f-9b68-21ac8d45464b - - - - -] config_drive_format = iso9660 log_opt_values /usr/lib/python3/dist-packages/oslo_config/cfg.py:2602
2025-09-18 00:38:54.532 156839 DEBUG oslo_db.sqlalchemy.engines [req-7e1ba74d-ad85-4a5e-9184-90edb125904d - - - - -] MySQL server mode set to STRICT_TRANS_TABLES,STRICT_ALL_TABLES,NO_ZERO_IN_DATE,NO_ZERO_DATE,ERROR_FOR_DIVISION_BY_ZERO,TRADITIONAL,NO_ENGINE_SUBSTITUTION _check_effective_sql_mode /usr/lib/python3/dist-packages/oslo_db/sqlalchemy/engines.py:314
2025-09-18 00:38:54.534 156524 DEBUG oslo_service.service [req-755abc13-961b-438f-9b68-21ac8d45464b - - - - -] config_file = ['/etc/nova/nova.conf'] log_opt_values /usr/lib/python3/dist-packages/oslo_config/cfg.py:2602
2025-09-18 00:38:54.534 156524 DEBUG oslo_service.service [req-755abc13-961b-438f-9b68-21ac8d45464b - - - - -] config_source = [] log_opt_values /usr/lib/python3/dist-packages/oslo_config/cfg.py:2602
2025-09-18 00:38:54.534 156524 DEBUG oslo_service.service [req-755abc13-961b-438f-9b68-21ac8d45464b - - - - -] console_host = juju-1739ab-0-lxd-7 log_opt_values /usr/lib/python3/dist-packages/oslo_config/cfg.py:2602
2025-09-18 00:38:54.535 156524 DEBUG oslo_service.service [req-755abc13-961b-438f-9b68-21ac8d45464b - - - - -] control_exchange = nova log_opt_values /usr/lib/python3/dist-packages/oslo_config/cfg.py:2602
2025-09-18 00:38:54.535 156524 DEBUG oslo_service.service [req-755abc13-961b-438f-9b68-21ac8d45464b - - - - -] cpu_allocation_ratio = 2.0 log_opt_values /usr/lib/python3/dist-packages/oslo_config/cfg.py:2602
2025-09-18 00:38:54.535 156524 DEBUG oslo_service.service [req-755abc13-961b-438f-9b68-21ac8d45464b - - - - -] daemon = False log_opt_values /usr/lib/python3/dist-packages/oslo_config/cfg.py:2602
2025-09-18 00:38:54.535 156841 INFO nova.service [-] Starting scheduler node (version 25.2.1)
2025-09-18 00:38:54.536 156524 DEBUG oslo_service.service [req-755abc13-961b-438f-9b68-21ac8d45464b - - - - -] debug = True log_opt_values /usr/lib/python3/dist-packages/oslo_config/cfg.py:2602
2025-09-18 00:38:54.536 156524 DEBUG oslo_service.service [req-755abc13-961b-438f-9b68-21ac8d45464b - - - - -] default_access_ip_network_name = None log_opt_values /usr/lib/python3/dist-packages/oslo_config/cfg.py:2602
2025-09-18 00:38:54.536 156524 DEBUG oslo_service.service [req-755abc13-961b-438f-9b68-21ac8d45464b - - - - -] default_availability_zone = nova log_opt_values /usr/lib/python3/dist-packages/oslo_config/cfg.py:2602
2025-09-18 00:38:54.536 156524 DEBUG oslo_service.service [req-755abc13-961b-438f-9b68-21ac8d45464b - - - - -] default_ephemeral_format = None log_opt_values /usr/lib/python3/dist-packages/oslo_config/cfg.py:2602
2025-09-18 00:38:54.537 156524 DEBUG oslo_service.service [req-755abc13-961b-438f-9b68-21ac8d45464b - - - - -] default_log_levels = ['amqp=WARN', 'amqplib=WARN', 'boto=WARN', 'qpid=WARN', 'sqlalchemy=WARN', 'suds=INFO', 'oslo.messaging=INFO', 'oslo_messaging=DEBUG', 'iso8601=WARN', 'requests.packages.urllib3.connectionpool=WARN', 'urllib3.connectionpool=WARN', 'websocket=WARN', 'requests.packages.urllib3.util.retry=WARN', 'urllib3.util.retry=WARN', 'keystonemiddleware=WARN', 'routes.middleware=WARN', 'stevedore=WARN', 'taskflow=WARN', 'keystoneauth=WARN', 'oslo.cache=INFO', 'dogpile.core.dogpile=INFO', 'glanceclient=WARN', 'oslo.privsep.daemon=INFO'] log_opt_values /usr/lib/python3/dist-packages/oslo_config/cfg.py:2602
2025-09-18 00:38:54.537 156524 DEBUG oslo_service.service [req-755abc13-961b-438f-9b68-21ac8d45464b - - - - -] default_schedule_zone = None log_opt_values /usr/lib/python3/dist-packages/oslo_config/cfg.py:2602
2025-09-18 00:38:54.538 156840 DEBUG oslo_db.sqlalchemy.engines [req-72f5acbf-6dc8-49e4-92b6-ba7e34efc077 - - - - -] MySQL server mode set to STRICT_TRANS_TABLES,STRICT_ALL_TABLES,NO_ZERO_IN_DATE,NO_ZERO_DATE,ERROR_FOR_DIVISION_BY_ZERO,TRADITIONAL,NO_ENGINE_SUBSTITUTION _check_effective_sql_mode /usr/lib/python3/dist-packages/oslo_db/sqlalchemy/engines.py:314
2025-09-18 00:38:54.539 156838 DEBUG nova.service [req-c835a81d-ea8b-414c-8398-e69967e989ed - - - - -] Creating RPC server for service scheduler start /usr/lib/python3/dist-packages/nova/service.py:182
2025-09-18 00:38:54.539 156524 DEBUG oslo_service.service [req-755abc13-961b-438f-9b68-21ac8d45464b - - - - -] disk_allocation_ratio = 1.0 log_opt_values /usr/lib/python3/dist-packages/oslo_config/cfg.py:2602
2025-09-18 00:38:54.544 156524 DEBUG oslo_service.service [req-755abc13-961b-438f-9b68-21ac8d45464b - - - - -] enable_new_services = True log_opt_values /usr/lib/python3/dist-packages/oslo_config/cfg.py:2602
2025-09-18 00:38:54.544 156524 DEBUG oslo_service.service [req-755abc13-961b-438f-9b68-21ac8d45464b - - - - -] enabled_apis = ['osapi_compute', 'metadata'] log_opt_values /usr/lib/python3/dist-packages/oslo_config/cfg.py:2602
2025-09-18 00:38:54.544 156524 DEBUG oslo_service.service [req-755abc13-961b-438f-9b68-21ac8d45464b - - - - -] enabled_ssl_apis = [] log_opt_values /usr/lib/python3/dist-packages/oslo_config/cfg.py:2602
2025-09-18 00:38:54.545 156524 DEBUG oslo_service.service [req-755abc13-961b-438f-9b68-21ac8d45464b - - - - -] fatal_deprecations = False log_opt_values /usr/lib/python3/dist-packages/oslo_config/cfg.py:2602
2025-09-18 00:38:54.547 156524 DEBUG oslo_service.service [req-755abc13-961b-438f-9b68-21ac8d45464b - - - - -] flat_injected = False log_opt_values /usr/lib/python3/dist-packages/oslo_config/cfg.py:2602
2025-09-18 00:38:54.548 156524 DEBUG oslo_service.service [req-755abc13-961b-438f-9b68-21ac8d45464b - - - - -] force_config_drive = False log_opt_values /usr/lib/python3/dist-packages/oslo_config/cfg.py:2602
2025-09-18 00:38:54.548 156524 DEBUG oslo_service.service [req-755abc13-961b-438f-9b68-21ac8d45464b - - - - -] force_raw_images = True log_opt_values /usr/lib/python3/dist-packages/oslo_config/cfg.py:2602
2025-09-18 00:38:54.548 156524 DEBUG oslo_service.service [req-755abc13-961b-438f-9b68-21ac8d45464b - - - - -] graceful_shutdown_timeout = 60 log_opt_values /usr/lib/python3/dist-packages/oslo_config/cfg.py:2602
2025-09-18 00:38:54.550 156524 DEBUG oslo_service.service [req-755abc13-961b-438f-9b68-21ac8d45464b - - - - -] heal_instance_info_cache_interval = 60 log_opt_values /usr/lib/python3/dist-packages/oslo_config/cfg.py:2602
2025-09-18 00:38:54.553 156841 DEBUG oslo_db.sqlalchemy.engines [req-a71c091a-88a1-4743-a85e-afe308317736 - - - - -] MySQL server mode set to STRICT_TRANS_TABLES,STRICT_ALL_TABLES,NO_ZERO_IN_DATE,NO_ZERO_DATE,ERROR_FOR_DIVISION_BY_ZERO,TRADITIONAL,NO_ENGINE_SUBSTITUTION _check_effective_sql_mode /usr/lib/python3/dist-packages/oslo_db/sqlalchemy/engines.py:314
2025-09-18 00:38:54.553 156524 DEBUG oslo_service.service [req-755abc13-961b-438f-9b68-21ac8d45464b - - - - -] host = juju-1739ab-0-lxd-7 log_opt_values /usr/lib/python3/dist-packages/oslo_config/cfg.py:2602
2025-09-18 00:38:54.555 156524 DEBUG oslo_service.service [req-755abc13-961b-438f-9b68-21ac8d45464b - - - - -] initial_cpu_allocation_ratio = 16.0 log_opt_values /usr/lib/python3/dist-packages/oslo_config/cfg.py:2602
2025-09-18 00:38:54.556 156524 DEBUG oslo_service.service [req-755abc13-961b-438f-9b68-21ac8d45464b - - - - -] initial_disk_allocation_ratio = 1.0 log_opt_values /usr/lib/python3/dist-packages/oslo_config/cfg.py:2602
2025-09-18 00:38:54.556 156524 DEBUG oslo_service.service [req-755abc13-961b-438f-9b68-21ac8d45464b - - - - -] initial_ram_allocation_ratio = 1.5 log_opt_values /usr/lib/python3/dist-packages/oslo_config/cfg.py:2602
2025-09-18 00:38:54.556 156524 DEBUG oslo_service.service [req-755abc13-961b-438f-9b68-21ac8d45464b - - - - -] injected_network_template = /usr/lib/python3/dist-packages/nova/virt/interfaces.template log_opt_values /usr/lib/python3/dist-packages/oslo_config/cfg.py:2602
2025-09-18 00:38:54.556 156524 DEBUG oslo_service.service [req-755abc13-961b-438f-9b68-21ac8d45464b - - - - -] instance_build_timeout = 0 log_opt_values /usr/lib/python3/dist-packages/oslo_config/cfg.py:2602
2025-09-18 00:38:54.557 156524 DEBUG oslo_service.service [req-755abc13-961b-438f-9b68-21ac8d45464b - - - - -] instance_delete_interval = 300 log_opt_values /usr/lib/python3/dist-packages/oslo_config/cfg.py:2602
2025-09-18 00:38:54.557 156524 DEBUG oslo_service.service [req-755abc13-961b-438f-9b68-21ac8d45464b - - - - -] instance_format = [instance: %(uuid)s] log_opt_values /usr/lib/python3/dist-packages/oslo_config/cfg.py:2602
2025-09-18 00:38:54.557 156524 DEBUG oslo_service.service [req-755abc13-961b-438f-9b68-21ac8d45464b - - - - -] instance_name_template = instance-%08x log_opt_values /usr/lib/python3/dist-packages/oslo_config/cfg.py:2602
2025-09-18 00:38:54.557 156524 DEBUG oslo_service.service [req-755abc13-961b-438f-9b68-21ac8d45464b - - - - -] instance_usage_audit = False log_opt_values /usr/lib/python3/dist-packages/oslo_config/cfg.py:2602
2025-09-18 00:38:54.557 156524 DEBUG oslo_service.service [req-755abc13-961b-438f-9b68-21ac8d45464b - - - - -] instance_usage_audit_period = month log_opt_values /usr/lib/python3/dist-packages/oslo_config/cfg.py:2602
2025-09-18 00:38:54.558 156524 DEBUG oslo_service.service [req-755abc13-961b-438f-9b68-21ac8d45464b - - - - -] instance_uuid_format = [instance: %(uuid)s] log_opt_values /usr/lib/python3/dist-packages/oslo_config/cfg.py:2602
2025-09-18 00:38:54.558 156524 DEBUG oslo_service.service [req-755abc13-961b-438f-9b68-21ac8d45464b - - - - -] instances_path = /var/lib/nova/instances log_opt_values /usr/lib/python3/dist-packages/oslo_config/cfg.py:2602
2025-09-18 00:38:54.558 156524 DEBUG oslo_service.service [req-755abc13-961b-438f-9b68-21ac8d45464b - - - - -] internal_service_availability_zone = internal log_opt_values /usr/lib/python3/dist-packages/oslo_config/cfg.py:2602
2025-09-18 00:38:54.558 156524 DEBUG oslo_service.service [req-755abc13-961b-438f-9b68-21ac8d45464b - - - - -] key = None log_opt_values /usr/lib/python3/dist-packages/oslo_config/cfg.py:2602
2025-09-18 00:38:54.558 156524 DEBUG oslo_service.service [req-755abc13-961b-438f-9b68-21ac8d45464b - - - - -] live_migration_retry_count = 30 log_opt_values /usr/lib/python3/dist-packages/oslo_config/cfg.py:2602
2025-09-18 00:38:54.558 156524 DEBUG oslo_service.service [req-755abc13-961b-438f-9b68-21ac8d45464b - - - - -] log_config_append = None log_opt_values /usr/lib/python3/dist-packages/oslo_config/cfg.py:2602
2025-09-18 00:38:54.559 156524 DEBUG oslo_service.service [req-755abc13-961b-438f-9b68-21ac8d45464b - - - - -] log_date_format = %Y-%m-%d %H:%M:%S log_opt_values /usr/lib/python3/dist-packages/oslo_config/cfg.py:2602
2025-09-18 00:38:54.559 156524 DEBUG oslo_service.service [req-755abc13-961b-438f-9b68-21ac8d45464b - - - - -] log_dir = /var/log/nova log_opt_values /usr/lib/python3/dist-packages/oslo_config/cfg.py:2602
2025-09-18 00:38:54.559 156524 DEBUG oslo_service.service [req-755abc13-961b-438f-9b68-21ac8d45464b - - - - -] log_file = /var/log/nova/nova-scheduler.log log_opt_values /usr/lib/python3/dist-packages/oslo_config/cfg.py:2602
2025-09-18 00:38:54.559 156524 DEBUG oslo_service.service [req-755abc13-961b-438f-9b68-21ac8d45464b - - - - -] log_options = True log_opt_values /usr/lib/python3/dist-packages/oslo_config/cfg.py:2602
2025-09-18 00:38:54.559 156524 DEBUG oslo_service.service [req-755abc13-961b-438f-9b68-21ac8d45464b - - - - -] log_rotate_interval = 1 log_opt_values /usr/lib/python3/dist-packages/oslo_config/cfg.py:2602
2025-09-18 00:38:54.560 156524 DEBUG oslo_service.service [req-755abc13-961b-438f-9b68-21ac8d45464b - - - - -] log_rotate_interval_type = days log_opt_values /usr/lib/python3/dist-packages/oslo_config/cfg.py:2602
2025-09-18 00:38:54.560 156524 DEBUG oslo_service.service [req-755abc13-961b-438f-9b68-21ac8d45464b - - - - -] log_rotation_type = none log_opt_values /usr/lib/python3/dist-packages/oslo_config/cfg.py:2602
2025-09-18 00:38:54.560 156524 DEBUG oslo_service.service [req-755abc13-961b-438f-9b68-21ac8d45464b - - - - -] logging_context_format_string = %(asctime)s.%(msecs)03d %(process)d %(levelname)s %(name)s [%(request_id)s %(user_identity)s] %(instance)s%(message)s log_opt_values /usr/lib/python3/dist-packages/oslo_config/cfg.py:2602
2025-09-18 00:38:54.560 156524 DEBUG oslo_service.service [req-755abc13-961b-438f-9b68-21ac8d45464b - - - - -] logging_debug_format_suffix = %(funcName)s %(pathname)s:%(lineno)d log_opt_values /usr/lib/python3/dist-packages/oslo_config/cfg.py:2602
2025-09-18 00:38:54.560 156524 DEBUG oslo_service.service [req-755abc13-961b-438f-9b68-21ac8d45464b - - - - -] logging_default_format_string = %(asctime)s.%(msecs)03d %(process)d %(levelname)s %(name)s [-] %(instance)s%(message)s log_opt_values /usr/lib/python3/dist-packages/oslo_config/cfg.py:2602
2025-09-18 00:38:54.561 156524 DEBUG oslo_service.service [req-755abc13-961b-438f-9b68-21ac8d45464b - - - - -] logging_exception_prefix = %(asctime)s.%(msecs)03d %(process)d ERROR %(name)s %(instance)s log_opt_values /usr/lib/python3/dist-packages/oslo_config/cfg.py:2602
2025-09-18 00:38:54.561 156524 DEBUG oslo_service.service [req-755abc13-961b-438f-9b68-21ac8d45464b - - - - -] logging_user_identity_format = %(user)s %(project)s %(domain)s %(user_domain)s %(project_domain)s log_opt_values /usr/lib/python3/dist-packages/oslo_config/cfg.py:2602
2025-09-18 00:38:54.561 156524 DEBUG oslo_service.service [req-755abc13-961b-438f-9b68-21ac8d45464b - - - - -] long_rpc_timeout = 1800 log_opt_values /usr/lib/python3/dist-packages/oslo_config/cfg.py:2602
2025-09-18 00:38:54.561 156524 DEBUG oslo_service.service [req-755abc13-961b-438f-9b68-21ac8d45464b - - - - -] max_concurrent_builds = 10 log_opt_values /usr/lib/python3/dist-packages/oslo_config/cfg.py:2602
2025-09-18 00:38:54.561 156524 DEBUG oslo_service.service [req-755abc13-961b-438f-9b68-21ac8d45464b - - - - -] max_concurrent_live_migrations = 1 log_opt_values /usr/lib/python3/dist-packages/oslo_config/cfg.py:2602
2025-09-18 00:38:54.561 156524 DEBUG oslo_service.service [req-755abc13-961b-438f-9b68-21ac8d45464b - - - - -] max_concurrent_snapshots = 5 log_opt_values /usr/lib/python3/dist-packages/oslo_config/cfg.py:2602
2025-09-18 00:38:54.562 156524 DEBUG oslo_service.service [req-755abc13-961b-438f-9b68-21ac8d45464b - - - - -] max_local_block_devices = 3 log_opt_values /usr/lib/python3/dist-packages/oslo_config/cfg.py:2602
2025-09-18 00:38:54.562 156524 DEBUG oslo_service.service [req-755abc13-961b-438f-9b68-21ac8d45464b - - - - -] max_logfile_count = 30 log_opt_values /usr/lib/python3/dist-packages/oslo_config/cfg.py:2602
2025-09-18 00:38:54.562 156839 DEBUG nova.service [req-7e1ba74d-ad85-4a5e-9184-90edb125904d - - - - -] Creating RPC server for service scheduler start /usr/lib/python3/dist-packages/nova/service.py:182
2025-09-18 00:38:54.562 156524 DEBUG oslo_service.service [req-755abc13-961b-438f-9b68-21ac8d45464b - - - - -] max_logfile_size_mb = 200 log_opt_values /usr/lib/python3/dist-packages/oslo_config/cfg.py:2602
2025-09-18 00:38:54.562 156524 DEBUG oslo_service.service [req-755abc13-961b-438f-9b68-21ac8d45464b - - - - -] maximum_instance_delete_attempts = 5 log_opt_values /usr/lib/python3/dist-packages/oslo_config/cfg.py:2602
2025-09-18 00:38:54.562 156524 DEBUG oslo_service.service [req-755abc13-961b-438f-9b68-21ac8d45464b - - - - -] metadata_listen = 0.0.0.0 log_opt_values /usr/lib/python3/dist-packages/oslo_config/cfg.py:2602
2025-09-18 00:38:54.563 156524 DEBUG oslo_service.service [req-755abc13-961b-438f-9b68-21ac8d45464b - - - - -] metadata_listen_port = 8765 log_opt_values /usr/lib/python3/dist-packages/oslo_config/cfg.py:2602
2025-09-18 00:38:54.563 156524 DEBUG oslo_service.service [req-755abc13-961b-438f-9b68-21ac8d45464b - - - - -] metadata_workers = None log_opt_values /usr/lib/python3/dist-packages/oslo_config/cfg.py:2602
2025-09-18 00:38:54.563 156524 DEBUG oslo_service.service [req-755abc13-961b-438f-9b68-21ac8d45464b - - - - -] migrate_max_retries = -1 log_opt_values /usr/lib/python3/dist-packages/oslo_config/cfg.py:2602
2025-09-18 00:38:54.563 156524 DEBUG oslo_service.service [req-755abc13-961b-438f-9b68-21ac8d45464b - - - - -] mkisofs_cmd = genisoimage log_opt_values /usr/lib/python3/dist-packages/oslo_config/cfg.py:2602
