2025-09-18 00:40:26.225 167748 WARNING nova.scheduler.filters.availability_zone_filter [req-1acb0b17-e2b7-4951-b23f-2dd23724c46f - - - - -] The 'AvailabilityZoneFilter' is deprecated since the 24.0.0 (Xena) release. Since the 18.0.0 (Rocky) release, nova has supported mapping AZs to placement aggregates. The feature is enabled by the 'query_placement_for_availability_zone' config option and is now enabled by default. As such, the 'AvailabilityZoneFilter' is no longer required. Nova is currently configured to use both placement and the AvailabilityZoneFilter for AZ enforcement.
2025-09-18 00:40:26.324 167748 DEBUG nova.scheduler.host_manager [req-1acb0b17-e2b7-4951-b23f-2dd23724c46f - - - - -] START:_async_init_instance_info _async_init_instance_info /usr/lib/python3/dist-packages/nova/scheduler/host_manager.py:411
2025-09-18 00:40:26.326 167748 DEBUG oslo_concurrency.lockutils [req-a87e0614-e3cf-4596-acf9-9c23d8a875b2 - - - - -] Lock "72d3b66e-76b7-4abc-93cd-034ecec8f7c4" acquired by "nova.context.set_target_cell..get_or_set_cached_cell_and_set_connections" :: waited 0.000s inner /usr/lib/python3/dist-packages/oslo_concurrency/lockutils.py:386
2025-09-18 00:40:26.328 167748 DEBUG oslo_concurrency.lockutils [req-a87e0614-e3cf-4596-acf9-9c23d8a875b2 - - - - -] Lock "72d3b66e-76b7-4abc-93cd-034ecec8f7c4" "released" by "nova.context.set_target_cell..get_or_set_cached_cell_and_set_connections" :: held 0.002s inner /usr/lib/python3/dist-packages/oslo_concurrency/lockutils.py:400
2025-09-18 00:40:26.333 167748 DEBUG oslo_db.sqlalchemy.engines [req-a87e0614-e3cf-4596-acf9-9c23d8a875b2 - - - - -] MySQL server mode set to STRICT_TRANS_TABLES,STRICT_ALL_TABLES,NO_ZERO_IN_DATE,NO_ZERO_DATE,ERROR_FOR_DIVISION_BY_ZERO,TRADITIONAL,NO_ENGINE_SUBSTITUTION _check_effective_sql_mode /usr/lib/python3/dist-packages/oslo_db/sqlalchemy/engines.py:314
2025-09-18 00:40:26.348 167748 DEBUG nova.scheduler.host_manager [req-a87e0614-e3cf-4596-acf9-9c23d8a875b2 - - - - -] Total number of compute nodes: 1 _async_init_instance_info /usr/lib/python3/dist-packages/nova/scheduler/host_manager.py:424
2025-09-18 00:40:26.348 167748 DEBUG oslo_concurrency.lockutils [req-a87e0614-e3cf-4596-acf9-9c23d8a875b2 - - - - -] Lock "72d3b66e-76b7-4abc-93cd-034ecec8f7c4" acquired by "nova.context.set_target_cell..get_or_set_cached_cell_and_set_connections" :: waited 0.000s inner /usr/lib/python3/dist-packages/oslo_concurrency/lockutils.py:386
2025-09-18 00:40:26.349 167748 DEBUG oslo_concurrency.lockutils [req-a87e0614-e3cf-4596-acf9-9c23d8a875b2 - - - - -] Lock "72d3b66e-76b7-4abc-93cd-034ecec8f7c4" "released" by "nova.context.set_target_cell..get_or_set_cached_cell_and_set_connections" :: held 0.000s inner /usr/lib/python3/dist-packages/oslo_concurrency/lockutils.py:400
2025-09-18 00:40:26.425 167748 DEBUG nova.scheduler.host_manager [req-a87e0614-e3cf-4596-acf9-9c23d8a875b2 - - - - -] Adding 0 instances for hosts 10-20 _async_init_instance_info /usr/lib/python3/dist-packages/nova/scheduler/host_manager.py:443
2025-09-18 00:40:26.425 167748 DEBUG nova.scheduler.host_manager [req-a87e0614-e3cf-4596-acf9-9c23d8a875b2 - - - - -] END:_async_init_instance_info _async_init_instance_info /usr/lib/python3/dist-packages/nova/scheduler/host_manager.py:454
2025-09-18 00:40:26.944 167748 DEBUG nova.context [req-1acb0b17-e2b7-4951-b23f-2dd23724c46f - - - - -] Found 2 cells: 00000000-0000-0000-0000-000000000000(cell0),72d3b66e-76b7-4abc-93cd-034ecec8f7c4(cell1) load_cells /usr/lib/python3/dist-packages/nova/context.py:464
2025-09-18 00:40:26.944 167748 DEBUG oslo_concurrency.lockutils [req-33cff832-960b-4e40-a5be-b43530bc7438 - - - - -] Lock "00000000-0000-0000-0000-000000000000" acquired by "nova.context.set_target_cell..get_or_set_cached_cell_and_set_connections" :: waited 0.000s inner /usr/lib/python3/dist-packages/oslo_concurrency/lockutils.py:386
2025-09-18 00:40:26.945 167748 DEBUG oslo_concurrency.lockutils [req-33cff832-960b-4e40-a5be-b43530bc7438 - - - - -] Lock "00000000-0000-0000-0000-000000000000" "released" by "nova.context.set_target_cell..get_or_set_cached_cell_and_set_connections" :: held 0.001s inner /usr/lib/python3/dist-packages/oslo_concurrency/lockutils.py:400
2025-09-18 00:40:26.946 167748 DEBUG oslo_concurrency.lockutils [req-33cff832-960b-4e40-a5be-b43530bc7438 - - - - -] Lock "72d3b66e-76b7-4abc-93cd-034ecec8f7c4" acquired by "nova.context.set_target_cell..get_or_set_cached_cell_and_set_connections" :: waited 0.000s inner /usr/lib/python3/dist-packages/oslo_concurrency/lockutils.py:386
2025-09-18 00:40:26.946 167748 DEBUG oslo_concurrency.lockutils [req-33cff832-960b-4e40-a5be-b43530bc7438 - - - - -] Lock "72d3b66e-76b7-4abc-93cd-034ecec8f7c4" "released" by "nova.context.set_target_cell..get_or_set_cached_cell_and_set_connections" :: held 0.001s inner /usr/lib/python3/dist-packages/oslo_concurrency/lockutils.py:400
2025-09-18 00:40:26.957 167748 DEBUG oslo_db.sqlalchemy.engines [req-33cff832-960b-4e40-a5be-b43530bc7438 - - - - -] MySQL server mode set to STRICT_TRANS_TABLES,STRICT_ALL_TABLES,NO_ZERO_IN_DATE,NO_ZERO_DATE,ERROR_FOR_DIVISION_BY_ZERO,TRADITIONAL,NO_ENGINE_SUBSTITUTION _check_effective_sql_mode /usr/lib/python3/dist-packages/oslo_db/sqlalchemy/engines.py:314
2025-09-18 00:40:26.966 167748 DEBUG oslo_concurrency.lockutils [req-33cff832-960b-4e40-a5be-b43530bc7438 - - - - -] Acquired lock "singleton_lock" lock /usr/lib/python3/dist-packages/oslo_concurrency/lockutils.py:294
2025-09-18 00:40:26.966 167748 DEBUG oslo_concurrency.lockutils [req-33cff832-960b-4e40-a5be-b43530bc7438 - - - - -] Releasing lock "singleton_lock" lock /usr/lib/python3/dist-packages/oslo_concurrency/lockutils.py:312
2025-09-18 00:40:26.966 167748 INFO oslo_service.service [req-33cff832-960b-4e40-a5be-b43530bc7438 - - - - -] Starting 4 workers
2025-09-18 00:40:26.971 167748 DEBUG oslo_service.service [req-33cff832-960b-4e40-a5be-b43530bc7438 - - - - -] Started child 168135 _start_child /usr/lib/python3/dist-packages/oslo_service/service.py:575
2025-09-18 00:40:26.976 168135 INFO nova.service [-] Starting scheduler node (version 25.2.1)
2025-09-18 00:40:26.977 167748 DEBUG oslo_service.service [req-33cff832-960b-4e40-a5be-b43530bc7438 - - - - -] Started child 168136 _start_child /usr/lib/python3/dist-packages/oslo_service/service.py:575
2025-09-18 00:40:26.983 168136 INFO nova.service [-] Starting scheduler node (version 25.2.1)
2025-09-18 00:40:26.983 167748 DEBUG oslo_service.service [req-33cff832-960b-4e40-a5be-b43530bc7438 - - - - -] Started child 168137 _start_child /usr/lib/python3/dist-packages/oslo_service/service.py:575
2025-09-18 00:40:26.989 168137 INFO nova.service [-] Starting scheduler node (version 25.2.1)
2025-09-18 00:40:26.989 168135 DEBUG oslo_db.sqlalchemy.engines [req-74497465-4b16-4d2b-9a1c-bab09e0ed17c - - - - -] MySQL server mode set to STRICT_TRANS_TABLES,STRICT_ALL_TABLES,NO_ZERO_IN_DATE,NO_ZERO_DATE,ERROR_FOR_DIVISION_BY_ZERO,TRADITIONAL,NO_ENGINE_SUBSTITUTION _check_effective_sql_mode /usr/lib/python3/dist-packages/oslo_db/sqlalchemy/engines.py:314
2025-09-18 00:40:26.990 167748 DEBUG oslo_service.service [req-33cff832-960b-4e40-a5be-b43530bc7438 - - - - -] Started child 168138 _start_child /usr/lib/python3/dist-packages/oslo_service/service.py:575
2025-09-18 00:40:26.992 167748 DEBUG oslo_service.service [req-33cff832-960b-4e40-a5be-b43530bc7438 - - - - -] Full set of CONF: wait /usr/lib/python3/dist-packages/oslo_service/service.py:649
2025-09-18 00:40:26.992 167748 DEBUG oslo_service.service [req-33cff832-960b-4e40-a5be-b43530bc7438 - - - - -] ******************************************************************************** log_opt_values /usr/lib/python3/dist-packages/oslo_config/cfg.py:2589
2025-09-18 00:40:26.993 167748 DEBUG oslo_service.service [req-33cff832-960b-4e40-a5be-b43530bc7438 - - - - -] Configuration options gathered from: log_opt_values /usr/lib/python3/dist-packages/oslo_config/cfg.py:2590
2025-09-18 00:40:26.993 167748 DEBUG oslo_service.service [req-33cff832-960b-4e40-a5be-b43530bc7438 - - - - -] command line args: ['--config-file=/etc/nova/nova.conf', '--log-file=/var/log/nova/nova-scheduler.log'] log_opt_values /usr/lib/python3/dist-packages/oslo_config/cfg.py:2591
2025-09-18 00:40:26.993 167748 DEBUG oslo_service.service [req-33cff832-960b-4e40-a5be-b43530bc7438 - - - - -] config files: ['/etc/nova/nova.conf'] log_opt_values /usr/lib/python3/dist-packages/oslo_config/cfg.py:2592
2025-09-18 00:40:26.993 167748 DEBUG oslo_service.service [req-33cff832-960b-4e40-a5be-b43530bc7438 - - - - -] ================================================================================ log_opt_values /usr/lib/python3/dist-packages/oslo_config/cfg.py:2594
2025-09-18 00:40:26.994 167748 DEBUG oslo_service.service [req-33cff832-960b-4e40-a5be-b43530bc7438 - - - - -] allow_resize_to_same_host = False log_opt_values /usr/lib/python3/dist-packages/oslo_config/cfg.py:2602
2025-09-18 00:40:26.994 167748 DEBUG oslo_service.service [req-33cff832-960b-4e40-a5be-b43530bc7438 - - - - -] arq_binding_timeout = 300 log_opt_values /usr/lib/python3/dist-packages/oslo_config/cfg.py:2602
2025-09-18 00:40:26.994 167748 DEBUG oslo_service.service [req-33cff832-960b-4e40-a5be-b43530bc7438 - - - - -] block_device_allocate_retries = 60 log_opt_values /usr/lib/python3/dist-packages/oslo_config/cfg.py:2602
2025-09-18 00:40:26.994 167748 DEBUG oslo_service.service [req-33cff832-960b-4e40-a5be-b43530bc7438 - - - - -] block_device_allocate_retries_interval = 3 log_opt_values /usr/lib/python3/dist-packages/oslo_config/cfg.py:2602
2025-09-18 00:40:26.995 167748 DEBUG oslo_service.service [req-33cff832-960b-4e40-a5be-b43530bc7438 - - - - -] cert = self.pem log_opt_values /usr/lib/python3/dist-packages/oslo_config/cfg.py:2602
2025-09-18 00:40:26.995 167748 DEBUG oslo_service.service [req-33cff832-960b-4e40-a5be-b43530bc7438 - - - - -] compute_driver = libvirt.LibvirtDriver log_opt_values /usr/lib/python3/dist-packages/oslo_config/cfg.py:2602
2025-09-18 00:40:26.995 167748 DEBUG oslo_service.service [req-33cff832-960b-4e40-a5be-b43530bc7438 - - - - -] compute_monitors = [] log_opt_values /usr/lib/python3/dist-packages/oslo_config/cfg.py:2602
2025-09-18 00:40:26.995 168138 INFO nova.service [-] Starting scheduler node (version 25.2.1)
2025-09-18 00:40:26.995 167748 DEBUG oslo_service.service [req-33cff832-960b-4e40-a5be-b43530bc7438 - - - - -] config_dir = [] log_opt_values /usr/lib/python3/dist-packages/oslo_config/cfg.py:2602
2025-09-18 00:40:26.996 167748 DEBUG oslo_service.service [req-33cff832-960b-4e40-a5be-b43530bc7438 - - - - -] config_drive_format = iso9660 log_opt_values /usr/lib/python3/dist-packages/oslo_config/cfg.py:2602
2025-09-18 00:40:26.996 167748 DEBUG oslo_service.service [req-33cff832-960b-4e40-a5be-b43530bc7438 - - - - -] config_file = ['/etc/nova/nova.conf'] log_opt_values /usr/lib/python3/dist-packages/oslo_config/cfg.py:2602
2025-09-18 00:40:26.996 167748 DEBUG oslo_service.service [req-33cff832-960b-4e40-a5be-b43530bc7438 - - - - -] config_source = [] log_opt_values /usr/lib/python3/dist-packages/oslo_config/cfg.py:2602
2025-09-18 00:40:26.996 167748 DEBUG oslo_service.service [req-33cff832-960b-4e40-a5be-b43530bc7438 - - - - -] console_host = juju-1739ab-0-lxd-7 log_opt_values /usr/lib/python3/dist-packages/oslo_config/cfg.py:2602
2025-09-18 00:40:26.996 167748 DEBUG oslo_service.service [req-33cff832-960b-4e40-a5be-b43530bc7438 - - - - -] control_exchange = nova log_opt_values /usr/lib/python3/dist-packages/oslo_config/cfg.py:2602
2025-09-18 00:40:26.997 167748 DEBUG oslo_service.service [req-33cff832-960b-4e40-a5be-b43530bc7438 - - - - -] cpu_allocation_ratio = 2.0 log_opt_values /usr/lib/python3/dist-packages/oslo_config/cfg.py:2602
2025-09-18 00:40:26.996 168136 DEBUG oslo_db.sqlalchemy.engines [req-69f2e1af-6502-44e2-99c7-70e09a0265d8 - - - - -] MySQL server mode set to STRICT_TRANS_TABLES,STRICT_ALL_TABLES,NO_ZERO_IN_DATE,NO_ZERO_DATE,ERROR_FOR_DIVISION_BY_ZERO,TRADITIONAL,NO_ENGINE_SUBSTITUTION _check_effective_sql_mode /usr/lib/python3/dist-packages/oslo_db/sqlalchemy/engines.py:314
2025-09-18 00:40:26.997 167748 DEBUG oslo_service.service [req-33cff832-960b-4e40-a5be-b43530bc7438 - - - - -] daemon = False log_opt_values /usr/lib/python3/dist-packages/oslo_config/cfg.py:2602
2025-09-18 00:40:26.997 167748 DEBUG oslo_service.service [req-33cff832-960b-4e40-a5be-b43530bc7438 - - - - -] debug = True log_opt_values /usr/lib/python3/dist-packages/oslo_config/cfg.py:2602
2025-09-18 00:40:26.998 167748 DEBUG oslo_service.service [req-33cff832-960b-4e40-a5be-b43530bc7438 - - - - -] default_access_ip_network_name = None log_opt_values /usr/lib/python3/dist-packages/oslo_config/cfg.py:2602
2025-09-18 00:40:26.998 167748 DEBUG oslo_service.service [req-33cff832-960b-4e40-a5be-b43530bc7438 - - - - -] default_availability_zone = nova log_opt_values /usr/lib/python3/dist-packages/oslo_config/cfg.py:2602
2025-09-18 00:40:26.998 167748 DEBUG oslo_service.service [req-33cff832-960b-4e40-a5be-b43530bc7438 - - - - -] default_ephemeral_format = None log_opt_values /usr/lib/python3/dist-packages/oslo_config/cfg.py:2602
2025-09-18 00:40:26.999 167748 DEBUG oslo_service.service [req-33cff832-960b-4e40-a5be-b43530bc7438 - - - - -] default_log_levels = ['amqp=WARN', 'amqplib=WARN', 'boto=WARN', 'qpid=WARN', 'sqlalchemy=WARN', 'suds=INFO', 'oslo.messaging=INFO', 'oslo_messaging=DEBUG', 'iso8601=WARN', 'requests.packages.urllib3.connectionpool=WARN', 'urllib3.connectionpool=WARN', 'websocket=WARN', 'requests.packages.urllib3.util.retry=WARN', 'urllib3.util.retry=WARN', 'keystonemiddleware=WARN', 'routes.middleware=WARN', 'stevedore=WARN', 'taskflow=WARN', 'keystoneauth=WARN', 'oslo.cache=INFO', 'dogpile.core.dogpile=INFO', 'glanceclient=WARN', 'oslo.privsep.daemon=INFO'] log_opt_values /usr/lib/python3/dist-packages/oslo_config/cfg.py:2602
2025-09-18 00:40:26.999 167748 DEBUG oslo_service.service [req-33cff832-960b-4e40-a5be-b43530bc7438 - - - - -] default_schedule_zone = None log_opt_values /usr/lib/python3/dist-packages/oslo_config/cfg.py:2602
2025-09-18 00:40:26.999 167748 DEBUG oslo_service.service [req-33cff832-960b-4e40-a5be-b43530bc7438 - - - - -] disk_allocation_ratio = 1.0 log_opt_values /usr/lib/python3/dist-packages/oslo_config/cfg.py:2602
2025-09-18 00:40:27.000 167748 DEBUG oslo_service.service [req-33cff832-960b-4e40-a5be-b43530bc7438 - - - - -] enable_new_services = True log_opt_values /usr/lib/python3/dist-packages/oslo_config/cfg.py:2602
2025-09-18 00:40:27.000 167748 DEBUG oslo_service.service [req-33cff832-960b-4e40-a5be-b43530bc7438 - - - - -] enabled_apis = ['osapi_compute', 'metadata'] log_opt_values /usr/lib/python3/dist-packages/oslo_config/cfg.py:2602
2025-09-18 00:40:27.001 167748 DEBUG oslo_service.service [req-33cff832-960b-4e40-a5be-b43530bc7438 - - - - -] enabled_ssl_apis = [] log_opt_values /usr/lib/python3/dist-packages/oslo_config/cfg.py:2602
2025-09-18 00:40:27.001 167748 DEBUG oslo_service.service [req-33cff832-960b-4e40-a5be-b43530bc7438 - - - - -] fatal_deprecations = False log_opt_values /usr/lib/python3/dist-packages/oslo_config/cfg.py:2602
2025-09-18 00:40:27.002 167748 DEBUG oslo_service.service [req-33cff832-960b-4e40-a5be-b43530bc7438 - - - - -] flat_injected = False log_opt_values /usr/lib/python3/dist-packages/oslo_config/cfg.py:2602
2025-09-18 00:40:27.002 167748 DEBUG oslo_service.service [req-33cff832-960b-4e40-a5be-b43530bc7438 - - - - -] force_config_drive = False log_opt_values /usr/lib/python3/dist-packages/oslo_config/cfg.py:2602
2025-09-18 00:40:27.002 167748 DEBUG oslo_service.service [req-33cff832-960b-4e40-a5be-b43530bc7438 - - - - -] force_raw_images = True log_opt_values /usr/lib/python3/dist-packages/oslo_config/cfg.py:2602
2025-09-18 00:40:27.002 167748 DEBUG oslo_service.service [req-33cff832-960b-4e40-a5be-b43530bc7438 - - - - -] graceful_shutdown_timeout = 60 log_opt_values /usr/lib/python3/dist-packages/oslo_config/cfg.py:2602
2025-09-18 00:40:27.003 167748 DEBUG oslo_service.service [req-33cff832-960b-4e40-a5be-b43530bc7438 - - - - -] heal_instance_info_cache_interval = 60 log_opt_values /usr/lib/python3/dist-packages/oslo_config/cfg.py:2602
2025-09-18 00:40:27.003 167748 DEBUG oslo_service.service [req-33cff832-960b-4e40-a5be-b43530bc7438 - - - - -] host = juju-1739ab-0-lxd-7 log_opt_values /usr/lib/python3/dist-packages/oslo_config/cfg.py:2602
2025-09-18 00:40:27.004 167748 DEBUG oslo_service.service [req-33cff832-960b-4e40-a5be-b43530bc7438 - - - - -] initial_cpu_allocation_ratio = 16.0 log_opt_values /usr/lib/python3/dist-packages/oslo_config/cfg.py:2602
2025-09-18 00:40:27.004 167748 DEBUG oslo_service.service [req-33cff832-960b-4e40-a5be-b43530bc7438 - - - - -] initial_disk_allocation_ratio = 1.0 log_opt_values /usr/lib/python3/dist-packages/oslo_config/cfg.py:2602
2025-09-18 00:40:27.004 167748 DEBUG oslo_service.service [req-33cff832-960b-4e40-a5be-b43530bc7438 - - - - -] initial_ram_allocation_ratio = 1.5 log_opt_values /usr/lib/python3/dist-packages/oslo_config/cfg.py:2602
2025-09-18 00:40:27.005 167748 DEBUG oslo_service.service [req-33cff832-960b-4e40-a5be-b43530bc7438 - - - - -] injected_network_template = /usr/lib/python3/dist-packages/nova/virt/interfaces.template log_opt_values /usr/lib/python3/dist-packages/oslo_config/cfg.py:2602
2025-09-18 00:40:27.005 167748 DEBUG oslo_service.service [req-33cff832-960b-4e40-a5be-b43530bc7438 - - - - -] instance_build_timeout = 0 log_opt_values /usr/lib/python3/dist-packages/oslo_config/cfg.py:2602
2025-09-18 00:40:27.005 167748 DEBUG oslo_service.service [req-33cff832-960b-4e40-a5be-b43530bc7438 - - - - -] instance_delete_interval = 300 log_opt_values /usr/lib/python3/dist-packages/oslo_config/cfg.py:2602
2025-09-18 00:40:27.006 167748 DEBUG oslo_service.service [req-33cff832-960b-4e40-a5be-b43530bc7438 - - - - -] instance_format = [instance: %(uuid)s] log_opt_values /usr/lib/python3/dist-packages/oslo_config/cfg.py:2602
2025-09-18 00:40:27.006 167748 DEBUG oslo_service.service [req-33cff832-960b-4e40-a5be-b43530bc7438 - - - - -] instance_name_template = instance-%08x log_opt_values /usr/lib/python3/dist-packages/oslo_config/cfg.py:2602
2025-09-18 00:40:27.006 168137 DEBUG oslo_db.sqlalchemy.engines [req-18f4855e-fae6-4fcf-9ccd-6803b78fd571 - - - - -] MySQL server mode set to STRICT_TRANS_TABLES,STRICT_ALL_TABLES,NO_ZERO_IN_DATE,NO_ZERO_DATE,ERROR_FOR_DIVISION_BY_ZERO,TRADITIONAL,NO_ENGINE_SUBSTITUTION _check_effective_sql_mode /usr/lib/python3/dist-packages/oslo_db/sqlalchemy/engines.py:314
2025-09-18 00:40:27.006 167748 DEBUG oslo_service.service [req-33cff832-960b-4e40-a5be-b43530bc7438 - - - - -] instance_usage_audit = False log_opt_values /usr/lib/python3/dist-packages/oslo_config/cfg.py:2602
2025-09-18 00:40:27.006 167748 DEBUG oslo_service.service [req-33cff832-960b-4e40-a5be-b43530bc7438 - - - - -] instance_usage_audit_period = month log_opt_values /usr/lib/python3/dist-packages/oslo_config/cfg.py:2602
2025-09-18 00:40:27.007 167748 DEBUG oslo_service.service [req-33cff832-960b-4e40-a5be-b43530bc7438 - - - - -] instance_uuid_format = [instance: %(uuid)s] log_opt_values /usr/lib/python3/dist-packages/oslo_config/cfg.py:2602
2025-09-18 00:40:27.007 167748 DEBUG oslo_service.service [req-33cff832-960b-4e40-a5be-b43530bc7438 - - - - -] instances_path = /var/lib/nova/instances log_opt_values /usr/lib/python3/dist-packages/oslo_config/cfg.py:2602
2025-09-18 00:40:27.007 167748 DEBUG oslo_service.service [req-33cff832-960b-4e40-a5be-b43530bc7438 - - - - -] internal_service_availability_zone = internal log_opt_values /usr/lib/python3/dist-packages/oslo_config/cfg.py:2602
2025-09-18 00:40:27.007 167748 DEBUG oslo_service.service [req-33cff832-960b-4e40-a5be-b43530bc7438 - - - - -] key = None log_opt_values /usr/lib/python3/dist-packages/oslo_config/cfg.py:2602
2025-09-18 00:40:27.008 167748 DEBUG oslo_service.service [req-33cff832-960b-4e40-a5be-b43530bc7438 - - - - -] live_migration_retry_count = 30 log_opt_values /usr/lib/python3/dist-packages/oslo_config/cfg.py:2602
2025-09-18 00:40:27.008 167748 DEBUG oslo_service.service [req-33cff832-960b-4e40-a5be-b43530bc7438 - - - - -] log_config_append = None log_opt_values /usr/lib/python3/dist-packages/oslo_config/cfg.py:2602
2025-09-18 00:40:27.008 167748 DEBUG oslo_service.service [req-33cff832-960b-4e40-a5be-b43530bc7438 - - - - -] log_date_format = %Y-%m-%d %H:%M:%S log_opt_values /usr/lib/python3/dist-packages/oslo_config/cfg.py:2602
2025-09-18 00:40:27.008 167748 DEBUG oslo_service.service [req-33cff832-960b-4e40-a5be-b43530bc7438 - - - - -] log_dir = /var/log/nova log_opt_values /usr/lib/python3/dist-packages/oslo_config/cfg.py:2602
2025-09-18 00:40:27.008 168135 DEBUG nova.service [req-74497465-4b16-4d2b-9a1c-bab09e0ed17c - - - - -] Creating RPC server for service scheduler start /usr/lib/python3/dist-packages/nova/service.py:182
2025-09-18 00:40:27.009 167748 DEBUG oslo_service.service [req-33cff832-960b-4e40-a5be-b43530bc7438 - - - - -] log_file = /var/log/nova/nova-scheduler.log log_opt_values /usr/lib/python3/dist-packages/oslo_config/cfg.py:2602
2025-09-18 00:40:27.009 167748 DEBUG oslo_service.service [req-33cff832-960b-4e40-a5be-b43530bc7438 - - - - -] log_options = True log_opt_values /usr/lib/python3/dist-packages/oslo_config/cfg.py:2602
2025-09-18 00:40:27.009 167748 DEBUG oslo_service.service [req-33cff832-960b-4e40-a5be-b43530bc7438 - - - - -] log_rotate_interval = 1 log_opt_values /usr/lib/python3/dist-packages/oslo_config/cfg.py:2602
2025-09-18 00:40:27.010 167748 DEBUG oslo_service.service [req-33cff832-960b-4e40-a5be-b43530bc7438 - - - - -] log_rotate_interval_type = days log_opt_values /usr/lib/python3/dist-packages/oslo_config/cfg.py:2602
2025-09-18 00:40:27.010 167748 DEBUG oslo_service.service [req-33cff832-960b-4e40-a5be-b43530bc7438 - - - - -] log_rotation_type = none log_opt_values /usr/lib/python3/dist-packages/oslo_config/cfg.py:2602
2025-09-18 00:40:27.010 168138 DEBUG oslo_db.sqlalchemy.engines [req-f1b103f4-2371-4855-a900-8328b55504fa - - - - -] MySQL server mode set to STRICT_TRANS_TABLES,STRICT_ALL_TABLES,NO_ZERO_IN_DATE,NO_ZERO_DATE,ERROR_FOR_DIVISION_BY_ZERO,TRADITIONAL,NO_ENGINE_SUBSTITUTION _check_effective_sql_mode /usr/lib/python3/dist-packages/oslo_db/sqlalchemy/engines.py:314
2025-09-18 00:40:27.010 167748 DEBUG oslo_service.service [req-33cff832-960b-4e40-a5be-b43530bc7438 - - - - -] logging_context_format_string = %(asctime)s.%(msecs)03d %(process)d %(levelname)s %(name)s [%(request_id)s %(user_identity)s] %(instance)s%(message)s log_opt_values /usr/lib/python3/dist-packages/oslo_config/cfg.py:2602
2025-09-18 00:40:27.010 167748 DEBUG oslo_service.service [req-33cff832-960b-4e40-a5be-b43530bc7438 - - - - -] logging_debug_format_suffix = %(funcName)s %(pathname)s:%(lineno)d log_opt_values /usr/lib/python3/dist-packages/oslo_config/cfg.py:2602
2025-09-18 00:40:27.011 167748 DEBUG oslo_service.service [req-33cff832-960b-4e40-a5be-b43530bc7438 - - - - -] logging_default_format_string = %(asctime)s.%(msecs)03d %(process)d %(levelname)s %(name)s [-] %(instance)s%(message)s log_opt_values /usr/lib/python3/dist-packages/oslo_config/cfg.py:2602
2025-09-18 00:40:27.011 167748 DEBUG oslo_service.service [req-33cff832-960b-4e40-a5be-b43530bc7438 - - - - -] logging_exception_prefix = %(asctime)s.%(msecs)03d %(process)d ERROR %(name)s %(instance)s log_opt_values /usr/lib/python3/dist-packages/oslo_config/cfg.py:2602
2025-09-18 00:40:27.011 167748 DEBUG oslo_service.service [req-33cff832-960b-4e40-a5be-b43530bc7438 - - - - -] logging_user_identity_format = %(user)s %(project)s %(domain)s %(user_domain)s %(project_domain)s log_opt_values /usr/lib/python3/dist-packages/oslo_config/cfg.py:2602
2025-09-18 00:40:27.011 167748 DEBUG oslo_service.service [req-33cff832-960b-4e40-a5be-b43530bc7438 - - - - -] long_rpc_timeout = 1800 log_opt_values /usr/lib/python3/dist-packages/oslo_config/cfg.py:2602
2025-09-18 00:40:27.012 167748 DEBUG oslo_service.service [req-33cff832-960b-4e40-a5be-b43530bc7438 - - - - -] max_concurrent_builds = 10 log_opt_values /usr/lib/python3/dist-packages/oslo_config/cfg.py:2602
2025-09-18 00:40:27.012 167748 DEBUG oslo_service.service [req-33cff832-960b-4e40-a5be-b43530bc7438 - - - - -] max_concurrent_live_migrations = 1 log_opt_values /usr/lib/python3/dist-packages/oslo_config/cfg.py:2602
2025-09-18 00:40:27.012 167748 DEBUG oslo_service.service [req-33cff832-960b-4e40-a5be-b43530bc7438 - - - - -] max_concurrent_snapshots = 5 log_opt_values /usr/lib/python3/dist-packages/oslo_config/cfg.py:2602
2025-09-18 00:40:27.012 167748 DEBUG oslo_service.service [req-33cff832-960b-4e40-a5be-b43530bc7438 - - - - -] max_local_block_devices = 3 log_opt_values /usr/lib/python3/dist-packages/oslo_config/cfg.py:2602
2025-09-18 00:40:27.013 167748 DEBUG oslo_service.service [req-33cff832-960b-4e40-a5be-b43530bc7438 - - - - -] max_logfile_count = 30 log_opt_values /usr/lib/python3/dist-packages/oslo_config/cfg.py:2602
2025-09-18 00:40:27.013 167748 DEBUG oslo_service.service [req-33cff832-960b-4e40-a5be-b43530bc7438 - - - - -] max_logfile_size_mb = 200 log_opt_values /usr/lib/python3/dist-packages/oslo_config/cfg.py:2602
2025-09-18 00:40:27.013 167748 DEBUG oslo_service.service [req-33cff832-960b-4e40-a5be-b43530bc7438 - - - - -] maximum_instance_delete_attempts = 5 log_opt_values /usr/lib/python3/dist-packages/oslo_config/cfg.py:2602
2025-09-18 00:40:27.013 167748 DEBUG oslo_service.service [req-33cff832-960b-4e40-a5be-b43530bc7438 - - - - -] metadata_listen = 0.0.0.0 log_opt_values /usr/lib/python3/dist-packages/oslo_config/cfg.py:2602
2025-09-18 00:40:27.014 167748 DEBUG oslo_service.service [req-33cff832-960b-4e40-a5be-b43530bc7438 - - - - -] metadata_listen_port = 8765 log_opt_values /usr/lib/python3/dist-packages/oslo_config/cfg.py:2602
2025-09-18 00:40:27.014 167748 DEBUG oslo_service.service [req-33cff832-960b-4e40-a5be-b43530bc7438 - - - - -] metadata_workers = None log_opt_values /usr/lib/python3/dist-packages/oslo_config/cfg.py:2602
2025-09-18 00:40:27.014 167748 DEBUG oslo_service.service [req-33cff832-960b-4e40-a5be-b43530bc7438 - - - - -] migrate_max_retries = -1 log_opt_values /usr/lib/python3/dist-packages/oslo_config/cfg.py:2602
2025-09-18 00:40:27.014 167748 DEBUG oslo_service.service [req-33cff832-960b-4e40-a5be-b43530bc7438 - - - - -] mkisofs_cmd = genisoimage log_opt_values /usr/lib/python3/dist-packages/oslo_config/cfg.py:2602
2025-09-18 00:40:27.014 167748 DEBUG oslo_service.service [req-33cff832-960b-4e40-a5be-b43530bc7438 - - - - -] my_block_storage_ip = 252.57.10.109 log_opt_values /usr/lib/python3/dist-packages/oslo_config/cfg.py:2602
2025-09-18 00:40:27.015 167748 DEBUG oslo_service.service [req-33cff832-960b-4e40-a5be-b43530bc7438 - - - - -] my_ip = 252.57.10.109 log_opt_values /usr/lib/python3/dist-packages/oslo_config/cfg.py:2602
2025-09-18 00:40:27.015 167748 DEBUG oslo_service.service [req-33cff832-960b-4e40-a5be-b43530bc7438 - - - - -] network_allocate_retries = 0 log_opt_values /usr/lib/python3/dist-packages/oslo_config/cfg.py:2602
2025-09-18 00:40:27.015 167748 DEBUG oslo_service.service [req-33cff832-960b-4e40-a5be-b43530bc7438 - - - - -] non_inheritable_image_properties = ['cache_in_nova', 'bittorrent'] log_opt_values /usr/lib/python3/dist-packages/oslo_config/cfg.py:2602
2025-09-18 00:40:27.015 167748 DEBUG oslo_service.service [req-33cff832-960b-4e40-a5be-b43530bc7438 - - - - -] osapi_compute_listen = 0.0.0.0 log_opt_values /usr/lib/python3/dist-packages/oslo_config/cfg.py:2602
2025-09-18 00:40:27.016 167748 DEBUG oslo_service.service [req-33cff832-960b-4e40-a5be-b43530bc7438 - - - - -] osapi_compute_listen_port = 8764 log_opt_values /usr/lib/python3/dist-packages/oslo_config/cfg.py:2602
2025-09-18 00:40:27.015 168136 DEBUG nova.service [req-69f2e1af-6502-44e2-99c7-70e09a0265d8 - - - - -] Creating RPC server for service scheduler start /usr/lib/python3/dist-packages/nova/service.py:182
2025-09-18 00:40:27.016 167748 DEBUG oslo_service.service [req-33cff832-960b-4e40-a5be-b43530bc7438 - - - - -] osapi_compute_unique_server_name_scope = log_opt_values /usr/lib/python3/dist-packages/oslo_config/cfg.py:2602
2025-09-18 00:40:27.016 167748 DEBUG oslo_service.service [req-33cff832-960b-4e40-a5be-b43530bc7438 - - - - -] osapi_compute_workers = 4 log_opt_values /usr/lib/python3/dist-packages/oslo_config/cfg.py:2602
2025-09-18 00:40:27.016 167748 DEBUG oslo_service.service [req-33cff832-960b-4e40-a5be-b43530bc7438 - - - - -] password_length = 12 log_opt_values /usr/lib/python3/dist-packages/oslo_config/cfg.py:2602
2025-09-18 00:40:27.016 167748 DEBUG oslo_service.service [req-33cff832-960b-4e40-a5be-b43530bc7438 - - - - -] periodic_enable = True log_opt_values /usr/lib/python3/dist-packages/oslo_config/cfg.py:2602
2025-09-18 00:40:27.017 167748 DEBUG oslo_service.service [req-33cff832-960b-4e40-a5be-b43530bc7438 - - - - -] periodic_fuzzy_delay = 60 log_opt_values /usr/lib/python3/dist-packages/oslo_config/cfg.py:2602
2025-09-18 00:40:27.017 167748 DEBUG oslo_service.service [req-33cff832-960b-4e40-a5be-b43530bc7438 - - - - -] pointer_model = usbtablet log_opt_values /usr/lib/python3/dist-packages/oslo_config/cfg.py:2602
2025-09-18 00:40:27.017 167748 DEBUG oslo_service.service [req-33cff832-960b-4e40-a5be-b43530bc7438 - - - - -] preallocate_images = none log_opt_values /usr/lib/python3/dist-packages/oslo_config/cfg.py:2602
2025-09-18 00:40:27.017 167748 DEBUG oslo_service.service [req-33cff832-960b-4e40-a5be-b43530bc7438 - - - - -] publish_errors = False log_opt_values /usr/lib/python3/dist-packages/oslo_config/cfg.py:2602
2025-09-18 00:40:27.018 167748 DEBUG oslo_service.service [req-33cff832-960b-4e40-a5be-b43530bc7438 - - - - -] pybasedir = /usr/lib/python3/dist-packages log_opt_values /usr/lib/python3/dist-packages/oslo_config/cfg.py:2602
2025-09-18 00:40:27.018 167748 DEBUG oslo_service.service [req-33cff832-960b-4e40-a5be-b43530bc7438 - - - - -] ram_allocation_ratio = 0.98 log_opt_values /usr/lib/python3/dist-packages/oslo_config/cfg.py:2602
2025-09-18 00:40:27.018 167748 DEBUG oslo_service.service [req-33cff832-960b-4e40-a5be-b43530bc7438 - - - - -] rate_limit_burst = 0 log_opt_values /usr/lib/python3/dist-packages/oslo_config/cfg.py:2602
2025-09-18 00:40:27.018 167748 DEBUG oslo_service.service [req-33cff832-960b-4e40-a5be-b43530bc7438 - - - - -] rate_limit_except_level = CRITICAL log_opt_values /usr/lib/python3/dist-packages/oslo_config/cfg.py:2602
2025-09-18 00:40:27.018 167748 DEBUG oslo_service.service [req-33cff832-960b-4e40-a5be-b43530bc7438 - - - - -] rate_limit_interval = 0 log_opt_values /usr/lib/python3/dist-packages/oslo_config/cfg.py:2602
2025-09-18 00:40:27.019 167748 DEBUG oslo_service.service [req-33cff832-960b-4e40-a5be-b43530bc7438 - - - - -] reboot_timeout = 0 log_opt_values /usr/lib/python3/dist-packages/oslo_config/cfg.py:2602
2025-09-18 00:40:27.019 167748 DEBUG oslo_service.service [req-33cff832-960b-4e40-a5be-b43530bc7438 - - - - -] reclaim_instance_interval = 0 log_opt_values /usr/lib/python3/dist-packages/oslo_config/cfg.py:2602
2025-09-18 00:40:27.019 167748 DEBUG oslo_service.service [req-33cff832-960b-4e40-a5be-b43530bc7438 - - - - -] record = None log_opt_values /usr/lib/python3/dist-packages/oslo_config/cfg.py:2602
2025-09-18 00:40:27.019 167748 DEBUG oslo_service.service [req-33cff832-960b-4e40-a5be-b43530bc7438 - - - - -] report_interval = 10 log_opt_values /usr/lib/python3/dist-packages/oslo_config/cfg.py:2602
2025-09-18 00:40:27.019 167748 DEBUG oslo_service.service [req-33cff832-960b-4e40-a5be-b43530bc7438 - - - - -] rescue_timeout = 0 log_opt_values /usr/lib/python3/dist-packages/oslo_config/cfg.py:2602
2025-09-18 00:40:27.020 167748 DEBUG oslo_service.service [req-33cff832-960b-4e40-a5be-b43530bc7438 - - - - -] reserved_host_cpus = 0 log_opt_values /usr/lib/python3/dist-packages/oslo_config/cfg.py:2602
2025-09-18 00:40:27.020 167748 DEBUG oslo_service.service [req-33cff832-960b-4e40-a5be-b43530bc7438 - - - - -] reserved_host_disk_mb = 0 log_opt_values /usr/lib/python3/dist-packages/oslo_config/cfg.py:2602
2025-09-18 00:40:27.020 167748 DEBUG oslo_service.service [req-33cff832-960b-4e40-a5be-b43530bc7438 - - - - -] reserved_host_memory_mb = 512 log_opt_values /usr/lib/python3/dist-packages/oslo_config/cfg.py:2602
2025-09-18 00:40:27.020 167748 DEBUG oslo_service.service [req-33cff832-960b-4e40-a5be-b43530bc7438 - - - - -] reserved_huge_pages = None log_opt_values /usr/lib/python3/dist-packages/oslo_config/cfg.py:2602
2025-09-18 00:40:27.020 167748 DEBUG oslo_service.service [req-33cff832-960b-4e40-a5be-b43530bc7438 - - - - -] resize_confirm_window = 0 log_opt_values /usr/lib/python3/dist-packages/oslo_config/cfg.py:2602
2025-09-18 00:40:27.021 167748 DEBUG oslo_service.service [req-33cff832-960b-4e40-a5be-b43530bc7438 - - - - -] resize_fs_using_block_device = False log_opt_values /usr/lib/python3/dist-packages/oslo_config/cfg.py:2602
2025-09-18 00:40:27.021 167748 DEBUG oslo_service.service [req-33cff832-960b-4e40-a5be-b43530bc7438 - - - - -] resume_guests_state_on_host_boot = False log_opt_values /usr/lib/python3/dist-packages/oslo_config/cfg.py:2602
2025-09-18 00:40:27.021 167748 DEBUG oslo_service.service [req-33cff832-960b-4e40-a5be-b43530bc7438 - - - - -] rootwrap_config = /etc/nova/rootwrap.conf log_opt_values /usr/lib/python3/dist-packages/oslo_config/cfg.py:2602
2025-09-18 00:40:27.021 167748 DEBUG oslo_service.service [req-33cff832-960b-4e40-a5be-b43530bc7438 - - - - -] run_external_periodic_tasks = True log_opt_values /usr/lib/python3/dist-packages/oslo_config/cfg.py:2602
2025-09-18 00:40:27.022 167748 DEBUG oslo_service.service [req-33cff832-960b-4e40-a5be-b43530bc7438 - - - - -] running_deleted_instance_action = reap log_opt_values /usr/lib/python3/dist-packages/oslo_config/cfg.py:2602
2025-09-18 00:40:27.022 167748 DEBUG oslo_service.service [req-33cff832-960b-4e40-a5be-b43530bc7438 - - - - -] running_deleted_instance_poll_interval = 1800 log_opt_values /usr/lib/python3/dist-packages/oslo_config/cfg.py:2602
2025-09-18 00:40:27.022 167748 DEBUG oslo_service.service [req-33cff832-960b-4e40-a5be-b43530bc7438 - - - - -] running_deleted_instance_timeout = 0 log_opt_values /usr/lib/python3/dist-packages/oslo_config/cfg.py:2602
2025-09-18 00:40:27.022 167748 DEBUG oslo_service.service [req-33cff832-960b-4e40-a5be-b43530bc7438 - - - - -] scheduler_instance_sync_interval = 120 log_opt_values /usr/lib/python3/dist-packages/oslo_config/cfg.py:2602
2025-09-18 00:40:27.022 167748 DEBUG oslo_service.service [req-33cff832-960b-4e40-a5be-b43530bc7438 - - - - -] service_down_time = 60 log_opt_values /usr/lib/python3/dist-packages/oslo_config/cfg.py:2602
2025-09-18 00:40:27.023 167748 DEBUG oslo_service.service [req-33cff832-960b-4e40-a5be-b43530bc7438 - - - - -] servicegroup_driver = db log_opt_values /usr/lib/python3/dist-packages/oslo_config/cfg.py:2602
2025-09-18 00:40:27.023 167748 DEBUG oslo_service.service [req-33cff832-960b-4e40-a5be-b43530bc7438 - - - - -] shelved_offload_time = 0 log_opt_values /usr/lib/python3/dist-packages/oslo_config/cfg.py:2602
2025-09-18 00:40:27.023 167748 DEBUG oslo_service.service [req-33cff832-960b-4e40-a5be-b43530bc7438 - - - - -] shelved_poll_interval = 3600 log_opt_values /usr/lib/python3/dist-packages/oslo_config/cfg.py:2602
2025-09-18 00:40:27.024 167748 DEBUG oslo_service.service [req-33cff832-960b-4e40-a5be-b43530bc7438 - - - - -] shutdown_timeout = 60 log_opt_values /usr/lib/python3/dist-packages/oslo_config/cfg.py:2602
2025-09-18 00:40:27.024 167748 DEBUG oslo_service.service [req-33cff832-960b-4e40-a5be-b43530bc7438 - - - - -] source_is_ipv6 = False log_opt_values /usr/lib/python3/dist-packages/oslo_config/cfg.py:2602
2025-09-18 00:40:27.025 167748 DEBUG oslo_service.service [req-33cff832-960b-4e40-a5be-b43530bc7438 - - - - -] ssl_only = False log_opt_values /usr/lib/python3/dist-packages/oslo_config/cfg.py:2602
2025-09-18 00:40:27.025 167748 DEBUG oslo_service.service [req-33cff832-960b-4e40-a5be-b43530bc7438 - - - - -] state_path = /var/lib/nova log_opt_values /usr/lib/python3/dist-packages/oslo_config/cfg.py:2602
2025-09-18 00:40:27.025 168137 DEBUG nova.service [req-18f4855e-fae6-4fcf-9ccd-6803b78fd571 - - - - -] Creating RPC server for service scheduler start /usr/lib/python3/dist-packages/nova/service.py:182
2025-09-18 00:40:27.025 167748 DEBUG oslo_service.service [req-33cff832-960b-4e40-a5be-b43530bc7438 - - - - -] sync_power_state_interval = 600 log_opt_values /usr/lib/python3/dist-packages/oslo_config/cfg.py:2602
2025-09-18 00:40:27.025 167748 DEBUG oslo_service.service [req-33cff832-960b-4e40-a5be-b43530bc7438 - - - - -] sync_power_state_pool_size = 1000 log_opt_values /usr/lib/python3/dist-packages/oslo_config/cfg.py:2602
2025-09-18 00:40:27.026 167748 DEBUG oslo_service.service [req-33cff832-960b-4e40-a5be-b43530bc7438 - - - - -] syslog_log_facility = LOG_USER log_opt_values /usr/lib/python3/dist-packages/oslo_config/cfg.py:2602
2025-09-18 00:40:27.026 167748 DEBUG oslo_service.service [req-33cff832-960b-4e40-a5be-b43530bc7438 - - - - -] tempdir = None log_opt_values /usr/lib/python3/dist-packages/oslo_config/cfg.py:2602
2025-09-18 00:40:27.026 168138 DEBUG nova.service [req-f1b103f4-2371-4855-a900-8328b55504fa - - - - -] Creating RPC server for service scheduler start /usr/lib/python3/dist-packages/nova/service.py:182
2025-09-18 00:40:27.027 167748 DEBUG oslo_service.service [req-33cff832-960b-4e40-a5be-b43530bc7438 - - - - -] timeout_nbd = 10 log_opt_values /usr/lib/python3/dist-packages/oslo_config/cfg.py:2602
2025-09-18 00:40:27.027 167748 DEBUG oslo_service.service [req-33cff832-960b-4e40-a5be-b43530bc7438 - - - - -] transport_url = **** log_opt_values /usr/lib/python3/dist-packages/oslo_config/cfg.py:2602
2025-09-18 00:40:27.027 167748 DEBUG oslo_service.service [req-33cff832-960b-4e40-a5be-b43530bc7438 - - - - -] update_resources_interval = 0 log_opt_values /usr/lib/python3/dist-packages/oslo_config/cfg.py:2602
2025-09-18 00:40:27.027 167748 DEBUG oslo_service.service [req-33cff832-960b-4e40-a5be-b43530bc7438 - - - - -] use_cow_images = True log_opt_values /usr/lib/python3/dist-packages/oslo_config/cfg.py:2602
2025-09-18 00:40:27.028 167748 DEBUG oslo_service.service [req-33cff832-960b-4e40-a5be-b43530bc7438 - - - - -] use_eventlog = False log_opt_values /usr/lib/python3/dist-packages/oslo_config/cfg.py:2602
2025-09-18 00:40:27.028 167748 DEBUG oslo_service.service [req-33cff832-960b-4e40-a5be-b43530bc7438 - - - - -] use_journal = False log_opt_values /usr/lib/python3/dist-packages/oslo_config/cfg.py:2602
2025-09-18 00:40:27.028 167748 DEBUG oslo_service.service [req-33cff832-960b-4e40-a5be-b43530bc7438 - - - - -] use_json = False log_opt_values /usr/lib/python3/dist-packages/oslo_config/cfg.py:2602
2025-09-18 00:40:27.028 167748 DEBUG oslo_service.service [req-33cff832-960b-4e40-a5be-b43530bc7438 - - - - -] use_rootwrap_daemon = False log_opt_values /usr/lib/python3/dist-packages/oslo_config/cfg.py:2602
2025-09-18 00:40:27.028 167748 DEBUG oslo_service.service [req-33cff832-960b-4e40-a5be-b43530bc7438 - - - - -] use_stderr = False log_opt_values /usr/lib/python3/dist-packages/oslo_config/cfg.py:2602
2025-09-18 00:40:27.029 167748 DEBUG oslo_service.service [req-33cff832-960b-4e40-a5be-b43530bc7438 - - - - -] use_syslog = False log_opt_values /usr/lib/python3/dist-packages/oslo_config/cfg.py:2602
2025-09-18 00:40:27.029 167748 DEBUG oslo_service.service [req-33cff832-960b-4e40-a5be-b43530bc7438 - - - - -] vcpu_pin_set = None log_opt_values /usr/lib/python3/dist-packages/oslo_config/cfg.py:2602
2025-09-18 00:40:27.029 167748 DEBUG oslo_service.service [req-33cff832-960b-4e40-a5be-b43530bc7438 - - - - -] vif_plugging_is_fatal = True log_opt_values /usr/lib/python3/dist-packages/oslo_config/cfg.py:2602
2025-09-18 00:40:27.029 167748 DEBUG oslo_service.service [req-33cff832-960b-4e40-a5be-b43530bc7438 - - - - -] vif_plugging_timeout = 300 log_opt_values /usr/lib/python3/dist-packages/oslo_config/cfg.py:2602
2025-09-18 00:40:27.029 167748 DEBUG oslo_service.service [req-33cff832-960b-4e40-a5be-b43530bc7438 - - - - -] virt_mkfs = [] log_opt_values /usr/lib/python3/dist-packages/oslo_config/cfg.py:2602
2025-09-18 00:40:27.030 167748 DEBUG oslo_service.service [req-33cff832-960b-4e40-a5be-b43530bc7438 - - - - -] volume_usage_poll_interval = 0 log_opt_values /usr/lib/python3/dist-packages/oslo_config/cfg.py:2602
2025-09-18 00:40:27.030 167748 DEBUG oslo_service.service [req-33cff832-960b-4e40-a5be-b43530bc7438 - - - - -] watch_log_file = False log_opt_values /usr/lib/python3/dist-packages/oslo_config/cfg.py:2602
2025-09-18 00:40:27.030 167748 DEBUG oslo_service.service [req-33cff832-960b-4e40-a5be-b43530bc7438 - - - - -] web = /usr/share/spice-html5 log_opt_values /usr/lib/python3/dist-packages/oslo_config/cfg.py:2602
2025-09-18 00:40:27.032 167748 DEBUG oslo_service.service [req-33cff832-960b-4e40-a5be-b43530bc7438 - - - - -] oslo_concurrency.disable_process_locking = False log_opt_values /usr/lib/python3/dist-packages/oslo_config/cfg.py:2609
2025-09-18 00:40:27.033 167748 DEBUG oslo_service.service [req-33cff832-960b-4e40-a5be-b43530bc7438 - - - - -] oslo_concurrency.lock_path = /var/lock/nova log_opt_values /usr/lib/python3/dist-packages/oslo_config/cfg.py:2609
2025-09-18 00:40:27.033 167748 WARNING oslo_config.cfg [req-33cff832-960b-4e40-a5be-b43530bc7438 - - - - -] Deprecated: Option "auth_strategy" from group "api" is deprecated for removal ( The only non-default choice, ``noauth2``, is for internal development and testing purposes only and should not be used in deployments. This option and its middleware, NoAuthMiddleware[V2_18], will be removed in a future release. ). Its value may be silently ignored in the future.
2025-09-18 00:40:27.034 167748 DEBUG oslo_service.service [req-33cff832-960b-4e40-a5be-b43530bc7438 - - - - -] api.auth_strategy = keystone log_opt_values /usr/lib/python3/dist-packages/oslo_config/cfg.py:2609
2025-09-18 00:40:27.034 167748 DEBUG oslo_service.service [req-33cff832-960b-4e40-a5be-b43530bc7438 - - - - -] api.compute_link_prefix = None log_opt_values /usr/lib/python3/dist-packages/oslo_config/cfg.py:2609
2025-09-18 00:40:27.035 167748 DEBUG oslo_service.service [req-33cff832-960b-4e40-a5be-b43530bc7438 - - - - -] api.config_drive_skip_versions = 1.0 2007-01-19 2007-03-01 2007-08-29 2007-10-10 2007-12-15 2008-02-01 2008-09-01 log_opt_values /usr/lib/python3/dist-packages/oslo_config/cfg.py:2609
2025-09-18 00:40:27.035 167748 DEBUG oslo_service.service [req-33cff832-960b-4e40-a5be-b43530bc7438 - - - - -] api.dhcp_domain = novalocal log_opt_values /usr/lib/python3/dist-packages/oslo_config/cfg.py:2609
2025-09-18 00:40:27.036 167748 DEBUG oslo_service.service [req-33cff832-960b-4e40-a5be-b43530bc7438 - - - - -] api.enable_instance_password = True log_opt_values /usr/lib/python3/dist-packages/oslo_config/cfg.py:2609
2025-09-18 00:40:27.036 167748 DEBUG oslo_service.service [req-33cff832-960b-4e40-a5be-b43530bc7438 - - - - -] api.glance_link_prefix = None log_opt_values /usr/lib/python3/dist-packages/oslo_config/cfg.py:2609
2025-09-18 00:40:27.037 167748 DEBUG oslo_service.service [req-33cff832-960b-4e40-a5be-b43530bc7438 - - - - -] api.instance_list_cells_batch_fixed_size = 100 log_opt_values /usr/lib/python3/dist-packages/oslo_config/cfg.py:2609
2025-09-18 00:40:27.037 167748 DEBUG oslo_service.service [req-33cff832-960b-4e40-a5be-b43530bc7438 - - - - -] api.instance_list_cells_batch_strategy = distributed log_opt_values /usr/lib/python3/dist-packages/oslo_config/cfg.py:2609
2025-09-18 00:40:27.037 167748 DEBUG oslo_service.service [req-33cff832-960b-4e40-a5be-b43530bc7438 - - - - -] api.instance_list_per_project_cells = False log_opt_values /usr/lib/python3/dist-packages/oslo_config/cfg.py:2609
2025-09-18 00:40:27.038 167748 DEBUG oslo_service.service [req-33cff832-960b-4e40-a5be-b43530bc7438 - - - - -] api.list_records_by_skipping_down_cells = True log_opt_values /usr/lib/python3/dist-packages/oslo_config/cfg.py:2609
2025-09-18 00:40:27.038 167748 DEBUG oslo_service.service [req-33cff832-960b-4e40-a5be-b43530bc7438 - - - - -] api.local_metadata_per_cell = False log_opt_values /usr/lib/python3/dist-packages/oslo_config/cfg.py:2609
2025-09-18 00:40:27.041 167748 DEBUG oslo_service.service [req-33cff832-960b-4e40-a5be-b43530bc7438 - - - - -] api.max_limit = 1000 log_opt_values /usr/lib/python3/dist-packages/oslo_config/cfg.py:2609
2025-09-18 00:40:27.041 167748 DEBUG oslo_service.service [req-33cff832-960b-4e40-a5be-b43530bc7438 - - - - -] api.metadata_cache_expiration = 15 log_opt_values /usr/lib/python3/dist-packages/oslo_config/cfg.py:2609
2025-09-18 00:40:27.042 168135 DEBUG oslo_messaging._drivers.amqpdriver [-] Listener is running poll /usr/lib/python3/dist-packages/oslo_messaging/_drivers/amqpdriver.py:343
2025-09-18 00:40:27.043 168135 DEBUG oslo_messaging._drivers.amqpdriver [-] AMQPListener connection consume poll /usr/lib/python3/dist-packages/oslo_messaging/_drivers/amqpdriver.py:357
2025-09-18 00:40:27.042 167748 DEBUG oslo_service.service [req-33cff832-960b-4e40-a5be-b43530bc7438 - - - - -] api.neutron_default_tenant_id = default log_opt_values /usr/lib/python3/dist-packages/oslo_config/cfg.py:2609
2025-09-18 00:40:27.044 168135 DEBUG nova.service [req-74497465-4b16-4d2b-9a1c-bab09e0ed17c - - - - -] Join ServiceGroup membership for this service scheduler start /usr/lib/python3/dist-packages/nova/service.py:199
2025-09-18 00:40:27.044 168135 DEBUG nova.servicegroup.drivers.db [req-74497465-4b16-4d2b-9a1c-bab09e0ed17c - - - - -] DB_Driver: join new ServiceGroup member juju-1739ab-0-lxd-7 to the scheduler group, service = join /usr/lib/python3/dist-packages/nova/servicegroup/drivers/db.py:44
2025-09-18 00:40:27.044 167748 DEBUG oslo_service.service [req-33cff832-960b-4e40-a5be-b43530bc7438 - - - - -] api.use_forwarded_for = False log_opt_values /usr/lib/python3/dist-packages/oslo_config/cfg.py:2609
2025-09-18 00:40:27.045 167748 DEBUG oslo_service.service [req-33cff832-960b-4e40-a5be-b43530bc7438 - - - - -] api.use_neutron_default_nets = False log_opt_values /usr/lib/python3/dist-packages/oslo_config/cfg.py:2609
2025-09-18 00:40:27.046 167748 DEBUG oslo_service.service [req-33cff832-960b-4e40-a5be-b43530bc7438 - - - - -] api.vendordata_dynamic_connect_timeout = 5 log_opt_values /usr/lib/python3/dist-packages/oslo_config/cfg.py:2609
2025-09-18 00:40:27.046 168136 DEBUG oslo_messaging._drivers.amqpdriver [-] Listener is running poll /usr/lib/python3/dist-packages/oslo_messaging/_drivers/amqpdriver.py:343
2025-09-18 00:40:27.046 167748 DEBUG oslo_service.service [req-33cff832-960b-4e40-a5be-b43530bc7438 - - - - -] api.vendordata_dynamic_failure_fatal = False log_opt_values /usr/lib/python3/dist-packages/oslo_config/cfg.py:2609
2025-09-18 00:40:27.047 168136 DEBUG oslo_messaging._drivers.amqpdriver [-] AMQPListener connection consume poll /usr/lib/python3/dist-packages/oslo_messaging/_drivers/amqpdriver.py:357
2025-09-18 00:40:27.047 167748 DEBUG oslo_service.service [req-33cff832-960b-4e40-a5be-b43530bc7438 - - - - -] api.vendordata_dynamic_read_timeout = 5 log_opt_values /usr/lib/python3/dist-packages/oslo_config/cfg.py:2609
2025-09-18 00:40:27.047 168136 DEBUG nova.service [req-69f2e1af-6502-44e2-99c7-70e09a0265d8 - - - - -] Join ServiceGroup membership for this service scheduler start /usr/lib/python3/dist-packages/nova/service.py:199
2025-09-18 00:40:27.048 167748 DEBUG oslo_service.service [req-33cff832-960b-4e40-a5be-b43530bc7438 - - - - -] api.vendordata_dynamic_ssl_certfile = log_opt_values /usr/lib/python3/dist-packages/oslo_config/cfg.py:2609
2025-09-18 00:40:27.048 168135 DEBUG oslo_messaging._drivers.amqpdriver [-] AMQPListener connection timeout poll /usr/lib/python3/dist-packages/oslo_messaging/_drivers/amqpdriver.py:360
2025-09-18 00:40:27.048 168136 DEBUG nova.servicegroup.drivers.db [req-69f2e1af-6502-44e2-99c7-70e09a0265d8 - - - - -] DB_Driver: join new ServiceGroup member juju-1739ab-0-lxd-7 to the scheduler group, service = join /usr/lib/python3/dist-packages/nova/servicegroup/drivers/db.py:44
2025-09-18 00:40:27.048 168135 DEBUG oslo_messaging._drivers.amqpdriver [-] Listener is running poll /usr/lib/python3/dist-packages/oslo_messaging/_drivers/amqpdriver.py:343
2025-09-18 00:40:27.048 167748 DEBUG oslo_service.service [req-33cff832-960b-4e40-a5be-b43530bc7438 - - - - -] api.vendordata_dynamic_targets = [] log_opt_values /usr/lib/python3/dist-packages/oslo_config/cfg.py:2609
2025-09-18 00:40:27.048 168135 DEBUG oslo_messaging._drivers.amqpdriver [-] AMQPListener connection consume poll /usr/lib/python3/dist-packages/oslo_messaging/_drivers/amqpdriver.py:357
2025-09-18 00:40:27.048 167748 DEBUG oslo_service.service [req-33cff832-960b-4e40-a5be-b43530bc7438 - - - - -] api.vendordata_jsonfile_path = None log_opt_values /usr/lib/python3/dist-packages/oslo_config/cfg.py:2609
2025-09-18 00:40:27.049 167748 DEBUG oslo_service.service [req-33cff832-960b-4e40-a5be-b43530bc7438 - - - - -] api.vendordata_providers = ['StaticJSON'] log_opt_values /usr/lib/python3/dist-packages/oslo_config/cfg.py:2609
2025-09-18 00:40:27.050 167748 DEBUG oslo_service.service [req-33cff832-960b-4e40-a5be-b43530bc7438 - - - - -] cache.backend = dogpile.cache.null log_opt_values /usr/lib/python3/dist-packages/oslo_config/cfg.py:2609
2025-09-18 00:40:27.051 168136 DEBUG oslo_messaging._drivers.amqpdriver [-] AMQPListener connection timeout poll /usr/lib/python3/dist-packages/oslo_messaging/_drivers/amqpdriver.py:360
2025-09-18 00:40:27.051 167748 DEBUG oslo_service.service [req-33cff832-960b-4e40-a5be-b43530bc7438 - - - - -] cache.backend_argument = **** log_opt_values /usr/lib/python3/dist-packages/oslo_config/cfg.py:2609
2025-09-18 00:40:27.051 168136 DEBUG oslo_messaging._drivers.amqpdriver [-] Listener is running poll /usr/lib/python3/dist-packages/oslo_messaging/_drivers/amqpdriver.py:343
