2025-09-18 00:40:26.896 167754 DEBUG oslo_service.service [req-59e4a881-58c1-41b3-9c3d-8ff953c3f84b - - - - -] update_resources_interval = 0 log_opt_values /usr/lib/python3/dist-packages/oslo_config/cfg.py:2602
2025-09-18 00:40:26.896 167754 DEBUG oslo_service.service [req-59e4a881-58c1-41b3-9c3d-8ff953c3f84b - - - - -] use_cow_images = True log_opt_values /usr/lib/python3/dist-packages/oslo_config/cfg.py:2602
2025-09-18 00:40:26.897 167754 DEBUG oslo_service.service [req-59e4a881-58c1-41b3-9c3d-8ff953c3f84b - - - - -] use_eventlog = False log_opt_values /usr/lib/python3/dist-packages/oslo_config/cfg.py:2602
2025-09-18 00:40:26.897 167754 DEBUG oslo_service.service [req-59e4a881-58c1-41b3-9c3d-8ff953c3f84b - - - - -] use_journal = False log_opt_values /usr/lib/python3/dist-packages/oslo_config/cfg.py:2602
2025-09-18 00:40:26.897 167754 DEBUG oslo_service.service [req-59e4a881-58c1-41b3-9c3d-8ff953c3f84b - - - - -] use_json = False log_opt_values /usr/lib/python3/dist-packages/oslo_config/cfg.py:2602
2025-09-18 00:40:26.897 167754 DEBUG oslo_service.service [req-59e4a881-58c1-41b3-9c3d-8ff953c3f84b - - - - -] use_rootwrap_daemon = False log_opt_values /usr/lib/python3/dist-packages/oslo_config/cfg.py:2602
2025-09-18 00:40:26.897 167754 DEBUG oslo_service.service [req-59e4a881-58c1-41b3-9c3d-8ff953c3f84b - - - - -] use_stderr = False log_opt_values /usr/lib/python3/dist-packages/oslo_config/cfg.py:2602
2025-09-18 00:40:26.898 167754 DEBUG oslo_service.service [req-59e4a881-58c1-41b3-9c3d-8ff953c3f84b - - - - -] use_syslog = False log_opt_values /usr/lib/python3/dist-packages/oslo_config/cfg.py:2602
2025-09-18 00:40:26.898 167754 DEBUG oslo_service.service [req-59e4a881-58c1-41b3-9c3d-8ff953c3f84b - - - - -] vcpu_pin_set = None log_opt_values /usr/lib/python3/dist-packages/oslo_config/cfg.py:2602
2025-09-18 00:40:26.898 167754 DEBUG oslo_service.service [req-59e4a881-58c1-41b3-9c3d-8ff953c3f84b - - - - -] vif_plugging_is_fatal = True log_opt_values /usr/lib/python3/dist-packages/oslo_config/cfg.py:2602
2025-09-18 00:40:26.898 167754 DEBUG oslo_service.service [req-59e4a881-58c1-41b3-9c3d-8ff953c3f84b - - - - -] vif_plugging_timeout = 300 log_opt_values /usr/lib/python3/dist-packages/oslo_config/cfg.py:2602
2025-09-18 00:40:26.898 167754 DEBUG oslo_service.service [req-59e4a881-58c1-41b3-9c3d-8ff953c3f84b - - - - -] virt_mkfs = [] log_opt_values /usr/lib/python3/dist-packages/oslo_config/cfg.py:2602
2025-09-18 00:40:26.898 167754 DEBUG oslo_service.service [req-59e4a881-58c1-41b3-9c3d-8ff953c3f84b - - - - -] volume_usage_poll_interval = 0 log_opt_values /usr/lib/python3/dist-packages/oslo_config/cfg.py:2602
2025-09-18 00:40:26.899 167754 DEBUG oslo_service.service [req-59e4a881-58c1-41b3-9c3d-8ff953c3f84b - - - - -] watch_log_file = False log_opt_values /usr/lib/python3/dist-packages/oslo_config/cfg.py:2602
2025-09-18 00:40:26.899 167754 DEBUG oslo_service.service [req-59e4a881-58c1-41b3-9c3d-8ff953c3f84b - - - - -] web = /usr/share/spice-html5 log_opt_values /usr/lib/python3/dist-packages/oslo_config/cfg.py:2602
2025-09-18 00:40:26.899 167754 DEBUG oslo_service.service [req-59e4a881-58c1-41b3-9c3d-8ff953c3f84b - - - - -] oslo_concurrency.disable_process_locking = False log_opt_values /usr/lib/python3/dist-packages/oslo_config/cfg.py:2609
2025-09-18 00:40:26.904 168134 DEBUG nova.service [req-c85a87ee-e509-437a-9fad-5f3ef1e64eaa - - - - -] Creating RPC server for service conductor start /usr/lib/python3/dist-packages/nova/service.py:182
2025-09-18 00:40:26.899 167754 DEBUG oslo_service.service [req-59e4a881-58c1-41b3-9c3d-8ff953c3f84b - - - - -] oslo_concurrency.lock_path = /var/lock/nova log_opt_values /usr/lib/python3/dist-packages/oslo_config/cfg.py:2609
2025-09-18 00:40:26.907 167754 DEBUG oslo_service.service [req-59e4a881-58c1-41b3-9c3d-8ff953c3f84b - - - - -] oslo_messaging_metrics.metrics_buffer_size = 1000 log_opt_values /usr/lib/python3/dist-packages/oslo_config/cfg.py:2609
2025-09-18 00:40:26.907 167754 DEBUG oslo_service.service [req-59e4a881-58c1-41b3-9c3d-8ff953c3f84b - - - - -] oslo_messaging_metrics.metrics_enabled = False log_opt_values /usr/lib/python3/dist-packages/oslo_config/cfg.py:2609
2025-09-18 00:40:26.907 167754 DEBUG oslo_service.service [req-59e4a881-58c1-41b3-9c3d-8ff953c3f84b - - - - -] oslo_messaging_metrics.metrics_process_name = log_opt_values /usr/lib/python3/dist-packages/oslo_config/cfg.py:2609
2025-09-18 00:40:26.908 167754 DEBUG oslo_service.service [req-59e4a881-58c1-41b3-9c3d-8ff953c3f84b - - - - -] oslo_messaging_metrics.metrics_socket_file = /var/tmp/metrics_collector.sock log_opt_values /usr/lib/python3/dist-packages/oslo_config/cfg.py:2609
2025-09-18 00:40:26.908 167754 DEBUG oslo_service.service [req-59e4a881-58c1-41b3-9c3d-8ff953c3f84b - - - - -] oslo_messaging_metrics.metrics_thread_stop_timeout = 10 log_opt_values /usr/lib/python3/dist-packages/oslo_config/cfg.py:2609
2025-09-18 00:40:26.908 167754 WARNING oslo_config.cfg [req-59e4a881-58c1-41b3-9c3d-8ff953c3f84b - - - - -] Deprecated: Option "auth_strategy" from group "api" is deprecated for removal ( The only non-default choice, ``noauth2``, is for internal development and testing purposes only and should not be used in deployments. This option and its middleware, NoAuthMiddleware[V2_18], will be removed in a future release. ). Its value may be silently ignored in the future.
2025-09-18 00:40:26.909 167754 DEBUG oslo_service.service [req-59e4a881-58c1-41b3-9c3d-8ff953c3f84b - - - - -] api.auth_strategy = keystone log_opt_values /usr/lib/python3/dist-packages/oslo_config/cfg.py:2609
2025-09-18 00:40:26.909 167754 DEBUG oslo_service.service [req-59e4a881-58c1-41b3-9c3d-8ff953c3f84b - - - - -] api.compute_link_prefix = None log_opt_values /usr/lib/python3/dist-packages/oslo_config/cfg.py:2609
2025-09-18 00:40:26.909 167754 DEBUG oslo_service.service [req-59e4a881-58c1-41b3-9c3d-8ff953c3f84b - - - - -] api.config_drive_skip_versions = 1.0 2007-01-19 2007-03-01 2007-08-29 2007-10-10 2007-12-15 2008-02-01 2008-09-01 log_opt_values /usr/lib/python3/dist-packages/oslo_config/cfg.py:2609
2025-09-18 00:40:26.909 167754 DEBUG oslo_service.service [req-59e4a881-58c1-41b3-9c3d-8ff953c3f84b - - - - -] api.dhcp_domain = novalocal log_opt_values /usr/lib/python3/dist-packages/oslo_config/cfg.py:2609
2025-09-18 00:40:26.909 167754 DEBUG oslo_service.service [req-59e4a881-58c1-41b3-9c3d-8ff953c3f84b - - - - -] api.enable_instance_password = True log_opt_values /usr/lib/python3/dist-packages/oslo_config/cfg.py:2609
2025-09-18 00:40:26.910 167754 DEBUG oslo_service.service [req-59e4a881-58c1-41b3-9c3d-8ff953c3f84b - - - - -] api.glance_link_prefix = None log_opt_values /usr/lib/python3/dist-packages/oslo_config/cfg.py:2609
2025-09-18 00:40:26.910 167754 DEBUG oslo_service.service [req-59e4a881-58c1-41b3-9c3d-8ff953c3f84b - - - - -] api.instance_list_cells_batch_fixed_size = 100 log_opt_values /usr/lib/python3/dist-packages/oslo_config/cfg.py:2609
2025-09-18 00:40:26.910 167754 DEBUG oslo_service.service [req-59e4a881-58c1-41b3-9c3d-8ff953c3f84b - - - - -] api.instance_list_cells_batch_strategy = distributed log_opt_values /usr/lib/python3/dist-packages/oslo_config/cfg.py:2609
2025-09-18 00:40:26.910 167754 DEBUG oslo_service.service [req-59e4a881-58c1-41b3-9c3d-8ff953c3f84b - - - - -] api.instance_list_per_project_cells = False log_opt_values /usr/lib/python3/dist-packages/oslo_config/cfg.py:2609
2025-09-18 00:40:26.910 167754 DEBUG oslo_service.service [req-59e4a881-58c1-41b3-9c3d-8ff953c3f84b - - - - -] api.list_records_by_skipping_down_cells = True log_opt_values /usr/lib/python3/dist-packages/oslo_config/cfg.py:2609
2025-09-18 00:40:26.911 167754 DEBUG oslo_service.service [req-59e4a881-58c1-41b3-9c3d-8ff953c3f84b - - - - -] api.local_metadata_per_cell = False log_opt_values /usr/lib/python3/dist-packages/oslo_config/cfg.py:2609
2025-09-18 00:40:26.911 167754 DEBUG oslo_service.service [req-59e4a881-58c1-41b3-9c3d-8ff953c3f84b - - - - -] api.max_limit = 1000 log_opt_values /usr/lib/python3/dist-packages/oslo_config/cfg.py:2609
2025-09-18 00:40:26.911 167754 DEBUG oslo_service.service [req-59e4a881-58c1-41b3-9c3d-8ff953c3f84b - - - - -] api.metadata_cache_expiration = 15 log_opt_values /usr/lib/python3/dist-packages/oslo_config/cfg.py:2609
2025-09-18 00:40:26.911 167754 DEBUG oslo_service.service [req-59e4a881-58c1-41b3-9c3d-8ff953c3f84b - - - - -] api.neutron_default_tenant_id = default log_opt_values /usr/lib/python3/dist-packages/oslo_config/cfg.py:2609
2025-09-18 00:40:26.911 167754 DEBUG oslo_service.service [req-59e4a881-58c1-41b3-9c3d-8ff953c3f84b - - - - -] api.use_forwarded_for = False log_opt_values /usr/lib/python3/dist-packages/oslo_config/cfg.py:2609
2025-09-18 00:40:26.912 167754 DEBUG oslo_service.service [req-59e4a881-58c1-41b3-9c3d-8ff953c3f84b - - - - -] api.use_neutron_default_nets = False log_opt_values /usr/lib/python3/dist-packages/oslo_config/cfg.py:2609
2025-09-18 00:40:26.912 167754 DEBUG oslo_service.service [req-59e4a881-58c1-41b3-9c3d-8ff953c3f84b - - - - -] api.vendordata_dynamic_connect_timeout = 5 log_opt_values /usr/lib/python3/dist-packages/oslo_config/cfg.py:2609
2025-09-18 00:40:26.912 167754 DEBUG oslo_service.service [req-59e4a881-58c1-41b3-9c3d-8ff953c3f84b - - - - -] api.vendordata_dynamic_failure_fatal = False log_opt_values /usr/lib/python3/dist-packages/oslo_config/cfg.py:2609
2025-09-18 00:40:26.912 167754 DEBUG oslo_service.service [req-59e4a881-58c1-41b3-9c3d-8ff953c3f84b - - - - -] api.vendordata_dynamic_read_timeout = 5 log_opt_values /usr/lib/python3/dist-packages/oslo_config/cfg.py:2609
2025-09-18 00:40:26.912 167754 DEBUG oslo_service.service [req-59e4a881-58c1-41b3-9c3d-8ff953c3f84b - - - - -] api.vendordata_dynamic_ssl_certfile = log_opt_values /usr/lib/python3/dist-packages/oslo_config/cfg.py:2609
2025-09-18 00:40:26.912 167754 DEBUG oslo_service.service [req-59e4a881-58c1-41b3-9c3d-8ff953c3f84b - - - - -] api.vendordata_dynamic_targets = [] log_opt_values /usr/lib/python3/dist-packages/oslo_config/cfg.py:2609
2025-09-18 00:40:26.913 167754 DEBUG oslo_service.service [req-59e4a881-58c1-41b3-9c3d-8ff953c3f84b - - - - -] api.vendordata_jsonfile_path = None log_opt_values /usr/lib/python3/dist-packages/oslo_config/cfg.py:2609
2025-09-18 00:40:26.913 167754 DEBUG oslo_service.service [req-59e4a881-58c1-41b3-9c3d-8ff953c3f84b - - - - -] api.vendordata_providers = ['StaticJSON'] log_opt_values /usr/lib/python3/dist-packages/oslo_config/cfg.py:2609
2025-09-18 00:40:26.913 167754 DEBUG oslo_service.service [req-59e4a881-58c1-41b3-9c3d-8ff953c3f84b - - - - -] cache.backend = dogpile.cache.null log_opt_values /usr/lib/python3/dist-packages/oslo_config/cfg.py:2609
2025-09-18 00:40:26.913 167754 DEBUG oslo_service.service [req-59e4a881-58c1-41b3-9c3d-8ff953c3f84b - - - - -] cache.backend_argument = **** log_opt_values /usr/lib/python3/dist-packages/oslo_config/cfg.py:2609
2025-09-18 00:40:26.913 167754 DEBUG oslo_service.service [req-59e4a881-58c1-41b3-9c3d-8ff953c3f84b - - - - -] cache.config_prefix = cache.oslo log_opt_values /usr/lib/python3/dist-packages/oslo_config/cfg.py:2609
2025-09-18 00:40:26.914 167754 DEBUG oslo_service.service [req-59e4a881-58c1-41b3-9c3d-8ff953c3f84b - - - - -] cache.debug_cache_backend = False log_opt_values /usr/lib/python3/dist-packages/oslo_config/cfg.py:2609
2025-09-18 00:40:26.914 167754 DEBUG oslo_service.service [req-59e4a881-58c1-41b3-9c3d-8ff953c3f84b - - - - -] cache.enabled = False log_opt_values /usr/lib/python3/dist-packages/oslo_config/cfg.py:2609
2025-09-18 00:40:26.914 167754 DEBUG oslo_service.service [req-59e4a881-58c1-41b3-9c3d-8ff953c3f84b - - - - -] cache.expiration_time = 600 log_opt_values /usr/lib/python3/dist-packages/oslo_config/cfg.py:2609
2025-09-18 00:40:26.914 167754 DEBUG oslo_service.service [req-59e4a881-58c1-41b3-9c3d-8ff953c3f84b - - - - -] cache.memcache_dead_retry = 300 log_opt_values /usr/lib/python3/dist-packages/oslo_config/cfg.py:2609
2025-09-18 00:40:26.914 167754 DEBUG oslo_service.service [req-59e4a881-58c1-41b3-9c3d-8ff953c3f84b - - - - -] cache.memcache_pool_connection_get_timeout = 10 log_opt_values /usr/lib/python3/dist-packages/oslo_config/cfg.py:2609
2025-09-18 00:40:26.914 167754 DEBUG oslo_service.service [req-59e4a881-58c1-41b3-9c3d-8ff953c3f84b - - - - -] cache.memcache_pool_flush_on_reconnect = False log_opt_values /usr/lib/python3/dist-packages/oslo_config/cfg.py:2609
2025-09-18 00:40:26.915 167754 DEBUG oslo_service.service [req-59e4a881-58c1-41b3-9c3d-8ff953c3f84b - - - - -] cache.memcache_pool_maxsize = 10 log_opt_values /usr/lib/python3/dist-packages/oslo_config/cfg.py:2609
2025-09-18 00:40:26.915 167754 DEBUG oslo_service.service [req-59e4a881-58c1-41b3-9c3d-8ff953c3f84b - - - - -] cache.memcache_pool_unused_timeout = 60 log_opt_values /usr/lib/python3/dist-packages/oslo_config/cfg.py:2609
2025-09-18 00:40:26.915 167754 DEBUG oslo_service.service [req-59e4a881-58c1-41b3-9c3d-8ff953c3f84b - - - - -] cache.memcache_servers = ['localhost:11211'] log_opt_values /usr/lib/python3/dist-packages/oslo_config/cfg.py:2609
2025-09-18 00:40:26.915 167754 DEBUG oslo_service.service [req-59e4a881-58c1-41b3-9c3d-8ff953c3f84b - - - - -] cache.memcache_socket_timeout = 1.0 log_opt_values /usr/lib/python3/dist-packages/oslo_config/cfg.py:2609
2025-09-18 00:40:26.915 167754 DEBUG oslo_service.service [req-59e4a881-58c1-41b3-9c3d-8ff953c3f84b - - - - -] cache.proxies = [] log_opt_values /usr/lib/python3/dist-packages/oslo_config/cfg.py:2609
2025-09-18 00:40:26.915 167754 DEBUG oslo_service.service [req-59e4a881-58c1-41b3-9c3d-8ff953c3f84b - - - - -] cache.tls_allowed_ciphers = None log_opt_values /usr/lib/python3/dist-packages/oslo_config/cfg.py:2609
2025-09-18 00:40:26.916 167754 DEBUG oslo_service.service [req-59e4a881-58c1-41b3-9c3d-8ff953c3f84b - - - - -] cache.tls_cafile = None log_opt_values /usr/lib/python3/dist-packages/oslo_config/cfg.py:2609
2025-09-18 00:40:26.916 167754 DEBUG oslo_service.service [req-59e4a881-58c1-41b3-9c3d-8ff953c3f84b - - - - -] cache.tls_certfile = None log_opt_values /usr/lib/python3/dist-packages/oslo_config/cfg.py:2609
2025-09-18 00:40:26.916 167754 DEBUG oslo_service.service [req-59e4a881-58c1-41b3-9c3d-8ff953c3f84b - - - - -] cache.tls_enabled = False log_opt_values /usr/lib/python3/dist-packages/oslo_config/cfg.py:2609
2025-09-18 00:40:26.916 167754 DEBUG oslo_service.service [req-59e4a881-58c1-41b3-9c3d-8ff953c3f84b - - - - -] cache.tls_keyfile = None log_opt_values /usr/lib/python3/dist-packages/oslo_config/cfg.py:2609
2025-09-18 00:40:26.916 167754 DEBUG oslo_service.service [req-59e4a881-58c1-41b3-9c3d-8ff953c3f84b - - - - -] cinder.auth_section = None log_opt_values /usr/lib/python3/dist-packages/oslo_config/cfg.py:2609
2025-09-18 00:40:26.916 167754 DEBUG oslo_service.service [req-59e4a881-58c1-41b3-9c3d-8ff953c3f84b - - - - -] cinder.auth_type = None log_opt_values /usr/lib/python3/dist-packages/oslo_config/cfg.py:2609
2025-09-18 00:40:26.917 167754 DEBUG oslo_service.service [req-59e4a881-58c1-41b3-9c3d-8ff953c3f84b - - - - -] cinder.cafile = None log_opt_values /usr/lib/python3/dist-packages/oslo_config/cfg.py:2609
2025-09-18 00:40:26.917 167754 DEBUG oslo_service.service [req-59e4a881-58c1-41b3-9c3d-8ff953c3f84b - - - - -] cinder.catalog_info = volumev3::publicURL log_opt_values /usr/lib/python3/dist-packages/oslo_config/cfg.py:2609
2025-09-18 00:40:26.917 167754 DEBUG oslo_service.service [req-59e4a881-58c1-41b3-9c3d-8ff953c3f84b - - - - -] cinder.certfile = None log_opt_values /usr/lib/python3/dist-packages/oslo_config/cfg.py:2609
2025-09-18 00:40:26.917 167754 DEBUG oslo_service.service [req-59e4a881-58c1-41b3-9c3d-8ff953c3f84b - - - - -] cinder.collect_timing = False log_opt_values /usr/lib/python3/dist-packages/oslo_config/cfg.py:2609
2025-09-18 00:40:26.917 167754 DEBUG oslo_service.service [req-59e4a881-58c1-41b3-9c3d-8ff953c3f84b - - - - -] cinder.cross_az_attach = True log_opt_values /usr/lib/python3/dist-packages/oslo_config/cfg.py:2609
2025-09-18 00:40:26.917 167754 DEBUG oslo_service.service [req-59e4a881-58c1-41b3-9c3d-8ff953c3f84b - - - - -] cinder.debug = False log_opt_values /usr/lib/python3/dist-packages/oslo_config/cfg.py:2609
2025-09-18 00:40:26.918 167754 DEBUG oslo_service.service [req-59e4a881-58c1-41b3-9c3d-8ff953c3f84b - - - - -] cinder.endpoint_template = None log_opt_values /usr/lib/python3/dist-packages/oslo_config/cfg.py:2609
2025-09-18 00:40:26.918 167754 DEBUG oslo_service.service [req-59e4a881-58c1-41b3-9c3d-8ff953c3f84b - - - - -] cinder.http_retries = 3 log_opt_values /usr/lib/python3/dist-packages/oslo_config/cfg.py:2609
2025-09-18 00:40:26.918 167754 DEBUG oslo_service.service [req-59e4a881-58c1-41b3-9c3d-8ff953c3f84b - - - - -] cinder.insecure = False log_opt_values /usr/lib/python3/dist-packages/oslo_config/cfg.py:2609
2025-09-18 00:40:26.918 167754 DEBUG oslo_service.service [req-59e4a881-58c1-41b3-9c3d-8ff953c3f84b - - - - -] cinder.keyfile = None log_opt_values /usr/lib/python3/dist-packages/oslo_config/cfg.py:2609
2025-09-18 00:40:26.918 167754 DEBUG oslo_service.service [req-59e4a881-58c1-41b3-9c3d-8ff953c3f84b - - - - -] cinder.os_region_name = None log_opt_values /usr/lib/python3/dist-packages/oslo_config/cfg.py:2609
2025-09-18 00:40:26.918 167754 DEBUG oslo_service.service [req-59e4a881-58c1-41b3-9c3d-8ff953c3f84b - - - - -] cinder.split_loggers = False log_opt_values /usr/lib/python3/dist-packages/oslo_config/cfg.py:2609
2025-09-18 00:40:26.919 167754 DEBUG oslo_service.service [req-59e4a881-58c1-41b3-9c3d-8ff953c3f84b - - - - -] cinder.timeout = None log_opt_values /usr/lib/python3/dist-packages/oslo_config/cfg.py:2609
2025-09-18 00:40:26.919 167754 DEBUG oslo_service.service [req-59e4a881-58c1-41b3-9c3d-8ff953c3f84b - - - - -] compute.consecutive_build_service_disable_threshold = 10 log_opt_values /usr/lib/python3/dist-packages/oslo_config/cfg.py:2609
2025-09-18 00:40:26.919 167754 DEBUG oslo_service.service [req-59e4a881-58c1-41b3-9c3d-8ff953c3f84b - - - - -] compute.cpu_dedicated_set = None log_opt_values /usr/lib/python3/dist-packages/oslo_config/cfg.py:2609
2025-09-18 00:40:26.919 167754 DEBUG oslo_service.service [req-59e4a881-58c1-41b3-9c3d-8ff953c3f84b - - - - -] compute.cpu_shared_set = None log_opt_values /usr/lib/python3/dist-packages/oslo_config/cfg.py:2609
2025-09-18 00:40:26.919 167754 DEBUG oslo_service.service [req-59e4a881-58c1-41b3-9c3d-8ff953c3f84b - - - - -] compute.image_type_exclude_list = [] log_opt_values /usr/lib/python3/dist-packages/oslo_config/cfg.py:2609
2025-09-18 00:40:26.919 167754 DEBUG oslo_service.service [req-59e4a881-58c1-41b3-9c3d-8ff953c3f84b - - - - -] compute.live_migration_wait_for_vif_plug = True log_opt_values /usr/lib/python3/dist-packages/oslo_config/cfg.py:2609
2025-09-18 00:40:26.920 167754 DEBUG oslo_service.service [req-59e4a881-58c1-41b3-9c3d-8ff953c3f84b - - - - -] compute.max_concurrent_disk_ops = 0 log_opt_values /usr/lib/python3/dist-packages/oslo_config/cfg.py:2609
2025-09-18 00:40:26.920 167754 DEBUG oslo_service.service [req-59e4a881-58c1-41b3-9c3d-8ff953c3f84b - - - - -] compute.max_disk_devices_to_attach = -1 log_opt_values /usr/lib/python3/dist-packages/oslo_config/cfg.py:2609
2025-09-18 00:40:26.920 167754 DEBUG oslo_service.service [req-59e4a881-58c1-41b3-9c3d-8ff953c3f84b - - - - -] compute.packing_host_numa_cells_allocation_strategy = True log_opt_values /usr/lib/python3/dist-packages/oslo_config/cfg.py:2609
2025-09-18 00:40:26.920 168131 DEBUG oslo_messaging._drivers.amqpdriver [-] Listener is running poll /usr/lib/python3/dist-packages/oslo_messaging/_drivers/amqpdriver.py:343
2025-09-18 00:40:26.920 167754 DEBUG oslo_service.service [req-59e4a881-58c1-41b3-9c3d-8ff953c3f84b - - - - -] compute.provider_config_location = /etc/nova/provider_config/ log_opt_values /usr/lib/python3/dist-packages/oslo_config/cfg.py:2609
2025-09-18 00:40:26.920 168131 DEBUG oslo_messaging._drivers.amqpdriver [-] AMQPListener connection consume poll /usr/lib/python3/dist-packages/oslo_messaging/_drivers/amqpdriver.py:357
2025-09-18 00:40:26.920 168132 DEBUG oslo_messaging._drivers.amqpdriver [-] Listener is running poll /usr/lib/python3/dist-packages/oslo_messaging/_drivers/amqpdriver.py:343
2025-09-18 00:40:26.920 167754 DEBUG oslo_service.service [req-59e4a881-58c1-41b3-9c3d-8ff953c3f84b - - - - -] compute.resource_provider_association_refresh = 300 log_opt_values /usr/lib/python3/dist-packages/oslo_config/cfg.py:2609
2025-09-18 00:40:26.920 168132 DEBUG oslo_messaging._drivers.amqpdriver [-] AMQPListener connection consume poll /usr/lib/python3/dist-packages/oslo_messaging/_drivers/amqpdriver.py:357
2025-09-18 00:40:26.920 167754 DEBUG oslo_service.service [req-59e4a881-58c1-41b3-9c3d-8ff953c3f84b - - - - -] compute.shutdown_retry_interval = 10 log_opt_values /usr/lib/python3/dist-packages/oslo_config/cfg.py:2609
2025-09-18 00:40:26.921 167754 DEBUG oslo_service.service [req-59e4a881-58c1-41b3-9c3d-8ff953c3f84b - - - - -] compute.vmdk_allowed_types = ['streamOptimized', 'monolithicSparse'] log_opt_values /usr/lib/python3/dist-packages/oslo_config/cfg.py:2609
2025-09-18 00:40:26.921 168131 DEBUG nova.service [req-e4f48d11-b1f7-48c0-9ff7-95daa019d827 - - - - -] Join ServiceGroup membership for this service conductor start /usr/lib/python3/dist-packages/nova/service.py:199
2025-09-18 00:40:26.921 167754 DEBUG oslo_service.service [req-59e4a881-58c1-41b3-9c3d-8ff953c3f84b - - - - -] conductor.workers = 4 log_opt_values /usr/lib/python3/dist-packages/oslo_config/cfg.py:2609
2025-09-18 00:40:26.921 167754 DEBUG oslo_service.service [req-59e4a881-58c1-41b3-9c3d-8ff953c3f84b - - - - -] console.allowed_origins = [] log_opt_values /usr/lib/python3/dist-packages/oslo_config/cfg.py:2609
2025-09-18 00:40:26.921 167754 DEBUG oslo_service.service [req-59e4a881-58c1-41b3-9c3d-8ff953c3f84b - - - - -] console.ssl_ciphers = None log_opt_values /usr/lib/python3/dist-packages/oslo_config/cfg.py:2609
2025-09-18 00:40:26.921 168132 DEBUG nova.service [req-d5232901-1f8f-4e97-9672-90ef01be7a61 - - - - -] Join ServiceGroup membership for this service conductor start /usr/lib/python3/dist-packages/nova/service.py:199
2025-09-18 00:40:26.921 168131 DEBUG nova.servicegroup.drivers.db [req-e4f48d11-b1f7-48c0-9ff7-95daa019d827 - - - - -] DB_Driver: join new ServiceGroup member juju-1739ab-0-lxd-7 to the conductor group, service = join /usr/lib/python3/dist-packages/nova/servicegroup/drivers/db.py:44
2025-09-18 00:40:26.921 167754 DEBUG oslo_service.service [req-59e4a881-58c1-41b3-9c3d-8ff953c3f84b - - - - -] console.ssl_minimum_version = default log_opt_values /usr/lib/python3/dist-packages/oslo_config/cfg.py:2609
2025-09-18 00:40:26.921 168132 DEBUG nova.servicegroup.drivers.db [req-d5232901-1f8f-4e97-9672-90ef01be7a61 - - - - -] DB_Driver: join new ServiceGroup member juju-1739ab-0-lxd-7 to the conductor group, service = join /usr/lib/python3/dist-packages/nova/servicegroup/drivers/db.py:44
2025-09-18 00:40:26.922 167754 DEBUG oslo_service.service [req-59e4a881-58c1-41b3-9c3d-8ff953c3f84b - - - - -] consoleauth.token_ttl = 600 log_opt_values /usr/lib/python3/dist-packages/oslo_config/cfg.py:2609
2025-09-18 00:40:26.922 167754 DEBUG oslo_service.service [req-59e4a881-58c1-41b3-9c3d-8ff953c3f84b - - - - -] cyborg.cafile = None log_opt_values /usr/lib/python3/dist-packages/oslo_config/cfg.py:2609
2025-09-18 00:40:26.922 167754 DEBUG oslo_service.service [req-59e4a881-58c1-41b3-9c3d-8ff953c3f84b - - - - -] cyborg.certfile = None log_opt_values /usr/lib/python3/dist-packages/oslo_config/cfg.py:2609
2025-09-18 00:40:26.922 167754 DEBUG oslo_service.service [req-59e4a881-58c1-41b3-9c3d-8ff953c3f84b - - - - -] cyborg.collect_timing = False log_opt_values /usr/lib/python3/dist-packages/oslo_config/cfg.py:2609
2025-09-18 00:40:26.922 167754 DEBUG oslo_service.service [req-59e4a881-58c1-41b3-9c3d-8ff953c3f84b - - - - -] cyborg.connect_retries = None log_opt_values /usr/lib/python3/dist-packages/oslo_config/cfg.py:2609
2025-09-18 00:40:26.922 167754 DEBUG oslo_service.service [req-59e4a881-58c1-41b3-9c3d-8ff953c3f84b - - - - -] cyborg.connect_retry_delay = None log_opt_values /usr/lib/python3/dist-packages/oslo_config/cfg.py:2609
2025-09-18 00:40:26.923 167754 DEBUG oslo_service.service [req-59e4a881-58c1-41b3-9c3d-8ff953c3f84b - - - - -] cyborg.endpoint_override = None log_opt_values /usr/lib/python3/dist-packages/oslo_config/cfg.py:2609
2025-09-18 00:40:26.923 167754 DEBUG oslo_service.service [req-59e4a881-58c1-41b3-9c3d-8ff953c3f84b - - - - -] cyborg.insecure = False log_opt_values /usr/lib/python3/dist-packages/oslo_config/cfg.py:2609
2025-09-18 00:40:26.923 167754 DEBUG oslo_service.service [req-59e4a881-58c1-41b3-9c3d-8ff953c3f84b - - - - -] cyborg.keyfile = None log_opt_values /usr/lib/python3/dist-packages/oslo_config/cfg.py:2609
2025-09-18 00:40:26.923 167754 DEBUG oslo_service.service [req-59e4a881-58c1-41b3-9c3d-8ff953c3f84b - - - - -] cyborg.max_version = None log_opt_values /usr/lib/python3/dist-packages/oslo_config/cfg.py:2609
2025-09-18 00:40:26.923 167754 DEBUG oslo_service.service [req-59e4a881-58c1-41b3-9c3d-8ff953c3f84b - - - - -] cyborg.min_version = None log_opt_values /usr/lib/python3/dist-packages/oslo_config/cfg.py:2609
2025-09-18 00:40:26.924 167754 DEBUG oslo_service.service [req-59e4a881-58c1-41b3-9c3d-8ff953c3f84b - - - - -] cyborg.region_name = None log_opt_values /usr/lib/python3/dist-packages/oslo_config/cfg.py:2609
2025-09-18 00:40:26.924 167754 DEBUG oslo_service.service [req-59e4a881-58c1-41b3-9c3d-8ff953c3f84b - - - - -] cyborg.service_name = None log_opt_values /usr/lib/python3/dist-packages/oslo_config/cfg.py:2609
2025-09-18 00:40:26.924 167754 DEBUG oslo_service.service [req-59e4a881-58c1-41b3-9c3d-8ff953c3f84b - - - - -] cyborg.service_type = accelerator log_opt_values /usr/lib/python3/dist-packages/oslo_config/cfg.py:2609
2025-09-18 00:40:26.924 167754 DEBUG oslo_service.service [req-59e4a881-58c1-41b3-9c3d-8ff953c3f84b - - - - -] cyborg.split_loggers = False log_opt_values /usr/lib/python3/dist-packages/oslo_config/cfg.py:2609
2025-09-18 00:40:26.924 168131 DEBUG oslo_messaging._drivers.amqpdriver [-] AMQPListener connection timeout poll /usr/lib/python3/dist-packages/oslo_messaging/_drivers/amqpdriver.py:360
2025-09-18 00:40:26.926 168131 DEBUG oslo_messaging._drivers.amqpdriver [-] Listener is running poll /usr/lib/python3/dist-packages/oslo_messaging/_drivers/amqpdriver.py:343
2025-09-18 00:40:26.926 168131 DEBUG oslo_messaging._drivers.amqpdriver [-] AMQPListener connection consume poll /usr/lib/python3/dist-packages/oslo_messaging/_drivers/amqpdriver.py:357
2025-09-18 00:40:26.925 168132 DEBUG oslo_messaging._drivers.amqpdriver [-] AMQPListener connection timeout poll /usr/lib/python3/dist-packages/oslo_messaging/_drivers/amqpdriver.py:360
2025-09-18 00:40:26.926 168132 DEBUG oslo_messaging._drivers.amqpdriver [-] Listener is running poll /usr/lib/python3/dist-packages/oslo_messaging/_drivers/amqpdriver.py:343
2025-09-18 00:40:26.926 168132 DEBUG oslo_messaging._drivers.amqpdriver [-] AMQPListener connection consume poll /usr/lib/python3/dist-packages/oslo_messaging/_drivers/amqpdriver.py:357
2025-09-18 00:40:26.926 167754 DEBUG oslo_service.service [req-59e4a881-58c1-41b3-9c3d-8ff953c3f84b - - - - -] cyborg.status_code_retries = None log_opt_values /usr/lib/python3/dist-packages/oslo_config/cfg.py:2609
2025-09-18 00:40:26.927 167754 DEBUG oslo_service.service [req-59e4a881-58c1-41b3-9c3d-8ff953c3f84b - - - - -] cyborg.status_code_retry_delay = None log_opt_values /usr/lib/python3/dist-packages/oslo_config/cfg.py:2609
2025-09-18 00:40:26.927 167754 DEBUG oslo_service.service [req-59e4a881-58c1-41b3-9c3d-8ff953c3f84b - - - - -] cyborg.timeout = None log_opt_values /usr/lib/python3/dist-packages/oslo_config/cfg.py:2609
2025-09-18 00:40:26.927 167754 DEBUG oslo_service.service [req-59e4a881-58c1-41b3-9c3d-8ff953c3f84b - - - - -] cyborg.valid_interfaces = ['internal', 'public'] log_opt_values /usr/lib/python3/dist-packages/oslo_config/cfg.py:2609
2025-09-18 00:40:26.928 167754 DEBUG oslo_service.service [req-59e4a881-58c1-41b3-9c3d-8ff953c3f84b - - - - -] cyborg.version = None log_opt_values /usr/lib/python3/dist-packages/oslo_config/cfg.py:2609
2025-09-18 00:40:26.928 167754 DEBUG oslo_service.service [req-59e4a881-58c1-41b3-9c3d-8ff953c3f84b - - - - -] database.backend = sqlalchemy log_opt_values /usr/lib/python3/dist-packages/oslo_config/cfg.py:2609
2025-09-18 00:40:26.928 167754 DEBUG oslo_service.service [req-59e4a881-58c1-41b3-9c3d-8ff953c3f84b - - - - -] database.connection = **** log_opt_values /usr/lib/python3/dist-packages/oslo_config/cfg.py:2609
2025-09-18 00:40:26.928 167754 DEBUG oslo_service.service [req-59e4a881-58c1-41b3-9c3d-8ff953c3f84b - - - - -] database.connection_debug = 0 log_opt_values /usr/lib/python3/dist-packages/oslo_config/cfg.py:2609
2025-09-18 00:40:26.928 167754 DEBUG oslo_service.service [req-59e4a881-58c1-41b3-9c3d-8ff953c3f84b - - - - -] database.connection_parameters = log_opt_values /usr/lib/python3/dist-packages/oslo_config/cfg.py:2609
2025-09-18 00:40:26.929 167754 DEBUG oslo_service.service [req-59e4a881-58c1-41b3-9c3d-8ff953c3f84b - - - - -] database.connection_recycle_time = 3600 log_opt_values /usr/lib/python3/dist-packages/oslo_config/cfg.py:2609
2025-09-18 00:40:26.929 167754 DEBUG oslo_service.service [req-59e4a881-58c1-41b3-9c3d-8ff953c3f84b - - - - -] database.connection_trace = False log_opt_values /usr/lib/python3/dist-packages/oslo_config/cfg.py:2609
2025-09-18 00:40:26.929 167754 DEBUG oslo_service.service [req-59e4a881-58c1-41b3-9c3d-8ff953c3f84b - - - - -] database.db_inc_retry_interval = True log_opt_values /usr/lib/python3/dist-packages/oslo_config/cfg.py:2609
2025-09-18 00:40:26.930 167754 DEBUG oslo_service.service [req-59e4a881-58c1-41b3-9c3d-8ff953c3f84b - - - - -] database.db_max_retries = 20 log_opt_values /usr/lib/python3/dist-packages/oslo_config/cfg.py:2609
2025-09-18 00:40:26.930 167754 DEBUG oslo_service.service [req-59e4a881-58c1-41b3-9c3d-8ff953c3f84b - - - - -] database.db_max_retry_interval = 10 log_opt_values /usr/lib/python3/dist-packages/oslo_config/cfg.py:2609
2025-09-18 00:40:26.931 167754 DEBUG oslo_service.service [req-59e4a881-58c1-41b3-9c3d-8ff953c3f84b - - - - -] database.db_retry_interval = 1 log_opt_values /usr/lib/python3/dist-packages/oslo_config/cfg.py:2609
2025-09-18 00:40:26.931 167754 DEBUG oslo_service.service [req-59e4a881-58c1-41b3-9c3d-8ff953c3f84b - - - - -] database.max_overflow = 50 log_opt_values /usr/lib/python3/dist-packages/oslo_config/cfg.py:2609
2025-09-18 00:40:26.931 167754 DEBUG oslo_service.service [req-59e4a881-58c1-41b3-9c3d-8ff953c3f84b - - - - -] database.max_pool_size = 4 log_opt_values /usr/lib/python3/dist-packages/oslo_config/cfg.py:2609
2025-09-18 00:40:26.933 167754 DEBUG oslo_service.service [req-59e4a881-58c1-41b3-9c3d-8ff953c3f84b - - - - -] database.max_retries = 10 log_opt_values /usr/lib/python3/dist-packages/oslo_config/cfg.py:2609
2025-09-18 00:40:26.933 167754 DEBUG oslo_service.service [req-59e4a881-58c1-41b3-9c3d-8ff953c3f84b - - - - -] database.mysql_enable_ndb = False log_opt_values /usr/lib/python3/dist-packages/oslo_config/cfg.py:2609
2025-09-18 00:40:26.933 167754 DEBUG oslo_service.service [req-59e4a881-58c1-41b3-9c3d-8ff953c3f84b - - - - -] database.mysql_sql_mode = TRADITIONAL log_opt_values /usr/lib/python3/dist-packages/oslo_config/cfg.py:2609
2025-09-18 00:40:26.933 167754 DEBUG oslo_service.service [req-59e4a881-58c1-41b3-9c3d-8ff953c3f84b - - - - -] database.pool_timeout = None log_opt_values /usr/lib/python3/dist-packages/oslo_config/cfg.py:2609
2025-09-18 00:40:26.930 168133 DEBUG oslo_messaging._drivers.amqpdriver [-] Listener is running poll /usr/lib/python3/dist-packages/oslo_messaging/_drivers/amqpdriver.py:343
2025-09-18 00:40:26.934 168133 DEBUG oslo_messaging._drivers.amqpdriver [-] AMQPListener connection consume poll /usr/lib/python3/dist-packages/oslo_messaging/_drivers/amqpdriver.py:357
2025-09-18 00:40:26.934 167754 DEBUG oslo_service.service [req-59e4a881-58c1-41b3-9c3d-8ff953c3f84b - - - - -] database.retry_interval = 10 log_opt_values /usr/lib/python3/dist-packages/oslo_config/cfg.py:2609
2025-09-18 00:40:26.935 167754 DEBUG oslo_service.service [req-59e4a881-58c1-41b3-9c3d-8ff953c3f84b - - - - -] database.slave_connection = **** log_opt_values /usr/lib/python3/dist-packages/oslo_config/cfg.py:2609
2025-09-18 00:40:26.935 167754 DEBUG oslo_service.service [req-59e4a881-58c1-41b3-9c3d-8ff953c3f84b - - - - -] database.sqlite_synchronous = True log_opt_values /usr/lib/python3/dist-packages/oslo_config/cfg.py:2609
2025-09-18 00:40:26.935 168133 DEBUG nova.service [req-aeeecfd0-f188-40e3-bb4d-4041a73a3f58 - - - - -] Join ServiceGroup membership for this service conductor start /usr/lib/python3/dist-packages/nova/service.py:199
2025-09-18 00:40:26.935 167754 DEBUG oslo_service.service [req-59e4a881-58c1-41b3-9c3d-8ff953c3f84b - - - - -] database.use_db_reconnect = False log_opt_values /usr/lib/python3/dist-packages/oslo_config/cfg.py:2609
2025-09-18 00:40:26.935 167754 DEBUG oslo_service.service [req-59e4a881-58c1-41b3-9c3d-8ff953c3f84b - - - - -] api_database.backend = sqlalchemy log_opt_values /usr/lib/python3/dist-packages/oslo_config/cfg.py:2609
2025-09-18 00:40:26.935 168133 DEBUG nova.servicegroup.drivers.db [req-aeeecfd0-f188-40e3-bb4d-4041a73a3f58 - - - - -] DB_Driver: join new ServiceGroup member juju-1739ab-0-lxd-7 to the conductor group, service = join /usr/lib/python3/dist-packages/nova/servicegroup/drivers/db.py:44
2025-09-18 00:40:26.936 167754 DEBUG oslo_service.service [req-59e4a881-58c1-41b3-9c3d-8ff953c3f84b - - - - -] api_database.connection = **** log_opt_values /usr/lib/python3/dist-packages/oslo_config/cfg.py:2609
2025-09-18 00:40:26.936 167754 DEBUG oslo_service.service [req-59e4a881-58c1-41b3-9c3d-8ff953c3f84b - - - - -] api_database.connection_debug = 0 log_opt_values /usr/lib/python3/dist-packages/oslo_config/cfg.py:2609
2025-09-18 00:40:26.937 167754 DEBUG oslo_service.service [req-59e4a881-58c1-41b3-9c3d-8ff953c3f84b - - - - -] api_database.connection_parameters = log_opt_values /usr/lib/python3/dist-packages/oslo_config/cfg.py:2609
2025-09-18 00:40:26.937 167754 DEBUG oslo_service.service [req-59e4a881-58c1-41b3-9c3d-8ff953c3f84b - - - - -] api_database.connection_recycle_time = 3600 log_opt_values /usr/lib/python3/dist-packages/oslo_config/cfg.py:2609
2025-09-18 00:40:26.937 167754 DEBUG oslo_service.service [req-59e4a881-58c1-41b3-9c3d-8ff953c3f84b - - - - -] api_database.connection_trace = False log_opt_values /usr/lib/python3/dist-packages/oslo_config/cfg.py:2609
2025-09-18 00:40:26.937 167754 DEBUG oslo_service.service [req-59e4a881-58c1-41b3-9c3d-8ff953c3f84b - - - - -] api_database.db_inc_retry_interval = True log_opt_values /usr/lib/python3/dist-packages/oslo_config/cfg.py:2609
2025-09-18 00:40:26.937 167754 DEBUG oslo_service.service [req-59e4a881-58c1-41b3-9c3d-8ff953c3f84b - - - - -] api_database.db_max_retries = 20 log_opt_values /usr/lib/python3/dist-packages/oslo_config/cfg.py:2609
2025-09-18 00:40:26.938 167754 DEBUG oslo_service.service [req-59e4a881-58c1-41b3-9c3d-8ff953c3f84b - - - - -] api_database.db_max_retry_interval = 10 log_opt_values /usr/lib/python3/dist-packages/oslo_config/cfg.py:2609
2025-09-18 00:40:26.938 167754 DEBUG oslo_service.service [req-59e4a881-58c1-41b3-9c3d-8ff953c3f84b - - - - -] api_database.db_retry_interval = 1 log_opt_values /usr/lib/python3/dist-packages/oslo_config/cfg.py:2609
2025-09-18 00:40:26.938 167754 DEBUG oslo_service.service [req-59e4a881-58c1-41b3-9c3d-8ff953c3f84b - - - - -] api_database.max_overflow = 50 log_opt_values /usr/lib/python3/dist-packages/oslo_config/cfg.py:2609
2025-09-18 00:40:26.938 167754 DEBUG oslo_service.service [req-59e4a881-58c1-41b3-9c3d-8ff953c3f84b - - - - -] api_database.max_pool_size = 4 log_opt_values /usr/lib/python3/dist-packages/oslo_config/cfg.py:2609
2025-09-18 00:40:26.938 168133 DEBUG oslo_messaging._drivers.amqpdriver [-] AMQPListener connection timeout poll /usr/lib/python3/dist-packages/oslo_messaging/_drivers/amqpdriver.py:360
2025-09-18 00:40:26.938 167754 DEBUG oslo_service.service [req-59e4a881-58c1-41b3-9c3d-8ff953c3f84b - - - - -] api_database.max_retries = 10 log_opt_values /usr/lib/python3/dist-packages/oslo_config/cfg.py:2609
2025-09-18 00:40:26.938 168133 DEBUG oslo_messaging._drivers.amqpdriver [-] Listener is running poll /usr/lib/python3/dist-packages/oslo_messaging/_drivers/amqpdriver.py:343
2025-09-18 00:40:26.938 167754 DEBUG oslo_service.service [req-59e4a881-58c1-41b3-9c3d-8ff953c3f84b - - - - -] api_database.mysql_enable_ndb = False log_opt_values /usr/lib/python3/dist-packages/oslo_config/cfg.py:2609
2025-09-18 00:40:26.939 168133 DEBUG oslo_messaging._drivers.amqpdriver [-] AMQPListener connection consume poll /usr/lib/python3/dist-packages/oslo_messaging/_drivers/amqpdriver.py:357
2025-09-18 00:40:26.939 167754 DEBUG oslo_service.service [req-59e4a881-58c1-41b3-9c3d-8ff953c3f84b - - - - -] api_database.mysql_sql_mode = TRADITIONAL log_opt_values /usr/lib/python3/dist-packages/oslo_config/cfg.py:2609
2025-09-18 00:40:26.940 167754 DEBUG oslo_service.service [req-59e4a881-58c1-41b3-9c3d-8ff953c3f84b - - - - -] api_database.pool_timeout = None log_opt_values /usr/lib/python3/dist-packages/oslo_config/cfg.py:2609
2025-09-18 00:40:26.940 167754 DEBUG oslo_service.service [req-59e4a881-58c1-41b3-9c3d-8ff953c3f84b - - - - -] api_database.retry_interval = 10 log_opt_values /usr/lib/python3/dist-packages/oslo_config/cfg.py:2609
2025-09-18 00:40:26.940 167754 DEBUG oslo_service.service [req-59e4a881-58c1-41b3-9c3d-8ff953c3f84b - - - - -] api_database.slave_connection = **** log_opt_values /usr/lib/python3/dist-packages/oslo_config/cfg.py:2609
2025-09-18 00:40:26.940 167754 DEBUG oslo_service.service [req-59e4a881-58c1-41b3-9c3d-8ff953c3f84b - - - - -] api_database.sqlite_synchronous = True log_opt_values /usr/lib/python3/dist-packages/oslo_config/cfg.py:2609
2025-09-18 00:40:26.941 167754 DEBUG oslo_service.service [req-59e4a881-58c1-41b3-9c3d-8ff953c3f84b - - - - -] devices.enabled_mdev_types = [] log_opt_values /usr/lib/python3/dist-packages/oslo_config/cfg.py:2609
2025-09-18 00:40:26.940 168134 DEBUG oslo_messaging._drivers.amqpdriver [-] Listener is running poll /usr/lib/python3/dist-packages/oslo_messaging/_drivers/amqpdriver.py:343
2025-09-18 00:40:26.941 168134 DEBUG oslo_messaging._drivers.amqpdriver [-] AMQPListener connection consume poll /usr/lib/python3/dist-packages/oslo_messaging/_drivers/amqpdriver.py:357
2025-09-18 00:40:26.941 167754 DEBUG oslo_service.service [req-59e4a881-58c1-41b3-9c3d-8ff953c3f84b - - - - -] ephemeral_storage_encryption.cipher = aes-xts-plain64 log_opt_values /usr/lib/python3/dist-packages/oslo_config/cfg.py:2609
2025-09-18 00:40:26.941 167754 DEBUG oslo_service.service [req-59e4a881-58c1-41b3-9c3d-8ff953c3f84b - - - - -] ephemeral_storage_encryption.enabled = False log_opt_values /usr/lib/python3/dist-packages/oslo_config/cfg.py:2609
2025-09-18 00:40:26.941 167754 DEBUG oslo_service.service [req-59e4a881-58c1-41b3-9c3d-8ff953c3f84b - - - - -] ephemeral_storage_encryption.key_size = 512 log_opt_values /usr/lib/python3/dist-packages/oslo_config/cfg.py:2609
2025-09-18 00:40:26.941 168134 DEBUG nova.service [req-c85a87ee-e509-437a-9fad-5f3ef1e64eaa - - - - -] Join ServiceGroup membership for this service conductor start /usr/lib/python3/dist-packages/nova/service.py:199
2025-09-18 00:40:26.942 168134 DEBUG nova.servicegroup.drivers.db [req-c85a87ee-e509-437a-9fad-5f3ef1e64eaa - - - - -] DB_Driver: join new ServiceGroup member juju-1739ab-0-lxd-7 to the conductor group, service = join /usr/lib/python3/dist-packages/nova/servicegroup/drivers/db.py:44
2025-09-18 00:40:26.942 167754 WARNING oslo_config.cfg [req-59e4a881-58c1-41b3-9c3d-8ff953c3f84b - - - - -] Deprecated: Option "api_servers" from group "glance" is deprecated for removal ( Support for image service configuration via standard keystoneauth1 Adapter options was added in the 17.0.0 Queens release. The api_servers option was retained temporarily to allow consumers time to cut over to a real load balancing solution. ). Its value may be silently ignored in the future.
2025-09-18 00:40:26.942 167754 DEBUG oslo_service.service [req-59e4a881-58c1-41b3-9c3d-8ff953c3f84b - - - - -] glance.api_servers = ['http://252.57.57.89:9292'] log_opt_values /usr/lib/python3/dist-packages/oslo_config/cfg.py:2609
2025-09-18 00:40:26.943 167754 DEBUG oslo_service.service [req-59e4a881-58c1-41b3-9c3d-8ff953c3f84b - - - - -] glance.cafile = None log_opt_values /usr/lib/python3/dist-packages/oslo_config/cfg.py:2609
2025-09-18 00:40:26.943 167754 DEBUG oslo_service.service [req-59e4a881-58c1-41b3-9c3d-8ff953c3f84b - - - - -] glance.certfile = None log_opt_values /usr/lib/python3/dist-packages/oslo_config/cfg.py:2609
2025-09-18 00:40:26.943 167754 DEBUG oslo_service.service [req-59e4a881-58c1-41b3-9c3d-8ff953c3f84b - - - - -] glance.collect_timing = False log_opt_values /usr/lib/python3/dist-packages/oslo_config/cfg.py:2609
2025-09-18 00:40:26.943 167754 DEBUG oslo_service.service [req-59e4a881-58c1-41b3-9c3d-8ff953c3f84b - - - - -] glance.connect_retries = None log_opt_values /usr/lib/python3/dist-packages/oslo_config/cfg.py:2609
2025-09-18 00:40:26.944 167754 DEBUG oslo_service.service [req-59e4a881-58c1-41b3-9c3d-8ff953c3f84b - - - - -] glance.connect_retry_delay = None log_opt_values /usr/lib/python3/dist-packages/oslo_config/cfg.py:2609
2025-09-18 00:40:26.944 167754 DEBUG oslo_service.service [req-59e4a881-58c1-41b3-9c3d-8ff953c3f84b - - - - -] glance.debug = False log_opt_values /usr/lib/python3/dist-packages/oslo_config/cfg.py:2609
2025-09-18 00:40:26.944 167754 DEBUG oslo_service.service [req-59e4a881-58c1-41b3-9c3d-8ff953c3f84b - - - - -] glance.default_trusted_certificate_ids = [] log_opt_values /usr/lib/python3/dist-packages/oslo_config/cfg.py:2609
2025-09-18 00:40:26.944 167754 DEBUG oslo_service.service [req-59e4a881-58c1-41b3-9c3d-8ff953c3f84b - - - - -] glance.enable_certificate_validation = False log_opt_values /usr/lib/python3/dist-packages/oslo_config/cfg.py:2609
2025-09-18 00:40:26.944 167754 DEBUG oslo_service.service [req-59e4a881-58c1-41b3-9c3d-8ff953c3f84b - - - - -] glance.enable_rbd_download = False log_opt_values /usr/lib/python3/dist-packages/oslo_config/cfg.py:2609
2025-09-18 00:40:26.945 167754 DEBUG oslo_service.service [req-59e4a881-58c1-41b3-9c3d-8ff953c3f84b - - - - -] glance.endpoint_override = None log_opt_values /usr/lib/python3/dist-packages/oslo_config/cfg.py:2609
2025-09-18 00:40:26.945 168134 DEBUG oslo_messaging._drivers.amqpdriver [-] AMQPListener connection timeout poll /usr/lib/python3/dist-packages/oslo_messaging/_drivers/amqpdriver.py:360
2025-09-18 00:40:26.945 168134 DEBUG oslo_messaging._drivers.amqpdriver [-] Listener is running poll /usr/lib/python3/dist-packages/oslo_messaging/_drivers/amqpdriver.py:343
2025-09-18 00:40:26.945 167754 DEBUG oslo_service.service [req-59e4a881-58c1-41b3-9c3d-8ff953c3f84b - - - - -] glance.insecure = False log_opt_values /usr/lib/python3/dist-packages/oslo_config/cfg.py:2609
2025-09-18 00:40:26.945 168134 DEBUG oslo_messaging._drivers.amqpdriver [-] AMQPListener connection consume poll /usr/lib/python3/dist-packages/oslo_messaging/_drivers/amqpdriver.py:357
2025-09-18 00:40:26.945 167754 DEBUG oslo_service.service [req-59e4a881-58c1-41b3-9c3d-8ff953c3f84b - - - - -] glance.keyfile = None log_opt_values /usr/lib/python3/dist-packages/oslo_config/cfg.py:2609
2025-09-18 00:40:26.945 167754 DEBUG oslo_service.service [req-59e4a881-58c1-41b3-9c3d-8ff953c3f84b - - - - -] glance.max_version = None log_opt_values /usr/lib/python3/dist-packages/oslo_config/cfg.py:2609
2025-09-18 00:40:26.945 167754 DEBUG oslo_service.service [req-59e4a881-58c1-41b3-9c3d-8ff953c3f84b - - - - -] glance.min_version = None log_opt_values /usr/lib/python3/dist-packages/oslo_config/cfg.py:2609
2025-09-18 00:40:26.946 167754 DEBUG oslo_service.service [req-59e4a881-58c1-41b3-9c3d-8ff953c3f84b - - - - -] glance.num_retries = 3 log_opt_values /usr/lib/python3/dist-packages/oslo_config/cfg.py:2609
2025-09-18 00:40:26.947 167754 DEBUG oslo_service.service [req-59e4a881-58c1-41b3-9c3d-8ff953c3f84b - - - - -] glance.rbd_ceph_conf = log_opt_values /usr/lib/python3/dist-packages/oslo_config/cfg.py:2609
2025-09-18 00:40:26.947 167754 DEBUG oslo_service.service [req-59e4a881-58c1-41b3-9c3d-8ff953c3f84b - - - - -] glance.rbd_connect_timeout = 5 log_opt_values /usr/lib/python3/dist-packages/oslo_config/cfg.py:2609
2025-09-18 00:40:26.947 167754 DEBUG oslo_service.service [req-59e4a881-58c1-41b3-9c3d-8ff953c3f84b - - - - -] glance.rbd_pool = log_opt_values /usr/lib/python3/dist-packages/oslo_config/cfg.py:2609
2025-09-18 00:40:26.947 167754 DEBUG oslo_service.service [req-59e4a881-58c1-41b3-9c3d-8ff953c3f84b - - - - -] glance.rbd_user = log_opt_values /usr/lib/python3/dist-packages/oslo_config/cfg.py:2609
2025-09-18 00:40:26.948 167754 DEBUG oslo_service.service [req-59e4a881-58c1-41b3-9c3d-8ff953c3f84b - - - - -] glance.region_name = None log_opt_values /usr/lib/python3/dist-packages/oslo_config/cfg.py:2609
2025-09-18 00:40:26.948 167754 DEBUG oslo_service.service [req-59e4a881-58c1-41b3-9c3d-8ff953c3f84b - - - - -] glance.service_name = None log_opt_values /usr/lib/python3/dist-packages/oslo_config/cfg.py:2609
2025-09-18 00:40:26.948 167754 DEBUG oslo_service.service [req-59e4a881-58c1-41b3-9c3d-8ff953c3f84b - - - - -] glance.service_type = image log_opt_values /usr/lib/python3/dist-packages/oslo_config/cfg.py:2609
2025-09-18 00:40:26.948 167754 DEBUG oslo_service.service [req-59e4a881-58c1-41b3-9c3d-8ff953c3f84b - - - - -] glance.split_loggers = False log_opt_values /usr/lib/python3/dist-packages/oslo_config/cfg.py:2609
2025-09-18 00:40:26.949 167754 DEBUG oslo_service.service [req-59e4a881-58c1-41b3-9c3d-8ff953c3f84b - - - - -] glance.status_code_retries = None log_opt_values /usr/lib/python3/dist-packages/oslo_config/cfg.py:2609
2025-09-18 00:40:26.949 167754 DEBUG oslo_service.service [req-59e4a881-58c1-41b3-9c3d-8ff953c3f84b - - - - -] glance.status_code_retry_delay = None log_opt_values /usr/lib/python3/dist-packages/oslo_config/cfg.py:2609
2025-09-18 00:40:26.949 167754 DEBUG oslo_service.service [req-59e4a881-58c1-41b3-9c3d-8ff953c3f84b - - - - -] glance.timeout = None log_opt_values /usr/lib/python3/dist-packages/oslo_config/cfg.py:2609
2025-09-18 00:40:26.950 167754 DEBUG oslo_service.service [req-59e4a881-58c1-41b3-9c3d-8ff953c3f84b - - - - -] glance.valid_interfaces = ['internal', 'public'] log_opt_values /usr/lib/python3/dist-packages/oslo_config/cfg.py:2609
2025-09-18 00:40:26.950 167754 DEBUG oslo_service.service [req-59e4a881-58c1-41b3-9c3d-8ff953c3f84b - - - - -] glance.verify_glance_signatures = False log_opt_values /usr/lib/python3/dist-packages/oslo_config/cfg.py:2609
2025-09-18 00:40:26.950 167754 DEBUG oslo_service.service [req-59e4a881-58c1-41b3-9c3d-8ff953c3f84b - - - - -] glance.version = None log_opt_values /usr/lib/python3/dist-packages/oslo_config/cfg.py:2609
2025-09-18 00:40:26.950 167754 DEBUG oslo_service.service [req-59e4a881-58c1-41b3-9c3d-8ff953c3f84b - - - - -] guestfs.debug = False log_opt_values /usr/lib/python3/dist-packages/oslo_config/cfg.py:2609
2025-09-18 00:40:26.950 167754 DEBUG oslo_service.service [req-59e4a881-58c1-41b3-9c3d-8ff953c3f84b - - - - -] hyperv.config_drive_cdrom = False log_opt_values /usr/lib/python3/dist-packages/oslo_config/cfg.py:2609
2025-09-18 00:40:26.951 167754 DEBUG oslo_service.service [req-59e4a881-58c1-41b3-9c3d-8ff953c3f84b - - - - -] hyperv.config_drive_inject_password = False log_opt_values /usr/lib/python3/dist-packages/oslo_config/cfg.py:2609
2025-09-18 00:40:26.951 167754 DEBUG oslo_service.service [req-59e4a881-58c1-41b3-9c3d-8ff953c3f84b - - - - -] hyperv.dynamic_memory_ratio = 1.0 log_opt_values /usr/lib/python3/dist-packages/oslo_config/cfg.py:2609
2025-09-18 00:40:26.951 167754 DEBUG oslo_service.service [req-59e4a881-58c1-41b3-9c3d-8ff953c3f84b - - - - -] hyperv.enable_instance_metrics_collection = False log_opt_values /usr/lib/python3/dist-packages/oslo_config/cfg.py:2609
2025-09-18 00:40:26.951 167754 DEBUG oslo_service.service [req-59e4a881-58c1-41b3-9c3d-8ff953c3f84b - - - - -] hyperv.enable_remotefx = False log_opt_values /usr/lib/python3/dist-packages/oslo_config/cfg.py:2609
2025-09-18 00:40:26.951 167754 DEBUG oslo_service.service [req-59e4a881-58c1-41b3-9c3d-8ff953c3f84b - - - - -] hyperv.instances_path_share = log_opt_values /usr/lib/python3/dist-packages/oslo_config/cfg.py:2609
2025-09-18 00:40:26.952 167754 DEBUG oslo_service.service [req-59e4a881-58c1-41b3-9c3d-8ff953c3f84b - - - - -] hyperv.iscsi_initiator_list = [] log_opt_values /usr/lib/python3/dist-packages/oslo_config/cfg.py:2609
2025-09-18 00:40:26.952 167754 DEBUG oslo_service.service [req-59e4a881-58c1-41b3-9c3d-8ff953c3f84b - - - - -] hyperv.limit_cpu_features = False log_opt_values /usr/lib/python3/dist-packages/oslo_config/cfg.py:2609
2025-09-18 00:40:26.952 167754 DEBUG oslo_service.service [req-59e4a881-58c1-41b3-9c3d-8ff953c3f84b - - - - -] hyperv.mounted_disk_query_retry_count = 10 log_opt_values /usr/lib/python3/dist-packages/oslo_config/cfg.py:2609
2025-09-18 00:40:26.952 167754 DEBUG oslo_service.service [req-59e4a881-58c1-41b3-9c3d-8ff953c3f84b - - - - -] hyperv.mounted_disk_query_retry_interval = 5 log_opt_values /usr/lib/python3/dist-packages/oslo_config/cfg.py:2609
2025-09-18 00:40:26.953 167754 DEBUG oslo_service.service [req-59e4a881-58c1-41b3-9c3d-8ff953c3f84b - - - - -] hyperv.power_state_check_timeframe = 60 log_opt_values /usr/lib/python3/dist-packages/oslo_config/cfg.py:2609
2025-09-18 00:40:26.953 167754 DEBUG oslo_service.service [req-59e4a881-58c1-41b3-9c3d-8ff953c3f84b - - - - -] hyperv.power_state_event_polling_interval = 2 log_opt_values /usr/lib/python3/dist-packages/oslo_config/cfg.py:2609
