2025-09-18 01:37:11.409 7 DEBUG oslo_service.service [-] ml2_type_gre.tunnel_id_ranges = [] log_opt_values /var/lib/kolla/venv/lib/python3.6/site-packages/oslo_config/cfg.py:2611
2025-09-18 01:37:11.409 7 DEBUG oslo_service.service [-] ml2_type_vlan.network_vlan_ranges = [] log_opt_values /var/lib/kolla/venv/lib/python3.6/site-packages/oslo_config/cfg.py:2611
2025-09-18 01:37:11.409 7 DEBUG oslo_service.service [-] ml2_type_vxlan.vni_ranges = [] log_opt_values /var/lib/kolla/venv/lib/python3.6/site-packages/oslo_config/cfg.py:2611
2025-09-18 01:37:11.409 7 DEBUG oslo_service.service [-] ml2_type_vxlan.vxlan_group = None log_opt_values /var/lib/kolla/venv/lib/python3.6/site-packages/oslo_config/cfg.py:2611
2025-09-18 01:37:11.409 7 DEBUG oslo_service.service [-] database.backend = sqlalchemy log_opt_values /var/lib/kolla/venv/lib/python3.6/site-packages/oslo_config/cfg.py:2611
2025-09-18 01:37:11.409 7 DEBUG oslo_service.service [-] database.connection = **** log_opt_values /var/lib/kolla/venv/lib/python3.6/site-packages/oslo_config/cfg.py:2611
2025-09-18 01:37:11.409 7 DEBUG oslo_service.service [-] database.connection_debug = 0 log_opt_values /var/lib/kolla/venv/lib/python3.6/site-packages/oslo_config/cfg.py:2611
2025-09-18 01:37:11.410 7 DEBUG oslo_service.service [-] database.connection_parameters = log_opt_values /var/lib/kolla/venv/lib/python3.6/site-packages/oslo_config/cfg.py:2611
2025-09-18 01:37:11.410 7 DEBUG oslo_service.service [-] database.connection_recycle_time = 10 log_opt_values /var/lib/kolla/venv/lib/python3.6/site-packages/oslo_config/cfg.py:2611
2025-09-18 01:37:11.411 7 DEBUG oslo_service.service [-] database.connection_trace = False log_opt_values /var/lib/kolla/venv/lib/python3.6/site-packages/oslo_config/cfg.py:2611
2025-09-18 01:37:11.411 7 DEBUG oslo_service.service [-] database.db_inc_retry_interval = True log_opt_values /var/lib/kolla/venv/lib/python3.6/site-packages/oslo_config/cfg.py:2611
2025-09-18 01:37:11.411 7 DEBUG oslo_service.service [-] database.db_max_retries = 20 log_opt_values /var/lib/kolla/venv/lib/python3.6/site-packages/oslo_config/cfg.py:2611
2025-09-18 01:37:11.411 7 DEBUG oslo_service.service [-] database.db_max_retry_interval = 10 log_opt_values /var/lib/kolla/venv/lib/python3.6/site-packages/oslo_config/cfg.py:2611
2025-09-18 01:37:11.411 7 DEBUG oslo_service.service [-] database.db_retry_interval = 1 log_opt_values /var/lib/kolla/venv/lib/python3.6/site-packages/oslo_config/cfg.py:2611
2025-09-18 01:37:11.411 7 DEBUG oslo_service.service [-] database.max_overflow = 50 log_opt_values /var/lib/kolla/venv/lib/python3.6/site-packages/oslo_config/cfg.py:2611
2025-09-18 01:37:11.411 7 DEBUG oslo_service.service [-] database.max_pool_size = 1 log_opt_values /var/lib/kolla/venv/lib/python3.6/site-packages/oslo_config/cfg.py:2611
2025-09-18 01:37:11.411 7 DEBUG oslo_service.service [-] database.max_retries = -1 log_opt_values /var/lib/kolla/venv/lib/python3.6/site-packages/oslo_config/cfg.py:2611
2025-09-18 01:37:11.411 7 DEBUG oslo_service.service [-] database.mysql_enable_ndb = False log_opt_values /var/lib/kolla/venv/lib/python3.6/site-packages/oslo_config/cfg.py:2611
2025-09-18 01:37:11.411 7 DEBUG oslo_service.service [-] database.mysql_sql_mode = TRADITIONAL log_opt_values /var/lib/kolla/venv/lib/python3.6/site-packages/oslo_config/cfg.py:2611
2025-09-18 01:37:11.411 7 DEBUG oslo_service.service [-] database.pool_timeout = None log_opt_values /var/lib/kolla/venv/lib/python3.6/site-packages/oslo_config/cfg.py:2611
2025-09-18 01:37:11.411 7 DEBUG oslo_service.service [-] database.retry_interval = 10 log_opt_values /var/lib/kolla/venv/lib/python3.6/site-packages/oslo_config/cfg.py:2611
2025-09-18 01:37:11.411 7 DEBUG oslo_service.service [-] database.slave_connection = **** log_opt_values /var/lib/kolla/venv/lib/python3.6/site-packages/oslo_config/cfg.py:2611
2025-09-18 01:37:11.411 7 DEBUG oslo_service.service [-] database.sqlite_synchronous = True log_opt_values /var/lib/kolla/venv/lib/python3.6/site-packages/oslo_config/cfg.py:2611
2025-09-18 01:37:11.411 7 DEBUG oslo_service.service [-] database.use_db_reconnect = False log_opt_values /var/lib/kolla/venv/lib/python3.6/site-packages/oslo_config/cfg.py:2611
2025-09-18 01:37:11.411 7 DEBUG oslo_service.service [-] ******************************************************************************** log_opt_values /var/lib/kolla/venv/lib/python3.6/site-packages/oslo_config/cfg.py:2613
2025-09-18 01:37:13.359 22 DEBUG neutron.wsgi [-] (22) accepted ('10.0.0.19', 51340) server /var/lib/kolla/venv/lib/python3.6/site-packages/eventlet/wsgi.py:1004
2025-09-18 01:37:13.366 22 INFO neutron.wsgi [-] 10.0.0.19 "GET / HTTP/1.1" status: 200 len: 227 time: 0.0054467
2025-09-18 01:37:15.227 23 DEBUG neutron.api.rpc.handlers.dhcp_rpc [req-ac069a8c-b83f-449a-b34f-60309c932498 - - - - -] get_active_networks_info from cn-jenkins-deploy-platform-ansible-os-4133-1 get_active_networks_info /var/lib/kolla/venv/lib/python3.6/site-packages/neutron/api/rpc/handlers/dhcp_rpc.py:159
2025-09-18 01:37:15.247 26 DEBUG neutron_lib.callbacks.manager [req-5c4ff5b0-1680-4a4b-a6d0-1817a1eb9428 - - - - -] Publish callbacks ['neutron.services.segments.db._update_segment_host_mapping_for_agent-8787585431411', 'neutron.services.l3_router.l3_router_plugin.DVRResourceOperationHandler.create_fip_agent_gw_ports--9223372036854285553'] for agent (5bad43c3-eee9-4cba-bba7-8300ecdc4300), after_create _notify_loop /var/lib/kolla/venv/lib/python3.6/site-packages/neutron_lib/callbacks/manager.py:177
2025-09-18 01:37:15.261 23 DEBUG neutron.scheduler.dhcp_agent_scheduler [req-ac069a8c-b83f-449a-b34f-60309c932498 - - - - -] No non-hosted networks auto_schedule_networks /var/lib/kolla/venv/lib/python3.6/site-packages/neutron/scheduler/dhcp_agent_scheduler.py:60
2025-09-18 01:37:31.418 28 DEBUG neutron_lib.callbacks.manager [req-b4f01144-d13e-4741-9b9b-4054e0cfeca8 - - - - -] Publish callbacks ['neutron.services.segments.db._update_segment_host_mapping_for_agent-8787585431411', 'neutron.services.l3_router.l3_router_plugin.DVRResourceOperationHandler.create_fip_agent_gw_ports--9223372036854285553'] for agent (ced76033-4af5-4824-8051-5dfa25a9dfd4), after_create _notify_loop /var/lib/kolla/venv/lib/python3.6/site-packages/neutron_lib/callbacks/manager.py:177
2025-09-18 01:37:43.406 22 DEBUG neutron.wsgi [-] (22) accepted ('10.0.0.19', 39994) server /var/lib/kolla/venv/lib/python3.6/site-packages/eventlet/wsgi.py:1004
2025-09-18 01:37:43.410 22 INFO neutron.wsgi [-] 10.0.0.19 "GET / HTTP/1.1" status: 200 len: 227 time: 0.0030131
2025-09-18 01:37:45.242 27 DEBUG neutron_lib.callbacks.manager [req-c7ee2f50-e5a4-4650-9a91-219739ff99a6 - - - - -] Publish callbacks ['neutron.services.segments.db._update_segment_host_mapping_for_agent-8787585431411', 'neutron.plugins.ml2.plugin.Ml2Plugin._retry_binding_revived_agents-1319304'] for agent (5bad43c3-eee9-4cba-bba7-8300ecdc4300), after_update _notify_loop /var/lib/kolla/venv/lib/python3.6/site-packages/neutron_lib/callbacks/manager.py:177
2025-09-18 01:37:52.345 29 DEBUG neutron.db.agents_db [req-a0204158-e921-40ed-bc4e-a5c9faf66c8e - - - - -] Agent healthcheck: found 2 active agents agent_health_check /var/lib/kolla/venv/lib/python3.6/site-packages/neutron/db/agents_db.py:318
2025-09-18 01:38:01.395 23 DEBUG neutron_lib.callbacks.manager [req-b4f01144-d13e-4741-9b9b-4054e0cfeca8 - - - - -] Publish callbacks ['neutron.services.segments.db._update_segment_host_mapping_for_agent-8787585431411', 'neutron.plugins.ml2.plugin.Ml2Plugin._retry_binding_revived_agents-1319304'] for agent (ced76033-4af5-4824-8051-5dfa25a9dfd4), after_update _notify_loop /var/lib/kolla/venv/lib/python3.6/site-packages/neutron_lib/callbacks/manager.py:177
2025-09-18 01:38:13.455 22 DEBUG neutron.wsgi [-] (22) accepted ('10.0.0.19', 46598) server /var/lib/kolla/venv/lib/python3.6/site-packages/eventlet/wsgi.py:1004
2025-09-18 01:38:13.459 22 INFO neutron.wsgi [-] 10.0.0.19 "GET / HTTP/1.1" status: 200 len: 227 time: 0.0032761
2025-09-18 01:38:15.239 24 DEBUG neutron_lib.callbacks.manager [req-146038f7-aec3-4035-bd55-a468b76a9881 - - - - -] Publish callbacks ['neutron.services.segments.db._update_segment_host_mapping_for_agent-8787585431411', 'neutron.plugins.ml2.plugin.Ml2Plugin._retry_binding_revived_agents-1319304'] for agent (5bad43c3-eee9-4cba-bba7-8300ecdc4300), after_update _notify_loop /var/lib/kolla/venv/lib/python3.6/site-packages/neutron_lib/callbacks/manager.py:177
2025-09-18 01:38:29.334 29 DEBUG neutron.db.agents_db [req-a0204158-e921-40ed-bc4e-a5c9faf66c8e - - - - -] Agent healthcheck: found 2 active agents agent_health_check /var/lib/kolla/venv/lib/python3.6/site-packages/neutron/db/agents_db.py:318
2025-09-18 01:38:31.404 25 DEBUG neutron_lib.callbacks.manager [req-b4f01144-d13e-4741-9b9b-4054e0cfeca8 - - - - -] Publish callbacks ['neutron.services.segments.db._update_segment_host_mapping_for_agent-8787585431411', 'neutron.plugins.ml2.plugin.Ml2Plugin._retry_binding_revived_agents-1319304'] for agent (ced76033-4af5-4824-8051-5dfa25a9dfd4), after_update _notify_loop /var/lib/kolla/venv/lib/python3.6/site-packages/neutron_lib/callbacks/manager.py:177
2025-09-18 01:38:43.499 22 DEBUG neutron.wsgi [-] (22) accepted ('10.0.0.19', 51862) server /var/lib/kolla/venv/lib/python3.6/site-packages/eventlet/wsgi.py:1004
2025-09-18 01:38:43.504 22 INFO neutron.wsgi [-] 10.0.0.19 "GET / HTTP/1.1" status: 200 len: 227 time: 0.0040050
2025-09-18 01:38:45.222 26 DEBUG neutron_lib.callbacks.manager [req-66934e77-a168-4521-b2f9-b409a9069311 - - - - -] Publish callbacks ['neutron.services.segments.db._update_segment_host_mapping_for_agent-8787585431411', 'neutron.plugins.ml2.plugin.Ml2Plugin._retry_binding_revived_agents-1319304'] for agent (5bad43c3-eee9-4cba-bba7-8300ecdc4300), after_update _notify_loop /var/lib/kolla/venv/lib/python3.6/site-packages/neutron_lib/callbacks/manager.py:177
2025-09-18 01:39:01.397 28 DEBUG neutron_lib.callbacks.manager [req-b4f01144-d13e-4741-9b9b-4054e0cfeca8 - - - - -] Publish callbacks ['neutron.services.segments.db._update_segment_host_mapping_for_agent-8787585431411', 'neutron.plugins.ml2.plugin.Ml2Plugin._retry_binding_revived_agents-1319304'] for agent (ced76033-4af5-4824-8051-5dfa25a9dfd4), after_update _notify_loop /var/lib/kolla/venv/lib/python3.6/site-packages/neutron_lib/callbacks/manager.py:177
2025-09-18 01:39:06.332 29 DEBUG neutron.db.agents_db [req-a0204158-e921-40ed-bc4e-a5c9faf66c8e - - - - -] Agent healthcheck: found 2 active agents agent_health_check /var/lib/kolla/venv/lib/python3.6/site-packages/neutron/db/agents_db.py:318
2025-09-18 01:39:13.545 22 DEBUG neutron.wsgi [-] (22) accepted ('10.0.0.19', 56430) server /var/lib/kolla/venv/lib/python3.6/site-packages/eventlet/wsgi.py:1004
2025-09-18 01:39:13.549 22 INFO neutron.wsgi [-] 10.0.0.19 "GET / HTTP/1.1" status: 200 len: 227 time: 0.0036983
2025-09-18 01:39:15.218 27 DEBUG neutron_lib.callbacks.manager [req-e6bb97df-20ed-458c-b6d6-2247bd79d658 - - - - -] Publish callbacks ['neutron.services.segments.db._update_segment_host_mapping_for_agent-8787585431411', 'neutron.plugins.ml2.plugin.Ml2Plugin._retry_binding_revived_agents-1319304'] for agent (5bad43c3-eee9-4cba-bba7-8300ecdc4300), after_update _notify_loop /var/lib/kolla/venv/lib/python3.6/site-packages/neutron_lib/callbacks/manager.py:177
2025-09-18 01:39:31.395 23 DEBUG neutron_lib.callbacks.manager [req-b4f01144-d13e-4741-9b9b-4054e0cfeca8 - - - - -] Publish callbacks ['neutron.services.segments.db._update_segment_host_mapping_for_agent-8787585431411', 'neutron.plugins.ml2.plugin.Ml2Plugin._retry_binding_revived_agents-1319304'] for agent (ced76033-4af5-4824-8051-5dfa25a9dfd4), after_update _notify_loop /var/lib/kolla/venv/lib/python3.6/site-packages/neutron_lib/callbacks/manager.py:177
2025-09-18 01:39:43.328 29 DEBUG neutron.db.agents_db [req-a0204158-e921-40ed-bc4e-a5c9faf66c8e - - - - -] Agent healthcheck: found 2 active agents agent_health_check /var/lib/kolla/venv/lib/python3.6/site-packages/neutron/db/agents_db.py:318
2025-09-18 01:39:43.593 22 DEBUG neutron.wsgi [-] (22) accepted ('10.0.0.19', 60646) server /var/lib/kolla/venv/lib/python3.6/site-packages/eventlet/wsgi.py:1004
2025-09-18 01:39:43.596 22 INFO neutron.wsgi [-] 10.0.0.19 "GET / HTTP/1.1" status: 200 len: 227 time: 0.0025601
2025-09-18 01:39:45.214 24 DEBUG neutron_lib.callbacks.manager [req-6d96982e-814d-40d9-9a2c-c1c92f1ecbe1 - - - - -] Publish callbacks ['neutron.services.segments.db._update_segment_host_mapping_for_agent-8787585431411', 'neutron.plugins.ml2.plugin.Ml2Plugin._retry_binding_revived_agents-1319304'] for agent (5bad43c3-eee9-4cba-bba7-8300ecdc4300), after_update _notify_loop /var/lib/kolla/venv/lib/python3.6/site-packages/neutron_lib/callbacks/manager.py:177
2025-09-18 01:40:01.405 25 DEBUG neutron_lib.callbacks.manager [req-b4f01144-d13e-4741-9b9b-4054e0cfeca8 - - - - -] Publish callbacks ['neutron.services.segments.db._update_segment_host_mapping_for_agent-8787585431411', 'neutron.plugins.ml2.plugin.Ml2Plugin._retry_binding_revived_agents-1319304'] for agent (ced76033-4af5-4824-8051-5dfa25a9dfd4), after_update _notify_loop /var/lib/kolla/venv/lib/python3.6/site-packages/neutron_lib/callbacks/manager.py:177
2025-09-18 01:40:13.640 22 DEBUG neutron.wsgi [-] (22) accepted ('10.0.0.19', 36708) server /var/lib/kolla/venv/lib/python3.6/site-packages/eventlet/wsgi.py:1004
2025-09-18 01:40:13.643 22 INFO neutron.wsgi [-] 10.0.0.19 "GET / HTTP/1.1" status: 200 len: 227 time: 0.0023074
2025-09-18 01:40:15.209 26 DEBUG neutron_lib.callbacks.manager [req-07421b27-4bab-480d-81de-fbe52a995cc9 - - - - -] Publish callbacks ['neutron.services.segments.db._update_segment_host_mapping_for_agent-8787585431411', 'neutron.plugins.ml2.plugin.Ml2Plugin._retry_binding_revived_agents-1319304'] for agent (5bad43c3-eee9-4cba-bba7-8300ecdc4300), after_update _notify_loop /var/lib/kolla/venv/lib/python3.6/site-packages/neutron_lib/callbacks/manager.py:177
2025-09-18 01:40:20.326 29 DEBUG neutron.db.agents_db [req-a0204158-e921-40ed-bc4e-a5c9faf66c8e - - - - -] Agent healthcheck: found 2 active agents agent_health_check /var/lib/kolla/venv/lib/python3.6/site-packages/neutron/db/agents_db.py:318
2025-09-18 01:40:31.401 28 DEBUG neutron_lib.callbacks.manager [req-b4f01144-d13e-4741-9b9b-4054e0cfeca8 - - - - -] Publish callbacks ['neutron.services.segments.db._update_segment_host_mapping_for_agent-8787585431411', 'neutron.plugins.ml2.plugin.Ml2Plugin._retry_binding_revived_agents-1319304'] for agent (ced76033-4af5-4824-8051-5dfa25a9dfd4), after_update _notify_loop /var/lib/kolla/venv/lib/python3.6/site-packages/neutron_lib/callbacks/manager.py:177
2025-09-18 01:40:43.699 22 DEBUG neutron.wsgi [-] (22) accepted ('10.0.0.19', 49668) server /var/lib/kolla/venv/lib/python3.6/site-packages/eventlet/wsgi.py:1004
2025-09-18 01:40:43.703 22 INFO neutron.wsgi [-] 10.0.0.19 "GET / HTTP/1.1" status: 200 len: 227 time: 0.0029109
2025-09-18 01:40:45.215 27 DEBUG neutron_lib.callbacks.manager [req-fd5860da-22c2-46cd-8ea7-cc3768fa5b51 - - - - -] Publish callbacks ['neutron.services.segments.db._update_segment_host_mapping_for_agent-8787585431411', 'neutron.plugins.ml2.plugin.Ml2Plugin._retry_binding_revived_agents-1319304'] for agent (5bad43c3-eee9-4cba-bba7-8300ecdc4300), after_update _notify_loop /var/lib/kolla/venv/lib/python3.6/site-packages/neutron_lib/callbacks/manager.py:177
2025-09-18 01:40:57.324 29 DEBUG neutron.db.agents_db [req-a0204158-e921-40ed-bc4e-a5c9faf66c8e - - - - -] Agent healthcheck: found 2 active agents agent_health_check /var/lib/kolla/venv/lib/python3.6/site-packages/neutron/db/agents_db.py:318
2025-09-18 01:41:01.403 23 DEBUG neutron_lib.callbacks.manager [req-b4f01144-d13e-4741-9b9b-4054e0cfeca8 - - - - -] Publish callbacks ['neutron.services.segments.db._update_segment_host_mapping_for_agent-8787585431411', 'neutron.plugins.ml2.plugin.Ml2Plugin._retry_binding_revived_agents-1319304'] for agent (ced76033-4af5-4824-8051-5dfa25a9dfd4), after_update _notify_loop /var/lib/kolla/venv/lib/python3.6/site-packages/neutron_lib/callbacks/manager.py:177
2025-09-18 01:41:13.745 22 DEBUG neutron.wsgi [-] (22) accepted ('10.0.0.19', 55480) server /var/lib/kolla/venv/lib/python3.6/site-packages/eventlet/wsgi.py:1004
2025-09-18 01:41:13.748 22 INFO neutron.wsgi [-] 10.0.0.19 "GET / HTTP/1.1" status: 200 len: 227 time: 0.0024378
2025-09-18 01:41:15.209 24 DEBUG neutron_lib.callbacks.manager [req-13ef33cd-da92-40fb-8905-c01c6f0d2762 - - - - -] Publish callbacks ['neutron.services.segments.db._update_segment_host_mapping_for_agent-8787585431411', 'neutron.plugins.ml2.plugin.Ml2Plugin._retry_binding_revived_agents-1319304'] for agent (5bad43c3-eee9-4cba-bba7-8300ecdc4300), after_update _notify_loop /var/lib/kolla/venv/lib/python3.6/site-packages/neutron_lib/callbacks/manager.py:177
2025-09-18 01:41:31.406 25 DEBUG neutron_lib.callbacks.manager [req-b4f01144-d13e-4741-9b9b-4054e0cfeca8 - - - - -] Publish callbacks ['neutron.services.segments.db._update_segment_host_mapping_for_agent-8787585431411', 'neutron.plugins.ml2.plugin.Ml2Plugin._retry_binding_revived_agents-1319304'] for agent (ced76033-4af5-4824-8051-5dfa25a9dfd4), after_update _notify_loop /var/lib/kolla/venv/lib/python3.6/site-packages/neutron_lib/callbacks/manager.py:177
2025-09-18 01:41:34.321 29 DEBUG neutron.db.agents_db [req-a0204158-e921-40ed-bc4e-a5c9faf66c8e - - - - -] Agent healthcheck: found 2 active agents agent_health_check /var/lib/kolla/venv/lib/python3.6/site-packages/neutron/db/agents_db.py:318
2025-09-18 01:41:43.789 22 DEBUG neutron.wsgi [-] (22) accepted ('10.0.0.19', 43984) server /var/lib/kolla/venv/lib/python3.6/site-packages/eventlet/wsgi.py:1004
2025-09-18 01:41:43.794 22 INFO neutron.wsgi [-] 10.0.0.19 "GET / HTTP/1.1" status: 200 len: 227 time: 0.0040684
2025-09-18 01:41:45.214 26 DEBUG neutron_lib.callbacks.manager [req-4d079916-e88f-459c-86ac-90eec66f66c5 - - - - -] Publish callbacks ['neutron.services.segments.db._update_segment_host_mapping_for_agent-8787585431411', 'neutron.plugins.ml2.plugin.Ml2Plugin._retry_binding_revived_agents-1319304'] for agent (5bad43c3-eee9-4cba-bba7-8300ecdc4300), after_update _notify_loop /var/lib/kolla/venv/lib/python3.6/site-packages/neutron_lib/callbacks/manager.py:177
2025-09-18 01:42:01.409 28 DEBUG neutron_lib.callbacks.manager [req-b4f01144-d13e-4741-9b9b-4054e0cfeca8 - - - - -] Publish callbacks ['neutron.services.segments.db._update_segment_host_mapping_for_agent-8787585431411', 'neutron.plugins.ml2.plugin.Ml2Plugin._retry_binding_revived_agents-1319304'] for agent (ced76033-4af5-4824-8051-5dfa25a9dfd4), after_update _notify_loop /var/lib/kolla/venv/lib/python3.6/site-packages/neutron_lib/callbacks/manager.py:177
2025-09-18 01:42:11.319 29 DEBUG neutron.db.agents_db [req-a0204158-e921-40ed-bc4e-a5c9faf66c8e - - - - -] Agent healthcheck: found 2 active agents agent_health_check /var/lib/kolla/venv/lib/python3.6/site-packages/neutron/db/agents_db.py:318
2025-09-18 01:42:13.845 22 DEBUG neutron.wsgi [-] (22) accepted ('10.0.0.19', 58404) server /var/lib/kolla/venv/lib/python3.6/site-packages/eventlet/wsgi.py:1004
2025-09-18 01:42:13.852 22 INFO neutron.wsgi [-] 10.0.0.19 "GET / HTTP/1.1" status: 200 len: 227 time: 0.0031486
2025-09-18 01:42:15.224 27 DEBUG neutron_lib.callbacks.manager [req-24c714c5-8bf8-44dc-b84b-4aa0a6ffa5c5 - - - - -] Publish callbacks ['neutron.services.segments.db._update_segment_host_mapping_for_agent-8787585431411', 'neutron.plugins.ml2.plugin.Ml2Plugin._retry_binding_revived_agents-1319304'] for agent (5bad43c3-eee9-4cba-bba7-8300ecdc4300), after_update _notify_loop /var/lib/kolla/venv/lib/python3.6/site-packages/neutron_lib/callbacks/manager.py:177
2025-09-18 01:42:31.408 23 DEBUG neutron_lib.callbacks.manager [req-b4f01144-d13e-4741-9b9b-4054e0cfeca8 - - - - -] Publish callbacks ['neutron.services.segments.db._update_segment_host_mapping_for_agent-8787585431411', 'neutron.plugins.ml2.plugin.Ml2Plugin._retry_binding_revived_agents-1319304'] for agent (ced76033-4af5-4824-8051-5dfa25a9dfd4), after_update _notify_loop /var/lib/kolla/venv/lib/python3.6/site-packages/neutron_lib/callbacks/manager.py:177
2025-09-18 01:42:43.894 22 DEBUG neutron.wsgi [-] (22) accepted ('10.0.0.19', 45778) server /var/lib/kolla/venv/lib/python3.6/site-packages/eventlet/wsgi.py:1004
2025-09-18 01:42:43.897 22 INFO neutron.wsgi [-] 10.0.0.19 "GET / HTTP/1.1" status: 200 len: 227 time: 0.0025718
2025-09-18 01:42:45.223 24 DEBUG neutron_lib.callbacks.manager [req-a27a88b4-42b8-44ab-bdc7-f8f32feecb48 - - - - -] Publish callbacks ['neutron.services.segments.db._update_segment_host_mapping_for_agent-8787585431411', 'neutron.plugins.ml2.plugin.Ml2Plugin._retry_binding_revived_agents-1319304'] for agent (5bad43c3-eee9-4cba-bba7-8300ecdc4300), after_update _notify_loop /var/lib/kolla/venv/lib/python3.6/site-packages/neutron_lib/callbacks/manager.py:177
2025-09-18 01:42:48.318 29 DEBUG neutron.db.agents_db [req-a0204158-e921-40ed-bc4e-a5c9faf66c8e - - - - -] Agent healthcheck: found 2 active agents agent_health_check /var/lib/kolla/venv/lib/python3.6/site-packages/neutron/db/agents_db.py:318
2025-09-18 01:43:01.413 25 DEBUG neutron_lib.callbacks.manager [req-b4f01144-d13e-4741-9b9b-4054e0cfeca8 - - - - -] Publish callbacks ['neutron.services.segments.db._update_segment_host_mapping_for_agent-8787585431411', 'neutron.plugins.ml2.plugin.Ml2Plugin._retry_binding_revived_agents-1319304'] for agent (ced76033-4af5-4824-8051-5dfa25a9dfd4), after_update _notify_loop /var/lib/kolla/venv/lib/python3.6/site-packages/neutron_lib/callbacks/manager.py:177
2025-09-18 01:43:13.938 22 DEBUG neutron.wsgi [-] (22) accepted ('10.0.0.19', 33040) server /var/lib/kolla/venv/lib/python3.6/site-packages/eventlet/wsgi.py:1004
2025-09-18 01:43:13.941 22 INFO neutron.wsgi [-] 10.0.0.19 "GET / HTTP/1.1" status: 200 len: 227 time: 0.0028491
2025-09-18 01:43:15.217 26 DEBUG neutron_lib.callbacks.manager [req-059a3e2a-787f-4aa6-8728-c06cbb6cb178 - - - - -] Publish callbacks ['neutron.services.segments.db._update_segment_host_mapping_for_agent-8787585431411', 'neutron.plugins.ml2.plugin.Ml2Plugin._retry_binding_revived_agents-1319304'] for agent (5bad43c3-eee9-4cba-bba7-8300ecdc4300), after_update _notify_loop /var/lib/kolla/venv/lib/python3.6/site-packages/neutron_lib/callbacks/manager.py:177
2025-09-18 01:43:25.318 29 DEBUG neutron.db.agents_db [req-a0204158-e921-40ed-bc4e-a5c9faf66c8e - - - - -] Agent healthcheck: found 2 active agents agent_health_check /var/lib/kolla/venv/lib/python3.6/site-packages/neutron/db/agents_db.py:318
2025-09-18 01:43:31.416 28 DEBUG neutron_lib.callbacks.manager [req-b4f01144-d13e-4741-9b9b-4054e0cfeca8 - - - - -] Publish callbacks ['neutron.services.segments.db._update_segment_host_mapping_for_agent-8787585431411', 'neutron.plugins.ml2.plugin.Ml2Plugin._retry_binding_revived_agents-1319304'] for agent (ced76033-4af5-4824-8051-5dfa25a9dfd4), after_update _notify_loop /var/lib/kolla/venv/lib/python3.6/site-packages/neutron_lib/callbacks/manager.py:177
2025-09-18 01:43:43.982 22 DEBUG neutron.wsgi [-] (22) accepted ('10.0.0.19', 38146) server /var/lib/kolla/venv/lib/python3.6/site-packages/eventlet/wsgi.py:1004
2025-09-18 01:43:43.985 22 INFO neutron.wsgi [-] 10.0.0.19 "GET / HTTP/1.1" status: 200 len: 227 time: 0.0023472
2025-09-18 01:43:45.221 27 DEBUG neutron_lib.callbacks.manager [req-a8d61a54-efc6-43a6-9edf-7d2e8bb6fabe - - - - -] Publish callbacks ['neutron.services.segments.db._update_segment_host_mapping_for_agent-8787585431411', 'neutron.plugins.ml2.plugin.Ml2Plugin._retry_binding_revived_agents-1319304'] for agent (5bad43c3-eee9-4cba-bba7-8300ecdc4300), after_update _notify_loop /var/lib/kolla/venv/lib/python3.6/site-packages/neutron_lib/callbacks/manager.py:177
2025-09-18 01:44:01.415 23 DEBUG neutron_lib.callbacks.manager [req-b4f01144-d13e-4741-9b9b-4054e0cfeca8 - - - - -] Publish callbacks ['neutron.services.segments.db._update_segment_host_mapping_for_agent-8787585431411', 'neutron.plugins.ml2.plugin.Ml2Plugin._retry_binding_revived_agents-1319304'] for agent (ced76033-4af5-4824-8051-5dfa25a9dfd4), after_update _notify_loop /var/lib/kolla/venv/lib/python3.6/site-packages/neutron_lib/callbacks/manager.py:177
2025-09-18 01:44:02.314 29 DEBUG neutron.db.agents_db [req-a0204158-e921-40ed-bc4e-a5c9faf66c8e - - - - -] Agent healthcheck: found 2 active agents agent_health_check /var/lib/kolla/venv/lib/python3.6/site-packages/neutron/db/agents_db.py:318
2025-09-18 01:44:14.027 22 DEBUG neutron.wsgi [-] (22) accepted ('10.0.0.19', 49612) server /var/lib/kolla/venv/lib/python3.6/site-packages/eventlet/wsgi.py:1004
2025-09-18 01:44:14.031 22 INFO neutron.wsgi [-] 10.0.0.19 "GET / HTTP/1.1" status: 200 len: 227 time: 0.0026803
2025-09-18 01:44:15.226 24 DEBUG neutron_lib.callbacks.manager [req-977382a7-646e-4028-bc7d-016d21c2fff6 - - - - -] Publish callbacks ['neutron.services.segments.db._update_segment_host_mapping_for_agent-8787585431411', 'neutron.plugins.ml2.plugin.Ml2Plugin._retry_binding_revived_agents-1319304'] for agent (5bad43c3-eee9-4cba-bba7-8300ecdc4300), after_update _notify_loop /var/lib/kolla/venv/lib/python3.6/site-packages/neutron_lib/callbacks/manager.py:177
2025-09-18 01:44:31.417 25 DEBUG neutron_lib.callbacks.manager [req-b4f01144-d13e-4741-9b9b-4054e0cfeca8 - - - - -] Publish callbacks ['neutron.services.segments.db._update_segment_host_mapping_for_agent-8787585431411', 'neutron.plugins.ml2.plugin.Ml2Plugin._retry_binding_revived_agents-1319304'] for agent (ced76033-4af5-4824-8051-5dfa25a9dfd4), after_update _notify_loop /var/lib/kolla/venv/lib/python3.6/site-packages/neutron_lib/callbacks/manager.py:177
2025-09-18 01:44:39.311 29 DEBUG neutron.db.agents_db [req-a0204158-e921-40ed-bc4e-a5c9faf66c8e - - - - -] Agent healthcheck: found 2 active agents agent_health_check /var/lib/kolla/venv/lib/python3.6/site-packages/neutron/db/agents_db.py:318
2025-09-18 01:44:44.087 22 DEBUG neutron.wsgi [-] (22) accepted ('10.0.0.19', 33156) server /var/lib/kolla/venv/lib/python3.6/site-packages/eventlet/wsgi.py:1004
2025-09-18 01:44:44.091 22 INFO neutron.wsgi [-] 10.0.0.19 "GET / HTTP/1.1" status: 200 len: 227 time: 0.0032845
2025-09-18 01:44:45.249 26 DEBUG neutron_lib.callbacks.manager [req-a40b449b-9b8c-47be-a046-a9793429a26b - - - - -] Publish callbacks ['neutron.services.segments.db._update_segment_host_mapping_for_agent-8787585431411', 'neutron.plugins.ml2.plugin.Ml2Plugin._retry_binding_revived_agents-1319304'] for agent (5bad43c3-eee9-4cba-bba7-8300ecdc4300), after_update _notify_loop /var/lib/kolla/venv/lib/python3.6/site-packages/neutron_lib/callbacks/manager.py:177
2025-09-18 01:45:00.542 7 INFO oslo_service.service [-] Caught SIGTERM, stopping children
2025-09-18 01:45:00.542 7 DEBUG oslo_concurrency.lockutils [-] Acquired lock "singleton_lock" lock /var/lib/kolla/venv/lib/python3.6/site-packages/oslo_concurrency/lockutils.py:294
2025-09-18 01:45:00.543 7 DEBUG oslo_concurrency.lockutils [-] Releasing lock "singleton_lock" lock /var/lib/kolla/venv/lib/python3.6/site-packages/oslo_concurrency/lockutils.py:312
2025-09-18 01:45:00.543 7 DEBUG oslo_service.service [-] Stop services. stop /var/lib/kolla/venv/lib/python3.6/site-packages/oslo_service/service.py:695
2025-09-18 01:45:00.543 7 DEBUG neutron.service [-] calling RpcWorker stop() stop /var/lib/kolla/venv/lib/python3.6/site-packages/neutron/service.py:138
2025-09-18 01:45:00.543 7 DEBUG neutron.service [-] calling RpcWorker stop() stop /var/lib/kolla/venv/lib/python3.6/site-packages/neutron/service.py:138
2025-09-18 01:45:00.543 7 DEBUG oslo_service.service [-] Killing children. stop /var/lib/kolla/venv/lib/python3.6/site-packages/oslo_service/service.py:700
2025-09-18 01:45:00.543 7 INFO oslo_service.service [-] Waiting on 8 children to exit
2025-09-18 01:45:00.544 24 DEBUG neutron.service [-] calling RpcWorker stop() stop /var/lib/kolla/venv/lib/python3.6/site-packages/neutron/service.py:138
2025-09-18 01:45:00.544 25 DEBUG neutron.service [-] calling RpcWorker stop() stop /var/lib/kolla/venv/lib/python3.6/site-packages/neutron/service.py:138
2025-09-18 01:45:00.544 29 DEBUG neutron.service [-] calling RpcWorker stop() stop /var/lib/kolla/venv/lib/python3.6/site-packages/neutron/service.py:138
2025-09-18 01:45:00.544 29 DEBUG neutron.service [-] calling stop on stop /var/lib/kolla/venv/lib/python3.6/site-packages/neutron/service.py:141
2025-09-18 01:45:00.544 24 DEBUG neutron.service [-] calling stop on stop /var/lib/kolla/venv/lib/python3.6/site-packages/neutron/service.py:141
2025-09-18 01:45:00.547 27 DEBUG neutron.service [-] calling RpcWorker stop() stop /var/lib/kolla/venv/lib/python3.6/site-packages/neutron/service.py:138
2025-09-18 01:45:00.544 25 DEBUG neutron.service [-] calling stop on stop /var/lib/kolla/venv/lib/python3.6/site-packages/neutron/service.py:141
2025-09-18 01:45:00.548 28 DEBUG neutron.service [-] calling RpcWorker stop() stop /var/lib/kolla/venv/lib/python3.6/site-packages/neutron/service.py:138
2025-09-18 01:45:00.549 26 DEBUG neutron.service [-] calling RpcWorker stop() stop /var/lib/kolla/venv/lib/python3.6/site-packages/neutron/service.py:138
2025-09-18 01:45:00.551 22 INFO neutron.wsgi [-] (22) wsgi exited, is_accepting=True
2025-09-18 01:45:00.547 27 DEBUG neutron.service [-] calling stop on stop /var/lib/kolla/venv/lib/python3.6/site-packages/neutron/service.py:141
2025-09-18 01:45:00.549 28 DEBUG neutron.service [-] calling stop on stop /var/lib/kolla/venv/lib/python3.6/site-packages/neutron/service.py:141
2025-09-18 01:45:00.549 26 DEBUG neutron.service [-] calling stop on stop /var/lib/kolla/venv/lib/python3.6/site-packages/neutron/service.py:141
2025-09-18 01:45:00.551 22 DEBUG oslo_concurrency.lockutils [req-1c173fc0-96a0-497f-ad96-b6aa10795634 - - - - -] Acquired lock "singleton_lock" lock /var/lib/kolla/venv/lib/python3.6/site-packages/oslo_concurrency/lockutils.py:294
2025-09-18 01:45:00.554 22 DEBUG oslo_concurrency.lockutils [req-1c173fc0-96a0-497f-ad96-b6aa10795634 - - - - -] Releasing lock "singleton_lock" lock /var/lib/kolla/venv/lib/python3.6/site-packages/oslo_concurrency/lockutils.py:312
2025-09-18 01:45:00.558 7 INFO oslo_service.service [-] Child 22 exited with status 0
2025-09-18 01:45:00.558 23 DEBUG neutron.service [-] calling RpcWorker stop() stop /var/lib/kolla/venv/lib/python3.6/site-packages/neutron/service.py:138
2025-09-18 01:45:00.559 23 DEBUG neutron.service [-] calling stop on stop /var/lib/kolla/venv/lib/python3.6/site-packages/neutron/service.py:141
2025-09-18 01:45:01.318 23 DEBUG neutron.service [-] calling stop on stop /var/lib/kolla/venv/lib/python3.6/site-packages/neutron/service.py:141
2025-09-18 01:45:01.321 24 DEBUG neutron.service [-] calling stop on stop /var/lib/kolla/venv/lib/python3.6/site-packages/neutron/service.py:141
2025-09-18 01:45:01.329 25 DEBUG neutron.service [-] calling stop on stop /var/lib/kolla/venv/lib/python3.6/site-packages/neutron/service.py:141
2025-09-18 01:45:01.333 24 DEBUG neutron.service [-] calling stop on stop /var/lib/kolla/venv/lib/python3.6/site-packages/neutron/service.py:141
2025-09-18 01:45:01.333 23 DEBUG neutron.service [-] calling stop on stop /var/lib/kolla/venv/lib/python3.6/site-packages/neutron/service.py:141
2025-09-18 01:45:01.340 28 DEBUG oslo_concurrency.lockutils [req-1c173fc0-96a0-497f-ad96-b6aa10795634 - - - - -] Acquired lock "singleton_lock" lock /var/lib/kolla/venv/lib/python3.6/site-packages/oslo_concurrency/lockutils.py:294
2025-09-18 01:45:01.340 28 DEBUG oslo_concurrency.lockutils [req-1c173fc0-96a0-497f-ad96-b6aa10795634 - - - - -] Releasing lock "singleton_lock" lock /var/lib/kolla/venv/lib/python3.6/site-packages/oslo_concurrency/lockutils.py:312
2025-09-18 01:45:01.340 28 DEBUG neutron.service [req-1c173fc0-96a0-497f-ad96-b6aa10795634 - - - - -] calling RpcWorker wait() _wait /var/lib/kolla/venv/lib/python3.6/site-packages/neutron/service.py:128
2025-09-18 01:45:01.341 28 DEBUG neutron.service [req-1c173fc0-96a0-497f-ad96-b6aa10795634 - - - - -] calling wait on _wait /var/lib/kolla/venv/lib/python3.6/site-packages/neutron/service.py:131
2025-09-18 01:45:01.345 27 DEBUG oslo_concurrency.lockutils [req-1c173fc0-96a0-497f-ad96-b6aa10795634 - - - - -] Acquired lock "singleton_lock" lock /var/lib/kolla/venv/lib/python3.6/site-packages/oslo_concurrency/lockutils.py:294
2025-09-18 01:45:01.346 25 DEBUG neutron.service [-] calling stop on stop /var/lib/kolla/venv/lib/python3.6/site-packages/neutron/service.py:141
2025-09-18 01:45:01.346 27 DEBUG oslo_concurrency.lockutils [req-1c173fc0-96a0-497f-ad96-b6aa10795634 - - - - -] Releasing lock "singleton_lock" lock /var/lib/kolla/venv/lib/python3.6/site-packages/oslo_concurrency/lockutils.py:312
2025-09-18 01:45:01.347 23 DEBUG neutron.service [-] calling stop on stop /var/lib/kolla/venv/lib/python3.6/site-packages/neutron/service.py:141
2025-09-18 01:45:01.351 27 DEBUG neutron.service [req-1c173fc0-96a0-497f-ad96-b6aa10795634 - - - - -] calling RpcWorker wait() _wait /var/lib/kolla/venv/lib/python3.6/site-packages/neutron/service.py:128
2025-09-18 01:45:01.351 27 DEBUG neutron.service [req-1c173fc0-96a0-497f-ad96-b6aa10795634 - - - - -] calling wait on _wait /var/lib/kolla/venv/lib/python3.6/site-packages/neutron/service.py:131
2025-09-18 01:45:01.352 28 WARNING amqp [req-1c173fc0-96a0-497f-ad96-b6aa10795634 - - - - -] Received method (60, 30) during closing channel 1. This method will be ignored
2025-09-18 01:45:01.354 28 DEBUG neutron.service [req-1c173fc0-96a0-497f-ad96-b6aa10795634 - - - - -] returning from RpcWorker wait() _wait /var/lib/kolla/venv/lib/python3.6/site-packages/neutron/service.py:135
2025-09-18 01:45:01.359 7 INFO oslo_service.service [-] Child 28 exited with status 0
2025-09-18 01:45:01.359 29 DEBUG oslo_concurrency.lockutils [req-1c173fc0-96a0-497f-ad96-b6aa10795634 - - - - -] Acquired lock "singleton_lock" lock /var/lib/kolla/venv/lib/python3.6/site-packages/oslo_concurrency/lockutils.py:294
2025-09-18 01:45:01.359 29 DEBUG oslo_concurrency.lockutils [req-1c173fc0-96a0-497f-ad96-b6aa10795634 - - - - -] Releasing lock "singleton_lock" lock /var/lib/kolla/venv/lib/python3.6/site-packages/oslo_concurrency/lockutils.py:312
2025-09-18 01:45:01.360 29 DEBUG neutron.service [req-1c173fc0-96a0-497f-ad96-b6aa10795634 - - - - -] calling RpcWorker wait() _wait /var/lib/kolla/venv/lib/python3.6/site-packages/neutron/service.py:128
2025-09-18 01:45:01.360 29 DEBUG neutron.service [req-1c173fc0-96a0-497f-ad96-b6aa10795634 - - - - -] calling wait on _wait /var/lib/kolla/venv/lib/python3.6/site-packages/neutron/service.py:131
2025-09-18 01:45:01.363 27 WARNING amqp [req-1c173fc0-96a0-497f-ad96-b6aa10795634 - - - - -] Received method (60, 30) during closing channel 1. This method will be ignored
2025-09-18 01:45:01.363 27 DEBUG neutron.service [req-1c173fc0-96a0-497f-ad96-b6aa10795634 - - - - -] returning from RpcWorker wait() _wait /var/lib/kolla/venv/lib/python3.6/site-packages/neutron/service.py:135
2025-09-18 01:45:01.364 23 DEBUG oslo_concurrency.lockutils [req-1c173fc0-96a0-497f-ad96-b6aa10795634 - - - - -] Acquired lock "singleton_lock" lock /var/lib/kolla/venv/lib/python3.6/site-packages/oslo_concurrency/lockutils.py:294
2025-09-18 01:45:01.365 23 DEBUG oslo_concurrency.lockutils [req-1c173fc0-96a0-497f-ad96-b6aa10795634 - - - - -] Releasing lock "singleton_lock" lock /var/lib/kolla/venv/lib/python3.6/site-packages/oslo_concurrency/lockutils.py:312
2025-09-18 01:45:01.365 23 DEBUG neutron.service [req-1c173fc0-96a0-497f-ad96-b6aa10795634 - - - - -] calling RpcWorker wait() _wait /var/lib/kolla/venv/lib/python3.6/site-packages/neutron/service.py:128
2025-09-18 01:45:01.365 23 DEBUG neutron.service [req-1c173fc0-96a0-497f-ad96-b6aa10795634 - - - - -] calling wait on _wait /var/lib/kolla/venv/lib/python3.6/site-packages/neutron/service.py:131
2025-09-18 01:45:01.365 29 WARNING amqp [req-1c173fc0-96a0-497f-ad96-b6aa10795634 - - - - -] Received method (60, 30) during closing channel 1. This method will be ignored
2025-09-18 01:45:01.366 29 DEBUG neutron.service [req-1c173fc0-96a0-497f-ad96-b6aa10795634 - - - - -] returning from RpcWorker wait() _wait /var/lib/kolla/venv/lib/python3.6/site-packages/neutron/service.py:135
2025-09-18 01:45:01.369 23 WARNING amqp [req-1c173fc0-96a0-497f-ad96-b6aa10795634 - - - - -] Received method (60, 30) during closing channel 1. This method will be ignored
2025-09-18 01:45:01.371 7 INFO oslo_service.service [-] Child 27 exited with status 0
2025-09-18 01:45:01.371 7 INFO oslo_service.service [-] Child 29 exited with status 0
2025-09-18 01:45:01.371 23 DEBUG neutron.service [req-1c173fc0-96a0-497f-ad96-b6aa10795634 - - - - -] calling wait on _wait /var/lib/kolla/venv/lib/python3.6/site-packages/neutron/service.py:131
2025-09-18 01:45:01.377 23 WARNING amqp [req-1c173fc0-96a0-497f-ad96-b6aa10795634 - - - - -] Received method (60, 30) during closing channel 1. This method will be ignored
2025-09-18 01:45:01.377 23 DEBUG neutron.service [req-1c173fc0-96a0-497f-ad96-b6aa10795634 - - - - -] calling wait on _wait /var/lib/kolla/venv/lib/python3.6/site-packages/neutron/service.py:131
2025-09-18 01:45:01.381 23 WARNING amqp [req-1c173fc0-96a0-497f-ad96-b6aa10795634 - - - - -] Received method (60, 30) during closing channel 1. This method will be ignored
2025-09-18 01:45:01.383 23 DEBUG neutron.service [req-1c173fc0-96a0-497f-ad96-b6aa10795634 - - - - -] calling wait on _wait /var/lib/kolla/venv/lib/python3.6/site-packages/neutron/service.py:131
2025-09-18 01:45:01.388 23 WARNING amqp [req-1c173fc0-96a0-497f-ad96-b6aa10795634 - - - - -] Received method (60, 30) during closing channel 1. This method will be ignored
2025-09-18 01:45:01.389 23 DEBUG neutron.service [req-1c173fc0-96a0-497f-ad96-b6aa10795634 - - - - -] returning from RpcWorker wait() _wait /var/lib/kolla/venv/lib/python3.6/site-packages/neutron/service.py:135
2025-09-18 01:45:01.395 7 INFO oslo_service.service [-] Child 23 exited with status 0
2025-09-18 01:45:01.416 24 DEBUG neutron.service [-] calling stop on stop /var/lib/kolla/venv/lib/python3.6/site-packages/neutron/service.py:141
2025-09-18 01:45:01.419 24 DEBUG neutron_lib.callbacks.manager [req-b4f01144-d13e-4741-9b9b-4054e0cfeca8 - - - - -] Publish callbacks ['neutron.services.segments.db._update_segment_host_mapping_for_agent-8787585431411', 'neutron.plugins.ml2.plugin.Ml2Plugin._retry_binding_revived_agents-1319304'] for agent (ced76033-4af5-4824-8051-5dfa25a9dfd4), after_update _notify_loop /var/lib/kolla/venv/lib/python3.6/site-packages/neutron_lib/callbacks/manager.py:177
2025-09-18 01:45:03.436 26 DEBUG oslo_concurrency.lockutils [req-1c173fc0-96a0-497f-ad96-b6aa10795634 - - - - -] Acquired lock "singleton_lock" lock /var/lib/kolla/venv/lib/python3.6/site-packages/oslo_concurrency/lockutils.py:294
2025-09-18 01:45:03.436 26 DEBUG oslo_concurrency.lockutils [req-1c173fc0-96a0-497f-ad96-b6aa10795634 - - - - -] Releasing lock "singleton_lock" lock /var/lib/kolla/venv/lib/python3.6/site-packages/oslo_concurrency/lockutils.py:312
2025-09-18 01:45:03.436 26 DEBUG neutron.service [req-1c173fc0-96a0-497f-ad96-b6aa10795634 - - - - -] calling RpcWorker wait() _wait /var/lib/kolla/venv/lib/python3.6/site-packages/neutron/service.py:128
2025-09-18 01:45:03.436 26 DEBUG neutron.service [req-1c173fc0-96a0-497f-ad96-b6aa10795634 - - - - -] calling wait on _wait /var/lib/kolla/venv/lib/python3.6/site-packages/neutron/service.py:131
2025-09-18 01:45:03.444 26 WARNING amqp [req-1c173fc0-96a0-497f-ad96-b6aa10795634 - - - - -] Received method (60, 30) during closing channel 1. This method will be ignored
2025-09-18 01:45:03.445 26 DEBUG neutron.service [req-1c173fc0-96a0-497f-ad96-b6aa10795634 - - - - -] returning from RpcWorker wait() _wait /var/lib/kolla/venv/lib/python3.6/site-packages/neutron/service.py:135
2025-09-18 01:45:03.451 7 INFO oslo_service.service [-] Child 26 exited with status 0
2025-09-18 01:45:04.626 25 DEBUG neutron.service [-] calling stop on stop /var/lib/kolla/venv/lib/python3.6/site-packages/neutron/service.py:141
2025-09-18 01:45:06.363 24 DEBUG oslo_concurrency.lockutils [req-1c173fc0-96a0-497f-ad96-b6aa10795634 - - - - -] Acquired lock "singleton_lock" lock /var/lib/kolla/venv/lib/python3.6/site-packages/oslo_concurrency/lockutils.py:294
2025-09-18 01:45:06.364 24 DEBUG oslo_concurrency.lockutils [req-1c173fc0-96a0-497f-ad96-b6aa10795634 - - - - -] Releasing lock "singleton_lock" lock /var/lib/kolla/venv/lib/python3.6/site-packages/oslo_concurrency/lockutils.py:312
2025-09-18 01:45:06.364 24 DEBUG neutron.service [req-1c173fc0-96a0-497f-ad96-b6aa10795634 - - - - -] calling RpcWorker wait() _wait /var/lib/kolla/venv/lib/python3.6/site-packages/neutron/service.py:128
2025-09-18 01:45:06.364 24 DEBUG neutron.service [req-1c173fc0-96a0-497f-ad96-b6aa10795634 - - - - -] calling wait on _wait /var/lib/kolla/venv/lib/python3.6/site-packages/neutron/service.py:131
2025-09-18 01:45:06.370 24 WARNING amqp [req-1c173fc0-96a0-497f-ad96-b6aa10795634 - - - - -] Received method (60, 30) during closing channel 1. This method will be ignored
2025-09-18 01:45:06.371 24 DEBUG neutron.service [req-1c173fc0-96a0-497f-ad96-b6aa10795634 - - - - -] calling wait on _wait /var/lib/kolla/venv/lib/python3.6/site-packages/neutron/service.py:131
2025-09-18 01:45:06.374 25 DEBUG oslo_concurrency.lockutils [req-1c173fc0-96a0-497f-ad96-b6aa10795634 - - - - -] Acquired lock "singleton_lock" lock /var/lib/kolla/venv/lib/python3.6/site-packages/oslo_concurrency/lockutils.py:294
2025-09-18 01:45:06.374 25 DEBUG oslo_concurrency.lockutils [req-1c173fc0-96a0-497f-ad96-b6aa10795634 - - - - -] Releasing lock "singleton_lock" lock /var/lib/kolla/venv/lib/python3.6/site-packages/oslo_concurrency/lockutils.py:312
2025-09-18 01:45:06.374 25 DEBUG neutron.service [req-1c173fc0-96a0-497f-ad96-b6aa10795634 - - - - -] calling RpcWorker wait() _wait /var/lib/kolla/venv/lib/python3.6/site-packages/neutron/service.py:128
2025-09-18 01:45:06.374 25 DEBUG neutron.service [req-1c173fc0-96a0-497f-ad96-b6aa10795634 - - - - -] calling wait on _wait /var/lib/kolla/venv/lib/python3.6/site-packages/neutron/service.py:131
2025-09-18 01:45:06.377 24 WARNING amqp [req-1c173fc0-96a0-497f-ad96-b6aa10795634 - - - - -] Received method (60, 30) during closing channel 1. This method will be ignored
2025-09-18 01:45:06.378 24 DEBUG neutron.service [req-1c173fc0-96a0-497f-ad96-b6aa10795634 - - - - -] calling wait on _wait /var/lib/kolla/venv/lib/python3.6/site-packages/neutron/service.py:131
2025-09-18 01:45:06.380 25 WARNING amqp [req-1c173fc0-96a0-497f-ad96-b6aa10795634 - - - - -] Received method (60, 30) during closing channel 1. This method will be ignored
2025-09-18 01:45:06.381 25 DEBUG neutron.service [req-1c173fc0-96a0-497f-ad96-b6aa10795634 - - - - -] calling wait on _wait /var/lib/kolla/venv/lib/python3.6/site-packages/neutron/service.py:131
2025-09-18 01:45:06.383 24 WARNING amqp [req-1c173fc0-96a0-497f-ad96-b6aa10795634 - - - - -] Received method (60, 30) during closing channel 1. This method will be ignored
2025-09-18 01:45:06.384 24 DEBUG neutron.service [req-1c173fc0-96a0-497f-ad96-b6aa10795634 - - - - -] calling wait on _wait /var/lib/kolla/venv/lib/python3.6/site-packages/neutron/service.py:131
2025-09-18 01:45:06.385 25 WARNING amqp [req-1c173fc0-96a0-497f-ad96-b6aa10795634 - - - - -] Received method (60, 30) during closing channel 1. This method will be ignored
2025-09-18 01:45:06.386 25 DEBUG neutron.service [req-1c173fc0-96a0-497f-ad96-b6aa10795634 - - - - -] calling wait on _wait /var/lib/kolla/venv/lib/python3.6/site-packages/neutron/service.py:131
2025-09-18 01:45:06.389 24 WARNING amqp [req-1c173fc0-96a0-497f-ad96-b6aa10795634 - - - - -] Received method (60, 30) during closing channel 1. This method will be ignored
2025-09-18 01:45:06.390 24 DEBUG neutron.service [req-1c173fc0-96a0-497f-ad96-b6aa10795634 - - - - -] returning from RpcWorker wait() _wait /var/lib/kolla/venv/lib/python3.6/site-packages/neutron/service.py:135
2025-09-18 01:45:06.392 25 WARNING amqp [req-1c173fc0-96a0-497f-ad96-b6aa10795634 - - - - -] Received method (60, 30) during closing channel 1. This method will be ignored
2025-09-18 01:45:06.393 25 DEBUG neutron.service [req-1c173fc0-96a0-497f-ad96-b6aa10795634 - - - - -] calling wait on _wait /var/lib/kolla/venv/lib/python3.6/site-packages/neutron/service.py:131
2025-09-18 01:45:06.396 7 INFO oslo_service.service [-] Child 24 exited with status 0
2025-09-18 01:45:06.397 25 WARNING amqp [req-1c173fc0-96a0-497f-ad96-b6aa10795634 - - - - -] Received method (60, 30) during closing channel 1. This method will be ignored
2025-09-18 01:45:06.398 25 DEBUG neutron.service [req-1c173fc0-96a0-497f-ad96-b6aa10795634 - - - - -] returning from RpcWorker wait() _wait /var/lib/kolla/venv/lib/python3.6/site-packages/neutron/service.py:135
2025-09-18 01:45:06.403 7 INFO oslo_service.service [-] Child 25 exited with status 0
2025-09-18 01:45:06.404 7 INFO oslo_service.service [-] Wait called after thread killed. Cleaning up.
2025-09-18 01:45:06.404 7 DEBUG oslo_service.service [-] Stop services. stop /var/lib/kolla/venv/lib/python3.6/site-packages/oslo_service/service.py:695
2025-09-18 01:45:06.404 7 DEBUG oslo_service.service [-] Killing children. stop /var/lib/kolla/venv/lib/python3.6/site-packages/oslo_service/service.py:700
2025-09-18 01:45:10.248 7 INFO neutron.common.config [-] Logging enabled!
2025-09-18 01:45:10.248 7 INFO neutron.common.config [-] /var/lib/kolla/venv/bin/neutron-server version 20.5.1.dev23
2025-09-18 01:45:10.248 7 DEBUG neutron.common.config [-] command line: /var/lib/kolla/venv/bin/neutron-server --config-file /etc/neutron/neutron.conf --config-file /etc/neutron/ContrailPlugin.ini --config-file /etc/neutron/api-paste.ini setup_logging /var/lib/kolla/venv/lib/python3.6/site-packages/neutron/common/config.py:115
2025-09-18 01:45:10.252 7 INFO neutron.common.config [-] Logging enabled!
2025-09-18 01:45:10.253 7 INFO neutron.common.config [-] /var/lib/kolla/venv/bin/neutron-server version 20.5.1.dev23
2025-09-18 01:45:10.253 7 DEBUG neutron.common.config [-] command line: /var/lib/kolla/venv/bin/neutron-server --config-file /etc/neutron/neutron.conf --config-file /etc/neutron/ContrailPlugin.ini --config-file /etc/neutron/api-paste.ini setup_logging /var/lib/kolla/venv/lib/python3.6/site-packages/neutron/common/config.py:115
2025-09-18 01:45:10.253 7 DEBUG neutron.common.config [-] ******************************************************************************** log_opt_values /var/lib/kolla/venv/lib/python3.6/site-packages/oslo_config/cfg.py:2589
2025-09-18 01:45:10.253 7 DEBUG neutron.common.config [-] Configuration options gathered from: log_opt_values /var/lib/kolla/venv/lib/python3.6/site-packages/oslo_config/cfg.py:2590
2025-09-18 01:45:10.254 7 DEBUG neutron.common.config [-] command line args: ['--config-file', '/etc/neutron/neutron.conf', '--config-file', '/etc/neutron/ContrailPlugin.ini', '--config-file', '/etc/neutron/api-paste.ini'] log_opt_values /var/lib/kolla/venv/lib/python3.6/site-packages/oslo_config/cfg.py:2591
2025-09-18 01:45:10.254 7 DEBUG neutron.common.config [-] config files: ['/etc/neutron/neutron.conf', '/etc/neutron/ContrailPlugin.ini', '/etc/neutron/api-paste.ini'] log_opt_values /var/lib/kolla/venv/lib/python3.6/site-packages/oslo_config/cfg.py:2593
2025-09-18 01:45:10.254 7 DEBUG neutron.common.config [-] ================================================================================ log_opt_values /var/lib/kolla/venv/lib/python3.6/site-packages/oslo_config/cfg.py:2594
2025-09-18 01:45:10.255 7 DEBUG neutron.common.config [-] allow_bulk = True log_opt_values /var/lib/kolla/venv/lib/python3.6/site-packages/oslo_config/cfg.py:2603
2025-09-18 01:45:10.255 7 WARNING oslo_config.cfg [-] Deprecated: Option "allow_overlapping_ips" from group "DEFAULT" is deprecated for removal. Its value may be silently ignored in the future.
2025-09-18 01:45:10.256 7 DEBUG neutron.common.config [-] allow_overlapping_ips = True log_opt_values /var/lib/kolla/venv/lib/python3.6/site-packages/oslo_config/cfg.py:2603
2025-09-18 01:45:10.256 7 DEBUG neutron.common.config [-] api_extensions_path = /opt/plugin/site-packages/neutron_plugin_contrail/extensions:/opt/plugin/site-packages/neutron_lbaas/extensions log_opt_values /var/lib/kolla/venv/lib/python3.6/site-packages/oslo_config/cfg.py:2603
2025-09-18 01:45:10.256 7 DEBUG neutron.common.config [-] api_paste_config = /etc/neutron/api-paste.ini log_opt_values /var/lib/kolla/venv/lib/python3.6/site-packages/oslo_config/cfg.py:2603
2025-09-18 01:45:10.256 7 DEBUG neutron.common.config [-] api_workers = 1 log_opt_values /var/lib/kolla/venv/lib/python3.6/site-packages/oslo_config/cfg.py:2603
2025-09-18 01:45:10.256 7 DEBUG neutron.common.config [-] auth_strategy = keystone log_opt_values /var/lib/kolla/venv/lib/python3.6/site-packages/oslo_config/cfg.py:2603
2025-09-18 01:45:10.256 7 DEBUG neutron.common.config [-] backlog = 4096 log_opt_values /var/lib/kolla/venv/lib/python3.6/site-packages/oslo_config/cfg.py:2603
2025-09-18 01:45:10.256 7 DEBUG neutron.common.config [-] base_mac = fa:16:3e:00:00:00 log_opt_values /var/lib/kolla/venv/lib/python3.6/site-packages/oslo_config/cfg.py:2603
2025-09-18 01:45:10.256 7 DEBUG neutron.common.config [-] bind_host = 10.0.0.19 log_opt_values /var/lib/kolla/venv/lib/python3.6/site-packages/oslo_config/cfg.py:2603
2025-09-18 01:45:10.257 7 DEBUG neutron.common.config [-] bind_port = 9696 log_opt_values /var/lib/kolla/venv/lib/python3.6/site-packages/oslo_config/cfg.py:2603
2025-09-18 01:45:10.257 7 DEBUG neutron.common.config [-] client_socket_timeout = 900 log_opt_values /var/lib/kolla/venv/lib/python3.6/site-packages/oslo_config/cfg.py:2603
2025-09-18 01:45:10.257 7 DEBUG neutron.common.config [-] config_dir = [] log_opt_values /var/lib/kolla/venv/lib/python3.6/site-packages/oslo_config/cfg.py:2603
