2025-09-15 00:40:56.877 154794 DEBUG oslo_service.service [req-fb282511-014d-46bb-a17f-88b9f6f04e56 - - - - -] command line args: ['--config-file=/etc/nova/nova.conf', '--log-file=/var/log/nova/nova-scheduler.log'] log_opt_values /usr/lib/python3/dist-packages/oslo_config/cfg.py:2591
2025-09-15 00:40:56.878 154794 DEBUG oslo_service.service [req-fb282511-014d-46bb-a17f-88b9f6f04e56 - - - - -] config files: ['/etc/nova/nova.conf'] log_opt_values /usr/lib/python3/dist-packages/oslo_config/cfg.py:2592
2025-09-15 00:40:56.878 154794 DEBUG oslo_service.service [req-fb282511-014d-46bb-a17f-88b9f6f04e56 - - - - -] ================================================================================ log_opt_values /usr/lib/python3/dist-packages/oslo_config/cfg.py:2594
2025-09-15 00:40:56.879 154794 DEBUG oslo_service.service [req-fb282511-014d-46bb-a17f-88b9f6f04e56 - - - - -] allow_resize_to_same_host = False log_opt_values /usr/lib/python3/dist-packages/oslo_config/cfg.py:2602
2025-09-15 00:40:56.879 154794 DEBUG oslo_service.service [req-fb282511-014d-46bb-a17f-88b9f6f04e56 - - - - -] arq_binding_timeout = 300 log_opt_values /usr/lib/python3/dist-packages/oslo_config/cfg.py:2602
2025-09-15 00:40:56.880 154794 DEBUG oslo_service.service [req-fb282511-014d-46bb-a17f-88b9f6f04e56 - - - - -] block_device_allocate_retries = 60 log_opt_values /usr/lib/python3/dist-packages/oslo_config/cfg.py:2602
2025-09-15 00:40:56.880 154794 DEBUG oslo_service.service [req-fb282511-014d-46bb-a17f-88b9f6f04e56 - - - - -] block_device_allocate_retries_interval = 3 log_opt_values /usr/lib/python3/dist-packages/oslo_config/cfg.py:2602
2025-09-15 00:40:56.881 154794 DEBUG oslo_service.service [req-fb282511-014d-46bb-a17f-88b9f6f04e56 - - - - -] cert = self.pem log_opt_values /usr/lib/python3/dist-packages/oslo_config/cfg.py:2602
2025-09-15 00:40:56.881 154794 DEBUG oslo_service.service [req-fb282511-014d-46bb-a17f-88b9f6f04e56 - - - - -] compute_driver = libvirt.LibvirtDriver log_opt_values /usr/lib/python3/dist-packages/oslo_config/cfg.py:2602
2025-09-15 00:40:56.881 154794 DEBUG oslo_service.service [req-fb282511-014d-46bb-a17f-88b9f6f04e56 - - - - -] compute_monitors = [] log_opt_values /usr/lib/python3/dist-packages/oslo_config/cfg.py:2602
2025-09-15 00:40:56.882 154794 DEBUG oslo_service.service [req-fb282511-014d-46bb-a17f-88b9f6f04e56 - - - - -] config_dir = [] log_opt_values /usr/lib/python3/dist-packages/oslo_config/cfg.py:2602
2025-09-15 00:40:56.882 154794 DEBUG oslo_service.service [req-fb282511-014d-46bb-a17f-88b9f6f04e56 - - - - -] config_drive_format = iso9660 log_opt_values /usr/lib/python3/dist-packages/oslo_config/cfg.py:2602
2025-09-15 00:40:56.882 154794 DEBUG oslo_service.service [req-fb282511-014d-46bb-a17f-88b9f6f04e56 - - - - -] config_file = ['/etc/nova/nova.conf'] log_opt_values /usr/lib/python3/dist-packages/oslo_config/cfg.py:2602
2025-09-15 00:40:56.882 155239 DEBUG oslo_db.sqlalchemy.engines [req-0ad14753-65af-46cb-9f7e-e4c064c4722f - - - - -] MySQL server mode set to STRICT_TRANS_TABLES,STRICT_ALL_TABLES,NO_ZERO_IN_DATE,NO_ZERO_DATE,ERROR_FOR_DIVISION_BY_ZERO,TRADITIONAL,NO_ENGINE_SUBSTITUTION _check_effective_sql_mode /usr/lib/python3/dist-packages/oslo_db/sqlalchemy/engines.py:314
2025-09-15 00:40:56.882 154794 DEBUG oslo_service.service [req-fb282511-014d-46bb-a17f-88b9f6f04e56 - - - - -] config_source = [] log_opt_values /usr/lib/python3/dist-packages/oslo_config/cfg.py:2602
2025-09-15 00:40:56.882 154794 DEBUG oslo_service.service [req-fb282511-014d-46bb-a17f-88b9f6f04e56 - - - - -] console_host = juju-5826ca-0-lxd-7 log_opt_values /usr/lib/python3/dist-packages/oslo_config/cfg.py:2602
2025-09-15 00:40:56.883 154794 DEBUG oslo_service.service [req-fb282511-014d-46bb-a17f-88b9f6f04e56 - - - - -] control_exchange = nova log_opt_values /usr/lib/python3/dist-packages/oslo_config/cfg.py:2602
2025-09-15 00:40:56.883 154794 DEBUG oslo_service.service [req-fb282511-014d-46bb-a17f-88b9f6f04e56 - - - - -] cpu_allocation_ratio = 2.0 log_opt_values /usr/lib/python3/dist-packages/oslo_config/cfg.py:2602
2025-09-15 00:40:56.884 154794 DEBUG oslo_service.service [req-fb282511-014d-46bb-a17f-88b9f6f04e56 - - - - -] daemon = False log_opt_values /usr/lib/python3/dist-packages/oslo_config/cfg.py:2602
2025-09-15 00:40:56.884 154794 DEBUG oslo_service.service [req-fb282511-014d-46bb-a17f-88b9f6f04e56 - - - - -] debug = True log_opt_values /usr/lib/python3/dist-packages/oslo_config/cfg.py:2602
2025-09-15 00:40:56.884 154794 DEBUG oslo_service.service [req-fb282511-014d-46bb-a17f-88b9f6f04e56 - - - - -] default_access_ip_network_name = None log_opt_values /usr/lib/python3/dist-packages/oslo_config/cfg.py:2602
2025-09-15 00:40:56.884 154794 DEBUG oslo_service.service [req-fb282511-014d-46bb-a17f-88b9f6f04e56 - - - - -] default_availability_zone = nova log_opt_values /usr/lib/python3/dist-packages/oslo_config/cfg.py:2602
2025-09-15 00:40:56.885 154794 DEBUG oslo_service.service [req-fb282511-014d-46bb-a17f-88b9f6f04e56 - - - - -] default_ephemeral_format = None log_opt_values /usr/lib/python3/dist-packages/oslo_config/cfg.py:2602
2025-09-15 00:40:56.885 154794 DEBUG oslo_service.service [req-fb282511-014d-46bb-a17f-88b9f6f04e56 - - - - -] default_log_levels = ['amqp=WARN', 'amqplib=WARN', 'boto=WARN', 'qpid=WARN', 'sqlalchemy=WARN', 'suds=INFO', 'oslo.messaging=INFO', 'oslo_messaging=DEBUG', 'iso8601=WARN', 'requests.packages.urllib3.connectionpool=WARN', 'urllib3.connectionpool=WARN', 'websocket=WARN', 'requests.packages.urllib3.util.retry=WARN', 'urllib3.util.retry=WARN', 'keystonemiddleware=WARN', 'routes.middleware=WARN', 'stevedore=WARN', 'taskflow=WARN', 'keystoneauth=WARN', 'oslo.cache=INFO', 'dogpile.core.dogpile=INFO', 'glanceclient=WARN', 'oslo.privsep.daemon=INFO'] log_opt_values /usr/lib/python3/dist-packages/oslo_config/cfg.py:2602
2025-09-15 00:40:56.885 154794 DEBUG oslo_service.service [req-fb282511-014d-46bb-a17f-88b9f6f04e56 - - - - -] default_schedule_zone = None log_opt_values /usr/lib/python3/dist-packages/oslo_config/cfg.py:2602
2025-09-15 00:40:56.886 154794 DEBUG oslo_service.service [req-fb282511-014d-46bb-a17f-88b9f6f04e56 - - - - -] disk_allocation_ratio = 1.0 log_opt_values /usr/lib/python3/dist-packages/oslo_config/cfg.py:2602
2025-09-15 00:40:56.886 154794 DEBUG oslo_service.service [req-fb282511-014d-46bb-a17f-88b9f6f04e56 - - - - -] enable_new_services = True log_opt_values /usr/lib/python3/dist-packages/oslo_config/cfg.py:2602
2025-09-15 00:40:56.886 154794 DEBUG oslo_service.service [req-fb282511-014d-46bb-a17f-88b9f6f04e56 - - - - -] enabled_apis = ['osapi_compute', 'metadata'] log_opt_values /usr/lib/python3/dist-packages/oslo_config/cfg.py:2602
2025-09-15 00:40:56.886 154794 DEBUG oslo_service.service [req-fb282511-014d-46bb-a17f-88b9f6f04e56 - - - - -] enabled_ssl_apis = [] log_opt_values /usr/lib/python3/dist-packages/oslo_config/cfg.py:2602
2025-09-15 00:40:56.886 154794 DEBUG oslo_service.service [req-fb282511-014d-46bb-a17f-88b9f6f04e56 - - - - -] fatal_deprecations = False log_opt_values /usr/lib/python3/dist-packages/oslo_config/cfg.py:2602
2025-09-15 00:40:56.887 154794 DEBUG oslo_service.service [req-fb282511-014d-46bb-a17f-88b9f6f04e56 - - - - -] flat_injected = False log_opt_values /usr/lib/python3/dist-packages/oslo_config/cfg.py:2602
2025-09-15 00:40:56.887 154794 DEBUG oslo_service.service [req-fb282511-014d-46bb-a17f-88b9f6f04e56 - - - - -] force_config_drive = False log_opt_values /usr/lib/python3/dist-packages/oslo_config/cfg.py:2602
2025-09-15 00:40:56.887 154794 DEBUG oslo_service.service [req-fb282511-014d-46bb-a17f-88b9f6f04e56 - - - - -] force_raw_images = True log_opt_values /usr/lib/python3/dist-packages/oslo_config/cfg.py:2602
2025-09-15 00:40:56.887 154794 DEBUG oslo_service.service [req-fb282511-014d-46bb-a17f-88b9f6f04e56 - - - - -] graceful_shutdown_timeout = 60 log_opt_values /usr/lib/python3/dist-packages/oslo_config/cfg.py:2602
2025-09-15 00:40:56.888 154794 DEBUG oslo_service.service [req-fb282511-014d-46bb-a17f-88b9f6f04e56 - - - - -] heal_instance_info_cache_interval = 60 log_opt_values /usr/lib/python3/dist-packages/oslo_config/cfg.py:2602
2025-09-15 00:40:56.888 155237 DEBUG nova.service [req-674a2b56-28d6-4824-85c9-3818d184e2b3 - - - - -] Creating RPC server for service scheduler start /usr/lib/python3/dist-packages/nova/service.py:182
2025-09-15 00:40:56.888 154794 DEBUG oslo_service.service [req-fb282511-014d-46bb-a17f-88b9f6f04e56 - - - - -] host = juju-5826ca-0-lxd-7 log_opt_values /usr/lib/python3/dist-packages/oslo_config/cfg.py:2602
2025-09-15 00:40:56.888 154794 DEBUG oslo_service.service [req-fb282511-014d-46bb-a17f-88b9f6f04e56 - - - - -] initial_cpu_allocation_ratio = 16.0 log_opt_values /usr/lib/python3/dist-packages/oslo_config/cfg.py:2602
2025-09-15 00:40:56.888 154794 DEBUG oslo_service.service [req-fb282511-014d-46bb-a17f-88b9f6f04e56 - - - - -] initial_disk_allocation_ratio = 1.0 log_opt_values /usr/lib/python3/dist-packages/oslo_config/cfg.py:2602
2025-09-15 00:40:56.889 154794 DEBUG oslo_service.service [req-fb282511-014d-46bb-a17f-88b9f6f04e56 - - - - -] initial_ram_allocation_ratio = 1.5 log_opt_values /usr/lib/python3/dist-packages/oslo_config/cfg.py:2602
2025-09-15 00:40:56.889 154794 DEBUG oslo_service.service [req-fb282511-014d-46bb-a17f-88b9f6f04e56 - - - - -] injected_network_template = /usr/lib/python3/dist-packages/nova/virt/interfaces.template log_opt_values /usr/lib/python3/dist-packages/oslo_config/cfg.py:2602
2025-09-15 00:40:56.889 154794 DEBUG oslo_service.service [req-fb282511-014d-46bb-a17f-88b9f6f04e56 - - - - -] instance_build_timeout = 0 log_opt_values /usr/lib/python3/dist-packages/oslo_config/cfg.py:2602
2025-09-15 00:40:56.889 154794 DEBUG oslo_service.service [req-fb282511-014d-46bb-a17f-88b9f6f04e56 - - - - -] instance_delete_interval = 300 log_opt_values /usr/lib/python3/dist-packages/oslo_config/cfg.py:2602
2025-09-15 00:40:56.890 154794 DEBUG oslo_service.service [req-fb282511-014d-46bb-a17f-88b9f6f04e56 - - - - -] instance_format = [instance: %(uuid)s] log_opt_values /usr/lib/python3/dist-packages/oslo_config/cfg.py:2602
2025-09-15 00:40:56.890 154794 DEBUG oslo_service.service [req-fb282511-014d-46bb-a17f-88b9f6f04e56 - - - - -] instance_name_template = instance-%08x log_opt_values /usr/lib/python3/dist-packages/oslo_config/cfg.py:2602
2025-09-15 00:40:56.890 154794 DEBUG oslo_service.service [req-fb282511-014d-46bb-a17f-88b9f6f04e56 - - - - -] instance_usage_audit = False log_opt_values /usr/lib/python3/dist-packages/oslo_config/cfg.py:2602
2025-09-15 00:40:56.890 154794 DEBUG oslo_service.service [req-fb282511-014d-46bb-a17f-88b9f6f04e56 - - - - -] instance_usage_audit_period = month log_opt_values /usr/lib/python3/dist-packages/oslo_config/cfg.py:2602
2025-09-15 00:40:56.890 154794 DEBUG oslo_service.service [req-fb282511-014d-46bb-a17f-88b9f6f04e56 - - - - -] instance_uuid_format = [instance: %(uuid)s] log_opt_values /usr/lib/python3/dist-packages/oslo_config/cfg.py:2602
2025-09-15 00:40:56.891 154794 DEBUG oslo_service.service [req-fb282511-014d-46bb-a17f-88b9f6f04e56 - - - - -] instances_path = /var/lib/nova/instances log_opt_values /usr/lib/python3/dist-packages/oslo_config/cfg.py:2602
2025-09-15 00:40:56.891 154794 DEBUG oslo_service.service [req-fb282511-014d-46bb-a17f-88b9f6f04e56 - - - - -] internal_service_availability_zone = internal log_opt_values /usr/lib/python3/dist-packages/oslo_config/cfg.py:2602
2025-09-15 00:40:56.891 154794 DEBUG oslo_service.service [req-fb282511-014d-46bb-a17f-88b9f6f04e56 - - - - -] key = None log_opt_values /usr/lib/python3/dist-packages/oslo_config/cfg.py:2602
2025-09-15 00:40:56.892 154794 DEBUG oslo_service.service [req-fb282511-014d-46bb-a17f-88b9f6f04e56 - - - - -] live_migration_retry_count = 30 log_opt_values /usr/lib/python3/dist-packages/oslo_config/cfg.py:2602
2025-09-15 00:40:56.892 154794 DEBUG oslo_service.service [req-fb282511-014d-46bb-a17f-88b9f6f04e56 - - - - -] log_config_append = None log_opt_values /usr/lib/python3/dist-packages/oslo_config/cfg.py:2602
2025-09-15 00:40:56.892 154794 DEBUG oslo_service.service [req-fb282511-014d-46bb-a17f-88b9f6f04e56 - - - - -] log_date_format = %Y-%m-%d %H:%M:%S log_opt_values /usr/lib/python3/dist-packages/oslo_config/cfg.py:2602
2025-09-15 00:40:56.892 154794 DEBUG oslo_service.service [req-fb282511-014d-46bb-a17f-88b9f6f04e56 - - - - -] log_dir = /var/log/nova log_opt_values /usr/lib/python3/dist-packages/oslo_config/cfg.py:2602
2025-09-15 00:40:56.887 155240 INFO nova.service [-] Starting scheduler node (version 25.2.1)
2025-09-15 00:40:56.893 154794 DEBUG oslo_service.service [req-fb282511-014d-46bb-a17f-88b9f6f04e56 - - - - -] log_file = /var/log/nova/nova-scheduler.log log_opt_values /usr/lib/python3/dist-packages/oslo_config/cfg.py:2602
2025-09-15 00:40:56.893 154794 DEBUG oslo_service.service [req-fb282511-014d-46bb-a17f-88b9f6f04e56 - - - - -] log_options = True log_opt_values /usr/lib/python3/dist-packages/oslo_config/cfg.py:2602
2025-09-15 00:40:56.893 154794 DEBUG oslo_service.service [req-fb282511-014d-46bb-a17f-88b9f6f04e56 - - - - -] log_rotate_interval = 1 log_opt_values /usr/lib/python3/dist-packages/oslo_config/cfg.py:2602
2025-09-15 00:40:56.893 154794 DEBUG oslo_service.service [req-fb282511-014d-46bb-a17f-88b9f6f04e56 - - - - -] log_rotate_interval_type = days log_opt_values /usr/lib/python3/dist-packages/oslo_config/cfg.py:2602
2025-09-15 00:40:56.893 154794 DEBUG oslo_service.service [req-fb282511-014d-46bb-a17f-88b9f6f04e56 - - - - -] log_rotation_type = none log_opt_values /usr/lib/python3/dist-packages/oslo_config/cfg.py:2602
2025-09-15 00:40:56.893 154794 DEBUG oslo_service.service [req-fb282511-014d-46bb-a17f-88b9f6f04e56 - - - - -] logging_context_format_string = %(asctime)s.%(msecs)03d %(process)d %(levelname)s %(name)s [%(request_id)s %(user_identity)s] %(instance)s%(message)s log_opt_values /usr/lib/python3/dist-packages/oslo_config/cfg.py:2602
2025-09-15 00:40:56.894 154794 DEBUG oslo_service.service [req-fb282511-014d-46bb-a17f-88b9f6f04e56 - - - - -] logging_debug_format_suffix = %(funcName)s %(pathname)s:%(lineno)d log_opt_values /usr/lib/python3/dist-packages/oslo_config/cfg.py:2602
2025-09-15 00:40:56.894 155238 DEBUG nova.service [req-6f63271e-2186-41b0-942d-50390f62bdc6 - - - - -] Creating RPC server for service scheduler start /usr/lib/python3/dist-packages/nova/service.py:182
2025-09-15 00:40:56.894 154794 DEBUG oslo_service.service [req-fb282511-014d-46bb-a17f-88b9f6f04e56 - - - - -] logging_default_format_string = %(asctime)s.%(msecs)03d %(process)d %(levelname)s %(name)s [-] %(instance)s%(message)s log_opt_values /usr/lib/python3/dist-packages/oslo_config/cfg.py:2602
2025-09-15 00:40:56.894 154794 DEBUG oslo_service.service [req-fb282511-014d-46bb-a17f-88b9f6f04e56 - - - - -] logging_exception_prefix = %(asctime)s.%(msecs)03d %(process)d ERROR %(name)s %(instance)s log_opt_values /usr/lib/python3/dist-packages/oslo_config/cfg.py:2602
2025-09-15 00:40:56.894 154794 DEBUG oslo_service.service [req-fb282511-014d-46bb-a17f-88b9f6f04e56 - - - - -] logging_user_identity_format = %(user)s %(project)s %(domain)s %(user_domain)s %(project_domain)s log_opt_values /usr/lib/python3/dist-packages/oslo_config/cfg.py:2602
2025-09-15 00:40:56.894 154794 DEBUG oslo_service.service [req-fb282511-014d-46bb-a17f-88b9f6f04e56 - - - - -] long_rpc_timeout = 1800 log_opt_values /usr/lib/python3/dist-packages/oslo_config/cfg.py:2602
2025-09-15 00:40:56.895 154794 DEBUG oslo_service.service [req-fb282511-014d-46bb-a17f-88b9f6f04e56 - - - - -] max_concurrent_builds = 10 log_opt_values /usr/lib/python3/dist-packages/oslo_config/cfg.py:2602
2025-09-15 00:40:56.895 154794 DEBUG oslo_service.service [req-fb282511-014d-46bb-a17f-88b9f6f04e56 - - - - -] max_concurrent_live_migrations = 1 log_opt_values /usr/lib/python3/dist-packages/oslo_config/cfg.py:2602
2025-09-15 00:40:56.895 154794 DEBUG oslo_service.service [req-fb282511-014d-46bb-a17f-88b9f6f04e56 - - - - -] max_concurrent_snapshots = 5 log_opt_values /usr/lib/python3/dist-packages/oslo_config/cfg.py:2602
2025-09-15 00:40:56.895 154794 DEBUG oslo_service.service [req-fb282511-014d-46bb-a17f-88b9f6f04e56 - - - - -] max_local_block_devices = 3 log_opt_values /usr/lib/python3/dist-packages/oslo_config/cfg.py:2602
2025-09-15 00:40:56.895 154794 DEBUG oslo_service.service [req-fb282511-014d-46bb-a17f-88b9f6f04e56 - - - - -] max_logfile_count = 30 log_opt_values /usr/lib/python3/dist-packages/oslo_config/cfg.py:2602
2025-09-15 00:40:56.895 154794 DEBUG oslo_service.service [req-fb282511-014d-46bb-a17f-88b9f6f04e56 - - - - -] max_logfile_size_mb = 200 log_opt_values /usr/lib/python3/dist-packages/oslo_config/cfg.py:2602
2025-09-15 00:40:56.896 154794 DEBUG oslo_service.service [req-fb282511-014d-46bb-a17f-88b9f6f04e56 - - - - -] maximum_instance_delete_attempts = 5 log_opt_values /usr/lib/python3/dist-packages/oslo_config/cfg.py:2602
2025-09-15 00:40:56.896 154794 DEBUG oslo_service.service [req-fb282511-014d-46bb-a17f-88b9f6f04e56 - - - - -] metadata_listen = 0.0.0.0 log_opt_values /usr/lib/python3/dist-packages/oslo_config/cfg.py:2602
2025-09-15 00:40:56.896 154794 DEBUG oslo_service.service [req-fb282511-014d-46bb-a17f-88b9f6f04e56 - - - - -] metadata_listen_port = 8765 log_opt_values /usr/lib/python3/dist-packages/oslo_config/cfg.py:2602
2025-09-15 00:40:56.896 154794 DEBUG oslo_service.service [req-fb282511-014d-46bb-a17f-88b9f6f04e56 - - - - -] metadata_workers = None log_opt_values /usr/lib/python3/dist-packages/oslo_config/cfg.py:2602
2025-09-15 00:40:56.897 154794 DEBUG oslo_service.service [req-fb282511-014d-46bb-a17f-88b9f6f04e56 - - - - -] migrate_max_retries = -1 log_opt_values /usr/lib/python3/dist-packages/oslo_config/cfg.py:2602
2025-09-15 00:40:56.897 154794 DEBUG oslo_service.service [req-fb282511-014d-46bb-a17f-88b9f6f04e56 - - - - -] mkisofs_cmd = genisoimage log_opt_values /usr/lib/python3/dist-packages/oslo_config/cfg.py:2602
2025-09-15 00:40:56.897 154794 DEBUG oslo_service.service [req-fb282511-014d-46bb-a17f-88b9f6f04e56 - - - - -] my_block_storage_ip = 252.19.26.117 log_opt_values /usr/lib/python3/dist-packages/oslo_config/cfg.py:2602
2025-09-15 00:40:56.897 154794 DEBUG oslo_service.service [req-fb282511-014d-46bb-a17f-88b9f6f04e56 - - - - -] my_ip = 252.19.26.117 log_opt_values /usr/lib/python3/dist-packages/oslo_config/cfg.py:2602
2025-09-15 00:40:56.898 154794 DEBUG oslo_service.service [req-fb282511-014d-46bb-a17f-88b9f6f04e56 - - - - -] network_allocate_retries = 0 log_opt_values /usr/lib/python3/dist-packages/oslo_config/cfg.py:2602
2025-09-15 00:40:56.898 154794 DEBUG oslo_service.service [req-fb282511-014d-46bb-a17f-88b9f6f04e56 - - - - -] non_inheritable_image_properties = ['cache_in_nova', 'bittorrent'] log_opt_values /usr/lib/python3/dist-packages/oslo_config/cfg.py:2602
2025-09-15 00:40:56.898 154794 DEBUG oslo_service.service [req-fb282511-014d-46bb-a17f-88b9f6f04e56 - - - - -] osapi_compute_listen = 0.0.0.0 log_opt_values /usr/lib/python3/dist-packages/oslo_config/cfg.py:2602
2025-09-15 00:40:56.898 154794 DEBUG oslo_service.service [req-fb282511-014d-46bb-a17f-88b9f6f04e56 - - - - -] osapi_compute_listen_port = 8764 log_opt_values /usr/lib/python3/dist-packages/oslo_config/cfg.py:2602
2025-09-15 00:40:56.898 154794 DEBUG oslo_service.service [req-fb282511-014d-46bb-a17f-88b9f6f04e56 - - - - -] osapi_compute_unique_server_name_scope = log_opt_values /usr/lib/python3/dist-packages/oslo_config/cfg.py:2602
2025-09-15 00:40:56.898 154794 DEBUG oslo_service.service [req-fb282511-014d-46bb-a17f-88b9f6f04e56 - - - - -] osapi_compute_workers = 4 log_opt_values /usr/lib/python3/dist-packages/oslo_config/cfg.py:2602
2025-09-15 00:40:56.899 154794 DEBUG oslo_service.service [req-fb282511-014d-46bb-a17f-88b9f6f04e56 - - - - -] password_length = 12 log_opt_values /usr/lib/python3/dist-packages/oslo_config/cfg.py:2602
2025-09-15 00:40:56.899 154794 DEBUG oslo_service.service [req-fb282511-014d-46bb-a17f-88b9f6f04e56 - - - - -] periodic_enable = True log_opt_values /usr/lib/python3/dist-packages/oslo_config/cfg.py:2602
2025-09-15 00:40:56.899 154794 DEBUG oslo_service.service [req-fb282511-014d-46bb-a17f-88b9f6f04e56 - - - - -] periodic_fuzzy_delay = 60 log_opt_values /usr/lib/python3/dist-packages/oslo_config/cfg.py:2602
2025-09-15 00:40:56.899 154794 DEBUG oslo_service.service [req-fb282511-014d-46bb-a17f-88b9f6f04e56 - - - - -] pointer_model = usbtablet log_opt_values /usr/lib/python3/dist-packages/oslo_config/cfg.py:2602
2025-09-15 00:40:56.899 154794 DEBUG oslo_service.service [req-fb282511-014d-46bb-a17f-88b9f6f04e56 - - - - -] preallocate_images = none log_opt_values /usr/lib/python3/dist-packages/oslo_config/cfg.py:2602
2025-09-15 00:40:56.900 154794 DEBUG oslo_service.service [req-fb282511-014d-46bb-a17f-88b9f6f04e56 - - - - -] publish_errors = False log_opt_values /usr/lib/python3/dist-packages/oslo_config/cfg.py:2602
2025-09-15 00:40:56.900 154794 DEBUG oslo_service.service [req-fb282511-014d-46bb-a17f-88b9f6f04e56 - - - - -] pybasedir = /usr/lib/python3/dist-packages log_opt_values /usr/lib/python3/dist-packages/oslo_config/cfg.py:2602
2025-09-15 00:40:56.900 154794 DEBUG oslo_service.service [req-fb282511-014d-46bb-a17f-88b9f6f04e56 - - - - -] ram_allocation_ratio = 0.98 log_opt_values /usr/lib/python3/dist-packages/oslo_config/cfg.py:2602
2025-09-15 00:40:56.900 154794 DEBUG oslo_service.service [req-fb282511-014d-46bb-a17f-88b9f6f04e56 - - - - -] rate_limit_burst = 0 log_opt_values /usr/lib/python3/dist-packages/oslo_config/cfg.py:2602
2025-09-15 00:40:56.900 154794 DEBUG oslo_service.service [req-fb282511-014d-46bb-a17f-88b9f6f04e56 - - - - -] rate_limit_except_level = CRITICAL log_opt_values /usr/lib/python3/dist-packages/oslo_config/cfg.py:2602
2025-09-15 00:40:56.901 154794 DEBUG oslo_service.service [req-fb282511-014d-46bb-a17f-88b9f6f04e56 - - - - -] rate_limit_interval = 0 log_opt_values /usr/lib/python3/dist-packages/oslo_config/cfg.py:2602
2025-09-15 00:40:56.901 154794 DEBUG oslo_service.service [req-fb282511-014d-46bb-a17f-88b9f6f04e56 - - - - -] reboot_timeout = 0 log_opt_values /usr/lib/python3/dist-packages/oslo_config/cfg.py:2602
2025-09-15 00:40:56.901 154794 DEBUG oslo_service.service [req-fb282511-014d-46bb-a17f-88b9f6f04e56 - - - - -] reclaim_instance_interval = 0 log_opt_values /usr/lib/python3/dist-packages/oslo_config/cfg.py:2602
2025-09-15 00:40:56.901 154794 DEBUG oslo_service.service [req-fb282511-014d-46bb-a17f-88b9f6f04e56 - - - - -] record = None log_opt_values /usr/lib/python3/dist-packages/oslo_config/cfg.py:2602
2025-09-15 00:40:56.901 154794 DEBUG oslo_service.service [req-fb282511-014d-46bb-a17f-88b9f6f04e56 - - - - -] report_interval = 10 log_opt_values /usr/lib/python3/dist-packages/oslo_config/cfg.py:2602
2025-09-15 00:40:56.901 154794 DEBUG oslo_service.service [req-fb282511-014d-46bb-a17f-88b9f6f04e56 - - - - -] rescue_timeout = 0 log_opt_values /usr/lib/python3/dist-packages/oslo_config/cfg.py:2602
2025-09-15 00:40:56.902 154794 DEBUG oslo_service.service [req-fb282511-014d-46bb-a17f-88b9f6f04e56 - - - - -] reserved_host_cpus = 0 log_opt_values /usr/lib/python3/dist-packages/oslo_config/cfg.py:2602
2025-09-15 00:40:56.902 154794 DEBUG oslo_service.service [req-fb282511-014d-46bb-a17f-88b9f6f04e56 - - - - -] reserved_host_disk_mb = 0 log_opt_values /usr/lib/python3/dist-packages/oslo_config/cfg.py:2602
2025-09-15 00:40:56.902 155239 DEBUG nova.service [req-0ad14753-65af-46cb-9f7e-e4c064c4722f - - - - -] Creating RPC server for service scheduler start /usr/lib/python3/dist-packages/nova/service.py:182
2025-09-15 00:40:56.902 154794 DEBUG oslo_service.service [req-fb282511-014d-46bb-a17f-88b9f6f04e56 - - - - -] reserved_host_memory_mb = 512 log_opt_values /usr/lib/python3/dist-packages/oslo_config/cfg.py:2602
2025-09-15 00:40:56.902 154794 DEBUG oslo_service.service [req-fb282511-014d-46bb-a17f-88b9f6f04e56 - - - - -] reserved_huge_pages = None log_opt_values /usr/lib/python3/dist-packages/oslo_config/cfg.py:2602
2025-09-15 00:40:56.902 154794 DEBUG oslo_service.service [req-fb282511-014d-46bb-a17f-88b9f6f04e56 - - - - -] resize_confirm_window = 0 log_opt_values /usr/lib/python3/dist-packages/oslo_config/cfg.py:2602
2025-09-15 00:40:56.902 154794 DEBUG oslo_service.service [req-fb282511-014d-46bb-a17f-88b9f6f04e56 - - - - -] resize_fs_using_block_device = False log_opt_values /usr/lib/python3/dist-packages/oslo_config/cfg.py:2602
2025-09-15 00:40:56.903 154794 DEBUG oslo_service.service [req-fb282511-014d-46bb-a17f-88b9f6f04e56 - - - - -] resume_guests_state_on_host_boot = False log_opt_values /usr/lib/python3/dist-packages/oslo_config/cfg.py:2602
2025-09-15 00:40:56.903 154794 DEBUG oslo_service.service [req-fb282511-014d-46bb-a17f-88b9f6f04e56 - - - - -] rootwrap_config = /etc/nova/rootwrap.conf log_opt_values /usr/lib/python3/dist-packages/oslo_config/cfg.py:2602
2025-09-15 00:40:56.903 154794 DEBUG oslo_service.service [req-fb282511-014d-46bb-a17f-88b9f6f04e56 - - - - -] run_external_periodic_tasks = True log_opt_values /usr/lib/python3/dist-packages/oslo_config/cfg.py:2602
2025-09-15 00:40:56.903 154794 DEBUG oslo_service.service [req-fb282511-014d-46bb-a17f-88b9f6f04e56 - - - - -] running_deleted_instance_action = reap log_opt_values /usr/lib/python3/dist-packages/oslo_config/cfg.py:2602
2025-09-15 00:40:56.903 154794 DEBUG oslo_service.service [req-fb282511-014d-46bb-a17f-88b9f6f04e56 - - - - -] running_deleted_instance_poll_interval = 1800 log_opt_values /usr/lib/python3/dist-packages/oslo_config/cfg.py:2602
2025-09-15 00:40:56.904 154794 DEBUG oslo_service.service [req-fb282511-014d-46bb-a17f-88b9f6f04e56 - - - - -] running_deleted_instance_timeout = 0 log_opt_values /usr/lib/python3/dist-packages/oslo_config/cfg.py:2602
2025-09-15 00:40:56.904 154794 DEBUG oslo_service.service [req-fb282511-014d-46bb-a17f-88b9f6f04e56 - - - - -] scheduler_instance_sync_interval = 120 log_opt_values /usr/lib/python3/dist-packages/oslo_config/cfg.py:2602
2025-09-15 00:40:56.904 154794 DEBUG oslo_service.service [req-fb282511-014d-46bb-a17f-88b9f6f04e56 - - - - -] service_down_time = 60 log_opt_values /usr/lib/python3/dist-packages/oslo_config/cfg.py:2602
2025-09-15 00:40:56.904 154794 DEBUG oslo_service.service [req-fb282511-014d-46bb-a17f-88b9f6f04e56 - - - - -] servicegroup_driver = db log_opt_values /usr/lib/python3/dist-packages/oslo_config/cfg.py:2602
2025-09-15 00:40:56.904 154794 DEBUG oslo_service.service [req-fb282511-014d-46bb-a17f-88b9f6f04e56 - - - - -] shelved_offload_time = 0 log_opt_values /usr/lib/python3/dist-packages/oslo_config/cfg.py:2602
2025-09-15 00:40:56.904 154794 DEBUG oslo_service.service [req-fb282511-014d-46bb-a17f-88b9f6f04e56 - - - - -] shelved_poll_interval = 3600 log_opt_values /usr/lib/python3/dist-packages/oslo_config/cfg.py:2602
2025-09-15 00:40:56.905 154794 DEBUG oslo_service.service [req-fb282511-014d-46bb-a17f-88b9f6f04e56 - - - - -] shutdown_timeout = 60 log_opt_values /usr/lib/python3/dist-packages/oslo_config/cfg.py:2602
2025-09-15 00:40:56.905 154794 DEBUG oslo_service.service [req-fb282511-014d-46bb-a17f-88b9f6f04e56 - - - - -] source_is_ipv6 = False log_opt_values /usr/lib/python3/dist-packages/oslo_config/cfg.py:2602
2025-09-15 00:40:56.905 154794 DEBUG oslo_service.service [req-fb282511-014d-46bb-a17f-88b9f6f04e56 - - - - -] ssl_only = False log_opt_values /usr/lib/python3/dist-packages/oslo_config/cfg.py:2602
2025-09-15 00:40:56.905 154794 DEBUG oslo_service.service [req-fb282511-014d-46bb-a17f-88b9f6f04e56 - - - - -] state_path = /var/lib/nova log_opt_values /usr/lib/python3/dist-packages/oslo_config/cfg.py:2602
2025-09-15 00:40:56.905 154794 DEBUG oslo_service.service [req-fb282511-014d-46bb-a17f-88b9f6f04e56 - - - - -] sync_power_state_interval = 600 log_opt_values /usr/lib/python3/dist-packages/oslo_config/cfg.py:2602
2025-09-15 00:40:56.905 154794 DEBUG oslo_service.service [req-fb282511-014d-46bb-a17f-88b9f6f04e56 - - - - -] sync_power_state_pool_size = 1000 log_opt_values /usr/lib/python3/dist-packages/oslo_config/cfg.py:2602
2025-09-15 00:40:56.906 154794 DEBUG oslo_service.service [req-fb282511-014d-46bb-a17f-88b9f6f04e56 - - - - -] syslog_log_facility = LOG_USER log_opt_values /usr/lib/python3/dist-packages/oslo_config/cfg.py:2602
2025-09-15 00:40:56.906 154794 DEBUG oslo_service.service [req-fb282511-014d-46bb-a17f-88b9f6f04e56 - - - - -] tempdir = None log_opt_values /usr/lib/python3/dist-packages/oslo_config/cfg.py:2602
2025-09-15 00:40:56.906 154794 DEBUG oslo_service.service [req-fb282511-014d-46bb-a17f-88b9f6f04e56 - - - - -] timeout_nbd = 10 log_opt_values /usr/lib/python3/dist-packages/oslo_config/cfg.py:2602
2025-09-15 00:40:56.907 154794 DEBUG oslo_service.service [req-fb282511-014d-46bb-a17f-88b9f6f04e56 - - - - -] transport_url = **** log_opt_values /usr/lib/python3/dist-packages/oslo_config/cfg.py:2602
2025-09-15 00:40:56.907 154794 DEBUG oslo_service.service [req-fb282511-014d-46bb-a17f-88b9f6f04e56 - - - - -] update_resources_interval = 0 log_opt_values /usr/lib/python3/dist-packages/oslo_config/cfg.py:2602
2025-09-15 00:40:56.908 154794 DEBUG oslo_service.service [req-fb282511-014d-46bb-a17f-88b9f6f04e56 - - - - -] use_cow_images = True log_opt_values /usr/lib/python3/dist-packages/oslo_config/cfg.py:2602
2025-09-15 00:40:56.909 154794 DEBUG oslo_service.service [req-fb282511-014d-46bb-a17f-88b9f6f04e56 - - - - -] use_eventlog = False log_opt_values /usr/lib/python3/dist-packages/oslo_config/cfg.py:2602
2025-09-15 00:40:56.911 155240 DEBUG oslo_db.sqlalchemy.engines [req-83c54cb9-4374-47ff-b5fe-0a7f14f75896 - - - - -] MySQL server mode set to STRICT_TRANS_TABLES,STRICT_ALL_TABLES,NO_ZERO_IN_DATE,NO_ZERO_DATE,ERROR_FOR_DIVISION_BY_ZERO,TRADITIONAL,NO_ENGINE_SUBSTITUTION _check_effective_sql_mode /usr/lib/python3/dist-packages/oslo_db/sqlalchemy/engines.py:314
2025-09-15 00:40:56.909 154794 DEBUG oslo_service.service [req-fb282511-014d-46bb-a17f-88b9f6f04e56 - - - - -] use_journal = False log_opt_values /usr/lib/python3/dist-packages/oslo_config/cfg.py:2602
2025-09-15 00:40:56.914 154794 DEBUG oslo_service.service [req-fb282511-014d-46bb-a17f-88b9f6f04e56 - - - - -] use_json = False log_opt_values /usr/lib/python3/dist-packages/oslo_config/cfg.py:2602
2025-09-15 00:40:56.921 154794 DEBUG oslo_service.service [req-fb282511-014d-46bb-a17f-88b9f6f04e56 - - - - -] use_rootwrap_daemon = False log_opt_values /usr/lib/python3/dist-packages/oslo_config/cfg.py:2602
2025-09-15 00:40:56.922 154794 DEBUG oslo_service.service [req-fb282511-014d-46bb-a17f-88b9f6f04e56 - - - - -] use_stderr = False log_opt_values /usr/lib/python3/dist-packages/oslo_config/cfg.py:2602
2025-09-15 00:40:56.922 154794 DEBUG oslo_service.service [req-fb282511-014d-46bb-a17f-88b9f6f04e56 - - - - -] use_syslog = False log_opt_values /usr/lib/python3/dist-packages/oslo_config/cfg.py:2602
2025-09-15 00:40:56.922 154794 DEBUG oslo_service.service [req-fb282511-014d-46bb-a17f-88b9f6f04e56 - - - - -] vcpu_pin_set = None log_opt_values /usr/lib/python3/dist-packages/oslo_config/cfg.py:2602
2025-09-15 00:40:56.922 154794 DEBUG oslo_service.service [req-fb282511-014d-46bb-a17f-88b9f6f04e56 - - - - -] vif_plugging_is_fatal = True log_opt_values /usr/lib/python3/dist-packages/oslo_config/cfg.py:2602
2025-09-15 00:40:56.922 155238 DEBUG oslo_messaging._drivers.amqpdriver [-] Listener is running poll /usr/lib/python3/dist-packages/oslo_messaging/_drivers/amqpdriver.py:343
2025-09-15 00:40:56.922 154794 DEBUG oslo_service.service [req-fb282511-014d-46bb-a17f-88b9f6f04e56 - - - - -] vif_plugging_timeout = 300 log_opt_values /usr/lib/python3/dist-packages/oslo_config/cfg.py:2602
2025-09-15 00:40:56.923 154794 DEBUG oslo_service.service [req-fb282511-014d-46bb-a17f-88b9f6f04e56 - - - - -] virt_mkfs = [] log_opt_values /usr/lib/python3/dist-packages/oslo_config/cfg.py:2602
2025-09-15 00:40:56.923 155238 DEBUG oslo_messaging._drivers.amqpdriver [-] AMQPListener connection consume poll /usr/lib/python3/dist-packages/oslo_messaging/_drivers/amqpdriver.py:357
2025-09-15 00:40:56.923 154794 DEBUG oslo_service.service [req-fb282511-014d-46bb-a17f-88b9f6f04e56 - - - - -] volume_usage_poll_interval = 0 log_opt_values /usr/lib/python3/dist-packages/oslo_config/cfg.py:2602
2025-09-15 00:40:56.923 154794 DEBUG oslo_service.service [req-fb282511-014d-46bb-a17f-88b9f6f04e56 - - - - -] watch_log_file = False log_opt_values /usr/lib/python3/dist-packages/oslo_config/cfg.py:2602
2025-09-15 00:40:56.923 154794 DEBUG oslo_service.service [req-fb282511-014d-46bb-a17f-88b9f6f04e56 - - - - -] web = /usr/share/spice-html5 log_opt_values /usr/lib/python3/dist-packages/oslo_config/cfg.py:2602
2025-09-15 00:40:56.923 154794 DEBUG oslo_service.service [req-fb282511-014d-46bb-a17f-88b9f6f04e56 - - - - -] oslo_concurrency.disable_process_locking = False log_opt_values /usr/lib/python3/dist-packages/oslo_config/cfg.py:2609
2025-09-15 00:40:56.924 154794 DEBUG oslo_service.service [req-fb282511-014d-46bb-a17f-88b9f6f04e56 - - - - -] oslo_concurrency.lock_path = /var/lock/nova log_opt_values /usr/lib/python3/dist-packages/oslo_config/cfg.py:2609
2025-09-15 00:40:56.924 155237 DEBUG oslo_messaging._drivers.amqpdriver [-] Listener is running poll /usr/lib/python3/dist-packages/oslo_messaging/_drivers/amqpdriver.py:343
2025-09-15 00:40:56.924 155237 DEBUG oslo_messaging._drivers.amqpdriver [-] AMQPListener connection consume poll /usr/lib/python3/dist-packages/oslo_messaging/_drivers/amqpdriver.py:357
2025-09-15 00:40:56.925 155237 DEBUG nova.service [req-674a2b56-28d6-4824-85c9-3818d184e2b3 - - - - -] Join ServiceGroup membership for this service scheduler start /usr/lib/python3/dist-packages/nova/service.py:199
2025-09-15 00:40:56.926 155237 DEBUG nova.servicegroup.drivers.db [req-674a2b56-28d6-4824-85c9-3818d184e2b3 - - - - -] DB_Driver: join new ServiceGroup member juju-5826ca-0-lxd-7 to the scheduler group, service = join /usr/lib/python3/dist-packages/nova/servicegroup/drivers/db.py:44
2025-09-15 00:40:56.925 155238 DEBUG nova.service [req-6f63271e-2186-41b0-942d-50390f62bdc6 - - - - -] Join ServiceGroup membership for this service scheduler start /usr/lib/python3/dist-packages/nova/service.py:199
2025-09-15 00:40:56.926 155238 DEBUG nova.servicegroup.drivers.db [req-6f63271e-2186-41b0-942d-50390f62bdc6 - - - - -] DB_Driver: join new ServiceGroup member juju-5826ca-0-lxd-7 to the scheduler group, service = join /usr/lib/python3/dist-packages/nova/servicegroup/drivers/db.py:44
2025-09-15 00:40:56.927 154794 WARNING oslo_config.cfg [req-fb282511-014d-46bb-a17f-88b9f6f04e56 - - - - -] Deprecated: Option "auth_strategy" from group "api" is deprecated for removal ( The only non-default choice, ``noauth2``, is for internal development and testing purposes only and should not be used in deployments. This option and its middleware, NoAuthMiddleware[V2_18], will be removed in a future release. ). Its value may be silently ignored in the future.
2025-09-15 00:40:56.927 155238 DEBUG oslo_messaging._drivers.amqpdriver [-] AMQPListener connection timeout poll /usr/lib/python3/dist-packages/oslo_messaging/_drivers/amqpdriver.py:360
2025-09-15 00:40:56.927 154794 DEBUG oslo_service.service [req-fb282511-014d-46bb-a17f-88b9f6f04e56 - - - - -] api.auth_strategy = keystone log_opt_values /usr/lib/python3/dist-packages/oslo_config/cfg.py:2609
2025-09-15 00:40:56.927 155238 DEBUG oslo_messaging._drivers.amqpdriver [-] Listener is running poll /usr/lib/python3/dist-packages/oslo_messaging/_drivers/amqpdriver.py:343
2025-09-15 00:40:56.927 155238 DEBUG oslo_messaging._drivers.amqpdriver [-] AMQPListener connection consume poll /usr/lib/python3/dist-packages/oslo_messaging/_drivers/amqpdriver.py:357
2025-09-15 00:40:56.927 154794 DEBUG oslo_service.service [req-fb282511-014d-46bb-a17f-88b9f6f04e56 - - - - -] api.compute_link_prefix = None log_opt_values /usr/lib/python3/dist-packages/oslo_config/cfg.py:2609
2025-09-15 00:40:56.927 154794 DEBUG oslo_service.service [req-fb282511-014d-46bb-a17f-88b9f6f04e56 - - - - -] api.config_drive_skip_versions = 1.0 2007-01-19 2007-03-01 2007-08-29 2007-10-10 2007-12-15 2008-02-01 2008-09-01 log_opt_values /usr/lib/python3/dist-packages/oslo_config/cfg.py:2609
2025-09-15 00:40:56.928 155237 DEBUG oslo_messaging._drivers.amqpdriver [-] AMQPListener connection timeout poll /usr/lib/python3/dist-packages/oslo_messaging/_drivers/amqpdriver.py:360
2025-09-15 00:40:56.928 154794 DEBUG oslo_service.service [req-fb282511-014d-46bb-a17f-88b9f6f04e56 - - - - -] api.dhcp_domain = novalocal log_opt_values /usr/lib/python3/dist-packages/oslo_config/cfg.py:2609
2025-09-15 00:40:56.928 155237 DEBUG oslo_messaging._drivers.amqpdriver [-] Listener is running poll /usr/lib/python3/dist-packages/oslo_messaging/_drivers/amqpdriver.py:343
2025-09-15 00:40:56.928 155237 DEBUG oslo_messaging._drivers.amqpdriver [-] AMQPListener connection consume poll /usr/lib/python3/dist-packages/oslo_messaging/_drivers/amqpdriver.py:357
2025-09-15 00:40:56.928 154794 DEBUG oslo_service.service [req-fb282511-014d-46bb-a17f-88b9f6f04e56 - - - - -] api.enable_instance_password = True log_opt_values /usr/lib/python3/dist-packages/oslo_config/cfg.py:2609
2025-09-15 00:40:56.928 154794 DEBUG oslo_service.service [req-fb282511-014d-46bb-a17f-88b9f6f04e56 - - - - -] api.glance_link_prefix = None log_opt_values /usr/lib/python3/dist-packages/oslo_config/cfg.py:2609
2025-09-15 00:40:56.928 154794 DEBUG oslo_service.service [req-fb282511-014d-46bb-a17f-88b9f6f04e56 - - - - -] api.instance_list_cells_batch_fixed_size = 100 log_opt_values /usr/lib/python3/dist-packages/oslo_config/cfg.py:2609
2025-09-15 00:40:56.928 154794 DEBUG oslo_service.service [req-fb282511-014d-46bb-a17f-88b9f6f04e56 - - - - -] api.instance_list_cells_batch_strategy = distributed log_opt_values /usr/lib/python3/dist-packages/oslo_config/cfg.py:2609
2025-09-15 00:40:56.929 154794 DEBUG oslo_service.service [req-fb282511-014d-46bb-a17f-88b9f6f04e56 - - - - -] api.instance_list_per_project_cells = False log_opt_values /usr/lib/python3/dist-packages/oslo_config/cfg.py:2609
2025-09-15 00:40:56.929 154794 DEBUG oslo_service.service [req-fb282511-014d-46bb-a17f-88b9f6f04e56 - - - - -] api.list_records_by_skipping_down_cells = True log_opt_values /usr/lib/python3/dist-packages/oslo_config/cfg.py:2609
2025-09-15 00:40:56.929 155240 DEBUG nova.service [req-83c54cb9-4374-47ff-b5fe-0a7f14f75896 - - - - -] Creating RPC server for service scheduler start /usr/lib/python3/dist-packages/nova/service.py:182
2025-09-15 00:40:56.929 154794 DEBUG oslo_service.service [req-fb282511-014d-46bb-a17f-88b9f6f04e56 - - - - -] api.local_metadata_per_cell = False log_opt_values /usr/lib/python3/dist-packages/oslo_config/cfg.py:2609
2025-09-15 00:40:56.929 154794 DEBUG oslo_service.service [req-fb282511-014d-46bb-a17f-88b9f6f04e56 - - - - -] api.max_limit = 1000 log_opt_values /usr/lib/python3/dist-packages/oslo_config/cfg.py:2609
2025-09-15 00:40:56.929 154794 DEBUG oslo_service.service [req-fb282511-014d-46bb-a17f-88b9f6f04e56 - - - - -] api.metadata_cache_expiration = 15 log_opt_values /usr/lib/python3/dist-packages/oslo_config/cfg.py:2609
2025-09-15 00:40:56.930 154794 DEBUG oslo_service.service [req-fb282511-014d-46bb-a17f-88b9f6f04e56 - - - - -] api.neutron_default_tenant_id = default log_opt_values /usr/lib/python3/dist-packages/oslo_config/cfg.py:2609
2025-09-15 00:40:56.930 154794 DEBUG oslo_service.service [req-fb282511-014d-46bb-a17f-88b9f6f04e56 - - - - -] api.use_forwarded_for = False log_opt_values /usr/lib/python3/dist-packages/oslo_config/cfg.py:2609
2025-09-15 00:40:56.930 154794 DEBUG oslo_service.service [req-fb282511-014d-46bb-a17f-88b9f6f04e56 - - - - -] api.use_neutron_default_nets = False log_opt_values /usr/lib/python3/dist-packages/oslo_config/cfg.py:2609
2025-09-15 00:40:56.930 155239 DEBUG oslo_messaging._drivers.amqpdriver [-] Listener is running poll /usr/lib/python3/dist-packages/oslo_messaging/_drivers/amqpdriver.py:343
2025-09-15 00:40:56.930 154794 DEBUG oslo_service.service [req-fb282511-014d-46bb-a17f-88b9f6f04e56 - - - - -] api.vendordata_dynamic_connect_timeout = 5 log_opt_values /usr/lib/python3/dist-packages/oslo_config/cfg.py:2609
2025-09-15 00:40:56.930 154794 DEBUG oslo_service.service [req-fb282511-014d-46bb-a17f-88b9f6f04e56 - - - - -] api.vendordata_dynamic_failure_fatal = False log_opt_values /usr/lib/python3/dist-packages/oslo_config/cfg.py:2609
2025-09-15 00:40:56.930 155239 DEBUG oslo_messaging._drivers.amqpdriver [-] AMQPListener connection consume poll /usr/lib/python3/dist-packages/oslo_messaging/_drivers/amqpdriver.py:357
2025-09-15 00:40:56.931 154794 DEBUG oslo_service.service [req-fb282511-014d-46bb-a17f-88b9f6f04e56 - - - - -] api.vendordata_dynamic_read_timeout = 5 log_opt_values /usr/lib/python3/dist-packages/oslo_config/cfg.py:2609
2025-09-15 00:40:56.931 154794 DEBUG oslo_service.service [req-fb282511-014d-46bb-a17f-88b9f6f04e56 - - - - -] api.vendordata_dynamic_ssl_certfile = log_opt_values /usr/lib/python3/dist-packages/oslo_config/cfg.py:2609
2025-09-15 00:40:56.931 154794 DEBUG oslo_service.service [req-fb282511-014d-46bb-a17f-88b9f6f04e56 - - - - -] api.vendordata_dynamic_targets = [] log_opt_values /usr/lib/python3/dist-packages/oslo_config/cfg.py:2609
2025-09-15 00:40:56.931 154794 DEBUG oslo_service.service [req-fb282511-014d-46bb-a17f-88b9f6f04e56 - - - - -] api.vendordata_jsonfile_path = None log_opt_values /usr/lib/python3/dist-packages/oslo_config/cfg.py:2609
2025-09-15 00:40:56.931 154794 DEBUG oslo_service.service [req-fb282511-014d-46bb-a17f-88b9f6f04e56 - - - - -] api.vendordata_providers = ['StaticJSON'] log_opt_values /usr/lib/python3/dist-packages/oslo_config/cfg.py:2609
2025-09-15 00:40:56.931 154794 DEBUG oslo_service.service [req-fb282511-014d-46bb-a17f-88b9f6f04e56 - - - - -] cache.backend = dogpile.cache.null log_opt_values /usr/lib/python3/dist-packages/oslo_config/cfg.py:2609
2025-09-15 00:40:56.932 154794 DEBUG oslo_service.service [req-fb282511-014d-46bb-a17f-88b9f6f04e56 - - - - -] cache.backend_argument = **** log_opt_values /usr/lib/python3/dist-packages/oslo_config/cfg.py:2609
2025-09-15 00:40:56.931 155239 DEBUG nova.service [req-0ad14753-65af-46cb-9f7e-e4c064c4722f - - - - -] Join ServiceGroup membership for this service scheduler start /usr/lib/python3/dist-packages/nova/service.py:199
2025-09-15 00:40:56.932 154794 DEBUG oslo_service.service [req-fb282511-014d-46bb-a17f-88b9f6f04e56 - - - - -] cache.config_prefix = cache.oslo log_opt_values /usr/lib/python3/dist-packages/oslo_config/cfg.py:2609
2025-09-15 00:40:56.932 154794 DEBUG oslo_service.service [req-fb282511-014d-46bb-a17f-88b9f6f04e56 - - - - -] cache.debug_cache_backend = False log_opt_values /usr/lib/python3/dist-packages/oslo_config/cfg.py:2609
2025-09-15 00:40:56.932 155239 DEBUG nova.servicegroup.drivers.db [req-0ad14753-65af-46cb-9f7e-e4c064c4722f - - - - -] DB_Driver: join new ServiceGroup member juju-5826ca-0-lxd-7 to the scheduler group, service = join /usr/lib/python3/dist-packages/nova/servicegroup/drivers/db.py:44
2025-09-15 00:40:56.932 154794 DEBUG oslo_service.service [req-fb282511-014d-46bb-a17f-88b9f6f04e56 - - - - -] cache.enabled = False log_opt_values /usr/lib/python3/dist-packages/oslo_config/cfg.py:2609
2025-09-15 00:40:56.932 154794 DEBUG oslo_service.service [req-fb282511-014d-46bb-a17f-88b9f6f04e56 - - - - -] cache.expiration_time = 600 log_opt_values /usr/lib/python3/dist-packages/oslo_config/cfg.py:2609
2025-09-15 00:40:56.932 154794 DEBUG oslo_service.service [req-fb282511-014d-46bb-a17f-88b9f6f04e56 - - - - -] cache.memcache_dead_retry = 300 log_opt_values /usr/lib/python3/dist-packages/oslo_config/cfg.py:2609
2025-09-15 00:40:56.933 154794 DEBUG oslo_service.service [req-fb282511-014d-46bb-a17f-88b9f6f04e56 - - - - -] cache.memcache_pool_connection_get_timeout = 10 log_opt_values /usr/lib/python3/dist-packages/oslo_config/cfg.py:2609
2025-09-15 00:40:56.933 154794 DEBUG oslo_service.service [req-fb282511-014d-46bb-a17f-88b9f6f04e56 - - - - -] cache.memcache_pool_flush_on_reconnect = False log_opt_values /usr/lib/python3/dist-packages/oslo_config/cfg.py:2609
2025-09-15 00:40:56.933 154794 DEBUG oslo_service.service [req-fb282511-014d-46bb-a17f-88b9f6f04e56 - - - - -] cache.memcache_pool_maxsize = 10 log_opt_values /usr/lib/python3/dist-packages/oslo_config/cfg.py:2609
2025-09-15 00:40:56.933 154794 DEBUG oslo_service.service [req-fb282511-014d-46bb-a17f-88b9f6f04e56 - - - - -] cache.memcache_pool_unused_timeout = 60 log_opt_values /usr/lib/python3/dist-packages/oslo_config/cfg.py:2609
2025-09-15 00:40:56.933 154794 DEBUG oslo_service.service [req-fb282511-014d-46bb-a17f-88b9f6f04e56 - - - - -] cache.memcache_servers = ['localhost:11211'] log_opt_values /usr/lib/python3/dist-packages/oslo_config/cfg.py:2609
2025-09-15 00:40:56.933 154794 DEBUG oslo_service.service [req-fb282511-014d-46bb-a17f-88b9f6f04e56 - - - - -] cache.memcache_socket_timeout = 1.0 log_opt_values /usr/lib/python3/dist-packages/oslo_config/cfg.py:2609
2025-09-15 00:40:56.934 154794 DEBUG oslo_service.service [req-fb282511-014d-46bb-a17f-88b9f6f04e56 - - - - -] cache.proxies = [] log_opt_values /usr/lib/python3/dist-packages/oslo_config/cfg.py:2609
2025-09-15 00:40:56.934 154794 DEBUG oslo_service.service [req-fb282511-014d-46bb-a17f-88b9f6f04e56 - - - - -] cache.tls_allowed_ciphers = None log_opt_values /usr/lib/python3/dist-packages/oslo_config/cfg.py:2609
2025-09-15 00:40:56.934 154794 DEBUG oslo_service.service [req-fb282511-014d-46bb-a17f-88b9f6f04e56 - - - - -] cache.tls_cafile = None log_opt_values /usr/lib/python3/dist-packages/oslo_config/cfg.py:2609
2025-09-15 00:40:56.934 154794 DEBUG oslo_service.service [req-fb282511-014d-46bb-a17f-88b9f6f04e56 - - - - -] cache.tls_certfile = None log_opt_values /usr/lib/python3/dist-packages/oslo_config/cfg.py:2609
2025-09-15 00:40:56.934 155239 DEBUG oslo_messaging._drivers.amqpdriver [-] AMQPListener connection timeout poll /usr/lib/python3/dist-packages/oslo_messaging/_drivers/amqpdriver.py:360
2025-09-15 00:40:56.934 154794 DEBUG oslo_service.service [req-fb282511-014d-46bb-a17f-88b9f6f04e56 - - - - -] cache.tls_enabled = False log_opt_values /usr/lib/python3/dist-packages/oslo_config/cfg.py:2609
2025-09-15 00:40:56.934 154794 DEBUG oslo_service.service [req-fb282511-014d-46bb-a17f-88b9f6f04e56 - - - - -] cache.tls_keyfile = None log_opt_values /usr/lib/python3/dist-packages/oslo_config/cfg.py:2609
2025-09-15 00:40:56.934 155239 DEBUG oslo_messaging._drivers.amqpdriver [-] Listener is running poll /usr/lib/python3/dist-packages/oslo_messaging/_drivers/amqpdriver.py:343
2025-09-15 00:40:56.935 154794 DEBUG oslo_service.service [req-fb282511-014d-46bb-a17f-88b9f6f04e56 - - - - -] cinder.auth_section = None log_opt_values /usr/lib/python3/dist-packages/oslo_config/cfg.py:2609
2025-09-15 00:40:56.935 155239 DEBUG oslo_messaging._drivers.amqpdriver [-] AMQPListener connection consume poll /usr/lib/python3/dist-packages/oslo_messaging/_drivers/amqpdriver.py:357
2025-09-15 00:40:56.935 154794 DEBUG oslo_service.service [req-fb282511-014d-46bb-a17f-88b9f6f04e56 - - - - -] cinder.auth_type = None log_opt_values /usr/lib/python3/dist-packages/oslo_config/cfg.py:2609
2025-09-15 00:40:56.935 154794 DEBUG oslo_service.service [req-fb282511-014d-46bb-a17f-88b9f6f04e56 - - - - -] cinder.cafile = None log_opt_values /usr/lib/python3/dist-packages/oslo_config/cfg.py:2609
2025-09-15 00:40:56.935 154794 DEBUG oslo_service.service [req-fb282511-014d-46bb-a17f-88b9f6f04e56 - - - - -] cinder.catalog_info = volumev3::publicURL log_opt_values /usr/lib/python3/dist-packages/oslo_config/cfg.py:2609
2025-09-15 00:40:56.935 154794 DEBUG oslo_service.service [req-fb282511-014d-46bb-a17f-88b9f6f04e56 - - - - -] cinder.certfile = None log_opt_values /usr/lib/python3/dist-packages/oslo_config/cfg.py:2609
2025-09-15 00:40:56.935 154794 DEBUG oslo_service.service [req-fb282511-014d-46bb-a17f-88b9f6f04e56 - - - - -] cinder.collect_timing = False log_opt_values /usr/lib/python3/dist-packages/oslo_config/cfg.py:2609
2025-09-15 00:40:56.936 154794 DEBUG oslo_service.service [req-fb282511-014d-46bb-a17f-88b9f6f04e56 - - - - -] cinder.cross_az_attach = True log_opt_values /usr/lib/python3/dist-packages/oslo_config/cfg.py:2609
2025-09-15 00:40:56.936 154794 DEBUG oslo_service.service [req-fb282511-014d-46bb-a17f-88b9f6f04e56 - - - - -] cinder.debug = False log_opt_values /usr/lib/python3/dist-packages/oslo_config/cfg.py:2609
2025-09-15 00:40:56.936 154794 DEBUG oslo_service.service [req-fb282511-014d-46bb-a17f-88b9f6f04e56 - - - - -] cinder.endpoint_template = None log_opt_values /usr/lib/python3/dist-packages/oslo_config/cfg.py:2609
2025-09-15 00:40:56.936 154794 DEBUG oslo_service.service [req-fb282511-014d-46bb-a17f-88b9f6f04e56 - - - - -] cinder.http_retries = 3 log_opt_values /usr/lib/python3/dist-packages/oslo_config/cfg.py:2609
2025-09-15 00:40:56.936 154794 DEBUG oslo_service.service [req-fb282511-014d-46bb-a17f-88b9f6f04e56 - - - - -] cinder.insecure = False log_opt_values /usr/lib/python3/dist-packages/oslo_config/cfg.py:2609
2025-09-15 00:40:56.936 154794 DEBUG oslo_service.service [req-fb282511-014d-46bb-a17f-88b9f6f04e56 - - - - -] cinder.keyfile = None log_opt_values /usr/lib/python3/dist-packages/oslo_config/cfg.py:2609
2025-09-15 00:40:56.937 154794 DEBUG oslo_service.service [req-fb282511-014d-46bb-a17f-88b9f6f04e56 - - - - -] cinder.os_region_name = None log_opt_values /usr/lib/python3/dist-packages/oslo_config/cfg.py:2609
2025-09-15 00:40:56.937 154794 DEBUG oslo_service.service [req-fb282511-014d-46bb-a17f-88b9f6f04e56 - - - - -] cinder.split_loggers = False log_opt_values /usr/lib/python3/dist-packages/oslo_config/cfg.py:2609
2025-09-15 00:40:56.937 154794 DEBUG oslo_service.service [req-fb282511-014d-46bb-a17f-88b9f6f04e56 - - - - -] cinder.timeout = None log_opt_values /usr/lib/python3/dist-packages/oslo_config/cfg.py:2609
