2025-09-15 00:40:15.919 138643 DEBUG oslo_service.service [req-31049b10-f816-4d84-bcde-47dbabcf617a - - - - -] resize_fs_using_block_device = False log_opt_values /usr/lib/python3/dist-packages/oslo_config/cfg.py:2602
2025-09-15 00:40:15.920 138643 DEBUG oslo_service.service [req-31049b10-f816-4d84-bcde-47dbabcf617a - - - - -] resume_guests_state_on_host_boot = False log_opt_values /usr/lib/python3/dist-packages/oslo_config/cfg.py:2602
2025-09-15 00:40:15.920 138643 DEBUG oslo_service.service [req-31049b10-f816-4d84-bcde-47dbabcf617a - - - - -] rootwrap_config = /etc/nova/rootwrap.conf log_opt_values /usr/lib/python3/dist-packages/oslo_config/cfg.py:2602
2025-09-15 00:40:15.920 138643 DEBUG oslo_service.service [req-31049b10-f816-4d84-bcde-47dbabcf617a - - - - -] rpc_response_timeout = 60 log_opt_values /usr/lib/python3/dist-packages/oslo_config/cfg.py:2602
2025-09-15 00:40:15.921 138643 DEBUG oslo_service.service [req-31049b10-f816-4d84-bcde-47dbabcf617a - - - - -] run_external_periodic_tasks = True log_opt_values /usr/lib/python3/dist-packages/oslo_config/cfg.py:2602
2025-09-15 00:40:15.921 138643 DEBUG oslo_service.service [req-31049b10-f816-4d84-bcde-47dbabcf617a - - - - -] running_deleted_instance_action = reap log_opt_values /usr/lib/python3/dist-packages/oslo_config/cfg.py:2602
2025-09-15 00:40:15.921 138643 DEBUG oslo_service.service [req-31049b10-f816-4d84-bcde-47dbabcf617a - - - - -] running_deleted_instance_poll_interval = 1800 log_opt_values /usr/lib/python3/dist-packages/oslo_config/cfg.py:2602
2025-09-15 00:40:15.921 138643 DEBUG oslo_service.service [req-31049b10-f816-4d84-bcde-47dbabcf617a - - - - -] running_deleted_instance_timeout = 0 log_opt_values /usr/lib/python3/dist-packages/oslo_config/cfg.py:2602
2025-09-15 00:40:15.921 138643 DEBUG oslo_service.service [req-31049b10-f816-4d84-bcde-47dbabcf617a - - - - -] scheduler_instance_sync_interval = 120 log_opt_values /usr/lib/python3/dist-packages/oslo_config/cfg.py:2602
2025-09-15 00:40:15.922 138643 DEBUG oslo_service.service [req-31049b10-f816-4d84-bcde-47dbabcf617a - - - - -] service_down_time = 60 log_opt_values /usr/lib/python3/dist-packages/oslo_config/cfg.py:2602
2025-09-15 00:40:15.922 138643 DEBUG oslo_service.service [req-31049b10-f816-4d84-bcde-47dbabcf617a - - - - -] servicegroup_driver = db log_opt_values /usr/lib/python3/dist-packages/oslo_config/cfg.py:2602
2025-09-15 00:40:15.922 138643 DEBUG oslo_service.service [req-31049b10-f816-4d84-bcde-47dbabcf617a - - - - -] shelved_offload_time = 0 log_opt_values /usr/lib/python3/dist-packages/oslo_config/cfg.py:2602
2025-09-15 00:40:15.923 138643 DEBUG oslo_service.service [req-31049b10-f816-4d84-bcde-47dbabcf617a - - - - -] shelved_poll_interval = 3600 log_opt_values /usr/lib/python3/dist-packages/oslo_config/cfg.py:2602
2025-09-15 00:40:15.923 138643 DEBUG oslo_service.service [req-31049b10-f816-4d84-bcde-47dbabcf617a - - - - -] shutdown_timeout = 60 log_opt_values /usr/lib/python3/dist-packages/oslo_config/cfg.py:2602
2025-09-15 00:40:15.924 138643 DEBUG oslo_service.service [req-31049b10-f816-4d84-bcde-47dbabcf617a - - - - -] source_is_ipv6 = False log_opt_values /usr/lib/python3/dist-packages/oslo_config/cfg.py:2602
2025-09-15 00:40:15.924 138643 DEBUG oslo_service.service [req-31049b10-f816-4d84-bcde-47dbabcf617a - - - - -] ssl_only = False log_opt_values /usr/lib/python3/dist-packages/oslo_config/cfg.py:2602
2025-09-15 00:40:15.925 138643 DEBUG oslo_service.service [req-31049b10-f816-4d84-bcde-47dbabcf617a - - - - -] state_path = /var/lib/nova log_opt_values /usr/lib/python3/dist-packages/oslo_config/cfg.py:2602
2025-09-15 00:40:15.925 138643 DEBUG oslo_service.service [req-31049b10-f816-4d84-bcde-47dbabcf617a - - - - -] sync_power_state_interval = 600 log_opt_values /usr/lib/python3/dist-packages/oslo_config/cfg.py:2602
2025-09-15 00:40:15.925 138643 DEBUG oslo_service.service [req-31049b10-f816-4d84-bcde-47dbabcf617a - - - - -] sync_power_state_pool_size = 1000 log_opt_values /usr/lib/python3/dist-packages/oslo_config/cfg.py:2602
2025-09-15 00:40:15.925 138643 DEBUG oslo_service.service [req-31049b10-f816-4d84-bcde-47dbabcf617a - - - - -] syslog_log_facility = LOG_USER log_opt_values /usr/lib/python3/dist-packages/oslo_config/cfg.py:2602
2025-09-15 00:40:15.925 138643 DEBUG oslo_service.service [req-31049b10-f816-4d84-bcde-47dbabcf617a - - - - -] tempdir = None log_opt_values /usr/lib/python3/dist-packages/oslo_config/cfg.py:2602
2025-09-15 00:40:15.926 138643 DEBUG oslo_service.service [req-31049b10-f816-4d84-bcde-47dbabcf617a - - - - -] timeout_nbd = 10 log_opt_values /usr/lib/python3/dist-packages/oslo_config/cfg.py:2602
2025-09-15 00:40:15.926 138643 DEBUG oslo_service.service [req-31049b10-f816-4d84-bcde-47dbabcf617a - - - - -] transport_url = **** log_opt_values /usr/lib/python3/dist-packages/oslo_config/cfg.py:2602
2025-09-15 00:40:15.926 138643 DEBUG oslo_service.service [req-31049b10-f816-4d84-bcde-47dbabcf617a - - - - -] update_resources_interval = 0 log_opt_values /usr/lib/python3/dist-packages/oslo_config/cfg.py:2602
2025-09-15 00:40:15.926 138643 DEBUG oslo_service.service [req-31049b10-f816-4d84-bcde-47dbabcf617a - - - - -] use_cow_images = True log_opt_values /usr/lib/python3/dist-packages/oslo_config/cfg.py:2602
2025-09-15 00:40:15.926 138643 DEBUG oslo_service.service [req-31049b10-f816-4d84-bcde-47dbabcf617a - - - - -] use_eventlog = False log_opt_values /usr/lib/python3/dist-packages/oslo_config/cfg.py:2602
2025-09-15 00:40:15.927 138643 DEBUG oslo_service.service [req-31049b10-f816-4d84-bcde-47dbabcf617a - - - - -] use_journal = False log_opt_values /usr/lib/python3/dist-packages/oslo_config/cfg.py:2602
2025-09-15 00:40:15.927 138643 DEBUG oslo_service.service [req-31049b10-f816-4d84-bcde-47dbabcf617a - - - - -] use_json = False log_opt_values /usr/lib/python3/dist-packages/oslo_config/cfg.py:2602
2025-09-15 00:40:15.927 138643 DEBUG oslo_service.service [req-31049b10-f816-4d84-bcde-47dbabcf617a - - - - -] use_rootwrap_daemon = False log_opt_values /usr/lib/python3/dist-packages/oslo_config/cfg.py:2602
2025-09-15 00:40:15.927 138643 DEBUG oslo_service.service [req-31049b10-f816-4d84-bcde-47dbabcf617a - - - - -] use_stderr = False log_opt_values /usr/lib/python3/dist-packages/oslo_config/cfg.py:2602
2025-09-15 00:40:15.927 138643 DEBUG oslo_service.service [req-31049b10-f816-4d84-bcde-47dbabcf617a - - - - -] use_syslog = False log_opt_values /usr/lib/python3/dist-packages/oslo_config/cfg.py:2602
2025-09-15 00:40:15.928 138643 DEBUG oslo_service.service [req-31049b10-f816-4d84-bcde-47dbabcf617a - - - - -] vcpu_pin_set = None log_opt_values /usr/lib/python3/dist-packages/oslo_config/cfg.py:2602
2025-09-15 00:40:15.928 138643 DEBUG oslo_service.service [req-31049b10-f816-4d84-bcde-47dbabcf617a - - - - -] vif_plugging_is_fatal = True log_opt_values /usr/lib/python3/dist-packages/oslo_config/cfg.py:2602
2025-09-15 00:40:15.928 138643 DEBUG oslo_service.service [req-31049b10-f816-4d84-bcde-47dbabcf617a - - - - -] vif_plugging_timeout = 300 log_opt_values /usr/lib/python3/dist-packages/oslo_config/cfg.py:2602
2025-09-15 00:40:15.928 138643 DEBUG oslo_service.service [req-31049b10-f816-4d84-bcde-47dbabcf617a - - - - -] virt_mkfs = [] log_opt_values /usr/lib/python3/dist-packages/oslo_config/cfg.py:2602
2025-09-15 00:40:15.929 138643 DEBUG oslo_service.service [req-31049b10-f816-4d84-bcde-47dbabcf617a - - - - -] volume_usage_poll_interval = 0 log_opt_values /usr/lib/python3/dist-packages/oslo_config/cfg.py:2602
2025-09-15 00:40:15.929 138643 DEBUG oslo_service.service [req-31049b10-f816-4d84-bcde-47dbabcf617a - - - - -] watch_log_file = False log_opt_values /usr/lib/python3/dist-packages/oslo_config/cfg.py:2602
2025-09-15 00:40:15.929 138643 DEBUG oslo_service.service [req-31049b10-f816-4d84-bcde-47dbabcf617a - - - - -] web = /usr/share/spice-html5 log_opt_values /usr/lib/python3/dist-packages/oslo_config/cfg.py:2602
2025-09-15 00:40:15.929 138643 DEBUG oslo_service.service [req-31049b10-f816-4d84-bcde-47dbabcf617a - - - - -] oslo_concurrency.disable_process_locking = False log_opt_values /usr/lib/python3/dist-packages/oslo_config/cfg.py:2609
2025-09-15 00:40:15.930 138643 DEBUG oslo_service.service [req-31049b10-f816-4d84-bcde-47dbabcf617a - - - - -] oslo_concurrency.lock_path = /var/lock/nova log_opt_values /usr/lib/python3/dist-packages/oslo_config/cfg.py:2609
2025-09-15 00:40:15.930 138643 DEBUG oslo_service.service [req-31049b10-f816-4d84-bcde-47dbabcf617a - - - - -] oslo_messaging_metrics.metrics_buffer_size = 1000 log_opt_values /usr/lib/python3/dist-packages/oslo_config/cfg.py:2609
2025-09-15 00:40:15.930 138643 DEBUG oslo_service.service [req-31049b10-f816-4d84-bcde-47dbabcf617a - - - - -] oslo_messaging_metrics.metrics_enabled = False log_opt_values /usr/lib/python3/dist-packages/oslo_config/cfg.py:2609
2025-09-15 00:40:15.930 138643 DEBUG oslo_service.service [req-31049b10-f816-4d84-bcde-47dbabcf617a - - - - -] oslo_messaging_metrics.metrics_process_name = log_opt_values /usr/lib/python3/dist-packages/oslo_config/cfg.py:2609
2025-09-15 00:40:15.931 138643 DEBUG oslo_service.service [req-31049b10-f816-4d84-bcde-47dbabcf617a - - - - -] oslo_messaging_metrics.metrics_socket_file = /var/tmp/metrics_collector.sock log_opt_values /usr/lib/python3/dist-packages/oslo_config/cfg.py:2609
2025-09-15 00:40:15.931 138643 DEBUG oslo_service.service [req-31049b10-f816-4d84-bcde-47dbabcf617a - - - - -] oslo_messaging_metrics.metrics_thread_stop_timeout = 10 log_opt_values /usr/lib/python3/dist-packages/oslo_config/cfg.py:2609
2025-09-15 00:40:15.931 138643 WARNING oslo_config.cfg [req-31049b10-f816-4d84-bcde-47dbabcf617a - - - - -] Deprecated: Option "auth_strategy" from group "api" is deprecated for removal ( The only non-default choice, ``noauth2``, is for internal development and testing purposes only and should not be used in deployments. This option and its middleware, NoAuthMiddleware[V2_18], will be removed in a future release. ). Its value may be silently ignored in the future.
2025-09-15 00:40:15.932 138643 DEBUG oslo_service.service [req-31049b10-f816-4d84-bcde-47dbabcf617a - - - - -] api.auth_strategy = keystone log_opt_values /usr/lib/python3/dist-packages/oslo_config/cfg.py:2609
2025-09-15 00:40:15.932 138643 DEBUG oslo_service.service [req-31049b10-f816-4d84-bcde-47dbabcf617a - - - - -] api.compute_link_prefix = None log_opt_values /usr/lib/python3/dist-packages/oslo_config/cfg.py:2609
2025-09-15 00:40:15.932 138643 DEBUG oslo_service.service [req-31049b10-f816-4d84-bcde-47dbabcf617a - - - - -] api.config_drive_skip_versions = 1.0 2007-01-19 2007-03-01 2007-08-29 2007-10-10 2007-12-15 2008-02-01 2008-09-01 log_opt_values /usr/lib/python3/dist-packages/oslo_config/cfg.py:2609
2025-09-15 00:40:15.933 138643 DEBUG oslo_service.service [req-31049b10-f816-4d84-bcde-47dbabcf617a - - - - -] api.dhcp_domain = novalocal log_opt_values /usr/lib/python3/dist-packages/oslo_config/cfg.py:2609
2025-09-15 00:40:15.933 138643 DEBUG oslo_service.service [req-31049b10-f816-4d84-bcde-47dbabcf617a - - - - -] api.enable_instance_password = True log_opt_values /usr/lib/python3/dist-packages/oslo_config/cfg.py:2609
2025-09-15 00:40:15.933 138643 DEBUG oslo_service.service [req-31049b10-f816-4d84-bcde-47dbabcf617a - - - - -] api.glance_link_prefix = None log_opt_values /usr/lib/python3/dist-packages/oslo_config/cfg.py:2609
2025-09-15 00:40:15.933 138643 DEBUG oslo_service.service [req-31049b10-f816-4d84-bcde-47dbabcf617a - - - - -] api.instance_list_cells_batch_fixed_size = 100 log_opt_values /usr/lib/python3/dist-packages/oslo_config/cfg.py:2609
2025-09-15 00:40:15.937 139516 DEBUG oslo_messaging._drivers.amqpdriver [-] Listener is running poll /usr/lib/python3/dist-packages/oslo_messaging/_drivers/amqpdriver.py:343
2025-09-15 00:40:15.938 139516 DEBUG oslo_messaging._drivers.amqpdriver [-] AMQPListener connection consume poll /usr/lib/python3/dist-packages/oslo_messaging/_drivers/amqpdriver.py:357
2025-09-15 00:40:15.933 138643 DEBUG oslo_service.service [req-31049b10-f816-4d84-bcde-47dbabcf617a - - - - -] api.instance_list_cells_batch_strategy = distributed log_opt_values /usr/lib/python3/dist-packages/oslo_config/cfg.py:2609
2025-09-15 00:40:15.940 138643 DEBUG oslo_service.service [req-31049b10-f816-4d84-bcde-47dbabcf617a - - - - -] api.instance_list_per_project_cells = False log_opt_values /usr/lib/python3/dist-packages/oslo_config/cfg.py:2609
2025-09-15 00:40:15.941 138643 DEBUG oslo_service.service [req-31049b10-f816-4d84-bcde-47dbabcf617a - - - - -] api.list_records_by_skipping_down_cells = True log_opt_values /usr/lib/python3/dist-packages/oslo_config/cfg.py:2609
2025-09-15 00:40:15.941 138643 DEBUG oslo_service.service [req-31049b10-f816-4d84-bcde-47dbabcf617a - - - - -] api.local_metadata_per_cell = False log_opt_values /usr/lib/python3/dist-packages/oslo_config/cfg.py:2609
2025-09-15 00:40:15.943 138643 DEBUG oslo_service.service [req-31049b10-f816-4d84-bcde-47dbabcf617a - - - - -] api.max_limit = 1000 log_opt_values /usr/lib/python3/dist-packages/oslo_config/cfg.py:2609
2025-09-15 00:40:15.946 138643 DEBUG oslo_service.service [req-31049b10-f816-4d84-bcde-47dbabcf617a - - - - -] api.metadata_cache_expiration = 15 log_opt_values /usr/lib/python3/dist-packages/oslo_config/cfg.py:2609
2025-09-15 00:40:15.946 138643 DEBUG oslo_service.service [req-31049b10-f816-4d84-bcde-47dbabcf617a - - - - -] api.neutron_default_tenant_id = default log_opt_values /usr/lib/python3/dist-packages/oslo_config/cfg.py:2609
2025-09-15 00:40:15.946 139524 DEBUG nova.service [req-4f50c239-149a-4982-9ca4-8329fe5bb210 - - - - -] Creating RPC server for service conductor start /usr/lib/python3/dist-packages/nova/service.py:182
2025-09-15 00:40:15.947 138643 DEBUG oslo_service.service [req-31049b10-f816-4d84-bcde-47dbabcf617a - - - - -] api.use_forwarded_for = False log_opt_values /usr/lib/python3/dist-packages/oslo_config/cfg.py:2609
2025-09-15 00:40:15.947 138643 DEBUG oslo_service.service [req-31049b10-f816-4d84-bcde-47dbabcf617a - - - - -] api.use_neutron_default_nets = False log_opt_values /usr/lib/python3/dist-packages/oslo_config/cfg.py:2609
2025-09-15 00:40:15.944 139516 DEBUG nova.service [req-07d87e38-6ea1-43b8-b52d-6d1c1fcbe24d - - - - -] Join ServiceGroup membership for this service conductor start /usr/lib/python3/dist-packages/nova/service.py:199
2025-09-15 00:40:15.947 138643 DEBUG oslo_service.service [req-31049b10-f816-4d84-bcde-47dbabcf617a - - - - -] api.vendordata_dynamic_connect_timeout = 5 log_opt_values /usr/lib/python3/dist-packages/oslo_config/cfg.py:2609
2025-09-15 00:40:15.948 139516 DEBUG nova.servicegroup.drivers.db [req-07d87e38-6ea1-43b8-b52d-6d1c1fcbe24d - - - - -] DB_Driver: join new ServiceGroup member juju-5826ca-0-lxd-7 to the conductor group, service = join /usr/lib/python3/dist-packages/nova/servicegroup/drivers/db.py:44
2025-09-15 00:40:15.948 138643 DEBUG oslo_service.service [req-31049b10-f816-4d84-bcde-47dbabcf617a - - - - -] api.vendordata_dynamic_failure_fatal = False log_opt_values /usr/lib/python3/dist-packages/oslo_config/cfg.py:2609
2025-09-15 00:40:15.949 138643 DEBUG oslo_service.service [req-31049b10-f816-4d84-bcde-47dbabcf617a - - - - -] api.vendordata_dynamic_read_timeout = 5 log_opt_values /usr/lib/python3/dist-packages/oslo_config/cfg.py:2609
2025-09-15 00:40:15.949 138643 DEBUG oslo_service.service [req-31049b10-f816-4d84-bcde-47dbabcf617a - - - - -] api.vendordata_dynamic_ssl_certfile = log_opt_values /usr/lib/python3/dist-packages/oslo_config/cfg.py:2609
2025-09-15 00:40:15.949 138643 DEBUG oslo_service.service [req-31049b10-f816-4d84-bcde-47dbabcf617a - - - - -] api.vendordata_dynamic_targets = [] log_opt_values /usr/lib/python3/dist-packages/oslo_config/cfg.py:2609
2025-09-15 00:40:15.949 139516 DEBUG oslo_messaging._drivers.amqpdriver [-] received message msg_id: b565933f4c324f09a0d98d3f48c4cf64 reply to reply_30324597f7dc426980fbb9bba172f132 __call__ /usr/lib/python3/dist-packages/oslo_messaging/_drivers/amqpdriver.py:320
2025-09-15 00:40:15.949 138643 DEBUG oslo_service.service [req-31049b10-f816-4d84-bcde-47dbabcf617a - - - - -] api.vendordata_jsonfile_path = None log_opt_values /usr/lib/python3/dist-packages/oslo_config/cfg.py:2609
2025-09-15 00:40:15.950 138643 DEBUG oslo_service.service [req-31049b10-f816-4d84-bcde-47dbabcf617a - - - - -] api.vendordata_providers = ['StaticJSON'] log_opt_values /usr/lib/python3/dist-packages/oslo_config/cfg.py:2609
2025-09-15 00:40:15.950 139517 DEBUG nova.service [req-6fe6a15a-88f5-4d8c-89fa-b4395d7d2243 - - - - -] Creating RPC server for service conductor start /usr/lib/python3/dist-packages/nova/service.py:182
2025-09-15 00:40:15.952 138643 DEBUG oslo_service.service [req-31049b10-f816-4d84-bcde-47dbabcf617a - - - - -] cache.backend = dogpile.cache.null log_opt_values /usr/lib/python3/dist-packages/oslo_config/cfg.py:2609
2025-09-15 00:40:15.952 138643 DEBUG oslo_service.service [req-31049b10-f816-4d84-bcde-47dbabcf617a - - - - -] cache.backend_argument = **** log_opt_values /usr/lib/python3/dist-packages/oslo_config/cfg.py:2609
2025-09-15 00:40:15.954 139516 DEBUG oslo_messaging._drivers.amqpdriver [-] AMQPListener connection timeout poll /usr/lib/python3/dist-packages/oslo_messaging/_drivers/amqpdriver.py:360
2025-09-15 00:40:15.954 138643 DEBUG oslo_service.service [req-31049b10-f816-4d84-bcde-47dbabcf617a - - - - -] cache.config_prefix = cache.oslo log_opt_values /usr/lib/python3/dist-packages/oslo_config/cfg.py:2609
2025-09-15 00:40:15.954 139516 DEBUG oslo_messaging._drivers.amqpdriver [-] Listener is running poll /usr/lib/python3/dist-packages/oslo_messaging/_drivers/amqpdriver.py:343
2025-09-15 00:40:15.954 139516 DEBUG oslo_messaging._drivers.amqpdriver [-] Poll the incoming message with unique_id: 2e372fd4794f4738a471c7b0abe152b3 poll /usr/lib/python3/dist-packages/oslo_messaging/_drivers/amqpdriver.py:346
2025-09-15 00:40:15.954 138643 DEBUG oslo_service.service [req-31049b10-f816-4d84-bcde-47dbabcf617a - - - - -] cache.debug_cache_backend = False log_opt_values /usr/lib/python3/dist-packages/oslo_config/cfg.py:2609
2025-09-15 00:40:15.954 138643 DEBUG oslo_service.service [req-31049b10-f816-4d84-bcde-47dbabcf617a - - - - -] cache.enabled = False log_opt_values /usr/lib/python3/dist-packages/oslo_config/cfg.py:2609
2025-09-15 00:40:15.955 139516 DEBUG oslo_messaging._drivers.amqpdriver [-] Listener is running poll /usr/lib/python3/dist-packages/oslo_messaging/_drivers/amqpdriver.py:343
2025-09-15 00:40:15.955 139516 DEBUG oslo_messaging._drivers.amqpdriver [-] AMQPListener connection consume poll /usr/lib/python3/dist-packages/oslo_messaging/_drivers/amqpdriver.py:357
2025-09-15 00:40:15.955 138643 DEBUG oslo_service.service [req-31049b10-f816-4d84-bcde-47dbabcf617a - - - - -] cache.expiration_time = 600 log_opt_values /usr/lib/python3/dist-packages/oslo_config/cfg.py:2609
2025-09-15 00:40:15.957 138643 DEBUG oslo_service.service [req-31049b10-f816-4d84-bcde-47dbabcf617a - - - - -] cache.memcache_dead_retry = 300 log_opt_values /usr/lib/python3/dist-packages/oslo_config/cfg.py:2609
2025-09-15 00:40:15.957 138643 DEBUG oslo_service.service [req-31049b10-f816-4d84-bcde-47dbabcf617a - - - - -] cache.memcache_pool_connection_get_timeout = 10 log_opt_values /usr/lib/python3/dist-packages/oslo_config/cfg.py:2609
2025-09-15 00:40:15.957 138643 DEBUG oslo_service.service [req-31049b10-f816-4d84-bcde-47dbabcf617a - - - - -] cache.memcache_pool_flush_on_reconnect = False log_opt_values /usr/lib/python3/dist-packages/oslo_config/cfg.py:2609
2025-09-15 00:40:15.958 138643 DEBUG oslo_service.service [req-31049b10-f816-4d84-bcde-47dbabcf617a - - - - -] cache.memcache_pool_maxsize = 10 log_opt_values /usr/lib/python3/dist-packages/oslo_config/cfg.py:2609
2025-09-15 00:40:15.960 138643 DEBUG oslo_service.service [req-31049b10-f816-4d84-bcde-47dbabcf617a - - - - -] cache.memcache_pool_unused_timeout = 60 log_opt_values /usr/lib/python3/dist-packages/oslo_config/cfg.py:2609
2025-09-15 00:40:15.960 138643 DEBUG oslo_service.service [req-31049b10-f816-4d84-bcde-47dbabcf617a - - - - -] cache.memcache_servers = ['localhost:11211'] log_opt_values /usr/lib/python3/dist-packages/oslo_config/cfg.py:2609
2025-09-15 00:40:15.960 138643 DEBUG oslo_service.service [req-31049b10-f816-4d84-bcde-47dbabcf617a - - - - -] cache.memcache_socket_timeout = 1.0 log_opt_values /usr/lib/python3/dist-packages/oslo_config/cfg.py:2609
2025-09-15 00:40:15.961 138643 DEBUG oslo_service.service [req-31049b10-f816-4d84-bcde-47dbabcf617a - - - - -] cache.proxies = [] log_opt_values /usr/lib/python3/dist-packages/oslo_config/cfg.py:2609
2025-09-15 00:40:15.961 138643 DEBUG oslo_service.service [req-31049b10-f816-4d84-bcde-47dbabcf617a - - - - -] cache.tls_allowed_ciphers = None log_opt_values /usr/lib/python3/dist-packages/oslo_config/cfg.py:2609
2025-09-15 00:40:15.962 138643 DEBUG oslo_service.service [req-31049b10-f816-4d84-bcde-47dbabcf617a - - - - -] cache.tls_cafile = None log_opt_values /usr/lib/python3/dist-packages/oslo_config/cfg.py:2609
2025-09-15 00:40:15.962 138643 DEBUG oslo_service.service [req-31049b10-f816-4d84-bcde-47dbabcf617a - - - - -] cache.tls_certfile = None log_opt_values /usr/lib/python3/dist-packages/oslo_config/cfg.py:2609
2025-09-15 00:40:15.963 138643 DEBUG oslo_service.service [req-31049b10-f816-4d84-bcde-47dbabcf617a - - - - -] cache.tls_enabled = False log_opt_values /usr/lib/python3/dist-packages/oslo_config/cfg.py:2609
2025-09-15 00:40:15.964 138643 DEBUG oslo_service.service [req-31049b10-f816-4d84-bcde-47dbabcf617a - - - - -] cache.tls_keyfile = None log_opt_values /usr/lib/python3/dist-packages/oslo_config/cfg.py:2609
2025-09-15 00:40:15.965 138643 DEBUG oslo_service.service [req-31049b10-f816-4d84-bcde-47dbabcf617a - - - - -] cinder.auth_section = None log_opt_values /usr/lib/python3/dist-packages/oslo_config/cfg.py:2609
2025-09-15 00:40:15.965 138643 DEBUG oslo_service.service [req-31049b10-f816-4d84-bcde-47dbabcf617a - - - - -] cinder.auth_type = None log_opt_values /usr/lib/python3/dist-packages/oslo_config/cfg.py:2609
2025-09-15 00:40:15.965 138643 DEBUG oslo_service.service [req-31049b10-f816-4d84-bcde-47dbabcf617a - - - - -] cinder.cafile = None log_opt_values /usr/lib/python3/dist-packages/oslo_config/cfg.py:2609
2025-09-15 00:40:15.965 138643 DEBUG oslo_service.service [req-31049b10-f816-4d84-bcde-47dbabcf617a - - - - -] cinder.catalog_info = volumev3::publicURL log_opt_values /usr/lib/python3/dist-packages/oslo_config/cfg.py:2609
2025-09-15 00:40:15.966 138643 DEBUG oslo_service.service [req-31049b10-f816-4d84-bcde-47dbabcf617a - - - - -] cinder.certfile = None log_opt_values /usr/lib/python3/dist-packages/oslo_config/cfg.py:2609
2025-09-15 00:40:15.966 138643 DEBUG oslo_service.service [req-31049b10-f816-4d84-bcde-47dbabcf617a - - - - -] cinder.collect_timing = False log_opt_values /usr/lib/python3/dist-packages/oslo_config/cfg.py:2609
2025-09-15 00:40:15.966 138643 DEBUG oslo_service.service [req-31049b10-f816-4d84-bcde-47dbabcf617a - - - - -] cinder.cross_az_attach = True log_opt_values /usr/lib/python3/dist-packages/oslo_config/cfg.py:2609
2025-09-15 00:40:15.968 139516 DEBUG oslo_messaging._drivers.amqpdriver [req-e0f9c3c0-6a39-497e-8b2f-b03828d3ca99 - - - - -] sending reply msg_id: b565933f4c324f09a0d98d3f48c4cf64 reply queue: reply_30324597f7dc426980fbb9bba172f132 time elapsed: 0.01871578500004034s _send_reply /usr/lib/python3/dist-packages/oslo_messaging/_drivers/amqpdriver.py:118
2025-09-15 00:40:15.969 138643 DEBUG oslo_service.service [req-31049b10-f816-4d84-bcde-47dbabcf617a - - - - -] cinder.debug = False log_opt_values /usr/lib/python3/dist-packages/oslo_config/cfg.py:2609
2025-09-15 00:40:15.965 139523 DEBUG nova.service [req-d4904c97-8b3a-4b5a-ab9f-e9cf7dba7215 - - - - -] Creating RPC server for service conductor start /usr/lib/python3/dist-packages/nova/service.py:182
2025-09-15 00:40:15.969 138643 DEBUG oslo_service.service [req-31049b10-f816-4d84-bcde-47dbabcf617a - - - - -] cinder.endpoint_template = None log_opt_values /usr/lib/python3/dist-packages/oslo_config/cfg.py:2609
2025-09-15 00:40:15.969 138643 DEBUG oslo_service.service [req-31049b10-f816-4d84-bcde-47dbabcf617a - - - - -] cinder.http_retries = 3 log_opt_values /usr/lib/python3/dist-packages/oslo_config/cfg.py:2609
2025-09-15 00:40:15.969 138643 DEBUG oslo_service.service [req-31049b10-f816-4d84-bcde-47dbabcf617a - - - - -] cinder.insecure = False log_opt_values /usr/lib/python3/dist-packages/oslo_config/cfg.py:2609
2025-09-15 00:40:15.970 138643 DEBUG oslo_service.service [req-31049b10-f816-4d84-bcde-47dbabcf617a - - - - -] cinder.keyfile = None log_opt_values /usr/lib/python3/dist-packages/oslo_config/cfg.py:2609
2025-09-15 00:40:15.970 138643 DEBUG oslo_service.service [req-31049b10-f816-4d84-bcde-47dbabcf617a - - - - -] cinder.os_region_name = None log_opt_values /usr/lib/python3/dist-packages/oslo_config/cfg.py:2609
2025-09-15 00:40:15.970 138643 DEBUG oslo_service.service [req-31049b10-f816-4d84-bcde-47dbabcf617a - - - - -] cinder.split_loggers = False log_opt_values /usr/lib/python3/dist-packages/oslo_config/cfg.py:2609
2025-09-15 00:40:15.970 138643 DEBUG oslo_service.service [req-31049b10-f816-4d84-bcde-47dbabcf617a - - - - -] cinder.timeout = None log_opt_values /usr/lib/python3/dist-packages/oslo_config/cfg.py:2609
2025-09-15 00:40:15.971 138643 DEBUG oslo_service.service [req-31049b10-f816-4d84-bcde-47dbabcf617a - - - - -] compute.consecutive_build_service_disable_threshold = 10 log_opt_values /usr/lib/python3/dist-packages/oslo_config/cfg.py:2609
2025-09-15 00:40:15.971 138643 DEBUG oslo_service.service [req-31049b10-f816-4d84-bcde-47dbabcf617a - - - - -] compute.cpu_dedicated_set = None log_opt_values /usr/lib/python3/dist-packages/oslo_config/cfg.py:2609
2025-09-15 00:40:15.971 138643 DEBUG oslo_service.service [req-31049b10-f816-4d84-bcde-47dbabcf617a - - - - -] compute.cpu_shared_set = None log_opt_values /usr/lib/python3/dist-packages/oslo_config/cfg.py:2609
2025-09-15 00:40:15.971 138643 DEBUG oslo_service.service [req-31049b10-f816-4d84-bcde-47dbabcf617a - - - - -] compute.image_type_exclude_list = [] log_opt_values /usr/lib/python3/dist-packages/oslo_config/cfg.py:2609
2025-09-15 00:40:15.971 138643 DEBUG oslo_service.service [req-31049b10-f816-4d84-bcde-47dbabcf617a - - - - -] compute.live_migration_wait_for_vif_plug = True log_opt_values /usr/lib/python3/dist-packages/oslo_config/cfg.py:2609
2025-09-15 00:40:15.975 138643 DEBUG oslo_service.service [req-31049b10-f816-4d84-bcde-47dbabcf617a - - - - -] compute.max_concurrent_disk_ops = 0 log_opt_values /usr/lib/python3/dist-packages/oslo_config/cfg.py:2609
2025-09-15 00:40:15.975 138643 DEBUG oslo_service.service [req-31049b10-f816-4d84-bcde-47dbabcf617a - - - - -] compute.max_disk_devices_to_attach = -1 log_opt_values /usr/lib/python3/dist-packages/oslo_config/cfg.py:2609
2025-09-15 00:40:15.977 138643 DEBUG oslo_service.service [req-31049b10-f816-4d84-bcde-47dbabcf617a - - - - -] compute.packing_host_numa_cells_allocation_strategy = True log_opt_values /usr/lib/python3/dist-packages/oslo_config/cfg.py:2609
2025-09-15 00:40:15.978 138643 DEBUG oslo_service.service [req-31049b10-f816-4d84-bcde-47dbabcf617a - - - - -] compute.provider_config_location = /etc/nova/provider_config/ log_opt_values /usr/lib/python3/dist-packages/oslo_config/cfg.py:2609
2025-09-15 00:40:15.978 138643 DEBUG oslo_service.service [req-31049b10-f816-4d84-bcde-47dbabcf617a - - - - -] compute.resource_provider_association_refresh = 300 log_opt_values /usr/lib/python3/dist-packages/oslo_config/cfg.py:2609
2025-09-15 00:40:15.978 138643 DEBUG oslo_service.service [req-31049b10-f816-4d84-bcde-47dbabcf617a - - - - -] compute.shutdown_retry_interval = 10 log_opt_values /usr/lib/python3/dist-packages/oslo_config/cfg.py:2609
2025-09-15 00:40:15.978 138643 DEBUG oslo_service.service [req-31049b10-f816-4d84-bcde-47dbabcf617a - - - - -] compute.vmdk_allowed_types = ['streamOptimized', 'monolithicSparse'] log_opt_values /usr/lib/python3/dist-packages/oslo_config/cfg.py:2609
2025-09-15 00:40:15.979 138643 DEBUG oslo_service.service [req-31049b10-f816-4d84-bcde-47dbabcf617a - - - - -] conductor.workers = 4 log_opt_values /usr/lib/python3/dist-packages/oslo_config/cfg.py:2609
2025-09-15 00:40:15.979 138643 DEBUG oslo_service.service [req-31049b10-f816-4d84-bcde-47dbabcf617a - - - - -] console.allowed_origins = [] log_opt_values /usr/lib/python3/dist-packages/oslo_config/cfg.py:2609
2025-09-15 00:40:15.980 138643 DEBUG oslo_service.service [req-31049b10-f816-4d84-bcde-47dbabcf617a - - - - -] console.ssl_ciphers = None log_opt_values /usr/lib/python3/dist-packages/oslo_config/cfg.py:2609
2025-09-15 00:40:15.980 138643 DEBUG oslo_service.service [req-31049b10-f816-4d84-bcde-47dbabcf617a - - - - -] console.ssl_minimum_version = default log_opt_values /usr/lib/python3/dist-packages/oslo_config/cfg.py:2609
2025-09-15 00:40:15.980 138643 DEBUG oslo_service.service [req-31049b10-f816-4d84-bcde-47dbabcf617a - - - - -] consoleauth.token_ttl = 600 log_opt_values /usr/lib/python3/dist-packages/oslo_config/cfg.py:2609
2025-09-15 00:40:15.980 138643 DEBUG oslo_service.service [req-31049b10-f816-4d84-bcde-47dbabcf617a - - - - -] cyborg.cafile = None log_opt_values /usr/lib/python3/dist-packages/oslo_config/cfg.py:2609
2025-09-15 00:40:15.980 138643 DEBUG oslo_service.service [req-31049b10-f816-4d84-bcde-47dbabcf617a - - - - -] cyborg.certfile = None log_opt_values /usr/lib/python3/dist-packages/oslo_config/cfg.py:2609
2025-09-15 00:40:15.981 138643 DEBUG oslo_service.service [req-31049b10-f816-4d84-bcde-47dbabcf617a - - - - -] cyborg.collect_timing = False log_opt_values /usr/lib/python3/dist-packages/oslo_config/cfg.py:2609
2025-09-15 00:40:15.981 138643 DEBUG oslo_service.service [req-31049b10-f816-4d84-bcde-47dbabcf617a - - - - -] cyborg.connect_retries = None log_opt_values /usr/lib/python3/dist-packages/oslo_config/cfg.py:2609
2025-09-15 00:40:15.981 138643 DEBUG oslo_service.service [req-31049b10-f816-4d84-bcde-47dbabcf617a - - - - -] cyborg.connect_retry_delay = None log_opt_values /usr/lib/python3/dist-packages/oslo_config/cfg.py:2609
2025-09-15 00:40:15.981 138643 DEBUG oslo_service.service [req-31049b10-f816-4d84-bcde-47dbabcf617a - - - - -] cyborg.endpoint_override = None log_opt_values /usr/lib/python3/dist-packages/oslo_config/cfg.py:2609
2025-09-15 00:40:15.985 139517 DEBUG oslo_messaging._drivers.amqpdriver [-] Listener is running poll /usr/lib/python3/dist-packages/oslo_messaging/_drivers/amqpdriver.py:343
2025-09-15 00:40:15.985 139517 DEBUG oslo_messaging._drivers.amqpdriver [-] AMQPListener connection consume poll /usr/lib/python3/dist-packages/oslo_messaging/_drivers/amqpdriver.py:357
2025-09-15 00:40:15.985 139517 DEBUG nova.service [req-6fe6a15a-88f5-4d8c-89fa-b4395d7d2243 - - - - -] Join ServiceGroup membership for this service conductor start /usr/lib/python3/dist-packages/nova/service.py:199
2025-09-15 00:40:15.986 139517 DEBUG nova.servicegroup.drivers.db [req-6fe6a15a-88f5-4d8c-89fa-b4395d7d2243 - - - - -] DB_Driver: join new ServiceGroup member juju-5826ca-0-lxd-7 to the conductor group, service = join /usr/lib/python3/dist-packages/nova/servicegroup/drivers/db.py:44
2025-09-15 00:40:15.981 138643 DEBUG oslo_service.service [req-31049b10-f816-4d84-bcde-47dbabcf617a - - - - -] cyborg.insecure = False log_opt_values /usr/lib/python3/dist-packages/oslo_config/cfg.py:2609
2025-09-15 00:40:15.991 139517 DEBUG oslo_messaging._drivers.amqpdriver [-] AMQPListener connection timeout poll /usr/lib/python3/dist-packages/oslo_messaging/_drivers/amqpdriver.py:360
2025-09-15 00:40:15.991 139517 DEBUG oslo_messaging._drivers.amqpdriver [-] Listener is running poll /usr/lib/python3/dist-packages/oslo_messaging/_drivers/amqpdriver.py:343
2025-09-15 00:40:15.992 139517 DEBUG oslo_messaging._drivers.amqpdriver [-] AMQPListener connection consume poll /usr/lib/python3/dist-packages/oslo_messaging/_drivers/amqpdriver.py:357
2025-09-15 00:40:15.991 138643 DEBUG oslo_service.service [req-31049b10-f816-4d84-bcde-47dbabcf617a - - - - -] cyborg.keyfile = None log_opt_values /usr/lib/python3/dist-packages/oslo_config/cfg.py:2609
2025-09-15 00:40:15.992 138643 DEBUG oslo_service.service [req-31049b10-f816-4d84-bcde-47dbabcf617a - - - - -] cyborg.max_version = None log_opt_values /usr/lib/python3/dist-packages/oslo_config/cfg.py:2609
2025-09-15 00:40:15.993 138643 DEBUG oslo_service.service [req-31049b10-f816-4d84-bcde-47dbabcf617a - - - - -] cyborg.min_version = None log_opt_values /usr/lib/python3/dist-packages/oslo_config/cfg.py:2609
2025-09-15 00:40:15.993 138643 DEBUG oslo_service.service [req-31049b10-f816-4d84-bcde-47dbabcf617a - - - - -] cyborg.region_name = None log_opt_values /usr/lib/python3/dist-packages/oslo_config/cfg.py:2609
2025-09-15 00:40:15.993 138643 DEBUG oslo_service.service [req-31049b10-f816-4d84-bcde-47dbabcf617a - - - - -] cyborg.service_name = None log_opt_values /usr/lib/python3/dist-packages/oslo_config/cfg.py:2609
2025-09-15 00:40:15.993 138643 DEBUG oslo_service.service [req-31049b10-f816-4d84-bcde-47dbabcf617a - - - - -] cyborg.service_type = accelerator log_opt_values /usr/lib/python3/dist-packages/oslo_config/cfg.py:2609
2025-09-15 00:40:15.994 138643 DEBUG oslo_service.service [req-31049b10-f816-4d84-bcde-47dbabcf617a - - - - -] cyborg.split_loggers = False log_opt_values /usr/lib/python3/dist-packages/oslo_config/cfg.py:2609
2025-09-15 00:40:15.994 138643 DEBUG oslo_service.service [req-31049b10-f816-4d84-bcde-47dbabcf617a - - - - -] cyborg.status_code_retries = None log_opt_values /usr/lib/python3/dist-packages/oslo_config/cfg.py:2609
2025-09-15 00:40:15.994 138643 DEBUG oslo_service.service [req-31049b10-f816-4d84-bcde-47dbabcf617a - - - - -] cyborg.status_code_retry_delay = None log_opt_values /usr/lib/python3/dist-packages/oslo_config/cfg.py:2609
2025-09-15 00:40:15.995 138643 DEBUG oslo_service.service [req-31049b10-f816-4d84-bcde-47dbabcf617a - - - - -] cyborg.timeout = None log_opt_values /usr/lib/python3/dist-packages/oslo_config/cfg.py:2609
2025-09-15 00:40:15.995 138643 DEBUG oslo_service.service [req-31049b10-f816-4d84-bcde-47dbabcf617a - - - - -] cyborg.valid_interfaces = ['internal', 'public'] log_opt_values /usr/lib/python3/dist-packages/oslo_config/cfg.py:2609
2025-09-15 00:40:15.995 138643 DEBUG oslo_service.service [req-31049b10-f816-4d84-bcde-47dbabcf617a - - - - -] cyborg.version = None log_opt_values /usr/lib/python3/dist-packages/oslo_config/cfg.py:2609
2025-09-15 00:40:15.996 138643 DEBUG oslo_service.service [req-31049b10-f816-4d84-bcde-47dbabcf617a - - - - -] database.backend = sqlalchemy log_opt_values /usr/lib/python3/dist-packages/oslo_config/cfg.py:2609
2025-09-15 00:40:15.996 138643 DEBUG oslo_service.service [req-31049b10-f816-4d84-bcde-47dbabcf617a - - - - -] database.connection = **** log_opt_values /usr/lib/python3/dist-packages/oslo_config/cfg.py:2609
2025-09-15 00:40:15.997 138643 DEBUG oslo_service.service [req-31049b10-f816-4d84-bcde-47dbabcf617a - - - - -] database.connection_debug = 0 log_opt_values /usr/lib/python3/dist-packages/oslo_config/cfg.py:2609
2025-09-15 00:40:15.997 138643 DEBUG oslo_service.service [req-31049b10-f816-4d84-bcde-47dbabcf617a - - - - -] database.connection_parameters = log_opt_values /usr/lib/python3/dist-packages/oslo_config/cfg.py:2609
2025-09-15 00:40:15.997 138643 DEBUG oslo_service.service [req-31049b10-f816-4d84-bcde-47dbabcf617a - - - - -] database.connection_recycle_time = 3600 log_opt_values /usr/lib/python3/dist-packages/oslo_config/cfg.py:2609
2025-09-15 00:40:15.998 138643 DEBUG oslo_service.service [req-31049b10-f816-4d84-bcde-47dbabcf617a - - - - -] database.connection_trace = False log_opt_values /usr/lib/python3/dist-packages/oslo_config/cfg.py:2609
2025-09-15 00:40:15.998 138643 DEBUG oslo_service.service [req-31049b10-f816-4d84-bcde-47dbabcf617a - - - - -] database.db_inc_retry_interval = True log_opt_values /usr/lib/python3/dist-packages/oslo_config/cfg.py:2609
2025-09-15 00:40:16.002 138643 DEBUG oslo_service.service [req-31049b10-f816-4d84-bcde-47dbabcf617a - - - - -] database.db_max_retries = 20 log_opt_values /usr/lib/python3/dist-packages/oslo_config/cfg.py:2609
2025-09-15 00:40:16.002 138643 DEBUG oslo_service.service [req-31049b10-f816-4d84-bcde-47dbabcf617a - - - - -] database.db_max_retry_interval = 10 log_opt_values /usr/lib/python3/dist-packages/oslo_config/cfg.py:2609
2025-09-15 00:40:16.002 138643 DEBUG oslo_service.service [req-31049b10-f816-4d84-bcde-47dbabcf617a - - - - -] database.db_retry_interval = 1 log_opt_values /usr/lib/python3/dist-packages/oslo_config/cfg.py:2609
2025-09-15 00:40:16.002 138643 DEBUG oslo_service.service [req-31049b10-f816-4d84-bcde-47dbabcf617a - - - - -] database.max_overflow = 50 log_opt_values /usr/lib/python3/dist-packages/oslo_config/cfg.py:2609
2025-09-15 00:40:16.003 138643 DEBUG oslo_service.service [req-31049b10-f816-4d84-bcde-47dbabcf617a - - - - -] database.max_pool_size = 4 log_opt_values /usr/lib/python3/dist-packages/oslo_config/cfg.py:2609
2025-09-15 00:40:16.004 138643 DEBUG oslo_service.service [req-31049b10-f816-4d84-bcde-47dbabcf617a - - - - -] database.max_retries = 10 log_opt_values /usr/lib/python3/dist-packages/oslo_config/cfg.py:2609
2025-09-15 00:40:16.004 138643 DEBUG oslo_service.service [req-31049b10-f816-4d84-bcde-47dbabcf617a - - - - -] database.mysql_enable_ndb = False log_opt_values /usr/lib/python3/dist-packages/oslo_config/cfg.py:2609
2025-09-15 00:40:16.007 139523 DEBUG oslo_messaging._drivers.amqpdriver [-] Listener is running poll /usr/lib/python3/dist-packages/oslo_messaging/_drivers/amqpdriver.py:343
2025-09-15 00:40:16.043 139523 DEBUG oslo_messaging._drivers.amqpdriver [-] AMQPListener connection consume poll /usr/lib/python3/dist-packages/oslo_messaging/_drivers/amqpdriver.py:357
2025-09-15 00:40:16.013 139524 DEBUG oslo_messaging._drivers.amqpdriver [-] Listener is running poll /usr/lib/python3/dist-packages/oslo_messaging/_drivers/amqpdriver.py:343
2025-09-15 00:40:16.043 138643 DEBUG oslo_service.service [req-31049b10-f816-4d84-bcde-47dbabcf617a - - - - -] database.mysql_sql_mode = TRADITIONAL log_opt_values /usr/lib/python3/dist-packages/oslo_config/cfg.py:2609
2025-09-15 00:40:16.044 139524 DEBUG oslo_messaging._drivers.amqpdriver [-] AMQPListener connection consume poll /usr/lib/python3/dist-packages/oslo_messaging/_drivers/amqpdriver.py:357
2025-09-15 00:40:16.044 138643 DEBUG oslo_service.service [req-31049b10-f816-4d84-bcde-47dbabcf617a - - - - -] database.pool_timeout = None log_opt_values /usr/lib/python3/dist-packages/oslo_config/cfg.py:2609
2025-09-15 00:40:16.045 139523 DEBUG nova.service [req-d4904c97-8b3a-4b5a-ab9f-e9cf7dba7215 - - - - -] Join ServiceGroup membership for this service conductor start /usr/lib/python3/dist-packages/nova/service.py:199
2025-09-15 00:40:16.045 139524 DEBUG nova.service [req-4f50c239-149a-4982-9ca4-8329fe5bb210 - - - - -] Join ServiceGroup membership for this service conductor start /usr/lib/python3/dist-packages/nova/service.py:199
2025-09-15 00:40:16.045 138643 DEBUG oslo_service.service [req-31049b10-f816-4d84-bcde-47dbabcf617a - - - - -] database.retry_interval = 10 log_opt_values /usr/lib/python3/dist-packages/oslo_config/cfg.py:2609
2025-09-15 00:40:16.046 139523 DEBUG nova.servicegroup.drivers.db [req-d4904c97-8b3a-4b5a-ab9f-e9cf7dba7215 - - - - -] DB_Driver: join new ServiceGroup member juju-5826ca-0-lxd-7 to the conductor group, service = join /usr/lib/python3/dist-packages/nova/servicegroup/drivers/db.py:44
2025-09-15 00:40:16.046 138643 DEBUG oslo_service.service [req-31049b10-f816-4d84-bcde-47dbabcf617a - - - - -] database.slave_connection = **** log_opt_values /usr/lib/python3/dist-packages/oslo_config/cfg.py:2609
2025-09-15 00:40:16.046 139524 DEBUG nova.servicegroup.drivers.db [req-4f50c239-149a-4982-9ca4-8329fe5bb210 - - - - -] DB_Driver: join new ServiceGroup member juju-5826ca-0-lxd-7 to the conductor group, service = join /usr/lib/python3/dist-packages/nova/servicegroup/drivers/db.py:44
2025-09-15 00:40:16.046 138643 DEBUG oslo_service.service [req-31049b10-f816-4d84-bcde-47dbabcf617a - - - - -] database.sqlite_synchronous = True log_opt_values /usr/lib/python3/dist-packages/oslo_config/cfg.py:2609
2025-09-15 00:40:16.046 138643 DEBUG oslo_service.service [req-31049b10-f816-4d84-bcde-47dbabcf617a - - - - -] database.use_db_reconnect = False log_opt_values /usr/lib/python3/dist-packages/oslo_config/cfg.py:2609
2025-09-15 00:40:16.046 138643 DEBUG oslo_service.service [req-31049b10-f816-4d84-bcde-47dbabcf617a - - - - -] api_database.backend = sqlalchemy log_opt_values /usr/lib/python3/dist-packages/oslo_config/cfg.py:2609
2025-09-15 00:40:16.047 138643 DEBUG oslo_service.service [req-31049b10-f816-4d84-bcde-47dbabcf617a - - - - -] api_database.connection = **** log_opt_values /usr/lib/python3/dist-packages/oslo_config/cfg.py:2609
2025-09-15 00:40:16.047 138643 DEBUG oslo_service.service [req-31049b10-f816-4d84-bcde-47dbabcf617a - - - - -] api_database.connection_debug = 0 log_opt_values /usr/lib/python3/dist-packages/oslo_config/cfg.py:2609
2025-09-15 00:40:16.047 138643 DEBUG oslo_service.service [req-31049b10-f816-4d84-bcde-47dbabcf617a - - - - -] api_database.connection_parameters = log_opt_values /usr/lib/python3/dist-packages/oslo_config/cfg.py:2609
2025-09-15 00:40:16.047 138643 DEBUG oslo_service.service [req-31049b10-f816-4d84-bcde-47dbabcf617a - - - - -] api_database.connection_recycle_time = 3600 log_opt_values /usr/lib/python3/dist-packages/oslo_config/cfg.py:2609
2025-09-15 00:40:16.048 138643 DEBUG oslo_service.service [req-31049b10-f816-4d84-bcde-47dbabcf617a - - - - -] api_database.connection_trace = False log_opt_values /usr/lib/python3/dist-packages/oslo_config/cfg.py:2609
2025-09-15 00:40:16.048 138643 DEBUG oslo_service.service [req-31049b10-f816-4d84-bcde-47dbabcf617a - - - - -] api_database.db_inc_retry_interval = True log_opt_values /usr/lib/python3/dist-packages/oslo_config/cfg.py:2609
2025-09-15 00:40:16.048 139523 DEBUG oslo_messaging._drivers.amqpdriver [-] AMQPListener connection timeout poll /usr/lib/python3/dist-packages/oslo_messaging/_drivers/amqpdriver.py:360
2025-09-15 00:40:16.048 139524 DEBUG oslo_messaging._drivers.amqpdriver [-] AMQPListener connection timeout poll /usr/lib/python3/dist-packages/oslo_messaging/_drivers/amqpdriver.py:360
2025-09-15 00:40:16.049 139523 DEBUG oslo_messaging._drivers.amqpdriver [-] Listener is running poll /usr/lib/python3/dist-packages/oslo_messaging/_drivers/amqpdriver.py:343
2025-09-15 00:40:16.049 139524 DEBUG oslo_messaging._drivers.amqpdriver [-] Listener is running poll /usr/lib/python3/dist-packages/oslo_messaging/_drivers/amqpdriver.py:343
2025-09-15 00:40:16.049 139523 DEBUG oslo_messaging._drivers.amqpdriver [-] AMQPListener connection consume poll /usr/lib/python3/dist-packages/oslo_messaging/_drivers/amqpdriver.py:357
2025-09-15 00:40:16.049 138643 DEBUG oslo_service.service [req-31049b10-f816-4d84-bcde-47dbabcf617a - - - - -] api_database.db_max_retries = 20 log_opt_values /usr/lib/python3/dist-packages/oslo_config/cfg.py:2609
2025-09-15 00:40:16.049 139524 DEBUG oslo_messaging._drivers.amqpdriver [-] AMQPListener connection consume poll /usr/lib/python3/dist-packages/oslo_messaging/_drivers/amqpdriver.py:357
2025-09-15 00:40:16.049 138643 DEBUG oslo_service.service [req-31049b10-f816-4d84-bcde-47dbabcf617a - - - - -] api_database.db_max_retry_interval = 10 log_opt_values /usr/lib/python3/dist-packages/oslo_config/cfg.py:2609
2025-09-15 00:40:16.049 138643 DEBUG oslo_service.service [req-31049b10-f816-4d84-bcde-47dbabcf617a - - - - -] api_database.db_retry_interval = 1 log_opt_values /usr/lib/python3/dist-packages/oslo_config/cfg.py:2609
2025-09-15 00:40:16.049 138643 DEBUG oslo_service.service [req-31049b10-f816-4d84-bcde-47dbabcf617a - - - - -] api_database.max_overflow = 50 log_opt_values /usr/lib/python3/dist-packages/oslo_config/cfg.py:2609
2025-09-15 00:40:16.050 138643 DEBUG oslo_service.service [req-31049b10-f816-4d84-bcde-47dbabcf617a - - - - -] api_database.max_pool_size = 4 log_opt_values /usr/lib/python3/dist-packages/oslo_config/cfg.py:2609
2025-09-15 00:40:16.050 138643 DEBUG oslo_service.service [req-31049b10-f816-4d84-bcde-47dbabcf617a - - - - -] api_database.max_retries = 10 log_opt_values /usr/lib/python3/dist-packages/oslo_config/cfg.py:2609
2025-09-15 00:40:16.050 138643 DEBUG oslo_service.service [req-31049b10-f816-4d84-bcde-47dbabcf617a - - - - -] api_database.mysql_enable_ndb = False log_opt_values /usr/lib/python3/dist-packages/oslo_config/cfg.py:2609
2025-09-15 00:40:16.050 138643 DEBUG oslo_service.service [req-31049b10-f816-4d84-bcde-47dbabcf617a - - - - -] api_database.mysql_sql_mode = TRADITIONAL log_opt_values /usr/lib/python3/dist-packages/oslo_config/cfg.py:2609
2025-09-15 00:40:16.050 138643 DEBUG oslo_service.service [req-31049b10-f816-4d84-bcde-47dbabcf617a - - - - -] api_database.pool_timeout = None log_opt_values /usr/lib/python3/dist-packages/oslo_config/cfg.py:2609
2025-09-15 00:40:16.051 138643 DEBUG oslo_service.service [req-31049b10-f816-4d84-bcde-47dbabcf617a - - - - -] api_database.retry_interval = 10 log_opt_values /usr/lib/python3/dist-packages/oslo_config/cfg.py:2609
2025-09-15 00:40:16.051 138643 DEBUG oslo_service.service [req-31049b10-f816-4d84-bcde-47dbabcf617a - - - - -] api_database.slave_connection = **** log_opt_values /usr/lib/python3/dist-packages/oslo_config/cfg.py:2609
2025-09-15 00:40:16.051 138643 DEBUG oslo_service.service [req-31049b10-f816-4d84-bcde-47dbabcf617a - - - - -] api_database.sqlite_synchronous = True log_opt_values /usr/lib/python3/dist-packages/oslo_config/cfg.py:2609
2025-09-15 00:40:16.051 138643 DEBUG oslo_service.service [req-31049b10-f816-4d84-bcde-47dbabcf617a - - - - -] devices.enabled_mdev_types = [] log_opt_values /usr/lib/python3/dist-packages/oslo_config/cfg.py:2609
2025-09-15 00:40:16.052 138643 DEBUG oslo_service.service [req-31049b10-f816-4d84-bcde-47dbabcf617a - - - - -] ephemeral_storage_encryption.cipher = aes-xts-plain64 log_opt_values /usr/lib/python3/dist-packages/oslo_config/cfg.py:2609
2025-09-15 00:40:16.052 138643 DEBUG oslo_service.service [req-31049b10-f816-4d84-bcde-47dbabcf617a - - - - -] ephemeral_storage_encryption.enabled = False log_opt_values /usr/lib/python3/dist-packages/oslo_config/cfg.py:2609
2025-09-15 00:40:16.052 138643 DEBUG oslo_service.service [req-31049b10-f816-4d84-bcde-47dbabcf617a - - - - -] ephemeral_storage_encryption.key_size = 512 log_opt_values /usr/lib/python3/dist-packages/oslo_config/cfg.py:2609
2025-09-15 00:40:16.052 138643 WARNING oslo_config.cfg [req-31049b10-f816-4d84-bcde-47dbabcf617a - - - - -] Deprecated: Option "api_servers" from group "glance" is deprecated for removal ( Support for image service configuration via standard keystoneauth1 Adapter options was added in the 17.0.0 Queens release. The api_servers option was retained temporarily to allow consumers time to cut over to a real load balancing solution. ). Its value may be silently ignored in the future.
2025-09-15 00:40:16.054 138643 DEBUG oslo_service.service [req-31049b10-f816-4d84-bcde-47dbabcf617a - - - - -] glance.api_servers = ['http://252.19.60.81:9292'] log_opt_values /usr/lib/python3/dist-packages/oslo_config/cfg.py:2609
2025-09-15 00:40:16.054 138643 DEBUG oslo_service.service [req-31049b10-f816-4d84-bcde-47dbabcf617a - - - - -] glance.cafile = None log_opt_values /usr/lib/python3/dist-packages/oslo_config/cfg.py:2609
2025-09-15 00:40:16.054 138643 DEBUG oslo_service.service [req-31049b10-f816-4d84-bcde-47dbabcf617a - - - - -] glance.certfile = None log_opt_values /usr/lib/python3/dist-packages/oslo_config/cfg.py:2609
2025-09-15 00:40:16.055 138643 DEBUG oslo_service.service [req-31049b10-f816-4d84-bcde-47dbabcf617a - - - - -] glance.collect_timing = False log_opt_values /usr/lib/python3/dist-packages/oslo_config/cfg.py:2609
2025-09-15 00:40:16.055 138643 DEBUG oslo_service.service [req-31049b10-f816-4d84-bcde-47dbabcf617a - - - - -] glance.connect_retries = None log_opt_values /usr/lib/python3/dist-packages/oslo_config/cfg.py:2609
2025-09-15 00:40:16.055 138643 DEBUG oslo_service.service [req-31049b10-f816-4d84-bcde-47dbabcf617a - - - - -] glance.connect_retry_delay = None log_opt_values /usr/lib/python3/dist-packages/oslo_config/cfg.py:2609
2025-09-15 00:40:16.055 138643 DEBUG oslo_service.service [req-31049b10-f816-4d84-bcde-47dbabcf617a - - - - -] glance.debug = False log_opt_values /usr/lib/python3/dist-packages/oslo_config/cfg.py:2609
2025-09-15 00:40:16.055 138643 DEBUG oslo_service.service [req-31049b10-f816-4d84-bcde-47dbabcf617a - - - - -] glance.default_trusted_certificate_ids = [] log_opt_values /usr/lib/python3/dist-packages/oslo_config/cfg.py:2609
2025-09-15 00:40:16.056 138643 DEBUG oslo_service.service [req-31049b10-f816-4d84-bcde-47dbabcf617a - - - - -] glance.enable_certificate_validation = False log_opt_values /usr/lib/python3/dist-packages/oslo_config/cfg.py:2609
2025-09-15 00:40:16.056 138643 DEBUG oslo_service.service [req-31049b10-f816-4d84-bcde-47dbabcf617a - - - - -] glance.enable_rbd_download = False log_opt_values /usr/lib/python3/dist-packages/oslo_config/cfg.py:2609
2025-09-15 00:40:16.058 138643 DEBUG oslo_service.service [req-31049b10-f816-4d84-bcde-47dbabcf617a - - - - -] glance.endpoint_override = None log_opt_values /usr/lib/python3/dist-packages/oslo_config/cfg.py:2609
2025-09-15 00:40:16.058 138643 DEBUG oslo_service.service [req-31049b10-f816-4d84-bcde-47dbabcf617a - - - - -] glance.insecure = False log_opt_values /usr/lib/python3/dist-packages/oslo_config/cfg.py:2609
2025-09-15 00:40:16.060 138643 DEBUG oslo_service.service [req-31049b10-f816-4d84-bcde-47dbabcf617a - - - - -] glance.keyfile = None log_opt_values /usr/lib/python3/dist-packages/oslo_config/cfg.py:2609
