2025-09-15 00:40:57.718 154923 DEBUG oslo_service.service [req-e5b684d5-3f70-4691-9b7e-e476c2b4e560 - - - - -] instance_uuid_format = [instance: %(uuid)s] log_opt_values /usr/lib/python3/dist-packages/oslo_config/cfg.py:2602
2025-09-15 00:40:57.718 154923 DEBUG oslo_service.service [req-e5b684d5-3f70-4691-9b7e-e476c2b4e560 - - - - -] instances_path = /var/lib/nova/instances log_opt_values /usr/lib/python3/dist-packages/oslo_config/cfg.py:2602
2025-09-15 00:40:57.718 154923 DEBUG oslo_service.service [req-e5b684d5-3f70-4691-9b7e-e476c2b4e560 - - - - -] internal_service_availability_zone = internal log_opt_values /usr/lib/python3/dist-packages/oslo_config/cfg.py:2602
2025-09-15 00:40:57.718 154923 DEBUG oslo_service.service [req-e5b684d5-3f70-4691-9b7e-e476c2b4e560 - - - - -] key = None log_opt_values /usr/lib/python3/dist-packages/oslo_config/cfg.py:2602
2025-09-15 00:40:57.719 154923 DEBUG oslo_service.service [req-e5b684d5-3f70-4691-9b7e-e476c2b4e560 - - - - -] live_migration_retry_count = 30 log_opt_values /usr/lib/python3/dist-packages/oslo_config/cfg.py:2602
2025-09-15 00:40:57.719 154923 DEBUG oslo_service.service [req-e5b684d5-3f70-4691-9b7e-e476c2b4e560 - - - - -] log_config_append = None log_opt_values /usr/lib/python3/dist-packages/oslo_config/cfg.py:2602
2025-09-15 00:40:57.719 154923 DEBUG oslo_service.service [req-e5b684d5-3f70-4691-9b7e-e476c2b4e560 - - - - -] log_date_format = %Y-%m-%d %H:%M:%S log_opt_values /usr/lib/python3/dist-packages/oslo_config/cfg.py:2602
2025-09-15 00:40:57.719 154923 DEBUG oslo_service.service [req-e5b684d5-3f70-4691-9b7e-e476c2b4e560 - - - - -] log_dir = /var/log/nova log_opt_values /usr/lib/python3/dist-packages/oslo_config/cfg.py:2602
2025-09-15 00:40:57.720 154923 DEBUG oslo_service.service [req-e5b684d5-3f70-4691-9b7e-e476c2b4e560 - - - - -] log_file = /var/log/nova/nova-conductor.log log_opt_values /usr/lib/python3/dist-packages/oslo_config/cfg.py:2602
2025-09-15 00:40:57.720 154923 DEBUG oslo_service.service [req-e5b684d5-3f70-4691-9b7e-e476c2b4e560 - - - - -] log_options = True log_opt_values /usr/lib/python3/dist-packages/oslo_config/cfg.py:2602
2025-09-15 00:40:57.720 154923 DEBUG oslo_service.service [req-e5b684d5-3f70-4691-9b7e-e476c2b4e560 - - - - -] log_rotate_interval = 1 log_opt_values /usr/lib/python3/dist-packages/oslo_config/cfg.py:2602
2025-09-15 00:40:57.720 154923 DEBUG oslo_service.service [req-e5b684d5-3f70-4691-9b7e-e476c2b4e560 - - - - -] log_rotate_interval_type = days log_opt_values /usr/lib/python3/dist-packages/oslo_config/cfg.py:2602
2025-09-15 00:40:57.720 154923 DEBUG oslo_service.service [req-e5b684d5-3f70-4691-9b7e-e476c2b4e560 - - - - -] log_rotation_type = none log_opt_values /usr/lib/python3/dist-packages/oslo_config/cfg.py:2602
2025-09-15 00:40:57.721 154923 DEBUG oslo_service.service [req-e5b684d5-3f70-4691-9b7e-e476c2b4e560 - - - - -] logging_context_format_string = %(asctime)s.%(msecs)03d %(process)d %(levelname)s %(name)s [%(request_id)s %(user_identity)s] %(instance)s%(message)s log_opt_values /usr/lib/python3/dist-packages/oslo_config/cfg.py:2602
2025-09-15 00:40:57.721 154923 DEBUG oslo_service.service [req-e5b684d5-3f70-4691-9b7e-e476c2b4e560 - - - - -] logging_debug_format_suffix = %(funcName)s %(pathname)s:%(lineno)d log_opt_values /usr/lib/python3/dist-packages/oslo_config/cfg.py:2602
2025-09-15 00:40:57.721 154923 DEBUG oslo_service.service [req-e5b684d5-3f70-4691-9b7e-e476c2b4e560 - - - - -] logging_default_format_string = %(asctime)s.%(msecs)03d %(process)d %(levelname)s %(name)s [-] %(instance)s%(message)s log_opt_values /usr/lib/python3/dist-packages/oslo_config/cfg.py:2602
2025-09-15 00:40:57.721 154923 DEBUG oslo_service.service [req-e5b684d5-3f70-4691-9b7e-e476c2b4e560 - - - - -] logging_exception_prefix = %(asctime)s.%(msecs)03d %(process)d ERROR %(name)s %(instance)s log_opt_values /usr/lib/python3/dist-packages/oslo_config/cfg.py:2602
2025-09-15 00:40:57.721 154923 DEBUG oslo_service.service [req-e5b684d5-3f70-4691-9b7e-e476c2b4e560 - - - - -] logging_user_identity_format = %(user)s %(project)s %(domain)s %(user_domain)s %(project_domain)s log_opt_values /usr/lib/python3/dist-packages/oslo_config/cfg.py:2602
2025-09-15 00:40:57.721 154923 DEBUG oslo_service.service [req-e5b684d5-3f70-4691-9b7e-e476c2b4e560 - - - - -] long_rpc_timeout = 1800 log_opt_values /usr/lib/python3/dist-packages/oslo_config/cfg.py:2602
2025-09-15 00:40:57.722 154923 DEBUG oslo_service.service [req-e5b684d5-3f70-4691-9b7e-e476c2b4e560 - - - - -] max_concurrent_builds = 10 log_opt_values /usr/lib/python3/dist-packages/oslo_config/cfg.py:2602
2025-09-15 00:40:57.722 154923 DEBUG oslo_service.service [req-e5b684d5-3f70-4691-9b7e-e476c2b4e560 - - - - -] max_concurrent_live_migrations = 1 log_opt_values /usr/lib/python3/dist-packages/oslo_config/cfg.py:2602
2025-09-15 00:40:57.722 154923 DEBUG oslo_service.service [req-e5b684d5-3f70-4691-9b7e-e476c2b4e560 - - - - -] max_concurrent_snapshots = 5 log_opt_values /usr/lib/python3/dist-packages/oslo_config/cfg.py:2602
2025-09-15 00:40:57.722 154923 DEBUG oslo_service.service [req-e5b684d5-3f70-4691-9b7e-e476c2b4e560 - - - - -] max_local_block_devices = 3 log_opt_values /usr/lib/python3/dist-packages/oslo_config/cfg.py:2602
2025-09-15 00:40:57.722 155254 DEBUG oslo_db.sqlalchemy.engines [req-72548f7f-bde6-4c5d-b419-20c1c95273f1 - - - - -] MySQL server mode set to STRICT_TRANS_TABLES,STRICT_ALL_TABLES,NO_ZERO_IN_DATE,NO_ZERO_DATE,ERROR_FOR_DIVISION_BY_ZERO,TRADITIONAL,NO_ENGINE_SUBSTITUTION _check_effective_sql_mode /usr/lib/python3/dist-packages/oslo_db/sqlalchemy/engines.py:314
2025-09-15 00:40:57.722 154923 DEBUG oslo_service.service [req-e5b684d5-3f70-4691-9b7e-e476c2b4e560 - - - - -] max_logfile_count = 30 log_opt_values /usr/lib/python3/dist-packages/oslo_config/cfg.py:2602
2025-09-15 00:40:57.723 154923 DEBUG oslo_service.service [req-e5b684d5-3f70-4691-9b7e-e476c2b4e560 - - - - -] max_logfile_size_mb = 200 log_opt_values /usr/lib/python3/dist-packages/oslo_config/cfg.py:2602
2025-09-15 00:40:57.723 154923 DEBUG oslo_service.service [req-e5b684d5-3f70-4691-9b7e-e476c2b4e560 - - - - -] maximum_instance_delete_attempts = 5 log_opt_values /usr/lib/python3/dist-packages/oslo_config/cfg.py:2602
2025-09-15 00:40:57.723 154923 DEBUG oslo_service.service [req-e5b684d5-3f70-4691-9b7e-e476c2b4e560 - - - - -] metadata_listen = 0.0.0.0 log_opt_values /usr/lib/python3/dist-packages/oslo_config/cfg.py:2602
2025-09-15 00:40:57.723 154923 DEBUG oslo_service.service [req-e5b684d5-3f70-4691-9b7e-e476c2b4e560 - - - - -] metadata_listen_port = 8765 log_opt_values /usr/lib/python3/dist-packages/oslo_config/cfg.py:2602
2025-09-15 00:40:57.723 154923 DEBUG oslo_service.service [req-e5b684d5-3f70-4691-9b7e-e476c2b4e560 - - - - -] metadata_workers = None log_opt_values /usr/lib/python3/dist-packages/oslo_config/cfg.py:2602
2025-09-15 00:40:57.724 154923 DEBUG oslo_service.service [req-e5b684d5-3f70-4691-9b7e-e476c2b4e560 - - - - -] migrate_max_retries = -1 log_opt_values /usr/lib/python3/dist-packages/oslo_config/cfg.py:2602
2025-09-15 00:40:57.724 154923 DEBUG oslo_service.service [req-e5b684d5-3f70-4691-9b7e-e476c2b4e560 - - - - -] mkisofs_cmd = genisoimage log_opt_values /usr/lib/python3/dist-packages/oslo_config/cfg.py:2602
2025-09-15 00:40:57.724 154923 DEBUG oslo_service.service [req-e5b684d5-3f70-4691-9b7e-e476c2b4e560 - - - - -] my_block_storage_ip = 252.19.26.117 log_opt_values /usr/lib/python3/dist-packages/oslo_config/cfg.py:2602
2025-09-15 00:40:57.724 154923 DEBUG oslo_service.service [req-e5b684d5-3f70-4691-9b7e-e476c2b4e560 - - - - -] my_ip = 252.19.26.117 log_opt_values /usr/lib/python3/dist-packages/oslo_config/cfg.py:2602
2025-09-15 00:40:57.724 154923 DEBUG oslo_service.service [req-e5b684d5-3f70-4691-9b7e-e476c2b4e560 - - - - -] network_allocate_retries = 0 log_opt_values /usr/lib/python3/dist-packages/oslo_config/cfg.py:2602
2025-09-15 00:40:57.724 155251 DEBUG nova.service [req-48ef9f87-480c-48b6-89a8-eb3532fe0cad - - - - -] Creating RPC server for service conductor start /usr/lib/python3/dist-packages/nova/service.py:182
2025-09-15 00:40:57.724 154923 DEBUG oslo_service.service [req-e5b684d5-3f70-4691-9b7e-e476c2b4e560 - - - - -] non_inheritable_image_properties = ['cache_in_nova', 'bittorrent'] log_opt_values /usr/lib/python3/dist-packages/oslo_config/cfg.py:2602
2025-09-15 00:40:57.725 154923 DEBUG oslo_service.service [req-e5b684d5-3f70-4691-9b7e-e476c2b4e560 - - - - -] osapi_compute_listen = 0.0.0.0 log_opt_values /usr/lib/python3/dist-packages/oslo_config/cfg.py:2602
2025-09-15 00:40:57.725 154923 DEBUG oslo_service.service [req-e5b684d5-3f70-4691-9b7e-e476c2b4e560 - - - - -] osapi_compute_listen_port = 8764 log_opt_values /usr/lib/python3/dist-packages/oslo_config/cfg.py:2602
2025-09-15 00:40:57.725 154923 DEBUG oslo_service.service [req-e5b684d5-3f70-4691-9b7e-e476c2b4e560 - - - - -] osapi_compute_unique_server_name_scope = log_opt_values /usr/lib/python3/dist-packages/oslo_config/cfg.py:2602
2025-09-15 00:40:57.725 154923 DEBUG oslo_service.service [req-e5b684d5-3f70-4691-9b7e-e476c2b4e560 - - - - -] osapi_compute_workers = 4 log_opt_values /usr/lib/python3/dist-packages/oslo_config/cfg.py:2602
2025-09-15 00:40:57.726 154923 DEBUG oslo_service.service [req-e5b684d5-3f70-4691-9b7e-e476c2b4e560 - - - - -] password_length = 12 log_opt_values /usr/lib/python3/dist-packages/oslo_config/cfg.py:2602
2025-09-15 00:40:57.726 154923 DEBUG oslo_service.service [req-e5b684d5-3f70-4691-9b7e-e476c2b4e560 - - - - -] periodic_enable = True log_opt_values /usr/lib/python3/dist-packages/oslo_config/cfg.py:2602
2025-09-15 00:40:57.726 154923 DEBUG oslo_service.service [req-e5b684d5-3f70-4691-9b7e-e476c2b4e560 - - - - -] periodic_fuzzy_delay = 60 log_opt_values /usr/lib/python3/dist-packages/oslo_config/cfg.py:2602
2025-09-15 00:40:57.726 154923 DEBUG oslo_service.service [req-e5b684d5-3f70-4691-9b7e-e476c2b4e560 - - - - -] pointer_model = usbtablet log_opt_values /usr/lib/python3/dist-packages/oslo_config/cfg.py:2602
2025-09-15 00:40:57.726 154923 DEBUG oslo_service.service [req-e5b684d5-3f70-4691-9b7e-e476c2b4e560 - - - - -] preallocate_images = none log_opt_values /usr/lib/python3/dist-packages/oslo_config/cfg.py:2602
2025-09-15 00:40:57.726 155252 DEBUG nova.service [req-f9e2e36a-7162-420f-b4f5-9c5d4053ac67 - - - - -] Creating RPC server for service conductor start /usr/lib/python3/dist-packages/nova/service.py:182
2025-09-15 00:40:57.726 154923 DEBUG oslo_service.service [req-e5b684d5-3f70-4691-9b7e-e476c2b4e560 - - - - -] publish_errors = False log_opt_values /usr/lib/python3/dist-packages/oslo_config/cfg.py:2602
2025-09-15 00:40:57.727 154923 DEBUG oslo_service.service [req-e5b684d5-3f70-4691-9b7e-e476c2b4e560 - - - - -] pybasedir = /usr/lib/python3/dist-packages log_opt_values /usr/lib/python3/dist-packages/oslo_config/cfg.py:2602
2025-09-15 00:40:57.727 154923 DEBUG oslo_service.service [req-e5b684d5-3f70-4691-9b7e-e476c2b4e560 - - - - -] ram_allocation_ratio = 0.98 log_opt_values /usr/lib/python3/dist-packages/oslo_config/cfg.py:2602
2025-09-15 00:40:57.727 154923 DEBUG oslo_service.service [req-e5b684d5-3f70-4691-9b7e-e476c2b4e560 - - - - -] rate_limit_burst = 0 log_opt_values /usr/lib/python3/dist-packages/oslo_config/cfg.py:2602
2025-09-15 00:40:57.727 154923 DEBUG oslo_service.service [req-e5b684d5-3f70-4691-9b7e-e476c2b4e560 - - - - -] rate_limit_except_level = CRITICAL log_opt_values /usr/lib/python3/dist-packages/oslo_config/cfg.py:2602
2025-09-15 00:40:57.727 154923 DEBUG oslo_service.service [req-e5b684d5-3f70-4691-9b7e-e476c2b4e560 - - - - -] rate_limit_interval = 0 log_opt_values /usr/lib/python3/dist-packages/oslo_config/cfg.py:2602
2025-09-15 00:40:57.727 154923 DEBUG oslo_service.service [req-e5b684d5-3f70-4691-9b7e-e476c2b4e560 - - - - -] reboot_timeout = 0 log_opt_values /usr/lib/python3/dist-packages/oslo_config/cfg.py:2602
2025-09-15 00:40:57.728 154923 DEBUG oslo_service.service [req-e5b684d5-3f70-4691-9b7e-e476c2b4e560 - - - - -] reclaim_instance_interval = 0 log_opt_values /usr/lib/python3/dist-packages/oslo_config/cfg.py:2602
2025-09-15 00:40:57.728 154923 DEBUG oslo_service.service [req-e5b684d5-3f70-4691-9b7e-e476c2b4e560 - - - - -] record = None log_opt_values /usr/lib/python3/dist-packages/oslo_config/cfg.py:2602
2025-09-15 00:40:57.728 154923 DEBUG oslo_service.service [req-e5b684d5-3f70-4691-9b7e-e476c2b4e560 - - - - -] report_interval = 10 log_opt_values /usr/lib/python3/dist-packages/oslo_config/cfg.py:2602
2025-09-15 00:40:57.728 154923 DEBUG oslo_service.service [req-e5b684d5-3f70-4691-9b7e-e476c2b4e560 - - - - -] rescue_timeout = 0 log_opt_values /usr/lib/python3/dist-packages/oslo_config/cfg.py:2602
2025-09-15 00:40:57.728 154923 DEBUG oslo_service.service [req-e5b684d5-3f70-4691-9b7e-e476c2b4e560 - - - - -] reserved_host_cpus = 0 log_opt_values /usr/lib/python3/dist-packages/oslo_config/cfg.py:2602
2025-09-15 00:40:57.729 154923 DEBUG oslo_service.service [req-e5b684d5-3f70-4691-9b7e-e476c2b4e560 - - - - -] reserved_host_disk_mb = 0 log_opt_values /usr/lib/python3/dist-packages/oslo_config/cfg.py:2602
2025-09-15 00:40:57.729 154923 DEBUG oslo_service.service [req-e5b684d5-3f70-4691-9b7e-e476c2b4e560 - - - - -] reserved_host_memory_mb = 512 log_opt_values /usr/lib/python3/dist-packages/oslo_config/cfg.py:2602
2025-09-15 00:40:57.729 154923 DEBUG oslo_service.service [req-e5b684d5-3f70-4691-9b7e-e476c2b4e560 - - - - -] reserved_huge_pages = None log_opt_values /usr/lib/python3/dist-packages/oslo_config/cfg.py:2602
2025-09-15 00:40:57.729 154923 DEBUG oslo_service.service [req-e5b684d5-3f70-4691-9b7e-e476c2b4e560 - - - - -] resize_confirm_window = 0 log_opt_values /usr/lib/python3/dist-packages/oslo_config/cfg.py:2602
2025-09-15 00:40:57.729 154923 DEBUG oslo_service.service [req-e5b684d5-3f70-4691-9b7e-e476c2b4e560 - - - - -] resize_fs_using_block_device = False log_opt_values /usr/lib/python3/dist-packages/oslo_config/cfg.py:2602
2025-09-15 00:40:57.729 154923 DEBUG oslo_service.service [req-e5b684d5-3f70-4691-9b7e-e476c2b4e560 - - - - -] resume_guests_state_on_host_boot = False log_opt_values /usr/lib/python3/dist-packages/oslo_config/cfg.py:2602
2025-09-15 00:40:57.730 154923 DEBUG oslo_service.service [req-e5b684d5-3f70-4691-9b7e-e476c2b4e560 - - - - -] rootwrap_config = /etc/nova/rootwrap.conf log_opt_values /usr/lib/python3/dist-packages/oslo_config/cfg.py:2602
2025-09-15 00:40:57.730 154923 DEBUG oslo_service.service [req-e5b684d5-3f70-4691-9b7e-e476c2b4e560 - - - - -] rpc_response_timeout = 60 log_opt_values /usr/lib/python3/dist-packages/oslo_config/cfg.py:2602
2025-09-15 00:40:57.730 154923 DEBUG oslo_service.service [req-e5b684d5-3f70-4691-9b7e-e476c2b4e560 - - - - -] run_external_periodic_tasks = True log_opt_values /usr/lib/python3/dist-packages/oslo_config/cfg.py:2602
2025-09-15 00:40:57.730 154923 DEBUG oslo_service.service [req-e5b684d5-3f70-4691-9b7e-e476c2b4e560 - - - - -] running_deleted_instance_action = reap log_opt_values /usr/lib/python3/dist-packages/oslo_config/cfg.py:2602
2025-09-15 00:40:57.730 154923 DEBUG oslo_service.service [req-e5b684d5-3f70-4691-9b7e-e476c2b4e560 - - - - -] running_deleted_instance_poll_interval = 1800 log_opt_values /usr/lib/python3/dist-packages/oslo_config/cfg.py:2602
2025-09-15 00:40:57.730 154923 DEBUG oslo_service.service [req-e5b684d5-3f70-4691-9b7e-e476c2b4e560 - - - - -] running_deleted_instance_timeout = 0 log_opt_values /usr/lib/python3/dist-packages/oslo_config/cfg.py:2602
2025-09-15 00:40:57.731 154923 DEBUG oslo_service.service [req-e5b684d5-3f70-4691-9b7e-e476c2b4e560 - - - - -] scheduler_instance_sync_interval = 120 log_opt_values /usr/lib/python3/dist-packages/oslo_config/cfg.py:2602
2025-09-15 00:40:57.730 155253 DEBUG nova.service [req-fdf10b69-d244-40f0-a5f9-afdbd01906ee - - - - -] Creating RPC server for service conductor start /usr/lib/python3/dist-packages/nova/service.py:182
2025-09-15 00:40:57.731 154923 DEBUG oslo_service.service [req-e5b684d5-3f70-4691-9b7e-e476c2b4e560 - - - - -] service_down_time = 60 log_opt_values /usr/lib/python3/dist-packages/oslo_config/cfg.py:2602
2025-09-15 00:40:57.731 154923 DEBUG oslo_service.service [req-e5b684d5-3f70-4691-9b7e-e476c2b4e560 - - - - -] servicegroup_driver = db log_opt_values /usr/lib/python3/dist-packages/oslo_config/cfg.py:2602
2025-09-15 00:40:57.731 154923 DEBUG oslo_service.service [req-e5b684d5-3f70-4691-9b7e-e476c2b4e560 - - - - -] shelved_offload_time = 0 log_opt_values /usr/lib/python3/dist-packages/oslo_config/cfg.py:2602
2025-09-15 00:40:57.731 154923 DEBUG oslo_service.service [req-e5b684d5-3f70-4691-9b7e-e476c2b4e560 - - - - -] shelved_poll_interval = 3600 log_opt_values /usr/lib/python3/dist-packages/oslo_config/cfg.py:2602
2025-09-15 00:40:57.731 154923 DEBUG oslo_service.service [req-e5b684d5-3f70-4691-9b7e-e476c2b4e560 - - - - -] shutdown_timeout = 60 log_opt_values /usr/lib/python3/dist-packages/oslo_config/cfg.py:2602
2025-09-15 00:40:57.732 154923 DEBUG oslo_service.service [req-e5b684d5-3f70-4691-9b7e-e476c2b4e560 - - - - -] source_is_ipv6 = False log_opt_values /usr/lib/python3/dist-packages/oslo_config/cfg.py:2602
2025-09-15 00:40:57.732 154923 DEBUG oslo_service.service [req-e5b684d5-3f70-4691-9b7e-e476c2b4e560 - - - - -] ssl_only = False log_opt_values /usr/lib/python3/dist-packages/oslo_config/cfg.py:2602
2025-09-15 00:40:57.732 154923 DEBUG oslo_service.service [req-e5b684d5-3f70-4691-9b7e-e476c2b4e560 - - - - -] state_path = /var/lib/nova log_opt_values /usr/lib/python3/dist-packages/oslo_config/cfg.py:2602
2025-09-15 00:40:57.732 154923 DEBUG oslo_service.service [req-e5b684d5-3f70-4691-9b7e-e476c2b4e560 - - - - -] sync_power_state_interval = 600 log_opt_values /usr/lib/python3/dist-packages/oslo_config/cfg.py:2602
2025-09-15 00:40:57.732 154923 DEBUG oslo_service.service [req-e5b684d5-3f70-4691-9b7e-e476c2b4e560 - - - - -] sync_power_state_pool_size = 1000 log_opt_values /usr/lib/python3/dist-packages/oslo_config/cfg.py:2602
2025-09-15 00:40:57.733 154923 DEBUG oslo_service.service [req-e5b684d5-3f70-4691-9b7e-e476c2b4e560 - - - - -] syslog_log_facility = LOG_USER log_opt_values /usr/lib/python3/dist-packages/oslo_config/cfg.py:2602
2025-09-15 00:40:57.733 154923 DEBUG oslo_service.service [req-e5b684d5-3f70-4691-9b7e-e476c2b4e560 - - - - -] tempdir = None log_opt_values /usr/lib/python3/dist-packages/oslo_config/cfg.py:2602
2025-09-15 00:40:57.733 154923 DEBUG oslo_service.service [req-e5b684d5-3f70-4691-9b7e-e476c2b4e560 - - - - -] timeout_nbd = 10 log_opt_values /usr/lib/python3/dist-packages/oslo_config/cfg.py:2602
2025-09-15 00:40:57.733 154923 DEBUG oslo_service.service [req-e5b684d5-3f70-4691-9b7e-e476c2b4e560 - - - - -] transport_url = **** log_opt_values /usr/lib/python3/dist-packages/oslo_config/cfg.py:2602
2025-09-15 00:40:57.733 154923 DEBUG oslo_service.service [req-e5b684d5-3f70-4691-9b7e-e476c2b4e560 - - - - -] update_resources_interval = 0 log_opt_values /usr/lib/python3/dist-packages/oslo_config/cfg.py:2602
2025-09-15 00:40:57.734 154923 DEBUG oslo_service.service [req-e5b684d5-3f70-4691-9b7e-e476c2b4e560 - - - - -] use_cow_images = True log_opt_values /usr/lib/python3/dist-packages/oslo_config/cfg.py:2602
2025-09-15 00:40:57.734 154923 DEBUG oslo_service.service [req-e5b684d5-3f70-4691-9b7e-e476c2b4e560 - - - - -] use_eventlog = False log_opt_values /usr/lib/python3/dist-packages/oslo_config/cfg.py:2602
2025-09-15 00:40:57.734 154923 DEBUG oslo_service.service [req-e5b684d5-3f70-4691-9b7e-e476c2b4e560 - - - - -] use_journal = False log_opt_values /usr/lib/python3/dist-packages/oslo_config/cfg.py:2602
2025-09-15 00:40:57.734 154923 DEBUG oslo_service.service [req-e5b684d5-3f70-4691-9b7e-e476c2b4e560 - - - - -] use_json = False log_opt_values /usr/lib/python3/dist-packages/oslo_config/cfg.py:2602
2025-09-15 00:40:57.734 154923 DEBUG oslo_service.service [req-e5b684d5-3f70-4691-9b7e-e476c2b4e560 - - - - -] use_rootwrap_daemon = False log_opt_values /usr/lib/python3/dist-packages/oslo_config/cfg.py:2602
2025-09-15 00:40:57.735 154923 DEBUG oslo_service.service [req-e5b684d5-3f70-4691-9b7e-e476c2b4e560 - - - - -] use_stderr = False log_opt_values /usr/lib/python3/dist-packages/oslo_config/cfg.py:2602
2025-09-15 00:40:57.735 154923 DEBUG oslo_service.service [req-e5b684d5-3f70-4691-9b7e-e476c2b4e560 - - - - -] use_syslog = False log_opt_values /usr/lib/python3/dist-packages/oslo_config/cfg.py:2602
2025-09-15 00:40:57.735 154923 DEBUG oslo_service.service [req-e5b684d5-3f70-4691-9b7e-e476c2b4e560 - - - - -] vcpu_pin_set = None log_opt_values /usr/lib/python3/dist-packages/oslo_config/cfg.py:2602
2025-09-15 00:40:57.735 154923 DEBUG oslo_service.service [req-e5b684d5-3f70-4691-9b7e-e476c2b4e560 - - - - -] vif_plugging_is_fatal = True log_opt_values /usr/lib/python3/dist-packages/oslo_config/cfg.py:2602
2025-09-15 00:40:57.735 154923 DEBUG oslo_service.service [req-e5b684d5-3f70-4691-9b7e-e476c2b4e560 - - - - -] vif_plugging_timeout = 300 log_opt_values /usr/lib/python3/dist-packages/oslo_config/cfg.py:2602
2025-09-15 00:40:57.736 154923 DEBUG oslo_service.service [req-e5b684d5-3f70-4691-9b7e-e476c2b4e560 - - - - -] virt_mkfs = [] log_opt_values /usr/lib/python3/dist-packages/oslo_config/cfg.py:2602
2025-09-15 00:40:57.736 154923 DEBUG oslo_service.service [req-e5b684d5-3f70-4691-9b7e-e476c2b4e560 - - - - -] volume_usage_poll_interval = 0 log_opt_values /usr/lib/python3/dist-packages/oslo_config/cfg.py:2602
2025-09-15 00:40:57.736 154923 DEBUG oslo_service.service [req-e5b684d5-3f70-4691-9b7e-e476c2b4e560 - - - - -] watch_log_file = False log_opt_values /usr/lib/python3/dist-packages/oslo_config/cfg.py:2602
2025-09-15 00:40:57.736 154923 DEBUG oslo_service.service [req-e5b684d5-3f70-4691-9b7e-e476c2b4e560 - - - - -] web = /usr/share/spice-html5 log_opt_values /usr/lib/python3/dist-packages/oslo_config/cfg.py:2602
2025-09-15 00:40:57.737 154923 DEBUG oslo_service.service [req-e5b684d5-3f70-4691-9b7e-e476c2b4e560 - - - - -] oslo_concurrency.disable_process_locking = False log_opt_values /usr/lib/python3/dist-packages/oslo_config/cfg.py:2609
2025-09-15 00:40:57.737 154923 DEBUG oslo_service.service [req-e5b684d5-3f70-4691-9b7e-e476c2b4e560 - - - - -] oslo_concurrency.lock_path = /var/lock/nova log_opt_values /usr/lib/python3/dist-packages/oslo_config/cfg.py:2609
2025-09-15 00:40:57.737 154923 DEBUG oslo_service.service [req-e5b684d5-3f70-4691-9b7e-e476c2b4e560 - - - - -] oslo_messaging_metrics.metrics_buffer_size = 1000 log_opt_values /usr/lib/python3/dist-packages/oslo_config/cfg.py:2609
2025-09-15 00:40:57.737 154923 DEBUG oslo_service.service [req-e5b684d5-3f70-4691-9b7e-e476c2b4e560 - - - - -] oslo_messaging_metrics.metrics_enabled = False log_opt_values /usr/lib/python3/dist-packages/oslo_config/cfg.py:2609
2025-09-15 00:40:57.737 154923 DEBUG oslo_service.service [req-e5b684d5-3f70-4691-9b7e-e476c2b4e560 - - - - -] oslo_messaging_metrics.metrics_process_name = log_opt_values /usr/lib/python3/dist-packages/oslo_config/cfg.py:2609
2025-09-15 00:40:57.738 154923 DEBUG oslo_service.service [req-e5b684d5-3f70-4691-9b7e-e476c2b4e560 - - - - -] oslo_messaging_metrics.metrics_socket_file = /var/tmp/metrics_collector.sock log_opt_values /usr/lib/python3/dist-packages/oslo_config/cfg.py:2609
2025-09-15 00:40:57.738 154923 DEBUG oslo_service.service [req-e5b684d5-3f70-4691-9b7e-e476c2b4e560 - - - - -] oslo_messaging_metrics.metrics_thread_stop_timeout = 10 log_opt_values /usr/lib/python3/dist-packages/oslo_config/cfg.py:2609
2025-09-15 00:40:57.737 155254 DEBUG nova.service [req-72548f7f-bde6-4c5d-b419-20c1c95273f1 - - - - -] Creating RPC server for service conductor start /usr/lib/python3/dist-packages/nova/service.py:182
2025-09-15 00:40:57.738 154923 WARNING oslo_config.cfg [req-e5b684d5-3f70-4691-9b7e-e476c2b4e560 - - - - -] Deprecated: Option "auth_strategy" from group "api" is deprecated for removal ( The only non-default choice, ``noauth2``, is for internal development and testing purposes only and should not be used in deployments. This option and its middleware, NoAuthMiddleware[V2_18], will be removed in a future release. ). Its value may be silently ignored in the future.
2025-09-15 00:40:57.739 154923 DEBUG oslo_service.service [req-e5b684d5-3f70-4691-9b7e-e476c2b4e560 - - - - -] api.auth_strategy = keystone log_opt_values /usr/lib/python3/dist-packages/oslo_config/cfg.py:2609
2025-09-15 00:40:57.739 154923 DEBUG oslo_service.service [req-e5b684d5-3f70-4691-9b7e-e476c2b4e560 - - - - -] api.compute_link_prefix = None log_opt_values /usr/lib/python3/dist-packages/oslo_config/cfg.py:2609
2025-09-15 00:40:57.739 154923 DEBUG oslo_service.service [req-e5b684d5-3f70-4691-9b7e-e476c2b4e560 - - - - -] api.config_drive_skip_versions = 1.0 2007-01-19 2007-03-01 2007-08-29 2007-10-10 2007-12-15 2008-02-01 2008-09-01 log_opt_values /usr/lib/python3/dist-packages/oslo_config/cfg.py:2609
2025-09-15 00:40:57.739 154923 DEBUG oslo_service.service [req-e5b684d5-3f70-4691-9b7e-e476c2b4e560 - - - - -] api.dhcp_domain = novalocal log_opt_values /usr/lib/python3/dist-packages/oslo_config/cfg.py:2609
2025-09-15 00:40:57.740 154923 DEBUG oslo_service.service [req-e5b684d5-3f70-4691-9b7e-e476c2b4e560 - - - - -] api.enable_instance_password = True log_opt_values /usr/lib/python3/dist-packages/oslo_config/cfg.py:2609
2025-09-15 00:40:57.740 154923 DEBUG oslo_service.service [req-e5b684d5-3f70-4691-9b7e-e476c2b4e560 - - - - -] api.glance_link_prefix = None log_opt_values /usr/lib/python3/dist-packages/oslo_config/cfg.py:2609
2025-09-15 00:40:57.740 154923 DEBUG oslo_service.service [req-e5b684d5-3f70-4691-9b7e-e476c2b4e560 - - - - -] api.instance_list_cells_batch_fixed_size = 100 log_opt_values /usr/lib/python3/dist-packages/oslo_config/cfg.py:2609
2025-09-15 00:40:57.740 154923 DEBUG oslo_service.service [req-e5b684d5-3f70-4691-9b7e-e476c2b4e560 - - - - -] api.instance_list_cells_batch_strategy = distributed log_opt_values /usr/lib/python3/dist-packages/oslo_config/cfg.py:2609
2025-09-15 00:40:57.740 154923 DEBUG oslo_service.service [req-e5b684d5-3f70-4691-9b7e-e476c2b4e560 - - - - -] api.instance_list_per_project_cells = False log_opt_values /usr/lib/python3/dist-packages/oslo_config/cfg.py:2609
2025-09-15 00:40:57.740 154923 DEBUG oslo_service.service [req-e5b684d5-3f70-4691-9b7e-e476c2b4e560 - - - - -] api.list_records_by_skipping_down_cells = True log_opt_values /usr/lib/python3/dist-packages/oslo_config/cfg.py:2609
2025-09-15 00:40:57.741 154923 DEBUG oslo_service.service [req-e5b684d5-3f70-4691-9b7e-e476c2b4e560 - - - - -] api.local_metadata_per_cell = False log_opt_values /usr/lib/python3/dist-packages/oslo_config/cfg.py:2609
2025-09-15 00:40:57.741 154923 DEBUG oslo_service.service [req-e5b684d5-3f70-4691-9b7e-e476c2b4e560 - - - - -] api.max_limit = 1000 log_opt_values /usr/lib/python3/dist-packages/oslo_config/cfg.py:2609
2025-09-15 00:40:57.741 154923 DEBUG oslo_service.service [req-e5b684d5-3f70-4691-9b7e-e476c2b4e560 - - - - -] api.metadata_cache_expiration = 15 log_opt_values /usr/lib/python3/dist-packages/oslo_config/cfg.py:2609
2025-09-15 00:40:57.741 154923 DEBUG oslo_service.service [req-e5b684d5-3f70-4691-9b7e-e476c2b4e560 - - - - -] api.neutron_default_tenant_id = default log_opt_values /usr/lib/python3/dist-packages/oslo_config/cfg.py:2609
2025-09-15 00:40:57.741 154923 DEBUG oslo_service.service [req-e5b684d5-3f70-4691-9b7e-e476c2b4e560 - - - - -] api.use_forwarded_for = False log_opt_values /usr/lib/python3/dist-packages/oslo_config/cfg.py:2609
2025-09-15 00:40:57.741 154923 DEBUG oslo_service.service [req-e5b684d5-3f70-4691-9b7e-e476c2b4e560 - - - - -] api.use_neutron_default_nets = False log_opt_values /usr/lib/python3/dist-packages/oslo_config/cfg.py:2609
2025-09-15 00:40:57.742 154923 DEBUG oslo_service.service [req-e5b684d5-3f70-4691-9b7e-e476c2b4e560 - - - - -] api.vendordata_dynamic_connect_timeout = 5 log_opt_values /usr/lib/python3/dist-packages/oslo_config/cfg.py:2609
2025-09-15 00:40:57.742 154923 DEBUG oslo_service.service [req-e5b684d5-3f70-4691-9b7e-e476c2b4e560 - - - - -] api.vendordata_dynamic_failure_fatal = False log_opt_values /usr/lib/python3/dist-packages/oslo_config/cfg.py:2609
2025-09-15 00:40:57.742 154923 DEBUG oslo_service.service [req-e5b684d5-3f70-4691-9b7e-e476c2b4e560 - - - - -] api.vendordata_dynamic_read_timeout = 5 log_opt_values /usr/lib/python3/dist-packages/oslo_config/cfg.py:2609
2025-09-15 00:40:57.742 154923 DEBUG oslo_service.service [req-e5b684d5-3f70-4691-9b7e-e476c2b4e560 - - - - -] api.vendordata_dynamic_ssl_certfile = log_opt_values /usr/lib/python3/dist-packages/oslo_config/cfg.py:2609
2025-09-15 00:40:57.742 154923 DEBUG oslo_service.service [req-e5b684d5-3f70-4691-9b7e-e476c2b4e560 - - - - -] api.vendordata_dynamic_targets = [] log_opt_values /usr/lib/python3/dist-packages/oslo_config/cfg.py:2609
2025-09-15 00:40:57.744 154923 DEBUG oslo_service.service [req-e5b684d5-3f70-4691-9b7e-e476c2b4e560 - - - - -] api.vendordata_jsonfile_path = None log_opt_values /usr/lib/python3/dist-packages/oslo_config/cfg.py:2609
2025-09-15 00:40:57.747 154923 DEBUG oslo_service.service [req-e5b684d5-3f70-4691-9b7e-e476c2b4e560 - - - - -] api.vendordata_providers = ['StaticJSON'] log_opt_values /usr/lib/python3/dist-packages/oslo_config/cfg.py:2609
2025-09-15 00:40:57.748 155251 DEBUG oslo_messaging._drivers.amqpdriver [-] Listener is running poll /usr/lib/python3/dist-packages/oslo_messaging/_drivers/amqpdriver.py:343
2025-09-15 00:40:57.748 154923 DEBUG oslo_service.service [req-e5b684d5-3f70-4691-9b7e-e476c2b4e560 - - - - -] cache.backend = dogpile.cache.null log_opt_values /usr/lib/python3/dist-packages/oslo_config/cfg.py:2609
2025-09-15 00:40:57.748 155251 DEBUG oslo_messaging._drivers.amqpdriver [-] AMQPListener connection consume poll /usr/lib/python3/dist-packages/oslo_messaging/_drivers/amqpdriver.py:357
2025-09-15 00:40:57.748 155252 DEBUG oslo_messaging._drivers.amqpdriver [-] Listener is running poll /usr/lib/python3/dist-packages/oslo_messaging/_drivers/amqpdriver.py:343
2025-09-15 00:40:57.748 154923 DEBUG oslo_service.service [req-e5b684d5-3f70-4691-9b7e-e476c2b4e560 - - - - -] cache.backend_argument = **** log_opt_values /usr/lib/python3/dist-packages/oslo_config/cfg.py:2609
2025-09-15 00:40:57.749 155252 DEBUG oslo_messaging._drivers.amqpdriver [-] AMQPListener connection consume poll /usr/lib/python3/dist-packages/oslo_messaging/_drivers/amqpdriver.py:357
2025-09-15 00:40:57.749 154923 DEBUG oslo_service.service [req-e5b684d5-3f70-4691-9b7e-e476c2b4e560 - - - - -] cache.config_prefix = cache.oslo log_opt_values /usr/lib/python3/dist-packages/oslo_config/cfg.py:2609
2025-09-15 00:40:57.749 155251 DEBUG nova.service [req-48ef9f87-480c-48b6-89a8-eb3532fe0cad - - - - -] Join ServiceGroup membership for this service conductor start /usr/lib/python3/dist-packages/nova/service.py:199
2025-09-15 00:40:57.749 154923 DEBUG oslo_service.service [req-e5b684d5-3f70-4691-9b7e-e476c2b4e560 - - - - -] cache.debug_cache_backend = False log_opt_values /usr/lib/python3/dist-packages/oslo_config/cfg.py:2609
2025-09-15 00:40:57.749 155252 DEBUG nova.service [req-f9e2e36a-7162-420f-b4f5-9c5d4053ac67 - - - - -] Join ServiceGroup membership for this service conductor start /usr/lib/python3/dist-packages/nova/service.py:199
2025-09-15 00:40:57.749 155251 DEBUG nova.servicegroup.drivers.db [req-48ef9f87-480c-48b6-89a8-eb3532fe0cad - - - - -] DB_Driver: join new ServiceGroup member juju-5826ca-0-lxd-7 to the conductor group, service = join /usr/lib/python3/dist-packages/nova/servicegroup/drivers/db.py:44
2025-09-15 00:40:57.749 154923 DEBUG oslo_service.service [req-e5b684d5-3f70-4691-9b7e-e476c2b4e560 - - - - -] cache.enabled = False log_opt_values /usr/lib/python3/dist-packages/oslo_config/cfg.py:2609
2025-09-15 00:40:57.749 155252 DEBUG nova.servicegroup.drivers.db [req-f9e2e36a-7162-420f-b4f5-9c5d4053ac67 - - - - -] DB_Driver: join new ServiceGroup member juju-5826ca-0-lxd-7 to the conductor group, service = join /usr/lib/python3/dist-packages/nova/servicegroup/drivers/db.py:44
2025-09-15 00:40:57.750 154923 DEBUG oslo_service.service [req-e5b684d5-3f70-4691-9b7e-e476c2b4e560 - - - - -] cache.expiration_time = 600 log_opt_values /usr/lib/python3/dist-packages/oslo_config/cfg.py:2609
2025-09-15 00:40:57.750 154923 DEBUG oslo_service.service [req-e5b684d5-3f70-4691-9b7e-e476c2b4e560 - - - - -] cache.memcache_dead_retry = 300 log_opt_values /usr/lib/python3/dist-packages/oslo_config/cfg.py:2609
2025-09-15 00:40:57.750 154923 DEBUG oslo_service.service [req-e5b684d5-3f70-4691-9b7e-e476c2b4e560 - - - - -] cache.memcache_pool_connection_get_timeout = 10 log_opt_values /usr/lib/python3/dist-packages/oslo_config/cfg.py:2609
2025-09-15 00:40:57.751 154923 DEBUG oslo_service.service [req-e5b684d5-3f70-4691-9b7e-e476c2b4e560 - - - - -] cache.memcache_pool_flush_on_reconnect = False log_opt_values /usr/lib/python3/dist-packages/oslo_config/cfg.py:2609
2025-09-15 00:40:57.751 154923 DEBUG oslo_service.service [req-e5b684d5-3f70-4691-9b7e-e476c2b4e560 - - - - -] cache.memcache_pool_maxsize = 10 log_opt_values /usr/lib/python3/dist-packages/oslo_config/cfg.py:2609
2025-09-15 00:40:57.751 154923 DEBUG oslo_service.service [req-e5b684d5-3f70-4691-9b7e-e476c2b4e560 - - - - -] cache.memcache_pool_unused_timeout = 60 log_opt_values /usr/lib/python3/dist-packages/oslo_config/cfg.py:2609
2025-09-15 00:40:57.751 154923 DEBUG oslo_service.service [req-e5b684d5-3f70-4691-9b7e-e476c2b4e560 - - - - -] cache.memcache_servers = ['localhost:11211'] log_opt_values /usr/lib/python3/dist-packages/oslo_config/cfg.py:2609
2025-09-15 00:40:57.751 154923 DEBUG oslo_service.service [req-e5b684d5-3f70-4691-9b7e-e476c2b4e560 - - - - -] cache.memcache_socket_timeout = 1.0 log_opt_values /usr/lib/python3/dist-packages/oslo_config/cfg.py:2609
2025-09-15 00:40:57.752 155251 DEBUG oslo_messaging._drivers.amqpdriver [-] AMQPListener connection timeout poll /usr/lib/python3/dist-packages/oslo_messaging/_drivers/amqpdriver.py:360
2025-09-15 00:40:57.752 154923 DEBUG oslo_service.service [req-e5b684d5-3f70-4691-9b7e-e476c2b4e560 - - - - -] cache.proxies = [] log_opt_values /usr/lib/python3/dist-packages/oslo_config/cfg.py:2609
2025-09-15 00:40:57.752 155252 DEBUG oslo_messaging._drivers.amqpdriver [-] AMQPListener connection timeout poll /usr/lib/python3/dist-packages/oslo_messaging/_drivers/amqpdriver.py:360
2025-09-15 00:40:57.752 155251 DEBUG oslo_messaging._drivers.amqpdriver [-] Listener is running poll /usr/lib/python3/dist-packages/oslo_messaging/_drivers/amqpdriver.py:343
2025-09-15 00:40:57.752 155251 DEBUG oslo_messaging._drivers.amqpdriver [-] AMQPListener connection consume poll /usr/lib/python3/dist-packages/oslo_messaging/_drivers/amqpdriver.py:357
2025-09-15 00:40:57.752 155252 DEBUG oslo_messaging._drivers.amqpdriver [-] Listener is running poll /usr/lib/python3/dist-packages/oslo_messaging/_drivers/amqpdriver.py:343
2025-09-15 00:40:57.752 154923 DEBUG oslo_service.service [req-e5b684d5-3f70-4691-9b7e-e476c2b4e560 - - - - -] cache.tls_allowed_ciphers = None log_opt_values /usr/lib/python3/dist-packages/oslo_config/cfg.py:2609
2025-09-15 00:40:57.752 155252 DEBUG oslo_messaging._drivers.amqpdriver [-] AMQPListener connection consume poll /usr/lib/python3/dist-packages/oslo_messaging/_drivers/amqpdriver.py:357
2025-09-15 00:40:57.752 154923 DEBUG oslo_service.service [req-e5b684d5-3f70-4691-9b7e-e476c2b4e560 - - - - -] cache.tls_cafile = None log_opt_values /usr/lib/python3/dist-packages/oslo_config/cfg.py:2609
2025-09-15 00:40:57.752 154923 DEBUG oslo_service.service [req-e5b684d5-3f70-4691-9b7e-e476c2b4e560 - - - - -] cache.tls_certfile = None log_opt_values /usr/lib/python3/dist-packages/oslo_config/cfg.py:2609
2025-09-15 00:40:57.752 154923 DEBUG oslo_service.service [req-e5b684d5-3f70-4691-9b7e-e476c2b4e560 - - - - -] cache.tls_enabled = False log_opt_values /usr/lib/python3/dist-packages/oslo_config/cfg.py:2609
2025-09-15 00:40:57.753 154923 DEBUG oslo_service.service [req-e5b684d5-3f70-4691-9b7e-e476c2b4e560 - - - - -] cache.tls_keyfile = None log_opt_values /usr/lib/python3/dist-packages/oslo_config/cfg.py:2609
2025-09-15 00:40:57.753 154923 DEBUG oslo_service.service [req-e5b684d5-3f70-4691-9b7e-e476c2b4e560 - - - - -] cinder.auth_section = None log_opt_values /usr/lib/python3/dist-packages/oslo_config/cfg.py:2609
2025-09-15 00:40:57.753 154923 DEBUG oslo_service.service [req-e5b684d5-3f70-4691-9b7e-e476c2b4e560 - - - - -] cinder.auth_type = None log_opt_values /usr/lib/python3/dist-packages/oslo_config/cfg.py:2609
2025-09-15 00:40:57.753 154923 DEBUG oslo_service.service [req-e5b684d5-3f70-4691-9b7e-e476c2b4e560 - - - - -] cinder.cafile = None log_opt_values /usr/lib/python3/dist-packages/oslo_config/cfg.py:2609
2025-09-15 00:40:57.754 154923 DEBUG oslo_service.service [req-e5b684d5-3f70-4691-9b7e-e476c2b4e560 - - - - -] cinder.catalog_info = volumev3::publicURL log_opt_values /usr/lib/python3/dist-packages/oslo_config/cfg.py:2609
2025-09-15 00:40:57.754 154923 DEBUG oslo_service.service [req-e5b684d5-3f70-4691-9b7e-e476c2b4e560 - - - - -] cinder.certfile = None log_opt_values /usr/lib/python3/dist-packages/oslo_config/cfg.py:2609
2025-09-15 00:40:57.754 154923 DEBUG oslo_service.service [req-e5b684d5-3f70-4691-9b7e-e476c2b4e560 - - - - -] cinder.collect_timing = False log_opt_values /usr/lib/python3/dist-packages/oslo_config/cfg.py:2609
2025-09-15 00:40:57.754 154923 DEBUG oslo_service.service [req-e5b684d5-3f70-4691-9b7e-e476c2b4e560 - - - - -] cinder.cross_az_attach = True log_opt_values /usr/lib/python3/dist-packages/oslo_config/cfg.py:2609
2025-09-15 00:40:57.754 154923 DEBUG oslo_service.service [req-e5b684d5-3f70-4691-9b7e-e476c2b4e560 - - - - -] cinder.debug = False log_opt_values /usr/lib/python3/dist-packages/oslo_config/cfg.py:2609
2025-09-15 00:40:57.754 155253 DEBUG oslo_messaging._drivers.amqpdriver [-] Listener is running poll /usr/lib/python3/dist-packages/oslo_messaging/_drivers/amqpdriver.py:343
2025-09-15 00:40:57.755 154923 DEBUG oslo_service.service [req-e5b684d5-3f70-4691-9b7e-e476c2b4e560 - - - - -] cinder.endpoint_template = None log_opt_values /usr/lib/python3/dist-packages/oslo_config/cfg.py:2609
2025-09-15 00:40:57.755 155253 DEBUG oslo_messaging._drivers.amqpdriver [-] AMQPListener connection consume poll /usr/lib/python3/dist-packages/oslo_messaging/_drivers/amqpdriver.py:357
2025-09-15 00:40:57.755 154923 DEBUG oslo_service.service [req-e5b684d5-3f70-4691-9b7e-e476c2b4e560 - - - - -] cinder.http_retries = 3 log_opt_values /usr/lib/python3/dist-packages/oslo_config/cfg.py:2609
2025-09-15 00:40:57.755 154923 DEBUG oslo_service.service [req-e5b684d5-3f70-4691-9b7e-e476c2b4e560 - - - - -] cinder.insecure = False log_opt_values /usr/lib/python3/dist-packages/oslo_config/cfg.py:2609
2025-09-15 00:40:57.755 154923 DEBUG oslo_service.service [req-e5b684d5-3f70-4691-9b7e-e476c2b4e560 - - - - -] cinder.keyfile = None log_opt_values /usr/lib/python3/dist-packages/oslo_config/cfg.py:2609
2025-09-15 00:40:57.755 154923 DEBUG oslo_service.service [req-e5b684d5-3f70-4691-9b7e-e476c2b4e560 - - - - -] cinder.os_region_name = None log_opt_values /usr/lib/python3/dist-packages/oslo_config/cfg.py:2609
2025-09-15 00:40:57.755 154923 DEBUG oslo_service.service [req-e5b684d5-3f70-4691-9b7e-e476c2b4e560 - - - - -] cinder.split_loggers = False log_opt_values /usr/lib/python3/dist-packages/oslo_config/cfg.py:2609
2025-09-15 00:40:57.755 155253 DEBUG nova.service [req-fdf10b69-d244-40f0-a5f9-afdbd01906ee - - - - -] Join ServiceGroup membership for this service conductor start /usr/lib/python3/dist-packages/nova/service.py:199
2025-09-15 00:40:57.756 154923 DEBUG oslo_service.service [req-e5b684d5-3f70-4691-9b7e-e476c2b4e560 - - - - -] cinder.timeout = None log_opt_values /usr/lib/python3/dist-packages/oslo_config/cfg.py:2609
2025-09-15 00:40:57.756 154923 DEBUG oslo_service.service [req-e5b684d5-3f70-4691-9b7e-e476c2b4e560 - - - - -] compute.consecutive_build_service_disable_threshold = 10 log_opt_values /usr/lib/python3/dist-packages/oslo_config/cfg.py:2609
2025-09-15 00:40:57.756 155253 DEBUG nova.servicegroup.drivers.db [req-fdf10b69-d244-40f0-a5f9-afdbd01906ee - - - - -] DB_Driver: join new ServiceGroup member juju-5826ca-0-lxd-7 to the conductor group, service = join /usr/lib/python3/dist-packages/nova/servicegroup/drivers/db.py:44
2025-09-15 00:40:57.756 154923 DEBUG oslo_service.service [req-e5b684d5-3f70-4691-9b7e-e476c2b4e560 - - - - -] compute.cpu_dedicated_set = None log_opt_values /usr/lib/python3/dist-packages/oslo_config/cfg.py:2609
2025-09-15 00:40:57.756 154923 DEBUG oslo_service.service [req-e5b684d5-3f70-4691-9b7e-e476c2b4e560 - - - - -] compute.cpu_shared_set = None log_opt_values /usr/lib/python3/dist-packages/oslo_config/cfg.py:2609
2025-09-15 00:40:57.756 154923 DEBUG oslo_service.service [req-e5b684d5-3f70-4691-9b7e-e476c2b4e560 - - - - -] compute.image_type_exclude_list = [] log_opt_values /usr/lib/python3/dist-packages/oslo_config/cfg.py:2609
2025-09-15 00:40:57.757 154923 DEBUG oslo_service.service [req-e5b684d5-3f70-4691-9b7e-e476c2b4e560 - - - - -] compute.live_migration_wait_for_vif_plug = True log_opt_values /usr/lib/python3/dist-packages/oslo_config/cfg.py:2609
2025-09-15 00:40:57.757 154923 DEBUG oslo_service.service [req-e5b684d5-3f70-4691-9b7e-e476c2b4e560 - - - - -] compute.max_concurrent_disk_ops = 0 log_opt_values /usr/lib/python3/dist-packages/oslo_config/cfg.py:2609
2025-09-15 00:40:57.757 154923 DEBUG oslo_service.service [req-e5b684d5-3f70-4691-9b7e-e476c2b4e560 - - - - -] compute.max_disk_devices_to_attach = -1 log_opt_values /usr/lib/python3/dist-packages/oslo_config/cfg.py:2609
2025-09-15 00:40:57.757 154923 DEBUG oslo_service.service [req-e5b684d5-3f70-4691-9b7e-e476c2b4e560 - - - - -] compute.packing_host_numa_cells_allocation_strategy = True log_opt_values /usr/lib/python3/dist-packages/oslo_config/cfg.py:2609
2025-09-15 00:40:57.757 154923 DEBUG oslo_service.service [req-e5b684d5-3f70-4691-9b7e-e476c2b4e560 - - - - -] compute.provider_config_location = /etc/nova/provider_config/ log_opt_values /usr/lib/python3/dist-packages/oslo_config/cfg.py:2609
2025-09-15 00:40:57.758 154923 DEBUG oslo_service.service [req-e5b684d5-3f70-4691-9b7e-e476c2b4e560 - - - - -] compute.resource_provider_association_refresh = 300 log_opt_values /usr/lib/python3/dist-packages/oslo_config/cfg.py:2609
2025-09-15 00:40:57.758 154923 DEBUG oslo_service.service [req-e5b684d5-3f70-4691-9b7e-e476c2b4e560 - - - - -] compute.shutdown_retry_interval = 10 log_opt_values /usr/lib/python3/dist-packages/oslo_config/cfg.py:2609
2025-09-15 00:40:57.758 154923 DEBUG oslo_service.service [req-e5b684d5-3f70-4691-9b7e-e476c2b4e560 - - - - -] compute.vmdk_allowed_types = ['streamOptimized', 'monolithicSparse'] log_opt_values /usr/lib/python3/dist-packages/oslo_config/cfg.py:2609
2025-09-15 00:40:57.758 154923 DEBUG oslo_service.service [req-e5b684d5-3f70-4691-9b7e-e476c2b4e560 - - - - -] conductor.workers = 4 log_opt_values /usr/lib/python3/dist-packages/oslo_config/cfg.py:2609
2025-09-15 00:40:57.758 154923 DEBUG oslo_service.service [req-e5b684d5-3f70-4691-9b7e-e476c2b4e560 - - - - -] console.allowed_origins = [] log_opt_values /usr/lib/python3/dist-packages/oslo_config/cfg.py:2609
2025-09-15 00:40:57.758 154923 DEBUG oslo_service.service [req-e5b684d5-3f70-4691-9b7e-e476c2b4e560 - - - - -] console.ssl_ciphers = None log_opt_values /usr/lib/python3/dist-packages/oslo_config/cfg.py:2609
2025-09-15 00:40:57.759 155253 DEBUG oslo_messaging._drivers.amqpdriver [-] AMQPListener connection timeout poll /usr/lib/python3/dist-packages/oslo_messaging/_drivers/amqpdriver.py:360
2025-09-15 00:40:57.759 154923 DEBUG oslo_service.service [req-e5b684d5-3f70-4691-9b7e-e476c2b4e560 - - - - -] console.ssl_minimum_version = default log_opt_values /usr/lib/python3/dist-packages/oslo_config/cfg.py:2609
2025-09-15 00:40:57.759 155253 DEBUG oslo_messaging._drivers.amqpdriver [-] Listener is running poll /usr/lib/python3/dist-packages/oslo_messaging/_drivers/amqpdriver.py:343
2025-09-15 00:40:57.759 155253 DEBUG oslo_messaging._drivers.amqpdriver [-] AMQPListener connection consume poll /usr/lib/python3/dist-packages/oslo_messaging/_drivers/amqpdriver.py:357
2025-09-15 00:40:57.759 154923 DEBUG oslo_service.service [req-e5b684d5-3f70-4691-9b7e-e476c2b4e560 - - - - -] consoleauth.token_ttl = 600 log_opt_values /usr/lib/python3/dist-packages/oslo_config/cfg.py:2609
2025-09-15 00:40:57.759 154923 DEBUG oslo_service.service [req-e5b684d5-3f70-4691-9b7e-e476c2b4e560 - - - - -] cyborg.cafile = None log_opt_values /usr/lib/python3/dist-packages/oslo_config/cfg.py:2609
2025-09-15 00:40:57.759 154923 DEBUG oslo_service.service [req-e5b684d5-3f70-4691-9b7e-e476c2b4e560 - - - - -] cyborg.certfile = None log_opt_values /usr/lib/python3/dist-packages/oslo_config/cfg.py:2609
2025-09-15 00:40:57.759 154923 DEBUG oslo_service.service [req-e5b684d5-3f70-4691-9b7e-e476c2b4e560 - - - - -] cyborg.collect_timing = False log_opt_values /usr/lib/python3/dist-packages/oslo_config/cfg.py:2609
2025-09-15 00:40:57.760 154923 DEBUG oslo_service.service [req-e5b684d5-3f70-4691-9b7e-e476c2b4e560 - - - - -] cyborg.connect_retries = None log_opt_values /usr/lib/python3/dist-packages/oslo_config/cfg.py:2609
2025-09-15 00:40:57.760 154923 DEBUG oslo_service.service [req-e5b684d5-3f70-4691-9b7e-e476c2b4e560 - - - - -] cyborg.connect_retry_delay = None log_opt_values /usr/lib/python3/dist-packages/oslo_config/cfg.py:2609
2025-09-15 00:40:57.760 154923 DEBUG oslo_service.service [req-e5b684d5-3f70-4691-9b7e-e476c2b4e560 - - - - -] cyborg.endpoint_override = None log_opt_values /usr/lib/python3/dist-packages/oslo_config/cfg.py:2609
2025-09-15 00:40:57.760 154923 DEBUG oslo_service.service [req-e5b684d5-3f70-4691-9b7e-e476c2b4e560 - - - - -] cyborg.insecure = False log_opt_values /usr/lib/python3/dist-packages/oslo_config/cfg.py:2609
2025-09-15 00:40:57.761 154923 DEBUG oslo_service.service [req-e5b684d5-3f70-4691-9b7e-e476c2b4e560 - - - - -] cyborg.keyfile = None log_opt_values /usr/lib/python3/dist-packages/oslo_config/cfg.py:2609
2025-09-15 00:40:57.761 154923 DEBUG oslo_service.service [req-e5b684d5-3f70-4691-9b7e-e476c2b4e560 - - - - -] cyborg.max_version = None log_opt_values /usr/lib/python3/dist-packages/oslo_config/cfg.py:2609
2025-09-15 00:40:57.761 154923 DEBUG oslo_service.service [req-e5b684d5-3f70-4691-9b7e-e476c2b4e560 - - - - -] cyborg.min_version = None log_opt_values /usr/lib/python3/dist-packages/oslo_config/cfg.py:2609
2025-09-15 00:40:57.761 154923 DEBUG oslo_service.service [req-e5b684d5-3f70-4691-9b7e-e476c2b4e560 - - - - -] cyborg.region_name = None log_opt_values /usr/lib/python3/dist-packages/oslo_config/cfg.py:2609
2025-09-15 00:40:57.761 154923 DEBUG oslo_service.service [req-e5b684d5-3f70-4691-9b7e-e476c2b4e560 - - - - -] cyborg.service_name = None log_opt_values /usr/lib/python3/dist-packages/oslo_config/cfg.py:2609
2025-09-15 00:40:57.761 154923 DEBUG oslo_service.service [req-e5b684d5-3f70-4691-9b7e-e476c2b4e560 - - - - -] cyborg.service_type = accelerator log_opt_values /usr/lib/python3/dist-packages/oslo_config/cfg.py:2609
2025-09-15 00:40:57.762 154923 DEBUG oslo_service.service [req-e5b684d5-3f70-4691-9b7e-e476c2b4e560 - - - - -] cyborg.split_loggers = False log_opt_values /usr/lib/python3/dist-packages/oslo_config/cfg.py:2609
2025-09-15 00:40:57.762 154923 DEBUG oslo_service.service [req-e5b684d5-3f70-4691-9b7e-e476c2b4e560 - - - - -] cyborg.status_code_retries = None log_opt_values /usr/lib/python3/dist-packages/oslo_config/cfg.py:2609
2025-09-15 00:40:57.762 154923 DEBUG oslo_service.service [req-e5b684d5-3f70-4691-9b7e-e476c2b4e560 - - - - -] cyborg.status_code_retry_delay = None log_opt_values /usr/lib/python3/dist-packages/oslo_config/cfg.py:2609
2025-09-15 00:40:57.762 154923 DEBUG oslo_service.service [req-e5b684d5-3f70-4691-9b7e-e476c2b4e560 - - - - -] cyborg.timeout = None log_opt_values /usr/lib/python3/dist-packages/oslo_config/cfg.py:2609
2025-09-15 00:40:57.762 154923 DEBUG oslo_service.service [req-e5b684d5-3f70-4691-9b7e-e476c2b4e560 - - - - -] cyborg.valid_interfaces = ['internal', 'public'] log_opt_values /usr/lib/python3/dist-packages/oslo_config/cfg.py:2609
2025-09-15 00:40:57.762 154923 DEBUG oslo_service.service [req-e5b684d5-3f70-4691-9b7e-e476c2b4e560 - - - - -] cyborg.version = None log_opt_values /usr/lib/python3/dist-packages/oslo_config/cfg.py:2609
2025-09-15 00:40:57.762 154923 DEBUG oslo_service.service [req-e5b684d5-3f70-4691-9b7e-e476c2b4e560 - - - - -] database.backend = sqlalchemy log_opt_values /usr/lib/python3/dist-packages/oslo_config/cfg.py:2609
2025-09-15 00:40:57.763 154923 DEBUG oslo_service.service [req-e5b684d5-3f70-4691-9b7e-e476c2b4e560 - - - - -] database.connection = **** log_opt_values /usr/lib/python3/dist-packages/oslo_config/cfg.py:2609
2025-09-15 00:40:57.763 154923 DEBUG oslo_service.service [req-e5b684d5-3f70-4691-9b7e-e476c2b4e560 - - - - -] database.connection_debug = 0 log_opt_values /usr/lib/python3/dist-packages/oslo_config/cfg.py:2609
2025-09-15 00:40:57.763 154923 DEBUG oslo_service.service [req-e5b684d5-3f70-4691-9b7e-e476c2b4e560 - - - - -] database.connection_parameters = log_opt_values /usr/lib/python3/dist-packages/oslo_config/cfg.py:2609
2025-09-15 00:40:57.763 154923 DEBUG oslo_service.service [req-e5b684d5-3f70-4691-9b7e-e476c2b4e560 - - - - -] database.connection_recycle_time = 3600 log_opt_values /usr/lib/python3/dist-packages/oslo_config/cfg.py:2609
2025-09-15 00:40:57.763 154923 DEBUG oslo_service.service [req-e5b684d5-3f70-4691-9b7e-e476c2b4e560 - - - - -] database.connection_trace = False log_opt_values /usr/lib/python3/dist-packages/oslo_config/cfg.py:2609
2025-09-15 00:40:57.763 154923 DEBUG oslo_service.service [req-e5b684d5-3f70-4691-9b7e-e476c2b4e560 - - - - -] database.db_inc_retry_interval = True log_opt_values /usr/lib/python3/dist-packages/oslo_config/cfg.py:2609
