2025-09-15 00:39:00.689 132399 DEBUG oslo_service.service [req-1dd2724e-4dfc-4990-a0a8-88ef1d661dfe - - - - -] log_file = /var/log/nova/nova-conductor.log log_opt_values /usr/lib/python3/dist-packages/oslo_config/cfg.py:2602
2025-09-15 00:39:00.690 132399 DEBUG oslo_service.service [req-1dd2724e-4dfc-4990-a0a8-88ef1d661dfe - - - - -] log_options = True log_opt_values /usr/lib/python3/dist-packages/oslo_config/cfg.py:2602
2025-09-15 00:39:00.691 132399 DEBUG oslo_service.service [req-1dd2724e-4dfc-4990-a0a8-88ef1d661dfe - - - - -] log_rotate_interval = 1 log_opt_values /usr/lib/python3/dist-packages/oslo_config/cfg.py:2602
2025-09-15 00:39:00.691 132399 DEBUG oslo_service.service [req-1dd2724e-4dfc-4990-a0a8-88ef1d661dfe - - - - -] log_rotate_interval_type = days log_opt_values /usr/lib/python3/dist-packages/oslo_config/cfg.py:2602
2025-09-15 00:39:00.691 132399 DEBUG oslo_service.service [req-1dd2724e-4dfc-4990-a0a8-88ef1d661dfe - - - - -] log_rotation_type = none log_opt_values /usr/lib/python3/dist-packages/oslo_config/cfg.py:2602
2025-09-15 00:39:00.692 132399 DEBUG oslo_service.service [req-1dd2724e-4dfc-4990-a0a8-88ef1d661dfe - - - - -] logging_context_format_string = %(asctime)s.%(msecs)03d %(process)d %(levelname)s %(name)s [%(request_id)s %(user_identity)s] %(instance)s%(message)s log_opt_values /usr/lib/python3/dist-packages/oslo_config/cfg.py:2602
2025-09-15 00:39:00.693 132399 DEBUG oslo_service.service [req-1dd2724e-4dfc-4990-a0a8-88ef1d661dfe - - - - -] logging_debug_format_suffix = %(funcName)s %(pathname)s:%(lineno)d log_opt_values /usr/lib/python3/dist-packages/oslo_config/cfg.py:2602
2025-09-15 00:39:00.695 132399 DEBUG oslo_service.service [req-1dd2724e-4dfc-4990-a0a8-88ef1d661dfe - - - - -] logging_default_format_string = %(asctime)s.%(msecs)03d %(process)d %(levelname)s %(name)s [-] %(instance)s%(message)s log_opt_values /usr/lib/python3/dist-packages/oslo_config/cfg.py:2602
2025-09-15 00:39:00.696 132399 DEBUG oslo_service.service [req-1dd2724e-4dfc-4990-a0a8-88ef1d661dfe - - - - -] logging_exception_prefix = %(asctime)s.%(msecs)03d %(process)d ERROR %(name)s %(instance)s log_opt_values /usr/lib/python3/dist-packages/oslo_config/cfg.py:2602
2025-09-15 00:39:00.696 132399 DEBUG oslo_service.service [req-1dd2724e-4dfc-4990-a0a8-88ef1d661dfe - - - - -] logging_user_identity_format = %(user)s %(project)s %(domain)s %(user_domain)s %(project_domain)s log_opt_values /usr/lib/python3/dist-packages/oslo_config/cfg.py:2602
2025-09-15 00:39:00.696 132399 DEBUG oslo_service.service [req-1dd2724e-4dfc-4990-a0a8-88ef1d661dfe - - - - -] long_rpc_timeout = 1800 log_opt_values /usr/lib/python3/dist-packages/oslo_config/cfg.py:2602
2025-09-15 00:39:00.696 132399 DEBUG oslo_service.service [req-1dd2724e-4dfc-4990-a0a8-88ef1d661dfe - - - - -] max_concurrent_builds = 10 log_opt_values /usr/lib/python3/dist-packages/oslo_config/cfg.py:2602
2025-09-15 00:39:00.696 132399 DEBUG oslo_service.service [req-1dd2724e-4dfc-4990-a0a8-88ef1d661dfe - - - - -] max_concurrent_live_migrations = 1 log_opt_values /usr/lib/python3/dist-packages/oslo_config/cfg.py:2602
2025-09-15 00:39:00.697 132399 DEBUG oslo_service.service [req-1dd2724e-4dfc-4990-a0a8-88ef1d661dfe - - - - -] max_concurrent_snapshots = 5 log_opt_values /usr/lib/python3/dist-packages/oslo_config/cfg.py:2602
2025-09-15 00:39:00.697 132399 DEBUG oslo_service.service [req-1dd2724e-4dfc-4990-a0a8-88ef1d661dfe - - - - -] max_local_block_devices = 3 log_opt_values /usr/lib/python3/dist-packages/oslo_config/cfg.py:2602
2025-09-15 00:39:00.697 132399 DEBUG oslo_service.service [req-1dd2724e-4dfc-4990-a0a8-88ef1d661dfe - - - - -] max_logfile_count = 30 log_opt_values /usr/lib/python3/dist-packages/oslo_config/cfg.py:2602
2025-09-15 00:39:00.697 132399 DEBUG oslo_service.service [req-1dd2724e-4dfc-4990-a0a8-88ef1d661dfe - - - - -] max_logfile_size_mb = 200 log_opt_values /usr/lib/python3/dist-packages/oslo_config/cfg.py:2602
2025-09-15 00:39:00.697 132399 DEBUG oslo_service.service [req-1dd2724e-4dfc-4990-a0a8-88ef1d661dfe - - - - -] maximum_instance_delete_attempts = 5 log_opt_values /usr/lib/python3/dist-packages/oslo_config/cfg.py:2602
2025-09-15 00:39:00.698 132399 DEBUG oslo_service.service [req-1dd2724e-4dfc-4990-a0a8-88ef1d661dfe - - - - -] metadata_listen = 0.0.0.0 log_opt_values /usr/lib/python3/dist-packages/oslo_config/cfg.py:2602
2025-09-15 00:39:00.699 132399 DEBUG oslo_service.service [req-1dd2724e-4dfc-4990-a0a8-88ef1d661dfe - - - - -] metadata_listen_port = 8765 log_opt_values /usr/lib/python3/dist-packages/oslo_config/cfg.py:2602
2025-09-15 00:39:00.699 132399 DEBUG oslo_service.service [req-1dd2724e-4dfc-4990-a0a8-88ef1d661dfe - - - - -] metadata_workers = None log_opt_values /usr/lib/python3/dist-packages/oslo_config/cfg.py:2602
2025-09-15 00:39:00.699 132399 DEBUG oslo_service.service [req-1dd2724e-4dfc-4990-a0a8-88ef1d661dfe - - - - -] migrate_max_retries = -1 log_opt_values /usr/lib/python3/dist-packages/oslo_config/cfg.py:2602
2025-09-15 00:39:00.699 132399 DEBUG oslo_service.service [req-1dd2724e-4dfc-4990-a0a8-88ef1d661dfe - - - - -] mkisofs_cmd = genisoimage log_opt_values /usr/lib/python3/dist-packages/oslo_config/cfg.py:2602
2025-09-15 00:39:00.700 132399 DEBUG oslo_service.service [req-1dd2724e-4dfc-4990-a0a8-88ef1d661dfe - - - - -] my_block_storage_ip = 252.19.26.117 log_opt_values /usr/lib/python3/dist-packages/oslo_config/cfg.py:2602
2025-09-15 00:39:00.700 132399 DEBUG oslo_service.service [req-1dd2724e-4dfc-4990-a0a8-88ef1d661dfe - - - - -] my_ip = 252.19.26.117 log_opt_values /usr/lib/python3/dist-packages/oslo_config/cfg.py:2602
2025-09-15 00:39:00.700 132399 DEBUG oslo_service.service [req-1dd2724e-4dfc-4990-a0a8-88ef1d661dfe - - - - -] network_allocate_retries = 0 log_opt_values /usr/lib/python3/dist-packages/oslo_config/cfg.py:2602
2025-09-15 00:39:00.704 132399 DEBUG oslo_service.service [req-1dd2724e-4dfc-4990-a0a8-88ef1d661dfe - - - - -] non_inheritable_image_properties = ['cache_in_nova', 'bittorrent'] log_opt_values /usr/lib/python3/dist-packages/oslo_config/cfg.py:2602
2025-09-15 00:39:00.704 132399 DEBUG oslo_service.service [req-1dd2724e-4dfc-4990-a0a8-88ef1d661dfe - - - - -] osapi_compute_listen = 0.0.0.0 log_opt_values /usr/lib/python3/dist-packages/oslo_config/cfg.py:2602
2025-09-15 00:39:00.708 132399 DEBUG oslo_service.service [req-1dd2724e-4dfc-4990-a0a8-88ef1d661dfe - - - - -] osapi_compute_listen_port = 8764 log_opt_values /usr/lib/python3/dist-packages/oslo_config/cfg.py:2602
2025-09-15 00:39:00.709 132399 DEBUG oslo_service.service [req-1dd2724e-4dfc-4990-a0a8-88ef1d661dfe - - - - -] osapi_compute_unique_server_name_scope = log_opt_values /usr/lib/python3/dist-packages/oslo_config/cfg.py:2602
2025-09-15 00:39:00.709 132399 DEBUG oslo_service.service [req-1dd2724e-4dfc-4990-a0a8-88ef1d661dfe - - - - -] osapi_compute_workers = 4 log_opt_values /usr/lib/python3/dist-packages/oslo_config/cfg.py:2602
2025-09-15 00:39:00.709 132399 DEBUG oslo_service.service [req-1dd2724e-4dfc-4990-a0a8-88ef1d661dfe - - - - -] password_length = 12 log_opt_values /usr/lib/python3/dist-packages/oslo_config/cfg.py:2602
2025-09-15 00:39:00.709 132399 DEBUG oslo_service.service [req-1dd2724e-4dfc-4990-a0a8-88ef1d661dfe - - - - -] periodic_enable = True log_opt_values /usr/lib/python3/dist-packages/oslo_config/cfg.py:2602
2025-09-15 00:39:00.709 132399 DEBUG oslo_service.service [req-1dd2724e-4dfc-4990-a0a8-88ef1d661dfe - - - - -] periodic_fuzzy_delay = 60 log_opt_values /usr/lib/python3/dist-packages/oslo_config/cfg.py:2602
2025-09-15 00:39:00.709 132399 DEBUG oslo_service.service [req-1dd2724e-4dfc-4990-a0a8-88ef1d661dfe - - - - -] pointer_model = usbtablet log_opt_values /usr/lib/python3/dist-packages/oslo_config/cfg.py:2602
2025-09-15 00:39:00.710 132399 DEBUG oslo_service.service [req-1dd2724e-4dfc-4990-a0a8-88ef1d661dfe - - - - -] preallocate_images = none log_opt_values /usr/lib/python3/dist-packages/oslo_config/cfg.py:2602
2025-09-15 00:39:00.710 132399 DEBUG oslo_service.service [req-1dd2724e-4dfc-4990-a0a8-88ef1d661dfe - - - - -] publish_errors = False log_opt_values /usr/lib/python3/dist-packages/oslo_config/cfg.py:2602
2025-09-15 00:39:00.710 132399 DEBUG oslo_service.service [req-1dd2724e-4dfc-4990-a0a8-88ef1d661dfe - - - - -] pybasedir = /usr/lib/python3/dist-packages log_opt_values /usr/lib/python3/dist-packages/oslo_config/cfg.py:2602
2025-09-15 00:39:00.710 132399 DEBUG oslo_service.service [req-1dd2724e-4dfc-4990-a0a8-88ef1d661dfe - - - - -] ram_allocation_ratio = 0.98 log_opt_values /usr/lib/python3/dist-packages/oslo_config/cfg.py:2602
2025-09-15 00:39:00.710 132399 DEBUG oslo_service.service [req-1dd2724e-4dfc-4990-a0a8-88ef1d661dfe - - - - -] rate_limit_burst = 0 log_opt_values /usr/lib/python3/dist-packages/oslo_config/cfg.py:2602
2025-09-15 00:39:00.711 132399 DEBUG oslo_service.service [req-1dd2724e-4dfc-4990-a0a8-88ef1d661dfe - - - - -] rate_limit_except_level = CRITICAL log_opt_values /usr/lib/python3/dist-packages/oslo_config/cfg.py:2602
2025-09-15 00:39:00.711 132399 DEBUG oslo_service.service [req-1dd2724e-4dfc-4990-a0a8-88ef1d661dfe - - - - -] rate_limit_interval = 0 log_opt_values /usr/lib/python3/dist-packages/oslo_config/cfg.py:2602
2025-09-15 00:39:00.711 132399 DEBUG oslo_service.service [req-1dd2724e-4dfc-4990-a0a8-88ef1d661dfe - - - - -] reboot_timeout = 0 log_opt_values /usr/lib/python3/dist-packages/oslo_config/cfg.py:2602
2025-09-15 00:39:00.711 132399 DEBUG oslo_service.service [req-1dd2724e-4dfc-4990-a0a8-88ef1d661dfe - - - - -] reclaim_instance_interval = 0 log_opt_values /usr/lib/python3/dist-packages/oslo_config/cfg.py:2602
2025-09-15 00:39:00.711 132399 DEBUG oslo_service.service [req-1dd2724e-4dfc-4990-a0a8-88ef1d661dfe - - - - -] record = None log_opt_values /usr/lib/python3/dist-packages/oslo_config/cfg.py:2602
2025-09-15 00:39:00.711 132399 DEBUG oslo_service.service [req-1dd2724e-4dfc-4990-a0a8-88ef1d661dfe - - - - -] report_interval = 10 log_opt_values /usr/lib/python3/dist-packages/oslo_config/cfg.py:2602
2025-09-15 00:39:00.712 132399 DEBUG oslo_service.service [req-1dd2724e-4dfc-4990-a0a8-88ef1d661dfe - - - - -] rescue_timeout = 0 log_opt_values /usr/lib/python3/dist-packages/oslo_config/cfg.py:2602
2025-09-15 00:39:00.712 132399 DEBUG oslo_service.service [req-1dd2724e-4dfc-4990-a0a8-88ef1d661dfe - - - - -] reserved_host_cpus = 0 log_opt_values /usr/lib/python3/dist-packages/oslo_config/cfg.py:2602
2025-09-15 00:39:00.712 132399 DEBUG oslo_service.service [req-1dd2724e-4dfc-4990-a0a8-88ef1d661dfe - - - - -] reserved_host_disk_mb = 0 log_opt_values /usr/lib/python3/dist-packages/oslo_config/cfg.py:2602
2025-09-15 00:39:00.724 132399 DEBUG oslo_service.service [req-1dd2724e-4dfc-4990-a0a8-88ef1d661dfe - - - - -] reserved_host_memory_mb = 512 log_opt_values /usr/lib/python3/dist-packages/oslo_config/cfg.py:2602
2025-09-15 00:39:00.724 132399 DEBUG oslo_service.service [req-1dd2724e-4dfc-4990-a0a8-88ef1d661dfe - - - - -] reserved_huge_pages = None log_opt_values /usr/lib/python3/dist-packages/oslo_config/cfg.py:2602
2025-09-15 00:39:00.725 132399 DEBUG oslo_service.service [req-1dd2724e-4dfc-4990-a0a8-88ef1d661dfe - - - - -] resize_confirm_window = 0 log_opt_values /usr/lib/python3/dist-packages/oslo_config/cfg.py:2602
2025-09-15 00:39:00.725 132399 DEBUG oslo_service.service [req-1dd2724e-4dfc-4990-a0a8-88ef1d661dfe - - - - -] resize_fs_using_block_device = False log_opt_values /usr/lib/python3/dist-packages/oslo_config/cfg.py:2602
2025-09-15 00:39:00.725 132399 DEBUG oslo_service.service [req-1dd2724e-4dfc-4990-a0a8-88ef1d661dfe - - - - -] resume_guests_state_on_host_boot = False log_opt_values /usr/lib/python3/dist-packages/oslo_config/cfg.py:2602
2025-09-15 00:39:00.725 132399 DEBUG oslo_service.service [req-1dd2724e-4dfc-4990-a0a8-88ef1d661dfe - - - - -] rootwrap_config = /etc/nova/rootwrap.conf log_opt_values /usr/lib/python3/dist-packages/oslo_config/cfg.py:2602
2025-09-15 00:39:00.726 132399 DEBUG oslo_service.service [req-1dd2724e-4dfc-4990-a0a8-88ef1d661dfe - - - - -] rpc_response_timeout = 60 log_opt_values /usr/lib/python3/dist-packages/oslo_config/cfg.py:2602
2025-09-15 00:39:00.726 132399 DEBUG oslo_service.service [req-1dd2724e-4dfc-4990-a0a8-88ef1d661dfe - - - - -] run_external_periodic_tasks = True log_opt_values /usr/lib/python3/dist-packages/oslo_config/cfg.py:2602
2025-09-15 00:39:00.726 132399 DEBUG oslo_service.service [req-1dd2724e-4dfc-4990-a0a8-88ef1d661dfe - - - - -] running_deleted_instance_action = reap log_opt_values /usr/lib/python3/dist-packages/oslo_config/cfg.py:2602
2025-09-15 00:39:00.726 132399 DEBUG oslo_service.service [req-1dd2724e-4dfc-4990-a0a8-88ef1d661dfe - - - - -] running_deleted_instance_poll_interval = 1800 log_opt_values /usr/lib/python3/dist-packages/oslo_config/cfg.py:2602
2025-09-15 00:39:00.727 132399 DEBUG oslo_service.service [req-1dd2724e-4dfc-4990-a0a8-88ef1d661dfe - - - - -] running_deleted_instance_timeout = 0 log_opt_values /usr/lib/python3/dist-packages/oslo_config/cfg.py:2602
2025-09-15 00:39:00.727 132399 DEBUG oslo_service.service [req-1dd2724e-4dfc-4990-a0a8-88ef1d661dfe - - - - -] scheduler_instance_sync_interval = 120 log_opt_values /usr/lib/python3/dist-packages/oslo_config/cfg.py:2602
2025-09-15 00:39:00.727 132399 DEBUG oslo_service.service [req-1dd2724e-4dfc-4990-a0a8-88ef1d661dfe - - - - -] service_down_time = 60 log_opt_values /usr/lib/python3/dist-packages/oslo_config/cfg.py:2602
2025-09-15 00:39:00.727 132399 DEBUG oslo_service.service [req-1dd2724e-4dfc-4990-a0a8-88ef1d661dfe - - - - -] servicegroup_driver = db log_opt_values /usr/lib/python3/dist-packages/oslo_config/cfg.py:2602
2025-09-15 00:39:00.728 132399 DEBUG oslo_service.service [req-1dd2724e-4dfc-4990-a0a8-88ef1d661dfe - - - - -] shelved_offload_time = 0 log_opt_values /usr/lib/python3/dist-packages/oslo_config/cfg.py:2602
2025-09-15 00:39:00.728 132399 DEBUG oslo_service.service [req-1dd2724e-4dfc-4990-a0a8-88ef1d661dfe - - - - -] shelved_poll_interval = 3600 log_opt_values /usr/lib/python3/dist-packages/oslo_config/cfg.py:2602
2025-09-15 00:39:00.728 132399 DEBUG oslo_service.service [req-1dd2724e-4dfc-4990-a0a8-88ef1d661dfe - - - - -] shutdown_timeout = 60 log_opt_values /usr/lib/python3/dist-packages/oslo_config/cfg.py:2602
2025-09-15 00:39:00.729 132399 DEBUG oslo_service.service [req-1dd2724e-4dfc-4990-a0a8-88ef1d661dfe - - - - -] source_is_ipv6 = False log_opt_values /usr/lib/python3/dist-packages/oslo_config/cfg.py:2602
2025-09-15 00:39:00.729 132399 DEBUG oslo_service.service [req-1dd2724e-4dfc-4990-a0a8-88ef1d661dfe - - - - -] ssl_only = False log_opt_values /usr/lib/python3/dist-packages/oslo_config/cfg.py:2602
2025-09-15 00:39:00.730 132399 DEBUG oslo_service.service [req-1dd2724e-4dfc-4990-a0a8-88ef1d661dfe - - - - -] state_path = /var/lib/nova log_opt_values /usr/lib/python3/dist-packages/oslo_config/cfg.py:2602
2025-09-15 00:39:00.730 132399 DEBUG oslo_service.service [req-1dd2724e-4dfc-4990-a0a8-88ef1d661dfe - - - - -] sync_power_state_interval = 600 log_opt_values /usr/lib/python3/dist-packages/oslo_config/cfg.py:2602
2025-09-15 00:39:00.730 132399 DEBUG oslo_service.service [req-1dd2724e-4dfc-4990-a0a8-88ef1d661dfe - - - - -] sync_power_state_pool_size = 1000 log_opt_values /usr/lib/python3/dist-packages/oslo_config/cfg.py:2602
2025-09-15 00:39:00.730 132399 DEBUG oslo_service.service [req-1dd2724e-4dfc-4990-a0a8-88ef1d661dfe - - - - -] syslog_log_facility = LOG_USER log_opt_values /usr/lib/python3/dist-packages/oslo_config/cfg.py:2602
2025-09-15 00:39:00.730 132399 DEBUG oslo_service.service [req-1dd2724e-4dfc-4990-a0a8-88ef1d661dfe - - - - -] tempdir = None log_opt_values /usr/lib/python3/dist-packages/oslo_config/cfg.py:2602
2025-09-15 00:39:00.731 132399 DEBUG oslo_service.service [req-1dd2724e-4dfc-4990-a0a8-88ef1d661dfe - - - - -] timeout_nbd = 10 log_opt_values /usr/lib/python3/dist-packages/oslo_config/cfg.py:2602
2025-09-15 00:39:00.735 134109 DEBUG nova.service [req-f43a1cc9-012e-48ec-a100-c65f547ab0f7 - - - - -] Creating RPC server for service conductor start /usr/lib/python3/dist-packages/nova/service.py:182
2025-09-15 00:39:00.731 132399 DEBUG oslo_service.service [req-1dd2724e-4dfc-4990-a0a8-88ef1d661dfe - - - - -] transport_url = **** log_opt_values /usr/lib/python3/dist-packages/oslo_config/cfg.py:2602
2025-09-15 00:39:00.738 132399 DEBUG oslo_service.service [req-1dd2724e-4dfc-4990-a0a8-88ef1d661dfe - - - - -] update_resources_interval = 0 log_opt_values /usr/lib/python3/dist-packages/oslo_config/cfg.py:2602
2025-09-15 00:39:00.739 132399 DEBUG oslo_service.service [req-1dd2724e-4dfc-4990-a0a8-88ef1d661dfe - - - - -] use_cow_images = True log_opt_values /usr/lib/python3/dist-packages/oslo_config/cfg.py:2602
2025-09-15 00:39:00.739 132399 DEBUG oslo_service.service [req-1dd2724e-4dfc-4990-a0a8-88ef1d661dfe - - - - -] use_eventlog = False log_opt_values /usr/lib/python3/dist-packages/oslo_config/cfg.py:2602
2025-09-15 00:39:00.743 134110 DEBUG nova.service [req-a62e30f1-5de3-4201-bfa4-018bf58529e0 - - - - -] Creating RPC server for service conductor start /usr/lib/python3/dist-packages/nova/service.py:182
2025-09-15 00:39:00.744 132399 DEBUG oslo_service.service [req-1dd2724e-4dfc-4990-a0a8-88ef1d661dfe - - - - -] use_journal = False log_opt_values /usr/lib/python3/dist-packages/oslo_config/cfg.py:2602
2025-09-15 00:39:00.744 132399 DEBUG oslo_service.service [req-1dd2724e-4dfc-4990-a0a8-88ef1d661dfe - - - - -] use_json = False log_opt_values /usr/lib/python3/dist-packages/oslo_config/cfg.py:2602
2025-09-15 00:39:00.744 132399 DEBUG oslo_service.service [req-1dd2724e-4dfc-4990-a0a8-88ef1d661dfe - - - - -] use_rootwrap_daemon = False log_opt_values /usr/lib/python3/dist-packages/oslo_config/cfg.py:2602
2025-09-15 00:39:00.745 134108 DEBUG nova.service [req-4d874c5a-eaf4-4bb3-a502-85c29dc2c056 - - - - -] Creating RPC server for service conductor start /usr/lib/python3/dist-packages/nova/service.py:182
2025-09-15 00:39:00.745 132399 DEBUG oslo_service.service [req-1dd2724e-4dfc-4990-a0a8-88ef1d661dfe - - - - -] use_stderr = False log_opt_values /usr/lib/python3/dist-packages/oslo_config/cfg.py:2602
2025-09-15 00:39:00.746 132399 DEBUG oslo_service.service [req-1dd2724e-4dfc-4990-a0a8-88ef1d661dfe - - - - -] use_syslog = False log_opt_values /usr/lib/python3/dist-packages/oslo_config/cfg.py:2602
2025-09-15 00:39:00.746 132399 DEBUG oslo_service.service [req-1dd2724e-4dfc-4990-a0a8-88ef1d661dfe - - - - -] vcpu_pin_set = None log_opt_values /usr/lib/python3/dist-packages/oslo_config/cfg.py:2602
2025-09-15 00:39:00.747 132399 DEBUG oslo_service.service [req-1dd2724e-4dfc-4990-a0a8-88ef1d661dfe - - - - -] vif_plugging_is_fatal = True log_opt_values /usr/lib/python3/dist-packages/oslo_config/cfg.py:2602
2025-09-15 00:39:00.747 132399 DEBUG oslo_service.service [req-1dd2724e-4dfc-4990-a0a8-88ef1d661dfe - - - - -] vif_plugging_timeout = 300 log_opt_values /usr/lib/python3/dist-packages/oslo_config/cfg.py:2602
2025-09-15 00:39:00.747 132399 DEBUG oslo_service.service [req-1dd2724e-4dfc-4990-a0a8-88ef1d661dfe - - - - -] virt_mkfs = [] log_opt_values /usr/lib/python3/dist-packages/oslo_config/cfg.py:2602
2025-09-15 00:39:00.748 132399 DEBUG oslo_service.service [req-1dd2724e-4dfc-4990-a0a8-88ef1d661dfe - - - - -] volume_usage_poll_interval = 0 log_opt_values /usr/lib/python3/dist-packages/oslo_config/cfg.py:2602
2025-09-15 00:39:00.748 132399 DEBUG oslo_service.service [req-1dd2724e-4dfc-4990-a0a8-88ef1d661dfe - - - - -] watch_log_file = False log_opt_values /usr/lib/python3/dist-packages/oslo_config/cfg.py:2602
2025-09-15 00:39:00.749 132399 DEBUG oslo_service.service [req-1dd2724e-4dfc-4990-a0a8-88ef1d661dfe - - - - -] web = /usr/share/spice-html5 log_opt_values /usr/lib/python3/dist-packages/oslo_config/cfg.py:2602
2025-09-15 00:39:00.749 132399 DEBUG oslo_service.service [req-1dd2724e-4dfc-4990-a0a8-88ef1d661dfe - - - - -] oslo_concurrency.disable_process_locking = False log_opt_values /usr/lib/python3/dist-packages/oslo_config/cfg.py:2609
2025-09-15 00:39:00.749 134102 DEBUG nova.service [req-b4c9133b-0eb8-4456-8b4c-2c8fb60d3b05 - - - - -] Creating RPC server for service conductor start /usr/lib/python3/dist-packages/nova/service.py:182
2025-09-15 00:39:00.749 132399 DEBUG oslo_service.service [req-1dd2724e-4dfc-4990-a0a8-88ef1d661dfe - - - - -] oslo_concurrency.lock_path = /var/lock/nova log_opt_values /usr/lib/python3/dist-packages/oslo_config/cfg.py:2609
2025-09-15 00:39:00.750 132399 DEBUG oslo_service.service [req-1dd2724e-4dfc-4990-a0a8-88ef1d661dfe - - - - -] oslo_messaging_metrics.metrics_buffer_size = 1000 log_opt_values /usr/lib/python3/dist-packages/oslo_config/cfg.py:2609
2025-09-15 00:39:00.750 132399 DEBUG oslo_service.service [req-1dd2724e-4dfc-4990-a0a8-88ef1d661dfe - - - - -] oslo_messaging_metrics.metrics_enabled = False log_opt_values /usr/lib/python3/dist-packages/oslo_config/cfg.py:2609
2025-09-15 00:39:00.751 132399 DEBUG oslo_service.service [req-1dd2724e-4dfc-4990-a0a8-88ef1d661dfe - - - - -] oslo_messaging_metrics.metrics_process_name = log_opt_values /usr/lib/python3/dist-packages/oslo_config/cfg.py:2609
2025-09-15 00:39:00.751 132399 DEBUG oslo_service.service [req-1dd2724e-4dfc-4990-a0a8-88ef1d661dfe - - - - -] oslo_messaging_metrics.metrics_socket_file = /var/tmp/metrics_collector.sock log_opt_values /usr/lib/python3/dist-packages/oslo_config/cfg.py:2609
2025-09-15 00:39:00.751 132399 DEBUG oslo_service.service [req-1dd2724e-4dfc-4990-a0a8-88ef1d661dfe - - - - -] oslo_messaging_metrics.metrics_thread_stop_timeout = 10 log_opt_values /usr/lib/python3/dist-packages/oslo_config/cfg.py:2609
2025-09-15 00:39:00.752 132399 WARNING oslo_config.cfg [req-1dd2724e-4dfc-4990-a0a8-88ef1d661dfe - - - - -] Deprecated: Option "auth_strategy" from group "api" is deprecated for removal ( The only non-default choice, ``noauth2``, is for internal development and testing purposes only and should not be used in deployments. This option and its middleware, NoAuthMiddleware[V2_18], will be removed in a future release. ). Its value may be silently ignored in the future.
2025-09-15 00:39:00.752 132399 DEBUG oslo_service.service [req-1dd2724e-4dfc-4990-a0a8-88ef1d661dfe - - - - -] api.auth_strategy = keystone log_opt_values /usr/lib/python3/dist-packages/oslo_config/cfg.py:2609
2025-09-15 00:39:00.753 132399 DEBUG oslo_service.service [req-1dd2724e-4dfc-4990-a0a8-88ef1d661dfe - - - - -] api.compute_link_prefix = None log_opt_values /usr/lib/python3/dist-packages/oslo_config/cfg.py:2609
2025-09-15 00:39:00.753 132399 DEBUG oslo_service.service [req-1dd2724e-4dfc-4990-a0a8-88ef1d661dfe - - - - -] api.config_drive_skip_versions = 1.0 2007-01-19 2007-03-01 2007-08-29 2007-10-10 2007-12-15 2008-02-01 2008-09-01 log_opt_values /usr/lib/python3/dist-packages/oslo_config/cfg.py:2609
2025-09-15 00:39:00.753 132399 DEBUG oslo_service.service [req-1dd2724e-4dfc-4990-a0a8-88ef1d661dfe - - - - -] api.dhcp_domain = novalocal log_opt_values /usr/lib/python3/dist-packages/oslo_config/cfg.py:2609
2025-09-15 00:39:00.754 132399 DEBUG oslo_service.service [req-1dd2724e-4dfc-4990-a0a8-88ef1d661dfe - - - - -] api.enable_instance_password = True log_opt_values /usr/lib/python3/dist-packages/oslo_config/cfg.py:2609
2025-09-15 00:39:00.754 132399 DEBUG oslo_service.service [req-1dd2724e-4dfc-4990-a0a8-88ef1d661dfe - - - - -] api.glance_link_prefix = None log_opt_values /usr/lib/python3/dist-packages/oslo_config/cfg.py:2609
2025-09-15 00:39:00.754 132399 DEBUG oslo_service.service [req-1dd2724e-4dfc-4990-a0a8-88ef1d661dfe - - - - -] api.instance_list_cells_batch_fixed_size = 100 log_opt_values /usr/lib/python3/dist-packages/oslo_config/cfg.py:2609
2025-09-15 00:39:00.754 132399 DEBUG oslo_service.service [req-1dd2724e-4dfc-4990-a0a8-88ef1d661dfe - - - - -] api.instance_list_cells_batch_strategy = distributed log_opt_values /usr/lib/python3/dist-packages/oslo_config/cfg.py:2609
2025-09-15 00:39:00.755 132399 DEBUG oslo_service.service [req-1dd2724e-4dfc-4990-a0a8-88ef1d661dfe - - - - -] api.instance_list_per_project_cells = False log_opt_values /usr/lib/python3/dist-packages/oslo_config/cfg.py:2609
2025-09-15 00:39:00.755 132399 DEBUG oslo_service.service [req-1dd2724e-4dfc-4990-a0a8-88ef1d661dfe - - - - -] api.list_records_by_skipping_down_cells = True log_opt_values /usr/lib/python3/dist-packages/oslo_config/cfg.py:2609
2025-09-15 00:39:00.755 132399 DEBUG oslo_service.service [req-1dd2724e-4dfc-4990-a0a8-88ef1d661dfe - - - - -] api.local_metadata_per_cell = False log_opt_values /usr/lib/python3/dist-packages/oslo_config/cfg.py:2609
2025-09-15 00:39:00.756 132399 DEBUG oslo_service.service [req-1dd2724e-4dfc-4990-a0a8-88ef1d661dfe - - - - -] api.max_limit = 1000 log_opt_values /usr/lib/python3/dist-packages/oslo_config/cfg.py:2609
2025-09-15 00:39:00.756 132399 DEBUG oslo_service.service [req-1dd2724e-4dfc-4990-a0a8-88ef1d661dfe - - - - -] api.metadata_cache_expiration = 15 log_opt_values /usr/lib/python3/dist-packages/oslo_config/cfg.py:2609
2025-09-15 00:39:00.756 132399 DEBUG oslo_service.service [req-1dd2724e-4dfc-4990-a0a8-88ef1d661dfe - - - - -] api.neutron_default_tenant_id = default log_opt_values /usr/lib/python3/dist-packages/oslo_config/cfg.py:2609
2025-09-15 00:39:00.756 132399 DEBUG oslo_service.service [req-1dd2724e-4dfc-4990-a0a8-88ef1d661dfe - - - - -] api.use_forwarded_for = False log_opt_values /usr/lib/python3/dist-packages/oslo_config/cfg.py:2609
2025-09-15 00:39:00.757 132399 DEBUG oslo_service.service [req-1dd2724e-4dfc-4990-a0a8-88ef1d661dfe - - - - -] api.use_neutron_default_nets = False log_opt_values /usr/lib/python3/dist-packages/oslo_config/cfg.py:2609
2025-09-15 00:39:00.757 132399 DEBUG oslo_service.service [req-1dd2724e-4dfc-4990-a0a8-88ef1d661dfe - - - - -] api.vendordata_dynamic_connect_timeout = 5 log_opt_values /usr/lib/python3/dist-packages/oslo_config/cfg.py:2609
2025-09-15 00:39:00.757 132399 DEBUG oslo_service.service [req-1dd2724e-4dfc-4990-a0a8-88ef1d661dfe - - - - -] api.vendordata_dynamic_failure_fatal = False log_opt_values /usr/lib/python3/dist-packages/oslo_config/cfg.py:2609
2025-09-15 00:39:00.757 132399 DEBUG oslo_service.service [req-1dd2724e-4dfc-4990-a0a8-88ef1d661dfe - - - - -] api.vendordata_dynamic_read_timeout = 5 log_opt_values /usr/lib/python3/dist-packages/oslo_config/cfg.py:2609
2025-09-15 00:39:00.758 132399 DEBUG oslo_service.service [req-1dd2724e-4dfc-4990-a0a8-88ef1d661dfe - - - - -] api.vendordata_dynamic_ssl_certfile = log_opt_values /usr/lib/python3/dist-packages/oslo_config/cfg.py:2609
2025-09-15 00:39:00.759 132399 DEBUG oslo_service.service [req-1dd2724e-4dfc-4990-a0a8-88ef1d661dfe - - - - -] api.vendordata_dynamic_targets = [] log_opt_values /usr/lib/python3/dist-packages/oslo_config/cfg.py:2609
2025-09-15 00:39:00.759 132399 DEBUG oslo_service.service [req-1dd2724e-4dfc-4990-a0a8-88ef1d661dfe - - - - -] api.vendordata_jsonfile_path = None log_opt_values /usr/lib/python3/dist-packages/oslo_config/cfg.py:2609
2025-09-15 00:39:00.760 132399 DEBUG oslo_service.service [req-1dd2724e-4dfc-4990-a0a8-88ef1d661dfe - - - - -] api.vendordata_providers = ['StaticJSON'] log_opt_values /usr/lib/python3/dist-packages/oslo_config/cfg.py:2609
2025-09-15 00:39:00.760 132399 DEBUG oslo_service.service [req-1dd2724e-4dfc-4990-a0a8-88ef1d661dfe - - - - -] cache.backend = dogpile.cache.null log_opt_values /usr/lib/python3/dist-packages/oslo_config/cfg.py:2609
2025-09-15 00:39:00.761 132399 DEBUG oslo_service.service [req-1dd2724e-4dfc-4990-a0a8-88ef1d661dfe - - - - -] cache.backend_argument = **** log_opt_values /usr/lib/python3/dist-packages/oslo_config/cfg.py:2609
2025-09-15 00:39:00.762 132399 DEBUG oslo_service.service [req-1dd2724e-4dfc-4990-a0a8-88ef1d661dfe - - - - -] cache.config_prefix = cache.oslo log_opt_values /usr/lib/python3/dist-packages/oslo_config/cfg.py:2609
2025-09-15 00:39:00.763 132399 DEBUG oslo_service.service [req-1dd2724e-4dfc-4990-a0a8-88ef1d661dfe - - - - -] cache.debug_cache_backend = False log_opt_values /usr/lib/python3/dist-packages/oslo_config/cfg.py:2609
2025-09-15 00:39:00.763 132399 DEBUG oslo_service.service [req-1dd2724e-4dfc-4990-a0a8-88ef1d661dfe - - - - -] cache.enabled = False log_opt_values /usr/lib/python3/dist-packages/oslo_config/cfg.py:2609
2025-09-15 00:39:00.764 132399 DEBUG oslo_service.service [req-1dd2724e-4dfc-4990-a0a8-88ef1d661dfe - - - - -] cache.expiration_time = 600 log_opt_values /usr/lib/python3/dist-packages/oslo_config/cfg.py:2609
2025-09-15 00:39:00.764 132399 DEBUG oslo_service.service [req-1dd2724e-4dfc-4990-a0a8-88ef1d661dfe - - - - -] cache.memcache_dead_retry = 300 log_opt_values /usr/lib/python3/dist-packages/oslo_config/cfg.py:2609
2025-09-15 00:39:00.764 132399 DEBUG oslo_service.service [req-1dd2724e-4dfc-4990-a0a8-88ef1d661dfe - - - - -] cache.memcache_pool_connection_get_timeout = 10 log_opt_values /usr/lib/python3/dist-packages/oslo_config/cfg.py:2609
2025-09-15 00:39:00.765 132399 DEBUG oslo_service.service [req-1dd2724e-4dfc-4990-a0a8-88ef1d661dfe - - - - -] cache.memcache_pool_flush_on_reconnect = False log_opt_values /usr/lib/python3/dist-packages/oslo_config/cfg.py:2609
2025-09-15 00:39:00.766 132399 DEBUG oslo_service.service [req-1dd2724e-4dfc-4990-a0a8-88ef1d661dfe - - - - -] cache.memcache_pool_maxsize = 10 log_opt_values /usr/lib/python3/dist-packages/oslo_config/cfg.py:2609
2025-09-15 00:39:00.766 132399 DEBUG oslo_service.service [req-1dd2724e-4dfc-4990-a0a8-88ef1d661dfe - - - - -] cache.memcache_pool_unused_timeout = 60 log_opt_values /usr/lib/python3/dist-packages/oslo_config/cfg.py:2609
2025-09-15 00:39:00.767 132399 DEBUG oslo_service.service [req-1dd2724e-4dfc-4990-a0a8-88ef1d661dfe - - - - -] cache.memcache_servers = ['localhost:11211'] log_opt_values /usr/lib/python3/dist-packages/oslo_config/cfg.py:2609
2025-09-15 00:39:00.767 132399 DEBUG oslo_service.service [req-1dd2724e-4dfc-4990-a0a8-88ef1d661dfe - - - - -] cache.memcache_socket_timeout = 1.0 log_opt_values /usr/lib/python3/dist-packages/oslo_config/cfg.py:2609
2025-09-15 00:39:00.769 132399 DEBUG oslo_service.service [req-1dd2724e-4dfc-4990-a0a8-88ef1d661dfe - - - - -] cache.proxies = [] log_opt_values /usr/lib/python3/dist-packages/oslo_config/cfg.py:2609
2025-09-15 00:39:00.769 132399 DEBUG oslo_service.service [req-1dd2724e-4dfc-4990-a0a8-88ef1d661dfe - - - - -] cache.tls_allowed_ciphers = None log_opt_values /usr/lib/python3/dist-packages/oslo_config/cfg.py:2609
2025-09-15 00:39:00.770 132399 DEBUG oslo_service.service [req-1dd2724e-4dfc-4990-a0a8-88ef1d661dfe - - - - -] cache.tls_cafile = None log_opt_values /usr/lib/python3/dist-packages/oslo_config/cfg.py:2609
2025-09-15 00:39:00.770 132399 DEBUG oslo_service.service [req-1dd2724e-4dfc-4990-a0a8-88ef1d661dfe - - - - -] cache.tls_certfile = None log_opt_values /usr/lib/python3/dist-packages/oslo_config/cfg.py:2609
2025-09-15 00:39:00.770 132399 DEBUG oslo_service.service [req-1dd2724e-4dfc-4990-a0a8-88ef1d661dfe - - - - -] cache.tls_enabled = False log_opt_values /usr/lib/python3/dist-packages/oslo_config/cfg.py:2609
2025-09-15 00:39:00.770 132399 DEBUG oslo_service.service [req-1dd2724e-4dfc-4990-a0a8-88ef1d661dfe - - - - -] cache.tls_keyfile = None log_opt_values /usr/lib/python3/dist-packages/oslo_config/cfg.py:2609
2025-09-15 00:39:00.771 132399 DEBUG oslo_service.service [req-1dd2724e-4dfc-4990-a0a8-88ef1d661dfe - - - - -] cinder.auth_section = None log_opt_values /usr/lib/python3/dist-packages/oslo_config/cfg.py:2609
2025-09-15 00:39:00.771 132399 DEBUG oslo_service.service [req-1dd2724e-4dfc-4990-a0a8-88ef1d661dfe - - - - -] cinder.auth_type = None log_opt_values /usr/lib/python3/dist-packages/oslo_config/cfg.py:2609
2025-09-15 00:39:00.771 132399 DEBUG oslo_service.service [req-1dd2724e-4dfc-4990-a0a8-88ef1d661dfe - - - - -] cinder.cafile = None log_opt_values /usr/lib/python3/dist-packages/oslo_config/cfg.py:2609
2025-09-15 00:39:00.771 132399 DEBUG oslo_service.service [req-1dd2724e-4dfc-4990-a0a8-88ef1d661dfe - - - - -] cinder.catalog_info = volumev3::publicURL log_opt_values /usr/lib/python3/dist-packages/oslo_config/cfg.py:2609
2025-09-15 00:39:00.772 132399 DEBUG oslo_service.service [req-1dd2724e-4dfc-4990-a0a8-88ef1d661dfe - - - - -] cinder.certfile = None log_opt_values /usr/lib/python3/dist-packages/oslo_config/cfg.py:2609
2025-09-15 00:39:00.772 132399 DEBUG oslo_service.service [req-1dd2724e-4dfc-4990-a0a8-88ef1d661dfe - - - - -] cinder.collect_timing = False log_opt_values /usr/lib/python3/dist-packages/oslo_config/cfg.py:2609
2025-09-15 00:39:00.777 132399 DEBUG oslo_service.service [req-1dd2724e-4dfc-4990-a0a8-88ef1d661dfe - - - - -] cinder.cross_az_attach = True log_opt_values /usr/lib/python3/dist-packages/oslo_config/cfg.py:2609
2025-09-15 00:39:00.778 132399 DEBUG oslo_service.service [req-1dd2724e-4dfc-4990-a0a8-88ef1d661dfe - - - - -] cinder.debug = False log_opt_values /usr/lib/python3/dist-packages/oslo_config/cfg.py:2609
2025-09-15 00:39:00.778 132399 DEBUG oslo_service.service [req-1dd2724e-4dfc-4990-a0a8-88ef1d661dfe - - - - -] cinder.endpoint_template = None log_opt_values /usr/lib/python3/dist-packages/oslo_config/cfg.py:2609
2025-09-15 00:39:00.780 132399 DEBUG oslo_service.service [req-1dd2724e-4dfc-4990-a0a8-88ef1d661dfe - - - - -] cinder.http_retries = 3 log_opt_values /usr/lib/python3/dist-packages/oslo_config/cfg.py:2609
2025-09-15 00:39:00.781 132399 DEBUG oslo_service.service [req-1dd2724e-4dfc-4990-a0a8-88ef1d661dfe - - - - -] cinder.insecure = False log_opt_values /usr/lib/python3/dist-packages/oslo_config/cfg.py:2609
2025-09-15 00:39:00.784 134102 DEBUG oslo_messaging._drivers.amqpdriver [-] Listener is running poll /usr/lib/python3/dist-packages/oslo_messaging/_drivers/amqpdriver.py:343
2025-09-15 00:39:00.785 134102 DEBUG oslo_messaging._drivers.amqpdriver [-] AMQPListener connection consume poll /usr/lib/python3/dist-packages/oslo_messaging/_drivers/amqpdriver.py:357
2025-09-15 00:39:00.785 134102 DEBUG nova.service [req-b4c9133b-0eb8-4456-8b4c-2c8fb60d3b05 - - - - -] Join ServiceGroup membership for this service conductor start /usr/lib/python3/dist-packages/nova/service.py:199
2025-09-15 00:39:00.786 134102 DEBUG nova.servicegroup.drivers.db [req-b4c9133b-0eb8-4456-8b4c-2c8fb60d3b05 - - - - -] DB_Driver: join new ServiceGroup member juju-5826ca-0-lxd-7 to the conductor group, service = join /usr/lib/python3/dist-packages/nova/servicegroup/drivers/db.py:44
2025-09-15 00:39:00.783 132399 DEBUG oslo_service.service [req-1dd2724e-4dfc-4990-a0a8-88ef1d661dfe - - - - -] cinder.keyfile = None log_opt_values /usr/lib/python3/dist-packages/oslo_config/cfg.py:2609
2025-09-15 00:39:00.788 134102 DEBUG oslo_messaging._drivers.amqpdriver [-] AMQPListener connection timeout poll /usr/lib/python3/dist-packages/oslo_messaging/_drivers/amqpdriver.py:360
2025-09-15 00:39:00.788 134102 DEBUG oslo_messaging._drivers.amqpdriver [-] Listener is running poll /usr/lib/python3/dist-packages/oslo_messaging/_drivers/amqpdriver.py:343
2025-09-15 00:39:00.789 134102 DEBUG oslo_messaging._drivers.amqpdriver [-] AMQPListener connection consume poll /usr/lib/python3/dist-packages/oslo_messaging/_drivers/amqpdriver.py:357
2025-09-15 00:39:00.789 132399 DEBUG oslo_service.service [req-1dd2724e-4dfc-4990-a0a8-88ef1d661dfe - - - - -] cinder.os_region_name = None log_opt_values /usr/lib/python3/dist-packages/oslo_config/cfg.py:2609
2025-09-15 00:39:00.789 132399 DEBUG oslo_service.service [req-1dd2724e-4dfc-4990-a0a8-88ef1d661dfe - - - - -] cinder.split_loggers = False log_opt_values /usr/lib/python3/dist-packages/oslo_config/cfg.py:2609
2025-09-15 00:39:00.790 132399 DEBUG oslo_service.service [req-1dd2724e-4dfc-4990-a0a8-88ef1d661dfe - - - - -] cinder.timeout = None log_opt_values /usr/lib/python3/dist-packages/oslo_config/cfg.py:2609
2025-09-15 00:39:00.790 134109 DEBUG oslo_messaging._drivers.amqpdriver [-] Listener is running poll /usr/lib/python3/dist-packages/oslo_messaging/_drivers/amqpdriver.py:343
2025-09-15 00:39:00.790 132399 DEBUG oslo_service.service [req-1dd2724e-4dfc-4990-a0a8-88ef1d661dfe - - - - -] compute.consecutive_build_service_disable_threshold = 10 log_opt_values /usr/lib/python3/dist-packages/oslo_config/cfg.py:2609
2025-09-15 00:39:00.790 134109 DEBUG oslo_messaging._drivers.amqpdriver [-] AMQPListener connection consume poll /usr/lib/python3/dist-packages/oslo_messaging/_drivers/amqpdriver.py:357
2025-09-15 00:39:00.790 132399 DEBUG oslo_service.service [req-1dd2724e-4dfc-4990-a0a8-88ef1d661dfe - - - - -] compute.cpu_dedicated_set = None log_opt_values /usr/lib/python3/dist-packages/oslo_config/cfg.py:2609
2025-09-15 00:39:00.790 134109 DEBUG nova.service [req-f43a1cc9-012e-48ec-a100-c65f547ab0f7 - - - - -] Join ServiceGroup membership for this service conductor start /usr/lib/python3/dist-packages/nova/service.py:199
2025-09-15 00:39:00.791 132399 DEBUG oslo_service.service [req-1dd2724e-4dfc-4990-a0a8-88ef1d661dfe - - - - -] compute.cpu_shared_set = None log_opt_values /usr/lib/python3/dist-packages/oslo_config/cfg.py:2609
2025-09-15 00:39:00.792 134109 DEBUG nova.servicegroup.drivers.db [req-f43a1cc9-012e-48ec-a100-c65f547ab0f7 - - - - -] DB_Driver: join new ServiceGroup member juju-5826ca-0-lxd-7 to the conductor group, service = join /usr/lib/python3/dist-packages/nova/servicegroup/drivers/db.py:44
2025-09-15 00:39:00.792 132399 DEBUG oslo_service.service [req-1dd2724e-4dfc-4990-a0a8-88ef1d661dfe - - - - -] compute.image_type_exclude_list = [] log_opt_values /usr/lib/python3/dist-packages/oslo_config/cfg.py:2609
2025-09-15 00:39:00.793 132399 DEBUG oslo_service.service [req-1dd2724e-4dfc-4990-a0a8-88ef1d661dfe - - - - -] compute.live_migration_wait_for_vif_plug = True log_opt_values /usr/lib/python3/dist-packages/oslo_config/cfg.py:2609
2025-09-15 00:39:00.794 134110 DEBUG oslo_messaging._drivers.amqpdriver [-] Listener is running poll /usr/lib/python3/dist-packages/oslo_messaging/_drivers/amqpdriver.py:343
2025-09-15 00:39:00.795 132399 DEBUG oslo_service.service [req-1dd2724e-4dfc-4990-a0a8-88ef1d661dfe - - - - -] compute.max_concurrent_disk_ops = 0 log_opt_values /usr/lib/python3/dist-packages/oslo_config/cfg.py:2609
2025-09-15 00:39:00.795 132399 DEBUG oslo_service.service [req-1dd2724e-4dfc-4990-a0a8-88ef1d661dfe - - - - -] compute.max_disk_devices_to_attach = -1 log_opt_values /usr/lib/python3/dist-packages/oslo_config/cfg.py:2609
2025-09-15 00:39:00.795 132399 DEBUG oslo_service.service [req-1dd2724e-4dfc-4990-a0a8-88ef1d661dfe - - - - -] compute.packing_host_numa_cells_allocation_strategy = True log_opt_values /usr/lib/python3/dist-packages/oslo_config/cfg.py:2609
2025-09-15 00:39:00.796 132399 DEBUG oslo_service.service [req-1dd2724e-4dfc-4990-a0a8-88ef1d661dfe - - - - -] compute.provider_config_location = /etc/nova/provider_config/ log_opt_values /usr/lib/python3/dist-packages/oslo_config/cfg.py:2609
2025-09-15 00:39:00.795 134110 DEBUG oslo_messaging._drivers.amqpdriver [-] AMQPListener connection consume poll /usr/lib/python3/dist-packages/oslo_messaging/_drivers/amqpdriver.py:357
2025-09-15 00:39:00.796 134109 DEBUG oslo_messaging._drivers.amqpdriver [-] AMQPListener connection timeout poll /usr/lib/python3/dist-packages/oslo_messaging/_drivers/amqpdriver.py:360
2025-09-15 00:39:00.796 134109 DEBUG oslo_messaging._drivers.amqpdriver [-] Listener is running poll /usr/lib/python3/dist-packages/oslo_messaging/_drivers/amqpdriver.py:343
2025-09-15 00:39:00.796 134109 DEBUG oslo_messaging._drivers.amqpdriver [-] AMQPListener connection consume poll /usr/lib/python3/dist-packages/oslo_messaging/_drivers/amqpdriver.py:357
2025-09-15 00:39:00.796 132399 DEBUG oslo_service.service [req-1dd2724e-4dfc-4990-a0a8-88ef1d661dfe - - - - -] compute.resource_provider_association_refresh = 300 log_opt_values /usr/lib/python3/dist-packages/oslo_config/cfg.py:2609
2025-09-15 00:39:00.797 134108 DEBUG oslo_messaging._drivers.amqpdriver [-] Listener is running poll /usr/lib/python3/dist-packages/oslo_messaging/_drivers/amqpdriver.py:343
2025-09-15 00:39:00.798 134108 DEBUG oslo_messaging._drivers.amqpdriver [-] AMQPListener connection consume poll /usr/lib/python3/dist-packages/oslo_messaging/_drivers/amqpdriver.py:357
2025-09-15 00:39:00.798 132399 DEBUG oslo_service.service [req-1dd2724e-4dfc-4990-a0a8-88ef1d661dfe - - - - -] compute.shutdown_retry_interval = 10 log_opt_values /usr/lib/python3/dist-packages/oslo_config/cfg.py:2609
2025-09-15 00:39:00.799 134108 DEBUG nova.service [req-4d874c5a-eaf4-4bb3-a502-85c29dc2c056 - - - - -] Join ServiceGroup membership for this service conductor start /usr/lib/python3/dist-packages/nova/service.py:199
2025-09-15 00:39:00.799 132399 DEBUG oslo_service.service [req-1dd2724e-4dfc-4990-a0a8-88ef1d661dfe - - - - -] compute.vmdk_allowed_types = ['streamOptimized', 'monolithicSparse'] log_opt_values /usr/lib/python3/dist-packages/oslo_config/cfg.py:2609
2025-09-15 00:39:00.799 134108 DEBUG nova.servicegroup.drivers.db [req-4d874c5a-eaf4-4bb3-a502-85c29dc2c056 - - - - -] DB_Driver: join new ServiceGroup member juju-5826ca-0-lxd-7 to the conductor group, service = join /usr/lib/python3/dist-packages/nova/servicegroup/drivers/db.py:44
2025-09-15 00:39:00.798 134110 DEBUG nova.service [req-a62e30f1-5de3-4201-bfa4-018bf58529e0 - - - - -] Join ServiceGroup membership for this service conductor start /usr/lib/python3/dist-packages/nova/service.py:199
2025-09-15 00:39:00.800 132399 DEBUG oslo_service.service [req-1dd2724e-4dfc-4990-a0a8-88ef1d661dfe - - - - -] conductor.workers = 4 log_opt_values /usr/lib/python3/dist-packages/oslo_config/cfg.py:2609
2025-09-15 00:39:00.861 132399 DEBUG oslo_service.service [req-1dd2724e-4dfc-4990-a0a8-88ef1d661dfe - - - - -] console.allowed_origins = [] log_opt_values /usr/lib/python3/dist-packages/oslo_config/cfg.py:2609
2025-09-15 00:39:00.861 134110 DEBUG nova.servicegroup.drivers.db [req-a62e30f1-5de3-4201-bfa4-018bf58529e0 - - - - -] DB_Driver: join new ServiceGroup member juju-5826ca-0-lxd-7 to the conductor group, service = join /usr/lib/python3/dist-packages/nova/servicegroup/drivers/db.py:44
2025-09-15 00:39:00.862 132399 DEBUG oslo_service.service [req-1dd2724e-4dfc-4990-a0a8-88ef1d661dfe - - - - -] console.ssl_ciphers = None log_opt_values /usr/lib/python3/dist-packages/oslo_config/cfg.py:2609
2025-09-15 00:39:00.862 134110 DEBUG oslo_messaging._drivers.amqpdriver [-] AMQPListener connection timeout poll /usr/lib/python3/dist-packages/oslo_messaging/_drivers/amqpdriver.py:360
2025-09-15 00:39:00.863 134110 DEBUG oslo_messaging._drivers.amqpdriver [-] Listener is running poll /usr/lib/python3/dist-packages/oslo_messaging/_drivers/amqpdriver.py:343
2025-09-15 00:39:00.863 132399 DEBUG oslo_service.service [req-1dd2724e-4dfc-4990-a0a8-88ef1d661dfe - - - - -] console.ssl_minimum_version = default log_opt_values /usr/lib/python3/dist-packages/oslo_config/cfg.py:2609
2025-09-15 00:39:00.863 134110 DEBUG oslo_messaging._drivers.amqpdriver [-] AMQPListener connection consume poll /usr/lib/python3/dist-packages/oslo_messaging/_drivers/amqpdriver.py:357
2025-09-15 00:39:00.863 132399 DEBUG oslo_service.service [req-1dd2724e-4dfc-4990-a0a8-88ef1d661dfe - - - - -] consoleauth.token_ttl = 600 log_opt_values /usr/lib/python3/dist-packages/oslo_config/cfg.py:2609
2025-09-15 00:39:00.863 132399 DEBUG oslo_service.service [req-1dd2724e-4dfc-4990-a0a8-88ef1d661dfe - - - - -] cyborg.cafile = None log_opt_values /usr/lib/python3/dist-packages/oslo_config/cfg.py:2609
2025-09-15 00:39:00.864 132399 DEBUG oslo_service.service [req-1dd2724e-4dfc-4990-a0a8-88ef1d661dfe - - - - -] cyborg.certfile = None log_opt_values /usr/lib/python3/dist-packages/oslo_config/cfg.py:2609
2025-09-15 00:39:00.864 132399 DEBUG oslo_service.service [req-1dd2724e-4dfc-4990-a0a8-88ef1d661dfe - - - - -] cyborg.collect_timing = False log_opt_values /usr/lib/python3/dist-packages/oslo_config/cfg.py:2609
2025-09-15 00:39:00.864 132399 DEBUG oslo_service.service [req-1dd2724e-4dfc-4990-a0a8-88ef1d661dfe - - - - -] cyborg.connect_retries = None log_opt_values /usr/lib/python3/dist-packages/oslo_config/cfg.py:2609
2025-09-15 00:39:00.865 132399 DEBUG oslo_service.service [req-1dd2724e-4dfc-4990-a0a8-88ef1d661dfe - - - - -] cyborg.connect_retry_delay = None log_opt_values /usr/lib/python3/dist-packages/oslo_config/cfg.py:2609
2025-09-15 00:39:00.865 132399 DEBUG oslo_service.service [req-1dd2724e-4dfc-4990-a0a8-88ef1d661dfe - - - - -] cyborg.endpoint_override = None log_opt_values /usr/lib/python3/dist-packages/oslo_config/cfg.py:2609
2025-09-15 00:39:00.865 132399 DEBUG oslo_service.service [req-1dd2724e-4dfc-4990-a0a8-88ef1d661dfe - - - - -] cyborg.insecure = False log_opt_values /usr/lib/python3/dist-packages/oslo_config/cfg.py:2609
2025-09-15 00:39:00.865 132399 DEBUG oslo_service.service [req-1dd2724e-4dfc-4990-a0a8-88ef1d661dfe - - - - -] cyborg.keyfile = None log_opt_values /usr/lib/python3/dist-packages/oslo_config/cfg.py:2609
2025-09-15 00:39:00.865 132399 DEBUG oslo_service.service [req-1dd2724e-4dfc-4990-a0a8-88ef1d661dfe - - - - -] cyborg.max_version = None log_opt_values /usr/lib/python3/dist-packages/oslo_config/cfg.py:2609
2025-09-15 00:39:00.865 134108 DEBUG oslo_messaging._drivers.amqpdriver [-] AMQPListener connection timeout poll /usr/lib/python3/dist-packages/oslo_messaging/_drivers/amqpdriver.py:360
2025-09-15 00:39:00.865 132399 DEBUG oslo_service.service [req-1dd2724e-4dfc-4990-a0a8-88ef1d661dfe - - - - -] cyborg.min_version = None log_opt_values /usr/lib/python3/dist-packages/oslo_config/cfg.py:2609
2025-09-15 00:39:00.866 134108 DEBUG oslo_messaging._drivers.amqpdriver [-] Listener is running poll /usr/lib/python3/dist-packages/oslo_messaging/_drivers/amqpdriver.py:343
2025-09-15 00:39:00.866 134108 DEBUG oslo_messaging._drivers.amqpdriver [-] AMQPListener connection consume poll /usr/lib/python3/dist-packages/oslo_messaging/_drivers/amqpdriver.py:357
2025-09-15 00:39:00.866 132399 DEBUG oslo_service.service [req-1dd2724e-4dfc-4990-a0a8-88ef1d661dfe - - - - -] cyborg.region_name = None log_opt_values /usr/lib/python3/dist-packages/oslo_config/cfg.py:2609
2025-09-15 00:39:00.866 132399 DEBUG oslo_service.service [req-1dd2724e-4dfc-4990-a0a8-88ef1d661dfe - - - - -] cyborg.service_name = None log_opt_values /usr/lib/python3/dist-packages/oslo_config/cfg.py:2609
2025-09-15 00:39:00.866 132399 DEBUG oslo_service.service [req-1dd2724e-4dfc-4990-a0a8-88ef1d661dfe - - - - -] cyborg.service_type = accelerator log_opt_values /usr/lib/python3/dist-packages/oslo_config/cfg.py:2609
2025-09-15 00:39:00.866 132399 DEBUG oslo_service.service [req-1dd2724e-4dfc-4990-a0a8-88ef1d661dfe - - - - -] cyborg.split_loggers = False log_opt_values /usr/lib/python3/dist-packages/oslo_config/cfg.py:2609
2025-09-15 00:39:00.866 132399 DEBUG oslo_service.service [req-1dd2724e-4dfc-4990-a0a8-88ef1d661dfe - - - - -] cyborg.status_code_retries = None log_opt_values /usr/lib/python3/dist-packages/oslo_config/cfg.py:2609
2025-09-15 00:39:00.867 132399 DEBUG oslo_service.service [req-1dd2724e-4dfc-4990-a0a8-88ef1d661dfe - - - - -] cyborg.status_code_retry_delay = None log_opt_values /usr/lib/python3/dist-packages/oslo_config/cfg.py:2609
2025-09-15 00:39:00.867 132399 DEBUG oslo_service.service [req-1dd2724e-4dfc-4990-a0a8-88ef1d661dfe - - - - -] cyborg.timeout = None log_opt_values /usr/lib/python3/dist-packages/oslo_config/cfg.py:2609
2025-09-15 00:39:00.867 132399 DEBUG oslo_service.service [req-1dd2724e-4dfc-4990-a0a8-88ef1d661dfe - - - - -] cyborg.valid_interfaces = ['internal', 'public'] log_opt_values /usr/lib/python3/dist-packages/oslo_config/cfg.py:2609
2025-09-15 00:39:00.867 132399 DEBUG oslo_service.service [req-1dd2724e-4dfc-4990-a0a8-88ef1d661dfe - - - - -] cyborg.version = None log_opt_values /usr/lib/python3/dist-packages/oslo_config/cfg.py:2609
2025-09-15 00:39:00.868 132399 DEBUG oslo_service.service [req-1dd2724e-4dfc-4990-a0a8-88ef1d661dfe - - - - -] database.backend = sqlalchemy log_opt_values /usr/lib/python3/dist-packages/oslo_config/cfg.py:2609
2025-09-15 00:39:00.868 132399 DEBUG oslo_service.service [req-1dd2724e-4dfc-4990-a0a8-88ef1d661dfe - - - - -] database.connection = **** log_opt_values /usr/lib/python3/dist-packages/oslo_config/cfg.py:2609
2025-09-15 00:39:00.868 132399 DEBUG oslo_service.service [req-1dd2724e-4dfc-4990-a0a8-88ef1d661dfe - - - - -] database.connection_debug = 0 log_opt_values /usr/lib/python3/dist-packages/oslo_config/cfg.py:2609
2025-09-15 00:39:00.869 132399 DEBUG oslo_service.service [req-1dd2724e-4dfc-4990-a0a8-88ef1d661dfe - - - - -] database.connection_parameters = log_opt_values /usr/lib/python3/dist-packages/oslo_config/cfg.py:2609
2025-09-15 00:39:00.869 132399 DEBUG oslo_service.service [req-1dd2724e-4dfc-4990-a0a8-88ef1d661dfe - - - - -] database.connection_recycle_time = 3600 log_opt_values /usr/lib/python3/dist-packages/oslo_config/cfg.py:2609
2025-09-15 00:39:00.869 132399 DEBUG oslo_service.service [req-1dd2724e-4dfc-4990-a0a8-88ef1d661dfe - - - - -] database.connection_trace = False log_opt_values /usr/lib/python3/dist-packages/oslo_config/cfg.py:2609
2025-09-15 00:39:00.869 132399 DEBUG oslo_service.service [req-1dd2724e-4dfc-4990-a0a8-88ef1d661dfe - - - - -] database.db_inc_retry_interval = True log_opt_values /usr/lib/python3/dist-packages/oslo_config/cfg.py:2609
2025-09-15 00:39:00.869 132399 DEBUG oslo_service.service [req-1dd2724e-4dfc-4990-a0a8-88ef1d661dfe - - - - -] database.db_max_retries = 20 log_opt_values /usr/lib/python3/dist-packages/oslo_config/cfg.py:2609
2025-09-15 00:39:00.870 132399 DEBUG oslo_service.service [req-1dd2724e-4dfc-4990-a0a8-88ef1d661dfe - - - - -] database.db_max_retry_interval = 10 log_opt_values /usr/lib/python3/dist-packages/oslo_config/cfg.py:2609
2025-09-15 00:39:00.870 132399 DEBUG oslo_service.service [req-1dd2724e-4dfc-4990-a0a8-88ef1d661dfe - - - - -] database.db_retry_interval = 1 log_opt_values /usr/lib/python3/dist-packages/oslo_config/cfg.py:2609
