2025-09-11 01:46:36.929 7 DEBUG oslo_service.service [-] ml2_type_gre.tunnel_id_ranges = [] log_opt_values /var/lib/kolla/venv/lib/python3.6/site-packages/oslo_config/cfg.py:2611
2025-09-11 01:46:36.929 7 DEBUG oslo_service.service [-] ml2_type_vlan.network_vlan_ranges = [] log_opt_values /var/lib/kolla/venv/lib/python3.6/site-packages/oslo_config/cfg.py:2611
2025-09-11 01:46:36.929 7 DEBUG oslo_service.service [-] ml2_type_vxlan.vni_ranges = [] log_opt_values /var/lib/kolla/venv/lib/python3.6/site-packages/oslo_config/cfg.py:2611
2025-09-11 01:46:36.929 7 DEBUG oslo_service.service [-] ml2_type_vxlan.vxlan_group = None log_opt_values /var/lib/kolla/venv/lib/python3.6/site-packages/oslo_config/cfg.py:2611
2025-09-11 01:46:36.929 7 DEBUG oslo_service.service [-] database.backend = sqlalchemy log_opt_values /var/lib/kolla/venv/lib/python3.6/site-packages/oslo_config/cfg.py:2611
2025-09-11 01:46:36.930 7 DEBUG oslo_service.service [-] database.connection = **** log_opt_values /var/lib/kolla/venv/lib/python3.6/site-packages/oslo_config/cfg.py:2611
2025-09-11 01:46:36.930 7 DEBUG oslo_service.service [-] database.connection_debug = 0 log_opt_values /var/lib/kolla/venv/lib/python3.6/site-packages/oslo_config/cfg.py:2611
2025-09-11 01:46:36.930 7 DEBUG oslo_service.service [-] database.connection_parameters = log_opt_values /var/lib/kolla/venv/lib/python3.6/site-packages/oslo_config/cfg.py:2611
2025-09-11 01:46:36.930 7 DEBUG oslo_service.service [-] database.connection_recycle_time = 10 log_opt_values /var/lib/kolla/venv/lib/python3.6/site-packages/oslo_config/cfg.py:2611
2025-09-11 01:46:36.930 7 DEBUG oslo_service.service [-] database.connection_trace = False log_opt_values /var/lib/kolla/venv/lib/python3.6/site-packages/oslo_config/cfg.py:2611
2025-09-11 01:46:36.930 7 DEBUG oslo_service.service [-] database.db_inc_retry_interval = True log_opt_values /var/lib/kolla/venv/lib/python3.6/site-packages/oslo_config/cfg.py:2611
2025-09-11 01:46:36.930 7 DEBUG oslo_service.service [-] database.db_max_retries = 20 log_opt_values /var/lib/kolla/venv/lib/python3.6/site-packages/oslo_config/cfg.py:2611
2025-09-11 01:46:36.930 7 DEBUG oslo_service.service [-] database.db_max_retry_interval = 10 log_opt_values /var/lib/kolla/venv/lib/python3.6/site-packages/oslo_config/cfg.py:2611
2025-09-11 01:46:36.930 7 DEBUG oslo_service.service [-] database.db_retry_interval = 1 log_opt_values /var/lib/kolla/venv/lib/python3.6/site-packages/oslo_config/cfg.py:2611
2025-09-11 01:46:36.930 7 DEBUG oslo_service.service [-] database.max_overflow = 50 log_opt_values /var/lib/kolla/venv/lib/python3.6/site-packages/oslo_config/cfg.py:2611
2025-09-11 01:46:36.930 7 DEBUG oslo_service.service [-] database.max_pool_size = 1 log_opt_values /var/lib/kolla/venv/lib/python3.6/site-packages/oslo_config/cfg.py:2611
2025-09-11 01:46:36.930 7 DEBUG oslo_service.service [-] database.max_retries = -1 log_opt_values /var/lib/kolla/venv/lib/python3.6/site-packages/oslo_config/cfg.py:2611
2025-09-11 01:46:36.930 7 DEBUG oslo_service.service [-] database.mysql_enable_ndb = False log_opt_values /var/lib/kolla/venv/lib/python3.6/site-packages/oslo_config/cfg.py:2611
2025-09-11 01:46:36.930 7 DEBUG oslo_service.service [-] database.mysql_sql_mode = TRADITIONAL log_opt_values /var/lib/kolla/venv/lib/python3.6/site-packages/oslo_config/cfg.py:2611
2025-09-11 01:46:36.930 7 DEBUG oslo_service.service [-] database.pool_timeout = None log_opt_values /var/lib/kolla/venv/lib/python3.6/site-packages/oslo_config/cfg.py:2611
2025-09-11 01:46:36.931 7 DEBUG oslo_service.service [-] database.retry_interval = 10 log_opt_values /var/lib/kolla/venv/lib/python3.6/site-packages/oslo_config/cfg.py:2611
2025-09-11 01:46:36.931 7 DEBUG oslo_service.service [-] database.slave_connection = **** log_opt_values /var/lib/kolla/venv/lib/python3.6/site-packages/oslo_config/cfg.py:2611
2025-09-11 01:46:36.931 7 DEBUG oslo_service.service [-] database.sqlite_synchronous = True log_opt_values /var/lib/kolla/venv/lib/python3.6/site-packages/oslo_config/cfg.py:2611
2025-09-11 01:46:36.931 7 DEBUG oslo_service.service [-] database.use_db_reconnect = False log_opt_values /var/lib/kolla/venv/lib/python3.6/site-packages/oslo_config/cfg.py:2611
2025-09-11 01:46:36.931 7 DEBUG oslo_service.service [-] ******************************************************************************** log_opt_values /var/lib/kolla/venv/lib/python3.6/site-packages/oslo_config/cfg.py:2613
2025-09-11 01:46:38.185 22 DEBUG neutron.wsgi [-] (22) accepted ('10.0.0.33', 34164) server /var/lib/kolla/venv/lib/python3.6/site-packages/eventlet/wsgi.py:1004
2025-09-11 01:46:38.193 22 INFO neutron.wsgi [-] 10.0.0.33 "GET / HTTP/1.1" status: 200 len: 227 time: 0.0064366
2025-09-11 01:46:41.086 24 DEBUG neutron.api.rpc.handlers.dhcp_rpc [req-1569d125-a59c-4a85-b9cd-05cbd9dad3df - - - - -] get_active_networks_info from cn-jenkins-deploy-platform-ansible-os-4078-1 get_active_networks_info /var/lib/kolla/venv/lib/python3.6/site-packages/neutron/api/rpc/handlers/dhcp_rpc.py:159
2025-09-11 01:46:41.110 28 DEBUG neutron_lib.callbacks.manager [req-431061d1-7001-41db-bf8f-1ba0a3c366df - - - - -] Publish callbacks ['neutron.services.segments.db._update_segment_host_mapping_for_agent-8745793060928', 'neutron.services.l3_router.l3_router_plugin.DVRResourceOperationHandler.create_fip_agent_gw_ports--9223372036851030555'] for agent (47c811bf-079c-4729-a5c8-9eb788a6db11), after_create _notify_loop /var/lib/kolla/venv/lib/python3.6/site-packages/neutron_lib/callbacks/manager.py:177
2025-09-11 01:46:41.127 24 DEBUG neutron.scheduler.dhcp_agent_scheduler [req-1569d125-a59c-4a85-b9cd-05cbd9dad3df - - - - -] No non-hosted networks auto_schedule_networks /var/lib/kolla/venv/lib/python3.6/site-packages/neutron/scheduler/dhcp_agent_scheduler.py:60
2025-09-11 01:46:52.801 26 DEBUG neutron_lib.callbacks.manager [req-408cb515-4659-4629-87d2-dd3785a441df - - - - -] Publish callbacks ['neutron.services.segments.db._update_segment_host_mapping_for_agent-8745793060928', 'neutron.services.l3_router.l3_router_plugin.DVRResourceOperationHandler.create_fip_agent_gw_ports--9223372036851030555'] for agent (d656d031-a48c-4d15-b4be-63a6429fbf59), after_create _notify_loop /var/lib/kolla/venv/lib/python3.6/site-packages/neutron_lib/callbacks/manager.py:177
2025-09-11 01:47:08.239 22 DEBUG neutron.wsgi [-] (22) accepted ('10.0.0.33', 34094) server /var/lib/kolla/venv/lib/python3.6/site-packages/eventlet/wsgi.py:1004
2025-09-11 01:47:08.244 22 INFO neutron.wsgi [-] 10.0.0.33 "GET / HTTP/1.1" status: 200 len: 227 time: 0.0034096
2025-09-11 01:47:11.093 23 DEBUG neutron_lib.callbacks.manager [req-326b0d66-af17-4eb4-b604-3358829e3b97 - - - - -] Publish callbacks ['neutron.services.segments.db._update_segment_host_mapping_for_agent-8745793060928', 'neutron.plugins.ml2.plugin.Ml2Plugin._retry_binding_revived_agents--9223372036853962494'] for agent (47c811bf-079c-4729-a5c8-9eb788a6db11), after_update _notify_loop /var/lib/kolla/venv/lib/python3.6/site-packages/neutron_lib/callbacks/manager.py:177
2025-09-11 01:47:22.761 24 DEBUG neutron_lib.callbacks.manager [req-408cb515-4659-4629-87d2-dd3785a441df - - - - -] Publish callbacks ['neutron.services.segments.db._update_segment_host_mapping_for_agent-8745793060928', 'neutron.plugins.ml2.plugin.Ml2Plugin._retry_binding_revived_agents--9223372036853962494'] for agent (d656d031-a48c-4d15-b4be-63a6429fbf59), after_update _notify_loop /var/lib/kolla/venv/lib/python3.6/site-packages/neutron_lib/callbacks/manager.py:177
2025-09-11 01:47:23.891 29 DEBUG neutron.db.agents_db [req-d52f63d3-03bf-4370-b610-4edc9696e068 - - - - -] Agent healthcheck: found 2 active agents agent_health_check /var/lib/kolla/venv/lib/python3.6/site-packages/neutron/db/agents_db.py:318
2025-09-11 01:47:38.289 22 DEBUG neutron.wsgi [-] (22) accepted ('10.0.0.33', 50202) server /var/lib/kolla/venv/lib/python3.6/site-packages/eventlet/wsgi.py:1004
2025-09-11 01:47:38.293 22 INFO neutron.wsgi [-] 10.0.0.33 "GET / HTTP/1.1" status: 200 len: 227 time: 0.0030992
2025-09-11 01:47:41.095 27 DEBUG neutron_lib.callbacks.manager [req-c991ebd7-ebf4-4872-998c-373c5aa1a106 - - - - -] Publish callbacks ['neutron.services.segments.db._update_segment_host_mapping_for_agent-8745793060928', 'neutron.plugins.ml2.plugin.Ml2Plugin._retry_binding_revived_agents--9223372036853962494'] for agent (47c811bf-079c-4729-a5c8-9eb788a6db11), after_update _notify_loop /var/lib/kolla/venv/lib/python3.6/site-packages/neutron_lib/callbacks/manager.py:177
2025-09-11 01:47:52.778 25 DEBUG neutron_lib.callbacks.manager [req-408cb515-4659-4629-87d2-dd3785a441df - - - - -] Publish callbacks ['neutron.services.segments.db._update_segment_host_mapping_for_agent-8745793060928', 'neutron.plugins.ml2.plugin.Ml2Plugin._retry_binding_revived_agents--9223372036853962494'] for agent (d656d031-a48c-4d15-b4be-63a6429fbf59), after_update _notify_loop /var/lib/kolla/venv/lib/python3.6/site-packages/neutron_lib/callbacks/manager.py:177
2025-09-11 01:48:00.880 29 DEBUG neutron.db.agents_db [req-d52f63d3-03bf-4370-b610-4edc9696e068 - - - - -] Agent healthcheck: found 2 active agents agent_health_check /var/lib/kolla/venv/lib/python3.6/site-packages/neutron/db/agents_db.py:318
2025-09-11 01:48:08.346 22 DEBUG neutron.wsgi [-] (22) accepted ('10.0.0.33', 34520) server /var/lib/kolla/venv/lib/python3.6/site-packages/eventlet/wsgi.py:1004
2025-09-11 01:48:08.350 22 INFO neutron.wsgi [-] 10.0.0.33 "GET / HTTP/1.1" status: 200 len: 227 time: 0.0031109
2025-09-11 01:48:11.079 28 DEBUG neutron_lib.callbacks.manager [req-c9fde653-1380-4f51-9c06-26018ee5dd6b - - - - -] Publish callbacks ['neutron.services.segments.db._update_segment_host_mapping_for_agent-8745793060928', 'neutron.plugins.ml2.plugin.Ml2Plugin._retry_binding_revived_agents--9223372036853962494'] for agent (47c811bf-079c-4729-a5c8-9eb788a6db11), after_update _notify_loop /var/lib/kolla/venv/lib/python3.6/site-packages/neutron_lib/callbacks/manager.py:177
2025-09-11 01:48:22.764 26 DEBUG neutron_lib.callbacks.manager [req-408cb515-4659-4629-87d2-dd3785a441df - - - - -] Publish callbacks ['neutron.services.segments.db._update_segment_host_mapping_for_agent-8745793060928', 'neutron.plugins.ml2.plugin.Ml2Plugin._retry_binding_revived_agents--9223372036853962494'] for agent (d656d031-a48c-4d15-b4be-63a6429fbf59), after_update _notify_loop /var/lib/kolla/venv/lib/python3.6/site-packages/neutron_lib/callbacks/manager.py:177
2025-09-11 01:48:37.876 29 DEBUG neutron.db.agents_db [req-d52f63d3-03bf-4370-b610-4edc9696e068 - - - - -] Agent healthcheck: found 2 active agents agent_health_check /var/lib/kolla/venv/lib/python3.6/site-packages/neutron/db/agents_db.py:318
2025-09-11 01:48:38.398 22 DEBUG neutron.wsgi [-] (22) accepted ('10.0.0.33', 38962) server /var/lib/kolla/venv/lib/python3.6/site-packages/eventlet/wsgi.py:1004
2025-09-11 01:48:38.402 22 INFO neutron.wsgi [-] 10.0.0.33 "GET / HTTP/1.1" status: 200 len: 227 time: 0.0029988
2025-09-11 01:48:41.076 23 DEBUG neutron_lib.callbacks.manager [req-c54d5ef6-3efa-495c-8917-4c9de3d7bb48 - - - - -] Publish callbacks ['neutron.services.segments.db._update_segment_host_mapping_for_agent-8745793060928', 'neutron.plugins.ml2.plugin.Ml2Plugin._retry_binding_revived_agents--9223372036853962494'] for agent (47c811bf-079c-4729-a5c8-9eb788a6db11), after_update _notify_loop /var/lib/kolla/venv/lib/python3.6/site-packages/neutron_lib/callbacks/manager.py:177
2025-09-11 01:48:52.764 24 DEBUG neutron_lib.callbacks.manager [req-408cb515-4659-4629-87d2-dd3785a441df - - - - -] Publish callbacks ['neutron.services.segments.db._update_segment_host_mapping_for_agent-8745793060928', 'neutron.plugins.ml2.plugin.Ml2Plugin._retry_binding_revived_agents--9223372036853962494'] for agent (d656d031-a48c-4d15-b4be-63a6429fbf59), after_update _notify_loop /var/lib/kolla/venv/lib/python3.6/site-packages/neutron_lib/callbacks/manager.py:177
2025-09-11 01:49:08.451 22 DEBUG neutron.wsgi [-] (22) accepted ('10.0.0.33', 34612) server /var/lib/kolla/venv/lib/python3.6/site-packages/eventlet/wsgi.py:1004
2025-09-11 01:49:08.457 22 INFO neutron.wsgi [-] 10.0.0.33 "GET / HTTP/1.1" status: 200 len: 227 time: 0.0050347
2025-09-11 01:49:11.073 27 DEBUG neutron_lib.callbacks.manager [req-390f86b3-30e2-439e-8e6a-5ca28481f192 - - - - -] Publish callbacks ['neutron.services.segments.db._update_segment_host_mapping_for_agent-8745793060928', 'neutron.plugins.ml2.plugin.Ml2Plugin._retry_binding_revived_agents--9223372036853962494'] for agent (47c811bf-079c-4729-a5c8-9eb788a6db11), after_update _notify_loop /var/lib/kolla/venv/lib/python3.6/site-packages/neutron_lib/callbacks/manager.py:177
2025-09-11 01:49:14.886 29 DEBUG neutron.db.agents_db [req-d52f63d3-03bf-4370-b610-4edc9696e068 - - - - -] Agent healthcheck: found 2 active agents agent_health_check /var/lib/kolla/venv/lib/python3.6/site-packages/neutron/db/agents_db.py:318
2025-09-11 01:49:22.766 25 DEBUG neutron_lib.callbacks.manager [req-408cb515-4659-4629-87d2-dd3785a441df - - - - -] Publish callbacks ['neutron.services.segments.db._update_segment_host_mapping_for_agent-8745793060928', 'neutron.plugins.ml2.plugin.Ml2Plugin._retry_binding_revived_agents--9223372036853962494'] for agent (d656d031-a48c-4d15-b4be-63a6429fbf59), after_update _notify_loop /var/lib/kolla/venv/lib/python3.6/site-packages/neutron_lib/callbacks/manager.py:177
2025-09-11 01:49:38.505 22 DEBUG neutron.wsgi [-] (22) accepted ('10.0.0.33', 39320) server /var/lib/kolla/venv/lib/python3.6/site-packages/eventlet/wsgi.py:1004
2025-09-11 01:49:38.509 22 INFO neutron.wsgi [-] 10.0.0.33 "GET / HTTP/1.1" status: 200 len: 227 time: 0.0031025
2025-09-11 01:49:41.070 28 DEBUG neutron_lib.callbacks.manager [req-411eee86-0405-4031-b53a-550200088445 - - - - -] Publish callbacks ['neutron.services.segments.db._update_segment_host_mapping_for_agent-8745793060928', 'neutron.plugins.ml2.plugin.Ml2Plugin._retry_binding_revived_agents--9223372036853962494'] for agent (47c811bf-079c-4729-a5c8-9eb788a6db11), after_update _notify_loop /var/lib/kolla/venv/lib/python3.6/site-packages/neutron_lib/callbacks/manager.py:177
2025-09-11 01:49:51.885 29 DEBUG neutron.db.agents_db [req-d52f63d3-03bf-4370-b610-4edc9696e068 - - - - -] Agent healthcheck: found 2 active agents agent_health_check /var/lib/kolla/venv/lib/python3.6/site-packages/neutron/db/agents_db.py:318
2025-09-11 01:49:52.769 26 DEBUG neutron_lib.callbacks.manager [req-408cb515-4659-4629-87d2-dd3785a441df - - - - -] Publish callbacks ['neutron.services.segments.db._update_segment_host_mapping_for_agent-8745793060928', 'neutron.plugins.ml2.plugin.Ml2Plugin._retry_binding_revived_agents--9223372036853962494'] for agent (d656d031-a48c-4d15-b4be-63a6429fbf59), after_update _notify_loop /var/lib/kolla/venv/lib/python3.6/site-packages/neutron_lib/callbacks/manager.py:177
2025-09-11 01:50:08.561 22 DEBUG neutron.wsgi [-] (22) accepted ('10.0.0.33', 60532) server /var/lib/kolla/venv/lib/python3.6/site-packages/eventlet/wsgi.py:1004
2025-09-11 01:50:08.565 22 INFO neutron.wsgi [-] 10.0.0.33 "GET / HTTP/1.1" status: 200 len: 227 time: 0.0036602
2025-09-11 01:50:11.068 23 DEBUG neutron_lib.callbacks.manager [req-3e7b3362-4feb-4c60-bef8-2430da923885 - - - - -] Publish callbacks ['neutron.services.segments.db._update_segment_host_mapping_for_agent-8745793060928', 'neutron.plugins.ml2.plugin.Ml2Plugin._retry_binding_revived_agents--9223372036853962494'] for agent (47c811bf-079c-4729-a5c8-9eb788a6db11), after_update _notify_loop /var/lib/kolla/venv/lib/python3.6/site-packages/neutron_lib/callbacks/manager.py:177
2025-09-11 01:50:22.773 24 DEBUG neutron_lib.callbacks.manager [req-408cb515-4659-4629-87d2-dd3785a441df - - - - -] Publish callbacks ['neutron.services.segments.db._update_segment_host_mapping_for_agent-8745793060928', 'neutron.plugins.ml2.plugin.Ml2Plugin._retry_binding_revived_agents--9223372036853962494'] for agent (d656d031-a48c-4d15-b4be-63a6429fbf59), after_update _notify_loop /var/lib/kolla/venv/lib/python3.6/site-packages/neutron_lib/callbacks/manager.py:177
2025-09-11 01:50:28.887 29 DEBUG neutron.db.agents_db [req-d52f63d3-03bf-4370-b610-4edc9696e068 - - - - -] Agent healthcheck: found 2 active agents agent_health_check /var/lib/kolla/venv/lib/python3.6/site-packages/neutron/db/agents_db.py:318
2025-09-11 01:50:38.615 22 DEBUG neutron.wsgi [-] (22) accepted ('10.0.0.33', 56416) server /var/lib/kolla/venv/lib/python3.6/site-packages/eventlet/wsgi.py:1004
2025-09-11 01:50:38.619 22 INFO neutron.wsgi [-] 10.0.0.33 "GET / HTTP/1.1" status: 200 len: 227 time: 0.0035644
2025-09-11 01:50:41.065 27 DEBUG neutron_lib.callbacks.manager [req-e6e4102a-91ec-4bb0-944e-2e451f622948 - - - - -] Publish callbacks ['neutron.services.segments.db._update_segment_host_mapping_for_agent-8745793060928', 'neutron.plugins.ml2.plugin.Ml2Plugin._retry_binding_revived_agents--9223372036853962494'] for agent (47c811bf-079c-4729-a5c8-9eb788a6db11), after_update _notify_loop /var/lib/kolla/venv/lib/python3.6/site-packages/neutron_lib/callbacks/manager.py:177
2025-09-11 01:50:52.777 25 DEBUG neutron_lib.callbacks.manager [req-408cb515-4659-4629-87d2-dd3785a441df - - - - -] Publish callbacks ['neutron.services.segments.db._update_segment_host_mapping_for_agent-8745793060928', 'neutron.plugins.ml2.plugin.Ml2Plugin._retry_binding_revived_agents--9223372036853962494'] for agent (d656d031-a48c-4d15-b4be-63a6429fbf59), after_update _notify_loop /var/lib/kolla/venv/lib/python3.6/site-packages/neutron_lib/callbacks/manager.py:177
2025-09-11 01:51:05.884 29 DEBUG neutron.db.agents_db [req-d52f63d3-03bf-4370-b610-4edc9696e068 - - - - -] Agent healthcheck: found 2 active agents agent_health_check /var/lib/kolla/venv/lib/python3.6/site-packages/neutron/db/agents_db.py:318
2025-09-11 01:51:08.680 22 DEBUG neutron.wsgi [-] (22) accepted ('10.0.0.33', 51066) server /var/lib/kolla/venv/lib/python3.6/site-packages/eventlet/wsgi.py:1004
2025-09-11 01:51:08.684 22 INFO neutron.wsgi [-] 10.0.0.33 "GET / HTTP/1.1" status: 200 len: 227 time: 0.0031011
2025-09-11 01:51:11.064 28 DEBUG neutron_lib.callbacks.manager [req-7464308d-e085-4b61-b0e1-063212f890d6 - - - - -] Publish callbacks ['neutron.services.segments.db._update_segment_host_mapping_for_agent-8745793060928', 'neutron.plugins.ml2.plugin.Ml2Plugin._retry_binding_revived_agents--9223372036853962494'] for agent (47c811bf-079c-4729-a5c8-9eb788a6db11), after_update _notify_loop /var/lib/kolla/venv/lib/python3.6/site-packages/neutron_lib/callbacks/manager.py:177
2025-09-11 01:51:22.777 26 DEBUG neutron_lib.callbacks.manager [req-408cb515-4659-4629-87d2-dd3785a441df - - - - -] Publish callbacks ['neutron.services.segments.db._update_segment_host_mapping_for_agent-8745793060928', 'neutron.plugins.ml2.plugin.Ml2Plugin._retry_binding_revived_agents--9223372036853962494'] for agent (d656d031-a48c-4d15-b4be-63a6429fbf59), after_update _notify_loop /var/lib/kolla/venv/lib/python3.6/site-packages/neutron_lib/callbacks/manager.py:177
2025-09-11 01:51:38.736 22 DEBUG neutron.wsgi [-] (22) accepted ('10.0.0.33', 44530) server /var/lib/kolla/venv/lib/python3.6/site-packages/eventlet/wsgi.py:1004
2025-09-11 01:51:38.740 22 INFO neutron.wsgi [-] 10.0.0.33 "GET / HTTP/1.1" status: 200 len: 227 time: 0.0032136
2025-09-11 01:51:41.066 23 DEBUG neutron_lib.callbacks.manager [req-d3f4e7e2-300c-4b02-993e-66de5bb84c59 - - - - -] Publish callbacks ['neutron.services.segments.db._update_segment_host_mapping_for_agent-8745793060928', 'neutron.plugins.ml2.plugin.Ml2Plugin._retry_binding_revived_agents--9223372036853962494'] for agent (47c811bf-079c-4729-a5c8-9eb788a6db11), after_update _notify_loop /var/lib/kolla/venv/lib/python3.6/site-packages/neutron_lib/callbacks/manager.py:177
2025-09-11 01:51:42.881 29 DEBUG neutron.db.agents_db [req-d52f63d3-03bf-4370-b610-4edc9696e068 - - - - -] Agent healthcheck: found 2 active agents agent_health_check /var/lib/kolla/venv/lib/python3.6/site-packages/neutron/db/agents_db.py:318
2025-09-11 01:51:52.779 24 DEBUG neutron_lib.callbacks.manager [req-408cb515-4659-4629-87d2-dd3785a441df - - - - -] Publish callbacks ['neutron.services.segments.db._update_segment_host_mapping_for_agent-8745793060928', 'neutron.plugins.ml2.plugin.Ml2Plugin._retry_binding_revived_agents--9223372036853962494'] for agent (d656d031-a48c-4d15-b4be-63a6429fbf59), after_update _notify_loop /var/lib/kolla/venv/lib/python3.6/site-packages/neutron_lib/callbacks/manager.py:177
2025-09-11 01:52:08.793 22 DEBUG neutron.wsgi [-] (22) accepted ('10.0.0.33', 57072) server /var/lib/kolla/venv/lib/python3.6/site-packages/eventlet/wsgi.py:1004
2025-09-11 01:52:08.804 22 INFO neutron.wsgi [-] 10.0.0.33 "GET / HTTP/1.1" status: 200 len: 227 time: 0.0073366
2025-09-11 01:52:11.072 27 DEBUG neutron_lib.callbacks.manager [req-2cbdb000-6bde-4988-a8f7-38d21a2a3b8a - - - - -] Publish callbacks ['neutron.services.segments.db._update_segment_host_mapping_for_agent-8745793060928', 'neutron.plugins.ml2.plugin.Ml2Plugin._retry_binding_revived_agents--9223372036853962494'] for agent (47c811bf-079c-4729-a5c8-9eb788a6db11), after_update _notify_loop /var/lib/kolla/venv/lib/python3.6/site-packages/neutron_lib/callbacks/manager.py:177
2025-09-11 01:52:19.879 29 DEBUG neutron.db.agents_db [req-d52f63d3-03bf-4370-b610-4edc9696e068 - - - - -] Agent healthcheck: found 2 active agents agent_health_check /var/lib/kolla/venv/lib/python3.6/site-packages/neutron/db/agents_db.py:318
2025-09-11 01:52:22.784 25 DEBUG neutron_lib.callbacks.manager [req-408cb515-4659-4629-87d2-dd3785a441df - - - - -] Publish callbacks ['neutron.services.segments.db._update_segment_host_mapping_for_agent-8745793060928', 'neutron.plugins.ml2.plugin.Ml2Plugin._retry_binding_revived_agents--9223372036853962494'] for agent (d656d031-a48c-4d15-b4be-63a6429fbf59), after_update _notify_loop /var/lib/kolla/venv/lib/python3.6/site-packages/neutron_lib/callbacks/manager.py:177
2025-09-11 01:52:38.861 22 DEBUG neutron.wsgi [-] (22) accepted ('10.0.0.33', 37118) server /var/lib/kolla/venv/lib/python3.6/site-packages/eventlet/wsgi.py:1004
2025-09-11 01:52:38.864 22 INFO neutron.wsgi [-] 10.0.0.33 "GET / HTTP/1.1" status: 200 len: 227 time: 0.0029173
2025-09-11 01:52:41.059 28 DEBUG neutron_lib.callbacks.manager [req-975cd0dd-9287-48cc-912c-842f7e20d310 - - - - -] Publish callbacks ['neutron.services.segments.db._update_segment_host_mapping_for_agent-8745793060928', 'neutron.plugins.ml2.plugin.Ml2Plugin._retry_binding_revived_agents--9223372036853962494'] for agent (47c811bf-079c-4729-a5c8-9eb788a6db11), after_update _notify_loop /var/lib/kolla/venv/lib/python3.6/site-packages/neutron_lib/callbacks/manager.py:177
2025-09-11 01:52:52.784 26 DEBUG neutron_lib.callbacks.manager [req-408cb515-4659-4629-87d2-dd3785a441df - - - - -] Publish callbacks ['neutron.services.segments.db._update_segment_host_mapping_for_agent-8745793060928', 'neutron.plugins.ml2.plugin.Ml2Plugin._retry_binding_revived_agents--9223372036853962494'] for agent (d656d031-a48c-4d15-b4be-63a6429fbf59), after_update _notify_loop /var/lib/kolla/venv/lib/python3.6/site-packages/neutron_lib/callbacks/manager.py:177
2025-09-11 01:52:56.880 29 DEBUG neutron.db.agents_db [req-d52f63d3-03bf-4370-b610-4edc9696e068 - - - - -] Agent healthcheck: found 2 active agents agent_health_check /var/lib/kolla/venv/lib/python3.6/site-packages/neutron/db/agents_db.py:318
2025-09-11 01:53:08.911 22 DEBUG neutron.wsgi [-] (22) accepted ('10.0.0.33', 40278) server /var/lib/kolla/venv/lib/python3.6/site-packages/eventlet/wsgi.py:1004
2025-09-11 01:53:08.915 22 INFO neutron.wsgi [-] 10.0.0.33 "GET / HTTP/1.1" status: 200 len: 227 time: 0.0028510
2025-09-11 01:53:11.059 23 DEBUG neutron_lib.callbacks.manager [req-ea3b2332-ab9f-4abf-b447-1ba5e8de6497 - - - - -] Publish callbacks ['neutron.services.segments.db._update_segment_host_mapping_for_agent-8745793060928', 'neutron.plugins.ml2.plugin.Ml2Plugin._retry_binding_revived_agents--9223372036853962494'] for agent (47c811bf-079c-4729-a5c8-9eb788a6db11), after_update _notify_loop /var/lib/kolla/venv/lib/python3.6/site-packages/neutron_lib/callbacks/manager.py:177
2025-09-11 01:53:22.786 24 DEBUG neutron_lib.callbacks.manager [req-408cb515-4659-4629-87d2-dd3785a441df - - - - -] Publish callbacks ['neutron.services.segments.db._update_segment_host_mapping_for_agent-8745793060928', 'neutron.plugins.ml2.plugin.Ml2Plugin._retry_binding_revived_agents--9223372036853962494'] for agent (d656d031-a48c-4d15-b4be-63a6429fbf59), after_update _notify_loop /var/lib/kolla/venv/lib/python3.6/site-packages/neutron_lib/callbacks/manager.py:177
2025-09-11 01:53:33.878 29 DEBUG neutron.db.agents_db [req-d52f63d3-03bf-4370-b610-4edc9696e068 - - - - -] Agent healthcheck: found 2 active agents agent_health_check /var/lib/kolla/venv/lib/python3.6/site-packages/neutron/db/agents_db.py:318
2025-09-11 01:53:38.964 22 DEBUG neutron.wsgi [-] (22) accepted ('10.0.0.33', 55336) server /var/lib/kolla/venv/lib/python3.6/site-packages/eventlet/wsgi.py:1004
2025-09-11 01:53:38.968 22 INFO neutron.wsgi [-] 10.0.0.33 "GET / HTTP/1.1" status: 200 len: 227 time: 0.0030847
2025-09-11 01:53:41.059 27 DEBUG neutron_lib.callbacks.manager [req-982cfa78-ce3b-4e2d-b375-8ca9780a03be - - - - -] Publish callbacks ['neutron.services.segments.db._update_segment_host_mapping_for_agent-8745793060928', 'neutron.plugins.ml2.plugin.Ml2Plugin._retry_binding_revived_agents--9223372036853962494'] for agent (47c811bf-079c-4729-a5c8-9eb788a6db11), after_update _notify_loop /var/lib/kolla/venv/lib/python3.6/site-packages/neutron_lib/callbacks/manager.py:177
2025-09-11 01:53:52.794 25 DEBUG neutron_lib.callbacks.manager [req-408cb515-4659-4629-87d2-dd3785a441df - - - - -] Publish callbacks ['neutron.services.segments.db._update_segment_host_mapping_for_agent-8745793060928', 'neutron.plugins.ml2.plugin.Ml2Plugin._retry_binding_revived_agents--9223372036853962494'] for agent (d656d031-a48c-4d15-b4be-63a6429fbf59), after_update _notify_loop /var/lib/kolla/venv/lib/python3.6/site-packages/neutron_lib/callbacks/manager.py:177
2025-09-11 01:54:09.015 22 DEBUG neutron.wsgi [-] (22) accepted ('10.0.0.33', 60760) server /var/lib/kolla/venv/lib/python3.6/site-packages/eventlet/wsgi.py:1004
2025-09-11 01:54:09.019 22 INFO neutron.wsgi [-] 10.0.0.33 "GET / HTTP/1.1" status: 200 len: 227 time: 0.0032308
2025-09-11 01:54:10.876 29 DEBUG neutron.db.agents_db [req-d52f63d3-03bf-4370-b610-4edc9696e068 - - - - -] Agent healthcheck: found 2 active agents agent_health_check /var/lib/kolla/venv/lib/python3.6/site-packages/neutron/db/agents_db.py:318
2025-09-11 01:54:11.056 28 DEBUG neutron_lib.callbacks.manager [req-17e44731-d29d-484c-b605-54bbe490d309 - - - - -] Publish callbacks ['neutron.services.segments.db._update_segment_host_mapping_for_agent-8745793060928', 'neutron.plugins.ml2.plugin.Ml2Plugin._retry_binding_revived_agents--9223372036853962494'] for agent (47c811bf-079c-4729-a5c8-9eb788a6db11), after_update _notify_loop /var/lib/kolla/venv/lib/python3.6/site-packages/neutron_lib/callbacks/manager.py:177
2025-09-11 01:54:22.790 26 DEBUG neutron_lib.callbacks.manager [req-408cb515-4659-4629-87d2-dd3785a441df - - - - -] Publish callbacks ['neutron.services.segments.db._update_segment_host_mapping_for_agent-8745793060928', 'neutron.plugins.ml2.plugin.Ml2Plugin._retry_binding_revived_agents--9223372036853962494'] for agent (d656d031-a48c-4d15-b4be-63a6429fbf59), after_update _notify_loop /var/lib/kolla/venv/lib/python3.6/site-packages/neutron_lib/callbacks/manager.py:177
2025-09-11 01:54:39.067 22 DEBUG neutron.wsgi [-] (22) accepted ('10.0.0.33', 60158) server /var/lib/kolla/venv/lib/python3.6/site-packages/eventlet/wsgi.py:1004
2025-09-11 01:54:39.071 22 INFO neutron.wsgi [-] 10.0.0.33 "GET / HTTP/1.1" status: 200 len: 227 time: 0.0028589
2025-09-11 01:54:41.053 23 DEBUG neutron_lib.callbacks.manager [req-03f97f14-7379-4684-b8d7-eedd6a37781c - - - - -] Publish callbacks ['neutron.services.segments.db._update_segment_host_mapping_for_agent-8745793060928', 'neutron.plugins.ml2.plugin.Ml2Plugin._retry_binding_revived_agents--9223372036853962494'] for agent (47c811bf-079c-4729-a5c8-9eb788a6db11), after_update _notify_loop /var/lib/kolla/venv/lib/python3.6/site-packages/neutron_lib/callbacks/manager.py:177
2025-09-11 01:54:47.873 29 DEBUG neutron.db.agents_db [req-d52f63d3-03bf-4370-b610-4edc9696e068 - - - - -] Agent healthcheck: found 2 active agents agent_health_check /var/lib/kolla/venv/lib/python3.6/site-packages/neutron/db/agents_db.py:318
2025-09-11 01:54:52.792 24 DEBUG neutron_lib.callbacks.manager [req-408cb515-4659-4629-87d2-dd3785a441df - - - - -] Publish callbacks ['neutron.services.segments.db._update_segment_host_mapping_for_agent-8745793060928', 'neutron.plugins.ml2.plugin.Ml2Plugin._retry_binding_revived_agents--9223372036853962494'] for agent (d656d031-a48c-4d15-b4be-63a6429fbf59), after_update _notify_loop /var/lib/kolla/venv/lib/python3.6/site-packages/neutron_lib/callbacks/manager.py:177
2025-09-11 01:55:09.123 22 DEBUG neutron.wsgi [-] (22) accepted ('10.0.0.33', 44514) server /var/lib/kolla/venv/lib/python3.6/site-packages/eventlet/wsgi.py:1004
2025-09-11 01:55:09.127 22 INFO neutron.wsgi [-] 10.0.0.33 "GET / HTTP/1.1" status: 200 len: 227 time: 0.0028782
2025-09-11 01:55:11.056 27 DEBUG neutron_lib.callbacks.manager [req-3667dc0d-4b1e-426a-b4dc-55c920363674 - - - - -] Publish callbacks ['neutron.services.segments.db._update_segment_host_mapping_for_agent-8745793060928', 'neutron.plugins.ml2.plugin.Ml2Plugin._retry_binding_revived_agents--9223372036853962494'] for agent (47c811bf-079c-4729-a5c8-9eb788a6db11), after_update _notify_loop /var/lib/kolla/venv/lib/python3.6/site-packages/neutron_lib/callbacks/manager.py:177
2025-09-11 01:55:17.136 7 INFO oslo_service.service [-] Caught SIGTERM, stopping children
2025-09-11 01:55:17.136 7 DEBUG oslo_concurrency.lockutils [-] Acquired lock "singleton_lock" lock /var/lib/kolla/venv/lib/python3.6/site-packages/oslo_concurrency/lockutils.py:294
2025-09-11 01:55:17.137 7 DEBUG oslo_concurrency.lockutils [-] Releasing lock "singleton_lock" lock /var/lib/kolla/venv/lib/python3.6/site-packages/oslo_concurrency/lockutils.py:312
2025-09-11 01:55:17.137 7 DEBUG oslo_service.service [-] Stop services. stop /var/lib/kolla/venv/lib/python3.6/site-packages/oslo_service/service.py:695
2025-09-11 01:55:17.137 7 DEBUG neutron.service [-] calling RpcWorker stop() stop /var/lib/kolla/venv/lib/python3.6/site-packages/neutron/service.py:138
2025-09-11 01:55:17.137 7 DEBUG neutron.service [-] calling RpcWorker stop() stop /var/lib/kolla/venv/lib/python3.6/site-packages/neutron/service.py:138
2025-09-11 01:55:17.137 7 DEBUG oslo_service.service [-] Killing children. stop /var/lib/kolla/venv/lib/python3.6/site-packages/oslo_service/service.py:700
2025-09-11 01:55:17.137 7 INFO oslo_service.service [-] Waiting on 8 children to exit
2025-09-11 01:55:17.138 22 INFO neutron.wsgi [-] (22) wsgi exited, is_accepting=True
2025-09-11 01:55:17.138 23 DEBUG neutron.service [-] calling RpcWorker stop() stop /var/lib/kolla/venv/lib/python3.6/site-packages/neutron/service.py:138
2025-09-11 01:55:17.138 29 DEBUG neutron.service [-] calling RpcWorker stop() stop /var/lib/kolla/venv/lib/python3.6/site-packages/neutron/service.py:138
2025-09-11 01:55:17.138 24 DEBUG neutron.service [-] calling RpcWorker stop() stop /var/lib/kolla/venv/lib/python3.6/site-packages/neutron/service.py:138
2025-09-11 01:55:17.138 28 DEBUG neutron.service [-] calling RpcWorker stop() stop /var/lib/kolla/venv/lib/python3.6/site-packages/neutron/service.py:138
2025-09-11 01:55:17.138 25 DEBUG neutron.service [-] calling RpcWorker stop() stop /var/lib/kolla/venv/lib/python3.6/site-packages/neutron/service.py:138
2025-09-11 01:55:17.138 22 DEBUG oslo_concurrency.lockutils [req-86240a66-016b-4f63-995a-53789fc6a76d - - - - -] Acquired lock "singleton_lock" lock /var/lib/kolla/venv/lib/python3.6/site-packages/oslo_concurrency/lockutils.py:294
2025-09-11 01:55:17.139 22 DEBUG oslo_concurrency.lockutils [req-86240a66-016b-4f63-995a-53789fc6a76d - - - - -] Releasing lock "singleton_lock" lock /var/lib/kolla/venv/lib/python3.6/site-packages/oslo_concurrency/lockutils.py:312
2025-09-11 01:55:17.138 24 DEBUG neutron.service [-] calling stop on stop /var/lib/kolla/venv/lib/python3.6/site-packages/neutron/service.py:141
2025-09-11 01:55:17.138 29 DEBUG neutron.service [-] calling stop on stop /var/lib/kolla/venv/lib/python3.6/site-packages/neutron/service.py:141
2025-09-11 01:55:17.138 23 DEBUG neutron.service [-] calling stop on stop /var/lib/kolla/venv/lib/python3.6/site-packages/neutron/service.py:141
2025-09-11 01:55:17.140 26 DEBUG neutron.service [-] calling RpcWorker stop() stop /var/lib/kolla/venv/lib/python3.6/site-packages/neutron/service.py:138
2025-09-11 01:55:17.139 28 DEBUG neutron.service [-] calling stop on stop /var/lib/kolla/venv/lib/python3.6/site-packages/neutron/service.py:141
2025-09-11 01:55:17.139 25 DEBUG neutron.service [-] calling stop on stop /var/lib/kolla/venv/lib/python3.6/site-packages/neutron/service.py:141
2025-09-11 01:55:17.143 7 INFO oslo_service.service [-] Child 22 exited with status 0
2025-09-11 01:55:17.141 26 DEBUG neutron.service [-] calling stop on stop /var/lib/kolla/venv/lib/python3.6/site-packages/neutron/service.py:141
2025-09-11 01:55:17.144 27 DEBUG neutron.service [-] calling RpcWorker stop() stop /var/lib/kolla/venv/lib/python3.6/site-packages/neutron/service.py:138
2025-09-11 01:55:17.145 27 DEBUG neutron.service [-] calling stop on stop /var/lib/kolla/venv/lib/python3.6/site-packages/neutron/service.py:141
2025-09-11 01:55:19.244 27 DEBUG oslo_concurrency.lockutils [req-86240a66-016b-4f63-995a-53789fc6a76d - - - - -] Acquired lock "singleton_lock" lock /var/lib/kolla/venv/lib/python3.6/site-packages/oslo_concurrency/lockutils.py:294
2025-09-11 01:55:19.245 27 DEBUG oslo_concurrency.lockutils [req-86240a66-016b-4f63-995a-53789fc6a76d - - - - -] Releasing lock "singleton_lock" lock /var/lib/kolla/venv/lib/python3.6/site-packages/oslo_concurrency/lockutils.py:312
2025-09-11 01:55:19.245 27 DEBUG neutron.service [req-86240a66-016b-4f63-995a-53789fc6a76d - - - - -] calling RpcWorker wait() _wait /var/lib/kolla/venv/lib/python3.6/site-packages/neutron/service.py:128
2025-09-11 01:55:19.245 27 DEBUG neutron.service [req-86240a66-016b-4f63-995a-53789fc6a76d - - - - -] calling wait on _wait /var/lib/kolla/venv/lib/python3.6/site-packages/neutron/service.py:131
2025-09-11 01:55:19.255 27 WARNING amqp [req-86240a66-016b-4f63-995a-53789fc6a76d - - - - -] Received method (60, 30) during closing channel 1. This method will be ignored
2025-09-11 01:55:19.256 27 DEBUG neutron.service [req-86240a66-016b-4f63-995a-53789fc6a76d - - - - -] returning from RpcWorker wait() _wait /var/lib/kolla/venv/lib/python3.6/site-packages/neutron/service.py:135
2025-09-11 01:55:19.261 7 INFO oslo_service.service [-] Child 27 exited with status 0
2025-09-11 01:55:21.863 23 DEBUG neutron.service [-] calling stop on stop /var/lib/kolla/venv/lib/python3.6/site-packages/neutron/service.py:141
2025-09-11 01:55:21.867 24 DEBUG neutron.service [-] calling stop on stop /var/lib/kolla/venv/lib/python3.6/site-packages/neutron/service.py:141
2025-09-11 01:55:21.878 26 DEBUG oslo_concurrency.lockutils [req-86240a66-016b-4f63-995a-53789fc6a76d - - - - -] Acquired lock "singleton_lock" lock /var/lib/kolla/venv/lib/python3.6/site-packages/oslo_concurrency/lockutils.py:294
2025-09-11 01:55:21.878 26 DEBUG oslo_concurrency.lockutils [req-86240a66-016b-4f63-995a-53789fc6a76d - - - - -] Releasing lock "singleton_lock" lock /var/lib/kolla/venv/lib/python3.6/site-packages/oslo_concurrency/lockutils.py:312
2025-09-11 01:55:21.879 26 DEBUG neutron.service [req-86240a66-016b-4f63-995a-53789fc6a76d - - - - -] calling RpcWorker wait() _wait /var/lib/kolla/venv/lib/python3.6/site-packages/neutron/service.py:128
2025-09-11 01:55:21.879 26 DEBUG neutron.service [req-86240a66-016b-4f63-995a-53789fc6a76d - - - - -] calling wait on _wait /var/lib/kolla/venv/lib/python3.6/site-packages/neutron/service.py:131
2025-09-11 01:55:21.883 25 DEBUG neutron.service [-] calling stop on stop /var/lib/kolla/venv/lib/python3.6/site-packages/neutron/service.py:141
2025-09-11 01:55:21.884 24 DEBUG neutron.service [-] calling stop on stop /var/lib/kolla/venv/lib/python3.6/site-packages/neutron/service.py:141
2025-09-11 01:55:21.885 28 DEBUG oslo_concurrency.lockutils [req-86240a66-016b-4f63-995a-53789fc6a76d - - - - -] Acquired lock "singleton_lock" lock /var/lib/kolla/venv/lib/python3.6/site-packages/oslo_concurrency/lockutils.py:294
2025-09-11 01:55:21.886 28 DEBUG oslo_concurrency.lockutils [req-86240a66-016b-4f63-995a-53789fc6a76d - - - - -] Releasing lock "singleton_lock" lock /var/lib/kolla/venv/lib/python3.6/site-packages/oslo_concurrency/lockutils.py:312
2025-09-11 01:55:21.886 28 DEBUG neutron.service [req-86240a66-016b-4f63-995a-53789fc6a76d - - - - -] calling RpcWorker wait() _wait /var/lib/kolla/venv/lib/python3.6/site-packages/neutron/service.py:128
2025-09-11 01:55:21.886 28 DEBUG neutron.service [req-86240a66-016b-4f63-995a-53789fc6a76d - - - - -] calling wait on _wait /var/lib/kolla/venv/lib/python3.6/site-packages/neutron/service.py:131
2025-09-11 01:55:21.892 25 DEBUG neutron.service [-] calling stop on stop /var/lib/kolla/venv/lib/python3.6/site-packages/neutron/service.py:141
2025-09-11 01:55:21.893 23 DEBUG neutron.service [-] calling stop on stop /var/lib/kolla/venv/lib/python3.6/site-packages/neutron/service.py:141
2025-09-11 01:55:21.893 28 WARNING amqp [req-86240a66-016b-4f63-995a-53789fc6a76d - - - - -] Received method (60, 30) during closing channel 1. This method will be ignored
2025-09-11 01:55:21.895 28 DEBUG neutron.service [req-86240a66-016b-4f63-995a-53789fc6a76d - - - - -] returning from RpcWorker wait() _wait /var/lib/kolla/venv/lib/python3.6/site-packages/neutron/service.py:135
2025-09-11 01:55:21.900 7 INFO oslo_service.service [-] Child 28 exited with status 0
2025-09-11 01:55:21.905 26 WARNING amqp [req-86240a66-016b-4f63-995a-53789fc6a76d - - - - -] Received method (60, 30) during closing channel 1. This method will be ignored
2025-09-11 01:55:21.906 26 DEBUG neutron.service [req-86240a66-016b-4f63-995a-53789fc6a76d - - - - -] returning from RpcWorker wait() _wait /var/lib/kolla/venv/lib/python3.6/site-packages/neutron/service.py:135
2025-09-11 01:55:21.911 29 DEBUG oslo_concurrency.lockutils [req-86240a66-016b-4f63-995a-53789fc6a76d - - - - -] Acquired lock "singleton_lock" lock /var/lib/kolla/venv/lib/python3.6/site-packages/oslo_concurrency/lockutils.py:294
2025-09-11 01:55:21.911 29 DEBUG oslo_concurrency.lockutils [req-86240a66-016b-4f63-995a-53789fc6a76d - - - - -] Releasing lock "singleton_lock" lock /var/lib/kolla/venv/lib/python3.6/site-packages/oslo_concurrency/lockutils.py:312
2025-09-11 01:55:21.911 29 DEBUG neutron.service [req-86240a66-016b-4f63-995a-53789fc6a76d - - - - -] calling RpcWorker wait() _wait /var/lib/kolla/venv/lib/python3.6/site-packages/neutron/service.py:128
2025-09-11 01:55:21.911 29 DEBUG neutron.service [req-86240a66-016b-4f63-995a-53789fc6a76d - - - - -] calling wait on _wait /var/lib/kolla/venv/lib/python3.6/site-packages/neutron/service.py:131
2025-09-11 01:55:21.912 7 INFO oslo_service.service [-] Child 26 exited with status 0
2025-09-11 01:55:21.917 25 DEBUG neutron.service [-] calling stop on stop /var/lib/kolla/venv/lib/python3.6/site-packages/neutron/service.py:141
2025-09-11 01:55:21.918 29 WARNING amqp [req-86240a66-016b-4f63-995a-53789fc6a76d - - - - -] Received method (60, 30) during closing channel 1. This method will be ignored
2025-09-11 01:55:21.919 29 DEBUG neutron.service [req-86240a66-016b-4f63-995a-53789fc6a76d - - - - -] returning from RpcWorker wait() _wait /var/lib/kolla/venv/lib/python3.6/site-packages/neutron/service.py:135
2025-09-11 01:55:21.925 7 INFO oslo_service.service [-] Child 29 exited with status 0
2025-09-11 01:55:21.936 25 DEBUG oslo_concurrency.lockutils [req-86240a66-016b-4f63-995a-53789fc6a76d - - - - -] Acquired lock "singleton_lock" lock /var/lib/kolla/venv/lib/python3.6/site-packages/oslo_concurrency/lockutils.py:294
2025-09-11 01:55:21.937 25 DEBUG oslo_concurrency.lockutils [req-86240a66-016b-4f63-995a-53789fc6a76d - - - - -] Releasing lock "singleton_lock" lock /var/lib/kolla/venv/lib/python3.6/site-packages/oslo_concurrency/lockutils.py:312
2025-09-11 01:55:21.938 25 DEBUG neutron.service [req-86240a66-016b-4f63-995a-53789fc6a76d - - - - -] calling RpcWorker wait() _wait /var/lib/kolla/venv/lib/python3.6/site-packages/neutron/service.py:128
2025-09-11 01:55:21.938 25 DEBUG neutron.service [req-86240a66-016b-4f63-995a-53789fc6a76d - - - - -] calling wait on _wait /var/lib/kolla/venv/lib/python3.6/site-packages/neutron/service.py:131
2025-09-11 01:55:21.945 25 WARNING amqp [req-86240a66-016b-4f63-995a-53789fc6a76d - - - - -] Received method (60, 30) during closing channel 1. This method will be ignored
2025-09-11 01:55:21.946 25 DEBUG neutron.service [req-86240a66-016b-4f63-995a-53789fc6a76d - - - - -] calling wait on _wait /var/lib/kolla/venv/lib/python3.6/site-packages/neutron/service.py:131
2025-09-11 01:55:21.950 25 WARNING amqp [req-86240a66-016b-4f63-995a-53789fc6a76d - - - - -] Received method (60, 30) during closing channel 1. This method will be ignored
2025-09-11 01:55:21.951 25 DEBUG neutron.service [req-86240a66-016b-4f63-995a-53789fc6a76d - - - - -] calling wait on _wait /var/lib/kolla/venv/lib/python3.6/site-packages/neutron/service.py:131
2025-09-11 01:55:21.956 25 WARNING amqp [req-86240a66-016b-4f63-995a-53789fc6a76d - - - - -] Received method (60, 30) during closing channel 1. This method will be ignored
2025-09-11 01:55:21.957 25 DEBUG neutron.service [req-86240a66-016b-4f63-995a-53789fc6a76d - - - - -] calling wait on _wait /var/lib/kolla/venv/lib/python3.6/site-packages/neutron/service.py:131
2025-09-11 01:55:21.963 25 WARNING amqp [req-86240a66-016b-4f63-995a-53789fc6a76d - - - - -] Received method (60, 30) during closing channel 1. This method will be ignored
2025-09-11 01:55:21.964 25 DEBUG neutron.service [req-86240a66-016b-4f63-995a-53789fc6a76d - - - - -] returning from RpcWorker wait() _wait /var/lib/kolla/venv/lib/python3.6/site-packages/neutron/service.py:135
2025-09-11 01:55:21.969 7 INFO oslo_service.service [-] Child 25 exited with status 0
2025-09-11 01:55:22.787 23 DEBUG neutron.service [-] calling stop on stop /var/lib/kolla/venv/lib/python3.6/site-packages/neutron/service.py:141
2025-09-11 01:55:22.798 23 DEBUG neutron_lib.callbacks.manager [req-408cb515-4659-4629-87d2-dd3785a441df - - - - -] Publish callbacks ['neutron.services.segments.db._update_segment_host_mapping_for_agent-8745793060928', 'neutron.plugins.ml2.plugin.Ml2Plugin._retry_binding_revived_agents--9223372036853962494'] for agent (d656d031-a48c-4d15-b4be-63a6429fbf59), after_update _notify_loop /var/lib/kolla/venv/lib/python3.6/site-packages/neutron_lib/callbacks/manager.py:177
2025-09-11 01:55:25.989 24 DEBUG neutron.service [-] calling stop on stop /var/lib/kolla/venv/lib/python3.6/site-packages/neutron/service.py:141
2025-09-11 01:55:30.256 7 INFO neutron.common.config [-] Logging enabled!
2025-09-11 01:55:30.256 7 INFO neutron.common.config [-] /var/lib/kolla/venv/bin/neutron-server version 20.5.1.dev23
2025-09-11 01:55:30.257 7 DEBUG neutron.common.config [-] command line: /var/lib/kolla/venv/bin/neutron-server --config-file /etc/neutron/neutron.conf --config-file /etc/neutron/ContrailPlugin.ini --config-file /etc/neutron/api-paste.ini setup_logging /var/lib/kolla/venv/lib/python3.6/site-packages/neutron/common/config.py:115
2025-09-11 01:55:30.260 7 INFO neutron.common.config [-] Logging enabled!
2025-09-11 01:55:30.261 7 INFO neutron.common.config [-] /var/lib/kolla/venv/bin/neutron-server version 20.5.1.dev23
2025-09-11 01:55:30.261 7 DEBUG neutron.common.config [-] command line: /var/lib/kolla/venv/bin/neutron-server --config-file /etc/neutron/neutron.conf --config-file /etc/neutron/ContrailPlugin.ini --config-file /etc/neutron/api-paste.ini setup_logging /var/lib/kolla/venv/lib/python3.6/site-packages/neutron/common/config.py:115
2025-09-11 01:55:30.261 7 DEBUG neutron.common.config [-] ******************************************************************************** log_opt_values /var/lib/kolla/venv/lib/python3.6/site-packages/oslo_config/cfg.py:2589
2025-09-11 01:55:30.261 7 DEBUG neutron.common.config [-] Configuration options gathered from: log_opt_values /var/lib/kolla/venv/lib/python3.6/site-packages/oslo_config/cfg.py:2590
2025-09-11 01:55:30.261 7 DEBUG neutron.common.config [-] command line args: ['--config-file', '/etc/neutron/neutron.conf', '--config-file', '/etc/neutron/ContrailPlugin.ini', '--config-file', '/etc/neutron/api-paste.ini'] log_opt_values /var/lib/kolla/venv/lib/python3.6/site-packages/oslo_config/cfg.py:2591
2025-09-11 01:55:30.262 7 DEBUG neutron.common.config [-] config files: ['/etc/neutron/neutron.conf', '/etc/neutron/ContrailPlugin.ini', '/etc/neutron/api-paste.ini'] log_opt_values /var/lib/kolla/venv/lib/python3.6/site-packages/oslo_config/cfg.py:2593
2025-09-11 01:55:30.262 7 DEBUG neutron.common.config [-] ================================================================================ log_opt_values /var/lib/kolla/venv/lib/python3.6/site-packages/oslo_config/cfg.py:2594
2025-09-11 01:55:30.263 7 DEBUG neutron.common.config [-] allow_bulk = True log_opt_values /var/lib/kolla/venv/lib/python3.6/site-packages/oslo_config/cfg.py:2603
2025-09-11 01:55:30.263 7 WARNING oslo_config.cfg [-] Deprecated: Option "allow_overlapping_ips" from group "DEFAULT" is deprecated for removal. Its value may be silently ignored in the future.
2025-09-11 01:55:30.263 7 DEBUG neutron.common.config [-] allow_overlapping_ips = True log_opt_values /var/lib/kolla/venv/lib/python3.6/site-packages/oslo_config/cfg.py:2603
2025-09-11 01:55:30.263 7 DEBUG neutron.common.config [-] api_extensions_path = /opt/plugin/site-packages/neutron_plugin_contrail/extensions:/opt/plugin/site-packages/neutron_lbaas/extensions log_opt_values /var/lib/kolla/venv/lib/python3.6/site-packages/oslo_config/cfg.py:2603
2025-09-11 01:55:30.263 7 DEBUG neutron.common.config [-] api_paste_config = /etc/neutron/api-paste.ini log_opt_values /var/lib/kolla/venv/lib/python3.6/site-packages/oslo_config/cfg.py:2603
2025-09-11 01:55:30.263 7 DEBUG neutron.common.config [-] api_workers = 1 log_opt_values /var/lib/kolla/venv/lib/python3.6/site-packages/oslo_config/cfg.py:2603
2025-09-11 01:55:30.264 7 DEBUG neutron.common.config [-] auth_strategy = keystone log_opt_values /var/lib/kolla/venv/lib/python3.6/site-packages/oslo_config/cfg.py:2603
2025-09-11 01:55:30.264 7 DEBUG neutron.common.config [-] backlog = 4096 log_opt_values /var/lib/kolla/venv/lib/python3.6/site-packages/oslo_config/cfg.py:2603
2025-09-11 01:55:30.264 7 DEBUG neutron.common.config [-] base_mac = fa:16:3e:00:00:00 log_opt_values /var/lib/kolla/venv/lib/python3.6/site-packages/oslo_config/cfg.py:2603
2025-09-11 01:55:30.264 7 DEBUG neutron.common.config [-] bind_host = 10.0.0.33 log_opt_values /var/lib/kolla/venv/lib/python3.6/site-packages/oslo_config/cfg.py:2603
2025-09-11 01:55:30.264 7 DEBUG neutron.common.config [-] bind_port = 9696 log_opt_values /var/lib/kolla/venv/lib/python3.6/site-packages/oslo_config/cfg.py:2603
2025-09-11 01:55:30.264 7 DEBUG neutron.common.config [-] client_socket_timeout = 900 log_opt_values /var/lib/kolla/venv/lib/python3.6/site-packages/oslo_config/cfg.py:2603
2025-09-11 01:55:30.264 7 DEBUG neutron.common.config [-] config_dir = [] log_opt_values /var/lib/kolla/venv/lib/python3.6/site-packages/oslo_config/cfg.py:2603
2025-09-11 01:55:30.264 7 DEBUG neutron.common.config [-] config_file = ['/etc/neutron/neutron.conf', '/etc/neutron/ContrailPlugin.ini', '/etc/neutron/api-paste.ini'] log_opt_values /var/lib/kolla/venv/lib/python3.6/site-packages/oslo_config/cfg.py:2603
2025-09-11 01:55:30.265 7 DEBUG neutron.common.config [-] config_source = [] log_opt_values /var/lib/kolla/venv/lib/python3.6/site-packages/oslo_config/cfg.py:2603
2025-09-11 01:55:30.265 7 DEBUG neutron.common.config [-] control_exchange = neutron log_opt_values /var/lib/kolla/venv/lib/python3.6/site-packages/oslo_config/cfg.py:2603
2025-09-11 01:55:30.265 7 DEBUG neutron.common.config [-] core_plugin = neutron_plugin_contrail.plugins.opencontrail.contrail_plugin.NeutronPluginContrailCoreV2 log_opt_values /var/lib/kolla/venv/lib/python3.6/site-packages/oslo_config/cfg.py:2603
2025-09-11 01:55:30.265 7 DEBUG neutron.common.config [-] debug = True log_opt_values /var/lib/kolla/venv/lib/python3.6/site-packages/oslo_config/cfg.py:2603
2025-09-11 01:55:30.265 7 DEBUG neutron.common.config [-] default_availability_zones = [] log_opt_values /var/lib/kolla/venv/lib/python3.6/site-packages/oslo_config/cfg.py:2603
2025-09-11 01:55:30.265 7 DEBUG neutron.common.config [-] default_log_levels = ['amqp=WARN', 'amqplib=WARN', 'boto=WARN', 'qpid=WARN', 'sqlalchemy=WARN', 'suds=INFO', 'oslo.messaging=INFO', 'oslo_messaging=INFO', 'iso8601=WARN', 'requests.packages.urllib3.connectionpool=WARN', 'urllib3.connectionpool=WARN', 'websocket=WARN', 'requests.packages.urllib3.util.retry=WARN', 'urllib3.util.retry=WARN', 'keystonemiddleware=WARN', 'routes.middleware=WARN', 'stevedore=WARN', 'taskflow=WARN', 'keystoneauth=WARN', 'oslo.cache=INFO', 'oslo_policy=INFO', 'dogpile.core.dogpile=INFO', 'OFPHandler=INFO', 'OfctlService=INFO', 'os_ken.base.app_manager=INFO', 'os_ken.controller.controller=INFO'] log_opt_values /var/lib/kolla/venv/lib/python3.6/site-packages/oslo_config/cfg.py:2603
2025-09-11 01:55:30.265 7 DEBUG neutron.common.config [-] dhcp_agent_notification = True log_opt_values /var/lib/kolla/venv/lib/python3.6/site-packages/oslo_config/cfg.py:2603
2025-09-11 01:55:30.265 7 DEBUG neutron.common.config [-] dhcp_lease_duration = 86400 log_opt_values /var/lib/kolla/venv/lib/python3.6/site-packages/oslo_config/cfg.py:2603
