2025-08-26 20:00:11.665 135490 DEBUG oslo_service.service [req-54c598bd-9bac-4ecb-9d63-9f92df64aafa - - - - -] oslo_concurrency.lock_path = /var/lock/nova log_opt_values /usr/lib/python3/dist-packages/oslo_config/cfg.py:2609
2025-08-26 20:00:11.665 135490 WARNING oslo_config.cfg [req-54c598bd-9bac-4ecb-9d63-9f92df64aafa - - - - -] Deprecated: Option "auth_strategy" from group "api" is deprecated for removal ( The only non-default choice, ``noauth2``, is for internal development and testing purposes only and should not be used in deployments. This option and its middleware, NoAuthMiddleware[V2_18], will be removed in a future release. ). Its value may be silently ignored in the future.
2025-08-26 20:00:11.666 135490 DEBUG oslo_service.service [req-54c598bd-9bac-4ecb-9d63-9f92df64aafa - - - - -] api.auth_strategy = keystone log_opt_values /usr/lib/python3/dist-packages/oslo_config/cfg.py:2609
2025-08-26 20:00:11.666 135490 DEBUG oslo_service.service [req-54c598bd-9bac-4ecb-9d63-9f92df64aafa - - - - -] api.compute_link_prefix = None log_opt_values /usr/lib/python3/dist-packages/oslo_config/cfg.py:2609
2025-08-26 20:00:11.666 135490 DEBUG oslo_service.service [req-54c598bd-9bac-4ecb-9d63-9f92df64aafa - - - - -] api.config_drive_skip_versions = 1.0 2007-01-19 2007-03-01 2007-08-29 2007-10-10 2007-12-15 2008-02-01 2008-09-01 log_opt_values /usr/lib/python3/dist-packages/oslo_config/cfg.py:2609
2025-08-26 20:00:11.667 135490 DEBUG oslo_service.service [req-54c598bd-9bac-4ecb-9d63-9f92df64aafa - - - - -] api.dhcp_domain = novalocal log_opt_values /usr/lib/python3/dist-packages/oslo_config/cfg.py:2609
2025-08-26 20:00:11.669 135490 DEBUG oslo_service.service [req-54c598bd-9bac-4ecb-9d63-9f92df64aafa - - - - -] api.enable_instance_password = True log_opt_values /usr/lib/python3/dist-packages/oslo_config/cfg.py:2609
2025-08-26 20:00:11.670 135490 DEBUG oslo_service.service [req-54c598bd-9bac-4ecb-9d63-9f92df64aafa - - - - -] api.glance_link_prefix = None log_opt_values /usr/lib/python3/dist-packages/oslo_config/cfg.py:2609
2025-08-26 20:00:11.672 136913 DEBUG oslo_messaging._drivers.amqpdriver [-] Listener is running poll /usr/lib/python3/dist-packages/oslo_messaging/_drivers/amqpdriver.py:343
2025-08-26 20:00:11.672 136913 DEBUG oslo_messaging._drivers.amqpdriver [-] AMQPListener connection consume poll /usr/lib/python3/dist-packages/oslo_messaging/_drivers/amqpdriver.py:357
2025-08-26 20:00:11.672 135490 DEBUG oslo_service.service [req-54c598bd-9bac-4ecb-9d63-9f92df64aafa - - - - -] api.instance_list_cells_batch_fixed_size = 100 log_opt_values /usr/lib/python3/dist-packages/oslo_config/cfg.py:2609
2025-08-26 20:00:11.672 136913 DEBUG nova.service [req-27d4034a-2c06-42b3-9462-1bf5a9c79ba4 - - - - -] Join ServiceGroup membership for this service scheduler start /usr/lib/python3/dist-packages/nova/service.py:199
2025-08-26 20:00:11.674 136913 DEBUG nova.servicegroup.drivers.db [req-27d4034a-2c06-42b3-9462-1bf5a9c79ba4 - - - - -] DB_Driver: join new ServiceGroup member juju-3b9a7d-0-lxd-7 to the scheduler group, service = join /usr/lib/python3/dist-packages/nova/servicegroup/drivers/db.py:44
2025-08-26 20:00:11.674 135490 DEBUG oslo_service.service [req-54c598bd-9bac-4ecb-9d63-9f92df64aafa - - - - -] api.instance_list_cells_batch_strategy = distributed log_opt_values /usr/lib/python3/dist-packages/oslo_config/cfg.py:2609
2025-08-26 20:00:11.674 135490 DEBUG oslo_service.service [req-54c598bd-9bac-4ecb-9d63-9f92df64aafa - - - - -] api.instance_list_per_project_cells = False log_opt_values /usr/lib/python3/dist-packages/oslo_config/cfg.py:2609
2025-08-26 20:00:11.675 135490 DEBUG oslo_service.service [req-54c598bd-9bac-4ecb-9d63-9f92df64aafa - - - - -] api.list_records_by_skipping_down_cells = True log_opt_values /usr/lib/python3/dist-packages/oslo_config/cfg.py:2609
2025-08-26 20:00:11.675 135490 DEBUG oslo_service.service [req-54c598bd-9bac-4ecb-9d63-9f92df64aafa - - - - -] api.local_metadata_per_cell = False log_opt_values /usr/lib/python3/dist-packages/oslo_config/cfg.py:2609
2025-08-26 20:00:11.676 135490 DEBUG oslo_service.service [req-54c598bd-9bac-4ecb-9d63-9f92df64aafa - - - - -] api.max_limit = 1000 log_opt_values /usr/lib/python3/dist-packages/oslo_config/cfg.py:2609
2025-08-26 20:00:11.676 136919 DEBUG oslo_messaging._drivers.amqpdriver [-] Listener is running poll /usr/lib/python3/dist-packages/oslo_messaging/_drivers/amqpdriver.py:343
2025-08-26 20:00:11.676 135490 DEBUG oslo_service.service [req-54c598bd-9bac-4ecb-9d63-9f92df64aafa - - - - -] api.metadata_cache_expiration = 15 log_opt_values /usr/lib/python3/dist-packages/oslo_config/cfg.py:2609
2025-08-26 20:00:11.676 136919 DEBUG oslo_messaging._drivers.amqpdriver [-] AMQPListener connection consume poll /usr/lib/python3/dist-packages/oslo_messaging/_drivers/amqpdriver.py:357
2025-08-26 20:00:11.676 136913 DEBUG oslo_messaging._drivers.amqpdriver [-] AMQPListener connection timeout poll /usr/lib/python3/dist-packages/oslo_messaging/_drivers/amqpdriver.py:360
2025-08-26 20:00:11.676 135490 DEBUG oslo_service.service [req-54c598bd-9bac-4ecb-9d63-9f92df64aafa - - - - -] api.neutron_default_tenant_id = default log_opt_values /usr/lib/python3/dist-packages/oslo_config/cfg.py:2609
2025-08-26 20:00:11.676 136913 DEBUG oslo_messaging._drivers.amqpdriver [-] Listener is running poll /usr/lib/python3/dist-packages/oslo_messaging/_drivers/amqpdriver.py:343
2025-08-26 20:00:11.677 135490 DEBUG oslo_service.service [req-54c598bd-9bac-4ecb-9d63-9f92df64aafa - - - - -] api.use_forwarded_for = False log_opt_values /usr/lib/python3/dist-packages/oslo_config/cfg.py:2609
2025-08-26 20:00:11.677 136913 DEBUG oslo_messaging._drivers.amqpdriver [-] AMQPListener connection consume poll /usr/lib/python3/dist-packages/oslo_messaging/_drivers/amqpdriver.py:357
2025-08-26 20:00:11.677 135490 DEBUG oslo_service.service [req-54c598bd-9bac-4ecb-9d63-9f92df64aafa - - - - -] api.use_neutron_default_nets = False log_opt_values /usr/lib/python3/dist-packages/oslo_config/cfg.py:2609
2025-08-26 20:00:11.677 136919 DEBUG nova.service [req-fcc6325b-ad0d-4c21-bf10-7e87508b895f - - - - -] Join ServiceGroup membership for this service scheduler start /usr/lib/python3/dist-packages/nova/service.py:199
2025-08-26 20:00:11.677 136925 DEBUG oslo_messaging._drivers.amqpdriver [-] Listener is running poll /usr/lib/python3/dist-packages/oslo_messaging/_drivers/amqpdriver.py:343
2025-08-26 20:00:11.677 135490 DEBUG oslo_service.service [req-54c598bd-9bac-4ecb-9d63-9f92df64aafa - - - - -] api.vendordata_dynamic_connect_timeout = 5 log_opt_values /usr/lib/python3/dist-packages/oslo_config/cfg.py:2609
2025-08-26 20:00:11.677 136925 DEBUG oslo_messaging._drivers.amqpdriver [-] AMQPListener connection consume poll /usr/lib/python3/dist-packages/oslo_messaging/_drivers/amqpdriver.py:357
2025-08-26 20:00:11.677 135490 DEBUG oslo_service.service [req-54c598bd-9bac-4ecb-9d63-9f92df64aafa - - - - -] api.vendordata_dynamic_failure_fatal = False log_opt_values /usr/lib/python3/dist-packages/oslo_config/cfg.py:2609
2025-08-26 20:00:11.677 136919 DEBUG nova.servicegroup.drivers.db [req-fcc6325b-ad0d-4c21-bf10-7e87508b895f - - - - -] DB_Driver: join new ServiceGroup member juju-3b9a7d-0-lxd-7 to the scheduler group, service = join /usr/lib/python3/dist-packages/nova/servicegroup/drivers/db.py:44
2025-08-26 20:00:11.678 135490 DEBUG oslo_service.service [req-54c598bd-9bac-4ecb-9d63-9f92df64aafa - - - - -] api.vendordata_dynamic_read_timeout = 5 log_opt_values /usr/lib/python3/dist-packages/oslo_config/cfg.py:2609
2025-08-26 20:00:11.678 135490 DEBUG oslo_service.service [req-54c598bd-9bac-4ecb-9d63-9f92df64aafa - - - - -] api.vendordata_dynamic_ssl_certfile = log_opt_values /usr/lib/python3/dist-packages/oslo_config/cfg.py:2609
2025-08-26 20:00:11.678 135490 DEBUG oslo_service.service [req-54c598bd-9bac-4ecb-9d63-9f92df64aafa - - - - -] api.vendordata_dynamic_targets = [] log_opt_values /usr/lib/python3/dist-packages/oslo_config/cfg.py:2609
2025-08-26 20:00:11.679 136919 DEBUG oslo_messaging._drivers.amqpdriver [-] AMQPListener connection timeout poll /usr/lib/python3/dist-packages/oslo_messaging/_drivers/amqpdriver.py:360
2025-08-26 20:00:11.679 135490 DEBUG oslo_service.service [req-54c598bd-9bac-4ecb-9d63-9f92df64aafa - - - - -] api.vendordata_jsonfile_path = None log_opt_values /usr/lib/python3/dist-packages/oslo_config/cfg.py:2609
2025-08-26 20:00:11.680 136919 DEBUG oslo_messaging._drivers.amqpdriver [-] Listener is running poll /usr/lib/python3/dist-packages/oslo_messaging/_drivers/amqpdriver.py:343
2025-08-26 20:00:11.680 136919 DEBUG oslo_messaging._drivers.amqpdriver [-] AMQPListener connection consume poll /usr/lib/python3/dist-packages/oslo_messaging/_drivers/amqpdriver.py:357
2025-08-26 20:00:11.680 135490 DEBUG oslo_service.service [req-54c598bd-9bac-4ecb-9d63-9f92df64aafa - - - - -] api.vendordata_providers = ['StaticJSON'] log_opt_values /usr/lib/python3/dist-packages/oslo_config/cfg.py:2609
2025-08-26 20:00:11.680 135490 DEBUG oslo_service.service [req-54c598bd-9bac-4ecb-9d63-9f92df64aafa - - - - -] cache.backend = dogpile.cache.null log_opt_values /usr/lib/python3/dist-packages/oslo_config/cfg.py:2609
2025-08-26 20:00:11.680 135490 DEBUG oslo_service.service [req-54c598bd-9bac-4ecb-9d63-9f92df64aafa - - - - -] cache.backend_argument = **** log_opt_values /usr/lib/python3/dist-packages/oslo_config/cfg.py:2609
2025-08-26 20:00:11.681 135490 DEBUG oslo_service.service [req-54c598bd-9bac-4ecb-9d63-9f92df64aafa - - - - -] cache.config_prefix = cache.oslo log_opt_values /usr/lib/python3/dist-packages/oslo_config/cfg.py:2609
2025-08-26 20:00:11.681 135490 DEBUG oslo_service.service [req-54c598bd-9bac-4ecb-9d63-9f92df64aafa - - - - -] cache.debug_cache_backend = False log_opt_values /usr/lib/python3/dist-packages/oslo_config/cfg.py:2609
2025-08-26 20:00:11.681 135490 DEBUG oslo_service.service [req-54c598bd-9bac-4ecb-9d63-9f92df64aafa - - - - -] cache.enabled = False log_opt_values /usr/lib/python3/dist-packages/oslo_config/cfg.py:2609
2025-08-26 20:00:11.681 135490 DEBUG oslo_service.service [req-54c598bd-9bac-4ecb-9d63-9f92df64aafa - - - - -] cache.expiration_time = 600 log_opt_values /usr/lib/python3/dist-packages/oslo_config/cfg.py:2609
2025-08-26 20:00:11.682 135490 DEBUG oslo_service.service [req-54c598bd-9bac-4ecb-9d63-9f92df64aafa - - - - -] cache.memcache_dead_retry = 300 log_opt_values /usr/lib/python3/dist-packages/oslo_config/cfg.py:2609
2025-08-26 20:00:11.682 135490 DEBUG oslo_service.service [req-54c598bd-9bac-4ecb-9d63-9f92df64aafa - - - - -] cache.memcache_pool_connection_get_timeout = 10 log_opt_values /usr/lib/python3/dist-packages/oslo_config/cfg.py:2609
2025-08-26 20:00:11.682 135490 DEBUG oslo_service.service [req-54c598bd-9bac-4ecb-9d63-9f92df64aafa - - - - -] cache.memcache_pool_flush_on_reconnect = False log_opt_values /usr/lib/python3/dist-packages/oslo_config/cfg.py:2609
2025-08-26 20:00:11.678 136925 DEBUG nova.service [req-0d0b2b64-f24a-4ea4-8b63-204882752205 - - - - -] Join ServiceGroup membership for this service scheduler start /usr/lib/python3/dist-packages/nova/service.py:199
2025-08-26 20:00:11.682 135490 DEBUG oslo_service.service [req-54c598bd-9bac-4ecb-9d63-9f92df64aafa - - - - -] cache.memcache_pool_maxsize = 10 log_opt_values /usr/lib/python3/dist-packages/oslo_config/cfg.py:2609
2025-08-26 20:00:11.682 135490 DEBUG oslo_service.service [req-54c598bd-9bac-4ecb-9d63-9f92df64aafa - - - - -] cache.memcache_pool_unused_timeout = 60 log_opt_values /usr/lib/python3/dist-packages/oslo_config/cfg.py:2609
2025-08-26 20:00:11.682 136925 DEBUG nova.servicegroup.drivers.db [req-0d0b2b64-f24a-4ea4-8b63-204882752205 - - - - -] DB_Driver: join new ServiceGroup member juju-3b9a7d-0-lxd-7 to the scheduler group, service = join /usr/lib/python3/dist-packages/nova/servicegroup/drivers/db.py:44
2025-08-26 20:00:11.683 135490 DEBUG oslo_service.service [req-54c598bd-9bac-4ecb-9d63-9f92df64aafa - - - - -] cache.memcache_servers = ['localhost:11211'] log_opt_values /usr/lib/python3/dist-packages/oslo_config/cfg.py:2609
2025-08-26 20:00:11.683 136925 DEBUG oslo_messaging._drivers.amqpdriver [-] AMQPListener connection timeout poll /usr/lib/python3/dist-packages/oslo_messaging/_drivers/amqpdriver.py:360
2025-08-26 20:00:11.683 136925 DEBUG oslo_messaging._drivers.amqpdriver [-] Listener is running poll /usr/lib/python3/dist-packages/oslo_messaging/_drivers/amqpdriver.py:343
2025-08-26 20:00:11.683 136925 DEBUG oslo_messaging._drivers.amqpdriver [-] AMQPListener connection consume poll /usr/lib/python3/dist-packages/oslo_messaging/_drivers/amqpdriver.py:357
2025-08-26 20:00:11.683 135490 DEBUG oslo_service.service [req-54c598bd-9bac-4ecb-9d63-9f92df64aafa - - - - -] cache.memcache_socket_timeout = 1.0 log_opt_values /usr/lib/python3/dist-packages/oslo_config/cfg.py:2609
2025-08-26 20:00:11.683 135490 DEBUG oslo_service.service [req-54c598bd-9bac-4ecb-9d63-9f92df64aafa - - - - -] cache.proxies = [] log_opt_values /usr/lib/python3/dist-packages/oslo_config/cfg.py:2609
2025-08-26 20:00:11.684 135490 DEBUG oslo_service.service [req-54c598bd-9bac-4ecb-9d63-9f92df64aafa - - - - -] cache.tls_allowed_ciphers = None log_opt_values /usr/lib/python3/dist-packages/oslo_config/cfg.py:2609
2025-08-26 20:00:11.684 135490 DEBUG oslo_service.service [req-54c598bd-9bac-4ecb-9d63-9f92df64aafa - - - - -] cache.tls_cafile = None log_opt_values /usr/lib/python3/dist-packages/oslo_config/cfg.py:2609
2025-08-26 20:00:11.684 135490 DEBUG oslo_service.service [req-54c598bd-9bac-4ecb-9d63-9f92df64aafa - - - - -] cache.tls_certfile = None log_opt_values /usr/lib/python3/dist-packages/oslo_config/cfg.py:2609
2025-08-26 20:00:11.684 135490 DEBUG oslo_service.service [req-54c598bd-9bac-4ecb-9d63-9f92df64aafa - - - - -] cache.tls_enabled = False log_opt_values /usr/lib/python3/dist-packages/oslo_config/cfg.py:2609
2025-08-26 20:00:11.685 135490 DEBUG oslo_service.service [req-54c598bd-9bac-4ecb-9d63-9f92df64aafa - - - - -] cache.tls_keyfile = None log_opt_values /usr/lib/python3/dist-packages/oslo_config/cfg.py:2609
2025-08-26 20:00:11.685 135490 DEBUG oslo_service.service [req-54c598bd-9bac-4ecb-9d63-9f92df64aafa - - - - -] cinder.auth_section = None log_opt_values /usr/lib/python3/dist-packages/oslo_config/cfg.py:2609
2025-08-26 20:00:11.685 135490 DEBUG oslo_service.service [req-54c598bd-9bac-4ecb-9d63-9f92df64aafa - - - - -] cinder.auth_type = None log_opt_values /usr/lib/python3/dist-packages/oslo_config/cfg.py:2609
2025-08-26 20:00:11.685 135490 DEBUG oslo_service.service [req-54c598bd-9bac-4ecb-9d63-9f92df64aafa - - - - -] cinder.cafile = None log_opt_values /usr/lib/python3/dist-packages/oslo_config/cfg.py:2609
2025-08-26 20:00:11.685 135490 DEBUG oslo_service.service [req-54c598bd-9bac-4ecb-9d63-9f92df64aafa - - - - -] cinder.catalog_info = volumev3::publicURL log_opt_values /usr/lib/python3/dist-packages/oslo_config/cfg.py:2609
2025-08-26 20:00:11.685 135490 DEBUG oslo_service.service [req-54c598bd-9bac-4ecb-9d63-9f92df64aafa - - - - -] cinder.certfile = None log_opt_values /usr/lib/python3/dist-packages/oslo_config/cfg.py:2609
2025-08-26 20:00:11.686 135490 DEBUG oslo_service.service [req-54c598bd-9bac-4ecb-9d63-9f92df64aafa - - - - -] cinder.collect_timing = False log_opt_values /usr/lib/python3/dist-packages/oslo_config/cfg.py:2609
2025-08-26 20:00:11.686 135490 DEBUG oslo_service.service [req-54c598bd-9bac-4ecb-9d63-9f92df64aafa - - - - -] cinder.cross_az_attach = True log_opt_values /usr/lib/python3/dist-packages/oslo_config/cfg.py:2609
2025-08-26 20:00:11.686 135490 DEBUG oslo_service.service [req-54c598bd-9bac-4ecb-9d63-9f92df64aafa - - - - -] cinder.debug = False log_opt_values /usr/lib/python3/dist-packages/oslo_config/cfg.py:2609
2025-08-26 20:00:11.686 135490 DEBUG oslo_service.service [req-54c598bd-9bac-4ecb-9d63-9f92df64aafa - - - - -] cinder.endpoint_template = None log_opt_values /usr/lib/python3/dist-packages/oslo_config/cfg.py:2609
2025-08-26 20:00:11.686 135490 DEBUG oslo_service.service [req-54c598bd-9bac-4ecb-9d63-9f92df64aafa - - - - -] cinder.http_retries = 3 log_opt_values /usr/lib/python3/dist-packages/oslo_config/cfg.py:2609
2025-08-26 20:00:11.687 135490 DEBUG oslo_service.service [req-54c598bd-9bac-4ecb-9d63-9f92df64aafa - - - - -] cinder.insecure = False log_opt_values /usr/lib/python3/dist-packages/oslo_config/cfg.py:2609
2025-08-26 20:00:11.687 135490 DEBUG oslo_service.service [req-54c598bd-9bac-4ecb-9d63-9f92df64aafa - - - - -] cinder.keyfile = None log_opt_values /usr/lib/python3/dist-packages/oslo_config/cfg.py:2609
2025-08-26 20:00:11.687 135490 DEBUG oslo_service.service [req-54c598bd-9bac-4ecb-9d63-9f92df64aafa - - - - -] cinder.os_region_name = None log_opt_values /usr/lib/python3/dist-packages/oslo_config/cfg.py:2609
2025-08-26 20:00:11.687 135490 DEBUG oslo_service.service [req-54c598bd-9bac-4ecb-9d63-9f92df64aafa - - - - -] cinder.split_loggers = False log_opt_values /usr/lib/python3/dist-packages/oslo_config/cfg.py:2609
2025-08-26 20:00:11.687 135490 DEBUG oslo_service.service [req-54c598bd-9bac-4ecb-9d63-9f92df64aafa - - - - -] cinder.timeout = None log_opt_values /usr/lib/python3/dist-packages/oslo_config/cfg.py:2609
2025-08-26 20:00:11.687 135490 DEBUG oslo_service.service [req-54c598bd-9bac-4ecb-9d63-9f92df64aafa - - - - -] compute.consecutive_build_service_disable_threshold = 10 log_opt_values /usr/lib/python3/dist-packages/oslo_config/cfg.py:2609
2025-08-26 20:00:11.688 135490 DEBUG oslo_service.service [req-54c598bd-9bac-4ecb-9d63-9f92df64aafa - - - - -] compute.cpu_dedicated_set = None log_opt_values /usr/lib/python3/dist-packages/oslo_config/cfg.py:2609
2025-08-26 20:00:11.688 135490 DEBUG oslo_service.service [req-54c598bd-9bac-4ecb-9d63-9f92df64aafa - - - - -] compute.cpu_shared_set = None log_opt_values /usr/lib/python3/dist-packages/oslo_config/cfg.py:2609
2025-08-26 20:00:11.688 135490 DEBUG oslo_service.service [req-54c598bd-9bac-4ecb-9d63-9f92df64aafa - - - - -] compute.image_type_exclude_list = [] log_opt_values /usr/lib/python3/dist-packages/oslo_config/cfg.py:2609
2025-08-26 20:00:11.688 135490 DEBUG oslo_service.service [req-54c598bd-9bac-4ecb-9d63-9f92df64aafa - - - - -] compute.live_migration_wait_for_vif_plug = True log_opt_values /usr/lib/python3/dist-packages/oslo_config/cfg.py:2609
2025-08-26 20:00:11.688 135490 DEBUG oslo_service.service [req-54c598bd-9bac-4ecb-9d63-9f92df64aafa - - - - -] compute.max_concurrent_disk_ops = 0 log_opt_values /usr/lib/python3/dist-packages/oslo_config/cfg.py:2609
2025-08-26 20:00:11.688 135490 DEBUG oslo_service.service [req-54c598bd-9bac-4ecb-9d63-9f92df64aafa - - - - -] compute.max_disk_devices_to_attach = -1 log_opt_values /usr/lib/python3/dist-packages/oslo_config/cfg.py:2609
2025-08-26 20:00:11.689 135490 DEBUG oslo_service.service [req-54c598bd-9bac-4ecb-9d63-9f92df64aafa - - - - -] compute.packing_host_numa_cells_allocation_strategy = True log_opt_values /usr/lib/python3/dist-packages/oslo_config/cfg.py:2609
2025-08-26 20:00:11.689 135490 DEBUG oslo_service.service [req-54c598bd-9bac-4ecb-9d63-9f92df64aafa - - - - -] compute.provider_config_location = /etc/nova/provider_config/ log_opt_values /usr/lib/python3/dist-packages/oslo_config/cfg.py:2609
2025-08-26 20:00:11.689 135490 DEBUG oslo_service.service [req-54c598bd-9bac-4ecb-9d63-9f92df64aafa - - - - -] compute.resource_provider_association_refresh = 300 log_opt_values /usr/lib/python3/dist-packages/oslo_config/cfg.py:2609
2025-08-26 20:00:11.689 135490 DEBUG oslo_service.service [req-54c598bd-9bac-4ecb-9d63-9f92df64aafa - - - - -] compute.shutdown_retry_interval = 10 log_opt_values /usr/lib/python3/dist-packages/oslo_config/cfg.py:2609
2025-08-26 20:00:11.689 135490 DEBUG oslo_service.service [req-54c598bd-9bac-4ecb-9d63-9f92df64aafa - - - - -] compute.vmdk_allowed_types = ['streamOptimized', 'monolithicSparse'] log_opt_values /usr/lib/python3/dist-packages/oslo_config/cfg.py:2609
2025-08-26 20:00:11.689 135490 DEBUG oslo_service.service [req-54c598bd-9bac-4ecb-9d63-9f92df64aafa - - - - -] conductor.workers = 4 log_opt_values /usr/lib/python3/dist-packages/oslo_config/cfg.py:2609
2025-08-26 20:00:11.690 135490 DEBUG oslo_service.service [req-54c598bd-9bac-4ecb-9d63-9f92df64aafa - - - - -] console.allowed_origins = [] log_opt_values /usr/lib/python3/dist-packages/oslo_config/cfg.py:2609
2025-08-26 20:00:11.690 135490 DEBUG oslo_service.service [req-54c598bd-9bac-4ecb-9d63-9f92df64aafa - - - - -] console.ssl_ciphers = None log_opt_values /usr/lib/python3/dist-packages/oslo_config/cfg.py:2609
2025-08-26 20:00:11.690 135490 DEBUG oslo_service.service [req-54c598bd-9bac-4ecb-9d63-9f92df64aafa - - - - -] console.ssl_minimum_version = default log_opt_values /usr/lib/python3/dist-packages/oslo_config/cfg.py:2609
2025-08-26 20:00:11.690 135490 DEBUG oslo_service.service [req-54c598bd-9bac-4ecb-9d63-9f92df64aafa - - - - -] consoleauth.token_ttl = 600 log_opt_values /usr/lib/python3/dist-packages/oslo_config/cfg.py:2609
2025-08-26 20:00:11.690 135490 DEBUG oslo_service.service [req-54c598bd-9bac-4ecb-9d63-9f92df64aafa - - - - -] cyborg.cafile = None log_opt_values /usr/lib/python3/dist-packages/oslo_config/cfg.py:2609
2025-08-26 20:00:11.692 135490 DEBUG oslo_service.service [req-54c598bd-9bac-4ecb-9d63-9f92df64aafa - - - - -] cyborg.certfile = None log_opt_values /usr/lib/python3/dist-packages/oslo_config/cfg.py:2609
2025-08-26 20:00:11.692 135490 DEBUG oslo_service.service [req-54c598bd-9bac-4ecb-9d63-9f92df64aafa - - - - -] cyborg.collect_timing = False log_opt_values /usr/lib/python3/dist-packages/oslo_config/cfg.py:2609
2025-08-26 20:00:11.692 135490 DEBUG oslo_service.service [req-54c598bd-9bac-4ecb-9d63-9f92df64aafa - - - - -] cyborg.connect_retries = None log_opt_values /usr/lib/python3/dist-packages/oslo_config/cfg.py:2609
2025-08-26 20:00:11.692 135490 DEBUG oslo_service.service [req-54c598bd-9bac-4ecb-9d63-9f92df64aafa - - - - -] cyborg.connect_retry_delay = None log_opt_values /usr/lib/python3/dist-packages/oslo_config/cfg.py:2609
2025-08-26 20:00:11.692 135490 DEBUG oslo_service.service [req-54c598bd-9bac-4ecb-9d63-9f92df64aafa - - - - -] cyborg.endpoint_override = None log_opt_values /usr/lib/python3/dist-packages/oslo_config/cfg.py:2609
2025-08-26 20:00:11.693 135490 DEBUG oslo_service.service [req-54c598bd-9bac-4ecb-9d63-9f92df64aafa - - - - -] cyborg.insecure = False log_opt_values /usr/lib/python3/dist-packages/oslo_config/cfg.py:2609
2025-08-26 20:00:11.693 135490 DEBUG oslo_service.service [req-54c598bd-9bac-4ecb-9d63-9f92df64aafa - - - - -] cyborg.keyfile = None log_opt_values /usr/lib/python3/dist-packages/oslo_config/cfg.py:2609
2025-08-26 20:00:11.693 135490 DEBUG oslo_service.service [req-54c598bd-9bac-4ecb-9d63-9f92df64aafa - - - - -] cyborg.max_version = None log_opt_values /usr/lib/python3/dist-packages/oslo_config/cfg.py:2609
2025-08-26 20:00:11.693 135490 DEBUG oslo_service.service [req-54c598bd-9bac-4ecb-9d63-9f92df64aafa - - - - -] cyborg.min_version = None log_opt_values /usr/lib/python3/dist-packages/oslo_config/cfg.py:2609
2025-08-26 20:00:11.693 135490 DEBUG oslo_service.service [req-54c598bd-9bac-4ecb-9d63-9f92df64aafa - - - - -] cyborg.region_name = None log_opt_values /usr/lib/python3/dist-packages/oslo_config/cfg.py:2609
2025-08-26 20:00:11.695 135490 DEBUG oslo_service.service [req-54c598bd-9bac-4ecb-9d63-9f92df64aafa - - - - -] cyborg.service_name = None log_opt_values /usr/lib/python3/dist-packages/oslo_config/cfg.py:2609
2025-08-26 20:00:11.695 135490 DEBUG oslo_service.service [req-54c598bd-9bac-4ecb-9d63-9f92df64aafa - - - - -] cyborg.service_type = accelerator log_opt_values /usr/lib/python3/dist-packages/oslo_config/cfg.py:2609
2025-08-26 20:00:11.695 136907 DEBUG oslo_messaging._drivers.amqpdriver [-] Listener is running poll /usr/lib/python3/dist-packages/oslo_messaging/_drivers/amqpdriver.py:343
2025-08-26 20:00:11.695 135490 DEBUG oslo_service.service [req-54c598bd-9bac-4ecb-9d63-9f92df64aafa - - - - -] cyborg.split_loggers = False log_opt_values /usr/lib/python3/dist-packages/oslo_config/cfg.py:2609
2025-08-26 20:00:11.695 136907 DEBUG oslo_messaging._drivers.amqpdriver [-] AMQPListener connection consume poll /usr/lib/python3/dist-packages/oslo_messaging/_drivers/amqpdriver.py:357
2025-08-26 20:00:11.695 135490 DEBUG oslo_service.service [req-54c598bd-9bac-4ecb-9d63-9f92df64aafa - - - - -] cyborg.status_code_retries = None log_opt_values /usr/lib/python3/dist-packages/oslo_config/cfg.py:2609
2025-08-26 20:00:11.697 135490 DEBUG oslo_service.service [req-54c598bd-9bac-4ecb-9d63-9f92df64aafa - - - - -] cyborg.status_code_retry_delay = None log_opt_values /usr/lib/python3/dist-packages/oslo_config/cfg.py:2609
2025-08-26 20:00:11.697 135490 DEBUG oslo_service.service [req-54c598bd-9bac-4ecb-9d63-9f92df64aafa - - - - -] cyborg.timeout = None log_opt_values /usr/lib/python3/dist-packages/oslo_config/cfg.py:2609
2025-08-26 20:00:11.697 136907 DEBUG nova.service [req-131360a9-5c8f-4c94-84d0-b0937968c3c2 - - - - -] Join ServiceGroup membership for this service scheduler start /usr/lib/python3/dist-packages/nova/service.py:199
2025-08-26 20:00:11.697 135490 DEBUG oslo_service.service [req-54c598bd-9bac-4ecb-9d63-9f92df64aafa - - - - -] cyborg.valid_interfaces = ['internal', 'public'] log_opt_values /usr/lib/python3/dist-packages/oslo_config/cfg.py:2609
2025-08-26 20:00:11.697 136907 DEBUG nova.servicegroup.drivers.db [req-131360a9-5c8f-4c94-84d0-b0937968c3c2 - - - - -] DB_Driver: join new ServiceGroup member juju-3b9a7d-0-lxd-7 to the scheduler group, service = join /usr/lib/python3/dist-packages/nova/servicegroup/drivers/db.py:44
2025-08-26 20:00:11.697 135490 DEBUG oslo_service.service [req-54c598bd-9bac-4ecb-9d63-9f92df64aafa - - - - -] cyborg.version = None log_opt_values /usr/lib/python3/dist-packages/oslo_config/cfg.py:2609
2025-08-26 20:00:11.697 135490 DEBUG oslo_service.service [req-54c598bd-9bac-4ecb-9d63-9f92df64aafa - - - - -] database.backend = sqlalchemy log_opt_values /usr/lib/python3/dist-packages/oslo_config/cfg.py:2609
2025-08-26 20:00:11.698 135490 DEBUG oslo_service.service [req-54c598bd-9bac-4ecb-9d63-9f92df64aafa - - - - -] database.connection = **** log_opt_values /usr/lib/python3/dist-packages/oslo_config/cfg.py:2609
2025-08-26 20:00:11.698 135490 DEBUG oslo_service.service [req-54c598bd-9bac-4ecb-9d63-9f92df64aafa - - - - -] database.connection_debug = 0 log_opt_values /usr/lib/python3/dist-packages/oslo_config/cfg.py:2609
2025-08-26 20:00:11.698 135490 DEBUG oslo_service.service [req-54c598bd-9bac-4ecb-9d63-9f92df64aafa - - - - -] database.connection_parameters = log_opt_values /usr/lib/python3/dist-packages/oslo_config/cfg.py:2609
2025-08-26 20:00:11.698 135490 DEBUG oslo_service.service [req-54c598bd-9bac-4ecb-9d63-9f92df64aafa - - - - -] database.connection_recycle_time = 3600 log_opt_values /usr/lib/python3/dist-packages/oslo_config/cfg.py:2609
2025-08-26 20:00:11.698 135490 DEBUG oslo_service.service [req-54c598bd-9bac-4ecb-9d63-9f92df64aafa - - - - -] database.connection_trace = False log_opt_values /usr/lib/python3/dist-packages/oslo_config/cfg.py:2609
2025-08-26 20:00:11.699 135490 DEBUG oslo_service.service [req-54c598bd-9bac-4ecb-9d63-9f92df64aafa - - - - -] database.db_inc_retry_interval = True log_opt_values /usr/lib/python3/dist-packages/oslo_config/cfg.py:2609
2025-08-26 20:00:11.699 135490 DEBUG oslo_service.service [req-54c598bd-9bac-4ecb-9d63-9f92df64aafa - - - - -] database.db_max_retries = 20 log_opt_values /usr/lib/python3/dist-packages/oslo_config/cfg.py:2609
2025-08-26 20:00:11.699 135490 DEBUG oslo_service.service [req-54c598bd-9bac-4ecb-9d63-9f92df64aafa - - - - -] database.db_max_retry_interval = 10 log_opt_values /usr/lib/python3/dist-packages/oslo_config/cfg.py:2609
2025-08-26 20:00:11.699 135490 DEBUG oslo_service.service [req-54c598bd-9bac-4ecb-9d63-9f92df64aafa - - - - -] database.db_retry_interval = 1 log_opt_values /usr/lib/python3/dist-packages/oslo_config/cfg.py:2609
2025-08-26 20:00:11.699 135490 DEBUG oslo_service.service [req-54c598bd-9bac-4ecb-9d63-9f92df64aafa - - - - -] database.max_overflow = 50 log_opt_values /usr/lib/python3/dist-packages/oslo_config/cfg.py:2609
2025-08-26 20:00:11.699 135490 DEBUG oslo_service.service [req-54c598bd-9bac-4ecb-9d63-9f92df64aafa - - - - -] database.max_pool_size = 4 log_opt_values /usr/lib/python3/dist-packages/oslo_config/cfg.py:2609
2025-08-26 20:00:11.699 136907 DEBUG oslo_messaging._drivers.amqpdriver [-] AMQPListener connection timeout poll /usr/lib/python3/dist-packages/oslo_messaging/_drivers/amqpdriver.py:360
2025-08-26 20:00:11.700 135490 DEBUG oslo_service.service [req-54c598bd-9bac-4ecb-9d63-9f92df64aafa - - - - -] database.max_retries = 10 log_opt_values /usr/lib/python3/dist-packages/oslo_config/cfg.py:2609
2025-08-26 20:00:11.700 136907 DEBUG oslo_messaging._drivers.amqpdriver [-] Listener is running poll /usr/lib/python3/dist-packages/oslo_messaging/_drivers/amqpdriver.py:343
2025-08-26 20:00:11.700 135490 DEBUG oslo_service.service [req-54c598bd-9bac-4ecb-9d63-9f92df64aafa - - - - -] database.mysql_enable_ndb = False log_opt_values /usr/lib/python3/dist-packages/oslo_config/cfg.py:2609
2025-08-26 20:00:11.700 136907 DEBUG oslo_messaging._drivers.amqpdriver [-] AMQPListener connection consume poll /usr/lib/python3/dist-packages/oslo_messaging/_drivers/amqpdriver.py:357
2025-08-26 20:00:11.700 135490 DEBUG oslo_service.service [req-54c598bd-9bac-4ecb-9d63-9f92df64aafa - - - - -] database.mysql_sql_mode = TRADITIONAL log_opt_values /usr/lib/python3/dist-packages/oslo_config/cfg.py:2609
2025-08-26 20:00:11.700 135490 DEBUG oslo_service.service [req-54c598bd-9bac-4ecb-9d63-9f92df64aafa - - - - -] database.pool_timeout = None log_opt_values /usr/lib/python3/dist-packages/oslo_config/cfg.py:2609
2025-08-26 20:00:11.700 135490 DEBUG oslo_service.service [req-54c598bd-9bac-4ecb-9d63-9f92df64aafa - - - - -] database.retry_interval = 10 log_opt_values /usr/lib/python3/dist-packages/oslo_config/cfg.py:2609
2025-08-26 20:00:11.700 135490 DEBUG oslo_service.service [req-54c598bd-9bac-4ecb-9d63-9f92df64aafa - - - - -] database.slave_connection = **** log_opt_values /usr/lib/python3/dist-packages/oslo_config/cfg.py:2609
2025-08-26 20:00:11.700 135490 DEBUG oslo_service.service [req-54c598bd-9bac-4ecb-9d63-9f92df64aafa - - - - -] database.sqlite_synchronous = True log_opt_values /usr/lib/python3/dist-packages/oslo_config/cfg.py:2609
2025-08-26 20:00:11.701 135490 DEBUG oslo_service.service [req-54c598bd-9bac-4ecb-9d63-9f92df64aafa - - - - -] database.use_db_reconnect = False log_opt_values /usr/lib/python3/dist-packages/oslo_config/cfg.py:2609
2025-08-26 20:00:11.701 135490 DEBUG oslo_service.service [req-54c598bd-9bac-4ecb-9d63-9f92df64aafa - - - - -] api_database.backend = sqlalchemy log_opt_values /usr/lib/python3/dist-packages/oslo_config/cfg.py:2609
2025-08-26 20:00:11.701 135490 DEBUG oslo_service.service [req-54c598bd-9bac-4ecb-9d63-9f92df64aafa - - - - -] api_database.connection = **** log_opt_values /usr/lib/python3/dist-packages/oslo_config/cfg.py:2609
2025-08-26 20:00:11.701 135490 DEBUG oslo_service.service [req-54c598bd-9bac-4ecb-9d63-9f92df64aafa - - - - -] api_database.connection_debug = 0 log_opt_values /usr/lib/python3/dist-packages/oslo_config/cfg.py:2609
2025-08-26 20:00:11.701 135490 DEBUG oslo_service.service [req-54c598bd-9bac-4ecb-9d63-9f92df64aafa - - - - -] api_database.connection_parameters = log_opt_values /usr/lib/python3/dist-packages/oslo_config/cfg.py:2609
2025-08-26 20:00:11.702 135490 DEBUG oslo_service.service [req-54c598bd-9bac-4ecb-9d63-9f92df64aafa - - - - -] api_database.connection_recycle_time = 3600 log_opt_values /usr/lib/python3/dist-packages/oslo_config/cfg.py:2609
2025-08-26 20:00:11.702 135490 DEBUG oslo_service.service [req-54c598bd-9bac-4ecb-9d63-9f92df64aafa - - - - -] api_database.connection_trace = False log_opt_values /usr/lib/python3/dist-packages/oslo_config/cfg.py:2609
2025-08-26 20:00:11.702 135490 DEBUG oslo_service.service [req-54c598bd-9bac-4ecb-9d63-9f92df64aafa - - - - -] api_database.db_inc_retry_interval = True log_opt_values /usr/lib/python3/dist-packages/oslo_config/cfg.py:2609
2025-08-26 20:00:11.702 135490 DEBUG oslo_service.service [req-54c598bd-9bac-4ecb-9d63-9f92df64aafa - - - - -] api_database.db_max_retries = 20 log_opt_values /usr/lib/python3/dist-packages/oslo_config/cfg.py:2609
2025-08-26 20:00:11.702 135490 DEBUG oslo_service.service [req-54c598bd-9bac-4ecb-9d63-9f92df64aafa - - - - -] api_database.db_max_retry_interval = 10 log_opt_values /usr/lib/python3/dist-packages/oslo_config/cfg.py:2609
2025-08-26 20:00:11.702 135490 DEBUG oslo_service.service [req-54c598bd-9bac-4ecb-9d63-9f92df64aafa - - - - -] api_database.db_retry_interval = 1 log_opt_values /usr/lib/python3/dist-packages/oslo_config/cfg.py:2609
2025-08-26 20:00:11.703 135490 DEBUG oslo_service.service [req-54c598bd-9bac-4ecb-9d63-9f92df64aafa - - - - -] api_database.max_overflow = 50 log_opt_values /usr/lib/python3/dist-packages/oslo_config/cfg.py:2609
2025-08-26 20:00:11.703 135490 DEBUG oslo_service.service [req-54c598bd-9bac-4ecb-9d63-9f92df64aafa - - - - -] api_database.max_pool_size = 4 log_opt_values /usr/lib/python3/dist-packages/oslo_config/cfg.py:2609
2025-08-26 20:00:11.703 135490 DEBUG oslo_service.service [req-54c598bd-9bac-4ecb-9d63-9f92df64aafa - - - - -] api_database.max_retries = 10 log_opt_values /usr/lib/python3/dist-packages/oslo_config/cfg.py:2609
2025-08-26 20:00:11.703 135490 DEBUG oslo_service.service [req-54c598bd-9bac-4ecb-9d63-9f92df64aafa - - - - -] api_database.mysql_enable_ndb = False log_opt_values /usr/lib/python3/dist-packages/oslo_config/cfg.py:2609
2025-08-26 20:00:11.703 135490 DEBUG oslo_service.service [req-54c598bd-9bac-4ecb-9d63-9f92df64aafa - - - - -] api_database.mysql_sql_mode = TRADITIONAL log_opt_values /usr/lib/python3/dist-packages/oslo_config/cfg.py:2609
2025-08-26 20:00:11.703 135490 DEBUG oslo_service.service [req-54c598bd-9bac-4ecb-9d63-9f92df64aafa - - - - -] api_database.pool_timeout = None log_opt_values /usr/lib/python3/dist-packages/oslo_config/cfg.py:2609
2025-08-26 20:00:11.704 135490 DEBUG oslo_service.service [req-54c598bd-9bac-4ecb-9d63-9f92df64aafa - - - - -] api_database.retry_interval = 10 log_opt_values /usr/lib/python3/dist-packages/oslo_config/cfg.py:2609
2025-08-26 20:00:11.704 135490 DEBUG oslo_service.service [req-54c598bd-9bac-4ecb-9d63-9f92df64aafa - - - - -] api_database.slave_connection = **** log_opt_values /usr/lib/python3/dist-packages/oslo_config/cfg.py:2609
2025-08-26 20:00:11.704 135490 DEBUG oslo_service.service [req-54c598bd-9bac-4ecb-9d63-9f92df64aafa - - - - -] api_database.sqlite_synchronous = True log_opt_values /usr/lib/python3/dist-packages/oslo_config/cfg.py:2609
2025-08-26 20:00:11.704 135490 DEBUG oslo_service.service [req-54c598bd-9bac-4ecb-9d63-9f92df64aafa - - - - -] devices.enabled_mdev_types = [] log_opt_values /usr/lib/python3/dist-packages/oslo_config/cfg.py:2609
2025-08-26 20:00:11.704 135490 DEBUG oslo_service.service [req-54c598bd-9bac-4ecb-9d63-9f92df64aafa - - - - -] ephemeral_storage_encryption.cipher = aes-xts-plain64 log_opt_values /usr/lib/python3/dist-packages/oslo_config/cfg.py:2609
2025-08-26 20:00:11.704 135490 DEBUG oslo_service.service [req-54c598bd-9bac-4ecb-9d63-9f92df64aafa - - - - -] ephemeral_storage_encryption.enabled = False log_opt_values /usr/lib/python3/dist-packages/oslo_config/cfg.py:2609
2025-08-26 20:00:11.705 135490 DEBUG oslo_service.service [req-54c598bd-9bac-4ecb-9d63-9f92df64aafa - - - - -] ephemeral_storage_encryption.key_size = 512 log_opt_values /usr/lib/python3/dist-packages/oslo_config/cfg.py:2609
2025-08-26 20:00:11.705 135490 WARNING oslo_config.cfg [req-54c598bd-9bac-4ecb-9d63-9f92df64aafa - - - - -] Deprecated: Option "api_servers" from group "glance" is deprecated for removal ( Support for image service configuration via standard keystoneauth1 Adapter options was added in the 17.0.0 Queens release. The api_servers option was retained temporarily to allow consumers time to cut over to a real load balancing solution. ). Its value may be silently ignored in the future.
2025-08-26 20:00:11.705 135490 DEBUG oslo_service.service [req-54c598bd-9bac-4ecb-9d63-9f92df64aafa - - - - -] glance.api_servers = ['http://252.19.0.36:9292'] log_opt_values /usr/lib/python3/dist-packages/oslo_config/cfg.py:2609
2025-08-26 20:00:11.705 135490 DEBUG oslo_service.service [req-54c598bd-9bac-4ecb-9d63-9f92df64aafa - - - - -] glance.cafile = None log_opt_values /usr/lib/python3/dist-packages/oslo_config/cfg.py:2609
2025-08-26 20:00:11.705 135490 DEBUG oslo_service.service [req-54c598bd-9bac-4ecb-9d63-9f92df64aafa - - - - -] glance.certfile = None log_opt_values /usr/lib/python3/dist-packages/oslo_config/cfg.py:2609
2025-08-26 20:00:11.706 135490 DEBUG oslo_service.service [req-54c598bd-9bac-4ecb-9d63-9f92df64aafa - - - - -] glance.collect_timing = False log_opt_values /usr/lib/python3/dist-packages/oslo_config/cfg.py:2609
2025-08-26 20:00:11.706 135490 DEBUG oslo_service.service [req-54c598bd-9bac-4ecb-9d63-9f92df64aafa - - - - -] glance.connect_retries = None log_opt_values /usr/lib/python3/dist-packages/oslo_config/cfg.py:2609
2025-08-26 20:00:11.706 135490 DEBUG oslo_service.service [req-54c598bd-9bac-4ecb-9d63-9f92df64aafa - - - - -] glance.connect_retry_delay = None log_opt_values /usr/lib/python3/dist-packages/oslo_config/cfg.py:2609
2025-08-26 20:00:11.706 135490 DEBUG oslo_service.service [req-54c598bd-9bac-4ecb-9d63-9f92df64aafa - - - - -] glance.debug = False log_opt_values /usr/lib/python3/dist-packages/oslo_config/cfg.py:2609
2025-08-26 20:00:11.706 135490 DEBUG oslo_service.service [req-54c598bd-9bac-4ecb-9d63-9f92df64aafa - - - - -] glance.default_trusted_certificate_ids = [] log_opt_values /usr/lib/python3/dist-packages/oslo_config/cfg.py:2609
2025-08-26 20:00:11.706 135490 DEBUG oslo_service.service [req-54c598bd-9bac-4ecb-9d63-9f92df64aafa - - - - -] glance.enable_certificate_validation = False log_opt_values /usr/lib/python3/dist-packages/oslo_config/cfg.py:2609
2025-08-26 20:00:11.707 135490 DEBUG oslo_service.service [req-54c598bd-9bac-4ecb-9d63-9f92df64aafa - - - - -] glance.enable_rbd_download = False log_opt_values /usr/lib/python3/dist-packages/oslo_config/cfg.py:2609
2025-08-26 20:00:11.707 135490 DEBUG oslo_service.service [req-54c598bd-9bac-4ecb-9d63-9f92df64aafa - - - - -] glance.endpoint_override = None log_opt_values /usr/lib/python3/dist-packages/oslo_config/cfg.py:2609
2025-08-26 20:00:11.707 135490 DEBUG oslo_service.service [req-54c598bd-9bac-4ecb-9d63-9f92df64aafa - - - - -] glance.insecure = False log_opt_values /usr/lib/python3/dist-packages/oslo_config/cfg.py:2609
2025-08-26 20:00:11.707 135490 DEBUG oslo_service.service [req-54c598bd-9bac-4ecb-9d63-9f92df64aafa - - - - -] glance.keyfile = None log_opt_values /usr/lib/python3/dist-packages/oslo_config/cfg.py:2609
2025-08-26 20:00:11.707 135490 DEBUG oslo_service.service [req-54c598bd-9bac-4ecb-9d63-9f92df64aafa - - - - -] glance.max_version = None log_opt_values /usr/lib/python3/dist-packages/oslo_config/cfg.py:2609
2025-08-26 20:00:11.708 135490 DEBUG oslo_service.service [req-54c598bd-9bac-4ecb-9d63-9f92df64aafa - - - - -] glance.min_version = None log_opt_values /usr/lib/python3/dist-packages/oslo_config/cfg.py:2609
2025-08-26 20:00:11.708 135490 DEBUG oslo_service.service [req-54c598bd-9bac-4ecb-9d63-9f92df64aafa - - - - -] glance.num_retries = 3 log_opt_values /usr/lib/python3/dist-packages/oslo_config/cfg.py:2609
2025-08-26 20:00:11.708 135490 DEBUG oslo_service.service [req-54c598bd-9bac-4ecb-9d63-9f92df64aafa - - - - -] glance.rbd_ceph_conf = log_opt_values /usr/lib/python3/dist-packages/oslo_config/cfg.py:2609
2025-08-26 20:00:11.708 135490 DEBUG oslo_service.service [req-54c598bd-9bac-4ecb-9d63-9f92df64aafa - - - - -] glance.rbd_connect_timeout = 5 log_opt_values /usr/lib/python3/dist-packages/oslo_config/cfg.py:2609
2025-08-26 20:00:11.708 135490 DEBUG oslo_service.service [req-54c598bd-9bac-4ecb-9d63-9f92df64aafa - - - - -] glance.rbd_pool = log_opt_values /usr/lib/python3/dist-packages/oslo_config/cfg.py:2609
2025-08-26 20:00:11.708 135490 DEBUG oslo_service.service [req-54c598bd-9bac-4ecb-9d63-9f92df64aafa - - - - -] glance.rbd_user = log_opt_values /usr/lib/python3/dist-packages/oslo_config/cfg.py:2609
2025-08-26 20:00:11.709 135490 DEBUG oslo_service.service [req-54c598bd-9bac-4ecb-9d63-9f92df64aafa - - - - -] glance.region_name = None log_opt_values /usr/lib/python3/dist-packages/oslo_config/cfg.py:2609
2025-08-26 20:00:11.709 135490 DEBUG oslo_service.service [req-54c598bd-9bac-4ecb-9d63-9f92df64aafa - - - - -] glance.service_name = None log_opt_values /usr/lib/python3/dist-packages/oslo_config/cfg.py:2609
2025-08-26 20:00:11.709 135490 DEBUG oslo_service.service [req-54c598bd-9bac-4ecb-9d63-9f92df64aafa - - - - -] glance.service_type = image log_opt_values /usr/lib/python3/dist-packages/oslo_config/cfg.py:2609
2025-08-26 20:00:11.709 135490 DEBUG oslo_service.service [req-54c598bd-9bac-4ecb-9d63-9f92df64aafa - - - - -] glance.split_loggers = False log_opt_values /usr/lib/python3/dist-packages/oslo_config/cfg.py:2609
2025-08-26 20:00:11.709 135490 DEBUG oslo_service.service [req-54c598bd-9bac-4ecb-9d63-9f92df64aafa - - - - -] glance.status_code_retries = None log_opt_values /usr/lib/python3/dist-packages/oslo_config/cfg.py:2609
2025-08-26 20:00:11.709 135490 DEBUG oslo_service.service [req-54c598bd-9bac-4ecb-9d63-9f92df64aafa - - - - -] glance.status_code_retry_delay = None log_opt_values /usr/lib/python3/dist-packages/oslo_config/cfg.py:2609
2025-08-26 20:00:11.709 135490 DEBUG oslo_service.service [req-54c598bd-9bac-4ecb-9d63-9f92df64aafa - - - - -] glance.timeout = None log_opt_values /usr/lib/python3/dist-packages/oslo_config/cfg.py:2609
2025-08-26 20:00:11.710 135490 DEBUG oslo_service.service [req-54c598bd-9bac-4ecb-9d63-9f92df64aafa - - - - -] glance.valid_interfaces = ['internal', 'public'] log_opt_values /usr/lib/python3/dist-packages/oslo_config/cfg.py:2609
2025-08-26 20:00:11.710 135490 DEBUG oslo_service.service [req-54c598bd-9bac-4ecb-9d63-9f92df64aafa - - - - -] glance.verify_glance_signatures = False log_opt_values /usr/lib/python3/dist-packages/oslo_config/cfg.py:2609
2025-08-26 20:00:11.710 135490 DEBUG oslo_service.service [req-54c598bd-9bac-4ecb-9d63-9f92df64aafa - - - - -] glance.version = None log_opt_values /usr/lib/python3/dist-packages/oslo_config/cfg.py:2609
2025-08-26 20:00:11.710 135490 DEBUG oslo_service.service [req-54c598bd-9bac-4ecb-9d63-9f92df64aafa - - - - -] guestfs.debug = False log_opt_values /usr/lib/python3/dist-packages/oslo_config/cfg.py:2609
2025-08-26 20:00:11.710 135490 DEBUG oslo_service.service [req-54c598bd-9bac-4ecb-9d63-9f92df64aafa - - - - -] hyperv.config_drive_cdrom = False log_opt_values /usr/lib/python3/dist-packages/oslo_config/cfg.py:2609
2025-08-26 20:00:11.710 135490 DEBUG oslo_service.service [req-54c598bd-9bac-4ecb-9d63-9f92df64aafa - - - - -] hyperv.config_drive_inject_password = False log_opt_values /usr/lib/python3/dist-packages/oslo_config/cfg.py:2609
2025-08-26 20:00:11.711 135490 DEBUG oslo_service.service [req-54c598bd-9bac-4ecb-9d63-9f92df64aafa - - - - -] hyperv.dynamic_memory_ratio = 1.0 log_opt_values /usr/lib/python3/dist-packages/oslo_config/cfg.py:2609
2025-08-26 20:00:11.711 135490 DEBUG oslo_service.service [req-54c598bd-9bac-4ecb-9d63-9f92df64aafa - - - - -] hyperv.enable_instance_metrics_collection = False log_opt_values /usr/lib/python3/dist-packages/oslo_config/cfg.py:2609
2025-08-26 20:00:11.711 135490 DEBUG oslo_service.service [req-54c598bd-9bac-4ecb-9d63-9f92df64aafa - - - - -] hyperv.enable_remotefx = False log_opt_values /usr/lib/python3/dist-packages/oslo_config/cfg.py:2609
2025-08-26 20:00:11.711 135490 DEBUG oslo_service.service [req-54c598bd-9bac-4ecb-9d63-9f92df64aafa - - - - -] hyperv.instances_path_share = log_opt_values /usr/lib/python3/dist-packages/oslo_config/cfg.py:2609
2025-08-26 20:00:11.711 135490 DEBUG oslo_service.service [req-54c598bd-9bac-4ecb-9d63-9f92df64aafa - - - - -] hyperv.iscsi_initiator_list = [] log_opt_values /usr/lib/python3/dist-packages/oslo_config/cfg.py:2609
2025-08-26 20:00:11.712 135490 DEBUG oslo_service.service [req-54c598bd-9bac-4ecb-9d63-9f92df64aafa - - - - -] hyperv.limit_cpu_features = False log_opt_values /usr/lib/python3/dist-packages/oslo_config/cfg.py:2609
2025-08-26 20:00:11.712 135490 DEBUG oslo_service.service [req-54c598bd-9bac-4ecb-9d63-9f92df64aafa - - - - -] hyperv.mounted_disk_query_retry_count = 10 log_opt_values /usr/lib/python3/dist-packages/oslo_config/cfg.py:2609
2025-08-26 20:00:11.712 135490 DEBUG oslo_service.service [req-54c598bd-9bac-4ecb-9d63-9f92df64aafa - - - - -] hyperv.mounted_disk_query_retry_interval = 5 log_opt_values /usr/lib/python3/dist-packages/oslo_config/cfg.py:2609
2025-08-26 20:00:11.712 135490 DEBUG oslo_service.service [req-54c598bd-9bac-4ecb-9d63-9f92df64aafa - - - - -] hyperv.power_state_check_timeframe = 60 log_opt_values /usr/lib/python3/dist-packages/oslo_config/cfg.py:2609
2025-08-26 20:00:11.712 135490 DEBUG oslo_service.service [req-54c598bd-9bac-4ecb-9d63-9f92df64aafa - - - - -] hyperv.power_state_event_polling_interval = 2 log_opt_values /usr/lib/python3/dist-packages/oslo_config/cfg.py:2609
2025-08-26 20:00:11.712 135490 DEBUG oslo_service.service [req-54c598bd-9bac-4ecb-9d63-9f92df64aafa - - - - -] hyperv.qemu_img_cmd = qemu-img.exe log_opt_values /usr/lib/python3/dist-packages/oslo_config/cfg.py:2609
2025-08-26 20:00:11.712 135490 DEBUG oslo_service.service [req-54c598bd-9bac-4ecb-9d63-9f92df64aafa - - - - -] hyperv.use_multipath_io = False log_opt_values /usr/lib/python3/dist-packages/oslo_config/cfg.py:2609
2025-08-26 20:00:11.713 135490 DEBUG oslo_service.service [req-54c598bd-9bac-4ecb-9d63-9f92df64aafa - - - - -] hyperv.volume_attach_retry_count = 10 log_opt_values /usr/lib/python3/dist-packages/oslo_config/cfg.py:2609
2025-08-26 20:00:11.713 135490 DEBUG oslo_service.service [req-54c598bd-9bac-4ecb-9d63-9f92df64aafa - - - - -] hyperv.volume_attach_retry_interval = 5 log_opt_values /usr/lib/python3/dist-packages/oslo_config/cfg.py:2609
2025-08-26 20:00:11.713 135490 DEBUG oslo_service.service [req-54c598bd-9bac-4ecb-9d63-9f92df64aafa - - - - -] hyperv.vswitch_name = None log_opt_values /usr/lib/python3/dist-packages/oslo_config/cfg.py:2609
2025-08-26 20:00:11.713 135490 DEBUG oslo_service.service [req-54c598bd-9bac-4ecb-9d63-9f92df64aafa - - - - -] hyperv.wait_soft_reboot_seconds = 60 log_opt_values /usr/lib/python3/dist-packages/oslo_config/cfg.py:2609
2025-08-26 20:00:11.713 135490 DEBUG oslo_service.service [req-54c598bd-9bac-4ecb-9d63-9f92df64aafa - - - - -] mks.enabled = False log_opt_values /usr/lib/python3/dist-packages/oslo_config/cfg.py:2609
2025-08-26 20:00:11.714 135490 DEBUG oslo_service.service [req-54c598bd-9bac-4ecb-9d63-9f92df64aafa - - - - -] mks.mksproxy_base_url = http://127.0.0.1:6090/ log_opt_values /usr/lib/python3/dist-packages/oslo_config/cfg.py:2609
2025-08-26 20:00:11.714 135490 DEBUG oslo_service.service [req-54c598bd-9bac-4ecb-9d63-9f92df64aafa - - - - -] image_cache.manager_interval = 2400 log_opt_values /usr/lib/python3/dist-packages/oslo_config/cfg.py:2609
2025-08-26 20:00:11.714 135490 DEBUG oslo_service.service [req-54c598bd-9bac-4ecb-9d63-9f92df64aafa - - - - -] image_cache.precache_concurrency = 1 log_opt_values /usr/lib/python3/dist-packages/oslo_config/cfg.py:2609
2025-08-26 20:00:11.714 135490 DEBUG oslo_service.service [req-54c598bd-9bac-4ecb-9d63-9f92df64aafa - - - - -] image_cache.remove_unused_base_images = True log_opt_values /usr/lib/python3/dist-packages/oslo_config/cfg.py:2609
2025-08-26 20:00:11.715 135490 DEBUG oslo_service.service [req-54c598bd-9bac-4ecb-9d63-9f92df64aafa - - - - -] image_cache.remove_unused_original_minimum_age_seconds = 86400 log_opt_values /usr/lib/python3/dist-packages/oslo_config/cfg.py:2609
2025-08-26 20:00:11.715 135490 DEBUG oslo_service.service [req-54c598bd-9bac-4ecb-9d63-9f92df64aafa - - - - -] image_cache.remove_unused_resized_minimum_age_seconds = 3600 log_opt_values /usr/lib/python3/dist-packages/oslo_config/cfg.py:2609
2025-08-26 20:00:11.715 135490 DEBUG oslo_service.service [req-54c598bd-9bac-4ecb-9d63-9f92df64aafa - - - - -] image_cache.subdirectory_name = _base log_opt_values /usr/lib/python3/dist-packages/oslo_config/cfg.py:2609
2025-08-26 20:00:11.715 135490 DEBUG oslo_service.service [req-54c598bd-9bac-4ecb-9d63-9f92df64aafa - - - - -] ironic.api_max_retries = 60 log_opt_values /usr/lib/python3/dist-packages/oslo_config/cfg.py:2609
2025-08-26 20:00:11.715 135490 DEBUG oslo_service.service [req-54c598bd-9bac-4ecb-9d63-9f92df64aafa - - - - -] ironic.api_retry_interval = 2 log_opt_values /usr/lib/python3/dist-packages/oslo_config/cfg.py:2609
2025-08-26 20:00:11.715 135490 DEBUG oslo_service.service [req-54c598bd-9bac-4ecb-9d63-9f92df64aafa - - - - -] ironic.auth_section = None log_opt_values /usr/lib/python3/dist-packages/oslo_config/cfg.py:2609
2025-08-26 20:00:11.716 135490 DEBUG oslo_service.service [req-54c598bd-9bac-4ecb-9d63-9f92df64aafa - - - - -] ironic.auth_type = None log_opt_values /usr/lib/python3/dist-packages/oslo_config/cfg.py:2609
2025-08-26 20:00:11.716 135490 DEBUG oslo_service.service [req-54c598bd-9bac-4ecb-9d63-9f92df64aafa - - - - -] ironic.cafile = None log_opt_values /usr/lib/python3/dist-packages/oslo_config/cfg.py:2609
2025-08-26 20:00:11.716 135490 DEBUG oslo_service.service [req-54c598bd-9bac-4ecb-9d63-9f92df64aafa - - - - -] ironic.certfile = None log_opt_values /usr/lib/python3/dist-packages/oslo_config/cfg.py:2609
2025-08-26 20:00:11.716 135490 DEBUG oslo_service.service [req-54c598bd-9bac-4ecb-9d63-9f92df64aafa - - - - -] ironic.collect_timing = False log_opt_values /usr/lib/python3/dist-packages/oslo_config/cfg.py:2609
