2025-08-26 20:02:22.960 168516 DEBUG oslo_service.service [req-2b8683b9-2476-43c1-af61-a1d9ed9358e5 - - - - -] vif_plugging_is_fatal = True log_opt_values /usr/lib/python3/dist-packages/oslo_config/cfg.py:2602
2025-08-26 20:02:22.960 168516 DEBUG oslo_service.service [req-2b8683b9-2476-43c1-af61-a1d9ed9358e5 - - - - -] vif_plugging_timeout = 300 log_opt_values /usr/lib/python3/dist-packages/oslo_config/cfg.py:2602
2025-08-26 20:02:22.961 168516 DEBUG oslo_service.service [req-2b8683b9-2476-43c1-af61-a1d9ed9358e5 - - - - -] virt_mkfs = [] log_opt_values /usr/lib/python3/dist-packages/oslo_config/cfg.py:2602
2025-08-26 20:02:22.961 168516 DEBUG oslo_service.service [req-2b8683b9-2476-43c1-af61-a1d9ed9358e5 - - - - -] volume_usage_poll_interval = 0 log_opt_values /usr/lib/python3/dist-packages/oslo_config/cfg.py:2602
2025-08-26 20:02:22.962 168516 DEBUG oslo_service.service [req-2b8683b9-2476-43c1-af61-a1d9ed9358e5 - - - - -] watch_log_file = False log_opt_values /usr/lib/python3/dist-packages/oslo_config/cfg.py:2602
2025-08-26 20:02:22.962 168516 DEBUG oslo_service.service [req-2b8683b9-2476-43c1-af61-a1d9ed9358e5 - - - - -] web = /usr/share/spice-html5 log_opt_values /usr/lib/python3/dist-packages/oslo_config/cfg.py:2602
2025-08-26 20:02:22.962 168854 DEBUG oslo_messaging._drivers.amqpdriver [-] Listener is running poll /usr/lib/python3/dist-packages/oslo_messaging/_drivers/amqpdriver.py:343
2025-08-26 20:02:22.962 168854 DEBUG oslo_messaging._drivers.amqpdriver [-] AMQPListener connection consume poll /usr/lib/python3/dist-packages/oslo_messaging/_drivers/amqpdriver.py:357
2025-08-26 20:02:22.962 168857 DEBUG nova.service [req-f6fcf2aa-aaa3-41fe-b404-84afaa0c9d79 - - - - -] Creating RPC server for service scheduler start /usr/lib/python3/dist-packages/nova/service.py:182
2025-08-26 20:02:22.963 168516 DEBUG oslo_service.service [req-2b8683b9-2476-43c1-af61-a1d9ed9358e5 - - - - -] oslo_concurrency.disable_process_locking = False log_opt_values /usr/lib/python3/dist-packages/oslo_config/cfg.py:2609
2025-08-26 20:02:22.963 168854 DEBUG nova.service [req-ab6be2de-fc39-4326-ad03-0039a02e15ee - - - - -] Join ServiceGroup membership for this service scheduler start /usr/lib/python3/dist-packages/nova/service.py:199
2025-08-26 20:02:22.963 168516 DEBUG oslo_service.service [req-2b8683b9-2476-43c1-af61-a1d9ed9358e5 - - - - -] oslo_concurrency.lock_path = /var/lock/nova log_opt_values /usr/lib/python3/dist-packages/oslo_config/cfg.py:2609
2025-08-26 20:02:22.964 168854 DEBUG nova.servicegroup.drivers.db [req-ab6be2de-fc39-4326-ad03-0039a02e15ee - - - - -] DB_Driver: join new ServiceGroup member juju-3b9a7d-0-lxd-7 to the scheduler group, service = join /usr/lib/python3/dist-packages/nova/servicegroup/drivers/db.py:44
2025-08-26 20:02:22.966 168854 DEBUG oslo_messaging._drivers.amqpdriver [-] AMQPListener connection timeout poll /usr/lib/python3/dist-packages/oslo_messaging/_drivers/amqpdriver.py:360
2025-08-26 20:02:22.966 168854 DEBUG oslo_messaging._drivers.amqpdriver [-] Listener is running poll /usr/lib/python3/dist-packages/oslo_messaging/_drivers/amqpdriver.py:343
2025-08-26 20:02:22.966 168516 WARNING oslo_config.cfg [req-2b8683b9-2476-43c1-af61-a1d9ed9358e5 - - - - -] Deprecated: Option "auth_strategy" from group "api" is deprecated for removal ( The only non-default choice, ``noauth2``, is for internal development and testing purposes only and should not be used in deployments. This option and its middleware, NoAuthMiddleware[V2_18], will be removed in a future release. ). Its value may be silently ignored in the future.
2025-08-26 20:02:22.966 168854 DEBUG oslo_messaging._drivers.amqpdriver [-] AMQPListener connection consume poll /usr/lib/python3/dist-packages/oslo_messaging/_drivers/amqpdriver.py:357
2025-08-26 20:02:22.966 168516 DEBUG oslo_service.service [req-2b8683b9-2476-43c1-af61-a1d9ed9358e5 - - - - -] api.auth_strategy = keystone log_opt_values /usr/lib/python3/dist-packages/oslo_config/cfg.py:2609
2025-08-26 20:02:22.967 168516 DEBUG oslo_service.service [req-2b8683b9-2476-43c1-af61-a1d9ed9358e5 - - - - -] api.compute_link_prefix = None log_opt_values /usr/lib/python3/dist-packages/oslo_config/cfg.py:2609
2025-08-26 20:02:22.968 168516 DEBUG oslo_service.service [req-2b8683b9-2476-43c1-af61-a1d9ed9358e5 - - - - -] api.config_drive_skip_versions = 1.0 2007-01-19 2007-03-01 2007-08-29 2007-10-10 2007-12-15 2008-02-01 2008-09-01 log_opt_values /usr/lib/python3/dist-packages/oslo_config/cfg.py:2609
2025-08-26 20:02:22.968 168855 DEBUG oslo_messaging._drivers.amqpdriver [-] Listener is running poll /usr/lib/python3/dist-packages/oslo_messaging/_drivers/amqpdriver.py:343
2025-08-26 20:02:22.968 168855 DEBUG oslo_messaging._drivers.amqpdriver [-] AMQPListener connection consume poll /usr/lib/python3/dist-packages/oslo_messaging/_drivers/amqpdriver.py:357
2025-08-26 20:02:22.968 168516 DEBUG oslo_service.service [req-2b8683b9-2476-43c1-af61-a1d9ed9358e5 - - - - -] api.dhcp_domain = novalocal log_opt_values /usr/lib/python3/dist-packages/oslo_config/cfg.py:2609
2025-08-26 20:02:22.969 168516 DEBUG oslo_service.service [req-2b8683b9-2476-43c1-af61-a1d9ed9358e5 - - - - -] api.enable_instance_password = True log_opt_values /usr/lib/python3/dist-packages/oslo_config/cfg.py:2609
2025-08-26 20:02:22.969 168516 DEBUG oslo_service.service [req-2b8683b9-2476-43c1-af61-a1d9ed9358e5 - - - - -] api.glance_link_prefix = None log_opt_values /usr/lib/python3/dist-packages/oslo_config/cfg.py:2609
2025-08-26 20:02:22.969 168855 DEBUG nova.service [req-174a1162-e54c-4747-9a2e-5dbd7960c955 - - - - -] Join ServiceGroup membership for this service scheduler start /usr/lib/python3/dist-packages/nova/service.py:199
2025-08-26 20:02:22.969 168516 DEBUG oslo_service.service [req-2b8683b9-2476-43c1-af61-a1d9ed9358e5 - - - - -] api.instance_list_cells_batch_fixed_size = 100 log_opt_values /usr/lib/python3/dist-packages/oslo_config/cfg.py:2609
2025-08-26 20:02:22.969 168855 DEBUG nova.servicegroup.drivers.db [req-174a1162-e54c-4747-9a2e-5dbd7960c955 - - - - -] DB_Driver: join new ServiceGroup member juju-3b9a7d-0-lxd-7 to the scheduler group, service = join /usr/lib/python3/dist-packages/nova/servicegroup/drivers/db.py:44
2025-08-26 20:02:22.969 168516 DEBUG oslo_service.service [req-2b8683b9-2476-43c1-af61-a1d9ed9358e5 - - - - -] api.instance_list_cells_batch_strategy = distributed log_opt_values /usr/lib/python3/dist-packages/oslo_config/cfg.py:2609
2025-08-26 20:02:22.969 168516 DEBUG oslo_service.service [req-2b8683b9-2476-43c1-af61-a1d9ed9358e5 - - - - -] api.instance_list_per_project_cells = False log_opt_values /usr/lib/python3/dist-packages/oslo_config/cfg.py:2609
2025-08-26 20:02:22.970 168516 DEBUG oslo_service.service [req-2b8683b9-2476-43c1-af61-a1d9ed9358e5 - - - - -] api.list_records_by_skipping_down_cells = True log_opt_values /usr/lib/python3/dist-packages/oslo_config/cfg.py:2609
2025-08-26 20:02:22.971 168855 DEBUG oslo_messaging._drivers.amqpdriver [-] AMQPListener connection timeout poll /usr/lib/python3/dist-packages/oslo_messaging/_drivers/amqpdriver.py:360
2025-08-26 20:02:22.971 168855 DEBUG oslo_messaging._drivers.amqpdriver [-] Listener is running poll /usr/lib/python3/dist-packages/oslo_messaging/_drivers/amqpdriver.py:343
2025-08-26 20:02:22.971 168855 DEBUG oslo_messaging._drivers.amqpdriver [-] AMQPListener connection consume poll /usr/lib/python3/dist-packages/oslo_messaging/_drivers/amqpdriver.py:357
2025-08-26 20:02:22.971 168516 DEBUG oslo_service.service [req-2b8683b9-2476-43c1-af61-a1d9ed9358e5 - - - - -] api.local_metadata_per_cell = False log_opt_values /usr/lib/python3/dist-packages/oslo_config/cfg.py:2609
2025-08-26 20:02:22.972 168516 DEBUG oslo_service.service [req-2b8683b9-2476-43c1-af61-a1d9ed9358e5 - - - - -] api.max_limit = 1000 log_opt_values /usr/lib/python3/dist-packages/oslo_config/cfg.py:2609
2025-08-26 20:02:22.972 168856 DEBUG oslo_messaging._drivers.amqpdriver [-] Listener is running poll /usr/lib/python3/dist-packages/oslo_messaging/_drivers/amqpdriver.py:343
2025-08-26 20:02:22.973 168516 DEBUG oslo_service.service [req-2b8683b9-2476-43c1-af61-a1d9ed9358e5 - - - - -] api.metadata_cache_expiration = 15 log_opt_values /usr/lib/python3/dist-packages/oslo_config/cfg.py:2609
2025-08-26 20:02:22.973 168856 DEBUG oslo_messaging._drivers.amqpdriver [-] AMQPListener connection consume poll /usr/lib/python3/dist-packages/oslo_messaging/_drivers/amqpdriver.py:357
2025-08-26 20:02:22.973 168516 DEBUG oslo_service.service [req-2b8683b9-2476-43c1-af61-a1d9ed9358e5 - - - - -] api.neutron_default_tenant_id = default log_opt_values /usr/lib/python3/dist-packages/oslo_config/cfg.py:2609
2025-08-26 20:02:22.973 168516 DEBUG oslo_service.service [req-2b8683b9-2476-43c1-af61-a1d9ed9358e5 - - - - -] api.use_forwarded_for = False log_opt_values /usr/lib/python3/dist-packages/oslo_config/cfg.py:2609
2025-08-26 20:02:22.973 168856 DEBUG nova.service [req-811b311c-d6ec-4f56-8976-eeede0bf5061 - - - - -] Join ServiceGroup membership for this service scheduler start /usr/lib/python3/dist-packages/nova/service.py:199
2025-08-26 20:02:22.973 168516 DEBUG oslo_service.service [req-2b8683b9-2476-43c1-af61-a1d9ed9358e5 - - - - -] api.use_neutron_default_nets = False log_opt_values /usr/lib/python3/dist-packages/oslo_config/cfg.py:2609
2025-08-26 20:02:22.973 168856 DEBUG nova.servicegroup.drivers.db [req-811b311c-d6ec-4f56-8976-eeede0bf5061 - - - - -] DB_Driver: join new ServiceGroup member juju-3b9a7d-0-lxd-7 to the scheduler group, service = join /usr/lib/python3/dist-packages/nova/servicegroup/drivers/db.py:44
2025-08-26 20:02:22.974 168516 DEBUG oslo_service.service [req-2b8683b9-2476-43c1-af61-a1d9ed9358e5 - - - - -] api.vendordata_dynamic_connect_timeout = 5 log_opt_values /usr/lib/python3/dist-packages/oslo_config/cfg.py:2609
2025-08-26 20:02:22.974 168516 DEBUG oslo_service.service [req-2b8683b9-2476-43c1-af61-a1d9ed9358e5 - - - - -] api.vendordata_dynamic_failure_fatal = False log_opt_values /usr/lib/python3/dist-packages/oslo_config/cfg.py:2609
2025-08-26 20:02:22.974 168516 DEBUG oslo_service.service [req-2b8683b9-2476-43c1-af61-a1d9ed9358e5 - - - - -] api.vendordata_dynamic_read_timeout = 5 log_opt_values /usr/lib/python3/dist-packages/oslo_config/cfg.py:2609
2025-08-26 20:02:22.975 168516 DEBUG oslo_service.service [req-2b8683b9-2476-43c1-af61-a1d9ed9358e5 - - - - -] api.vendordata_dynamic_ssl_certfile = log_opt_values /usr/lib/python3/dist-packages/oslo_config/cfg.py:2609
2025-08-26 20:02:22.975 168516 DEBUG oslo_service.service [req-2b8683b9-2476-43c1-af61-a1d9ed9358e5 - - - - -] api.vendordata_dynamic_targets = [] log_opt_values /usr/lib/python3/dist-packages/oslo_config/cfg.py:2609
2025-08-26 20:02:22.975 168516 DEBUG oslo_service.service [req-2b8683b9-2476-43c1-af61-a1d9ed9358e5 - - - - -] api.vendordata_jsonfile_path = None log_opt_values /usr/lib/python3/dist-packages/oslo_config/cfg.py:2609
2025-08-26 20:02:22.975 168516 DEBUG oslo_service.service [req-2b8683b9-2476-43c1-af61-a1d9ed9358e5 - - - - -] api.vendordata_providers = ['StaticJSON'] log_opt_values /usr/lib/python3/dist-packages/oslo_config/cfg.py:2609
2025-08-26 20:02:22.975 168516 DEBUG oslo_service.service [req-2b8683b9-2476-43c1-af61-a1d9ed9358e5 - - - - -] cache.backend = dogpile.cache.null log_opt_values /usr/lib/python3/dist-packages/oslo_config/cfg.py:2609
2025-08-26 20:02:22.976 168516 DEBUG oslo_service.service [req-2b8683b9-2476-43c1-af61-a1d9ed9358e5 - - - - -] cache.backend_argument = **** log_opt_values /usr/lib/python3/dist-packages/oslo_config/cfg.py:2609
2025-08-26 20:02:22.976 168516 DEBUG oslo_service.service [req-2b8683b9-2476-43c1-af61-a1d9ed9358e5 - - - - -] cache.config_prefix = cache.oslo log_opt_values /usr/lib/python3/dist-packages/oslo_config/cfg.py:2609
2025-08-26 20:02:22.976 168856 DEBUG oslo_messaging._drivers.amqpdriver [-] AMQPListener connection timeout poll /usr/lib/python3/dist-packages/oslo_messaging/_drivers/amqpdriver.py:360
2025-08-26 20:02:22.976 168856 DEBUG oslo_messaging._drivers.amqpdriver [-] Listener is running poll /usr/lib/python3/dist-packages/oslo_messaging/_drivers/amqpdriver.py:343
2025-08-26 20:02:22.976 168516 DEBUG oslo_service.service [req-2b8683b9-2476-43c1-af61-a1d9ed9358e5 - - - - -] cache.debug_cache_backend = False log_opt_values /usr/lib/python3/dist-packages/oslo_config/cfg.py:2609
2025-08-26 20:02:22.976 168856 DEBUG oslo_messaging._drivers.amqpdriver [-] AMQPListener connection consume poll /usr/lib/python3/dist-packages/oslo_messaging/_drivers/amqpdriver.py:357
2025-08-26 20:02:22.976 168516 DEBUG oslo_service.service [req-2b8683b9-2476-43c1-af61-a1d9ed9358e5 - - - - -] cache.enabled = False log_opt_values /usr/lib/python3/dist-packages/oslo_config/cfg.py:2609
2025-08-26 20:02:22.976 168516 DEBUG oslo_service.service [req-2b8683b9-2476-43c1-af61-a1d9ed9358e5 - - - - -] cache.expiration_time = 600 log_opt_values /usr/lib/python3/dist-packages/oslo_config/cfg.py:2609
2025-08-26 20:02:22.976 168516 DEBUG oslo_service.service [req-2b8683b9-2476-43c1-af61-a1d9ed9358e5 - - - - -] cache.memcache_dead_retry = 300 log_opt_values /usr/lib/python3/dist-packages/oslo_config/cfg.py:2609
2025-08-26 20:02:22.977 168516 DEBUG oslo_service.service [req-2b8683b9-2476-43c1-af61-a1d9ed9358e5 - - - - -] cache.memcache_pool_connection_get_timeout = 10 log_opt_values /usr/lib/python3/dist-packages/oslo_config/cfg.py:2609
2025-08-26 20:02:22.977 168516 DEBUG oslo_service.service [req-2b8683b9-2476-43c1-af61-a1d9ed9358e5 - - - - -] cache.memcache_pool_flush_on_reconnect = False log_opt_values /usr/lib/python3/dist-packages/oslo_config/cfg.py:2609
2025-08-26 20:02:22.977 168516 DEBUG oslo_service.service [req-2b8683b9-2476-43c1-af61-a1d9ed9358e5 - - - - -] cache.memcache_pool_maxsize = 10 log_opt_values /usr/lib/python3/dist-packages/oslo_config/cfg.py:2609
2025-08-26 20:02:22.977 168516 DEBUG oslo_service.service [req-2b8683b9-2476-43c1-af61-a1d9ed9358e5 - - - - -] cache.memcache_pool_unused_timeout = 60 log_opt_values /usr/lib/python3/dist-packages/oslo_config/cfg.py:2609
2025-08-26 20:02:22.977 168516 DEBUG oslo_service.service [req-2b8683b9-2476-43c1-af61-a1d9ed9358e5 - - - - -] cache.memcache_servers = ['localhost:11211'] log_opt_values /usr/lib/python3/dist-packages/oslo_config/cfg.py:2609
2025-08-26 20:02:22.977 168516 DEBUG oslo_service.service [req-2b8683b9-2476-43c1-af61-a1d9ed9358e5 - - - - -] cache.memcache_socket_timeout = 1.0 log_opt_values /usr/lib/python3/dist-packages/oslo_config/cfg.py:2609
2025-08-26 20:02:22.978 168516 DEBUG oslo_service.service [req-2b8683b9-2476-43c1-af61-a1d9ed9358e5 - - - - -] cache.proxies = [] log_opt_values /usr/lib/python3/dist-packages/oslo_config/cfg.py:2609
2025-08-26 20:02:22.978 168516 DEBUG oslo_service.service [req-2b8683b9-2476-43c1-af61-a1d9ed9358e5 - - - - -] cache.tls_allowed_ciphers = None log_opt_values /usr/lib/python3/dist-packages/oslo_config/cfg.py:2609
2025-08-26 20:02:22.978 168516 DEBUG oslo_service.service [req-2b8683b9-2476-43c1-af61-a1d9ed9358e5 - - - - -] cache.tls_cafile = None log_opt_values /usr/lib/python3/dist-packages/oslo_config/cfg.py:2609
2025-08-26 20:02:22.978 168516 DEBUG oslo_service.service [req-2b8683b9-2476-43c1-af61-a1d9ed9358e5 - - - - -] cache.tls_certfile = None log_opt_values /usr/lib/python3/dist-packages/oslo_config/cfg.py:2609
2025-08-26 20:02:22.978 168516 DEBUG oslo_service.service [req-2b8683b9-2476-43c1-af61-a1d9ed9358e5 - - - - -] cache.tls_enabled = False log_opt_values /usr/lib/python3/dist-packages/oslo_config/cfg.py:2609
2025-08-26 20:02:22.978 168516 DEBUG oslo_service.service [req-2b8683b9-2476-43c1-af61-a1d9ed9358e5 - - - - -] cache.tls_keyfile = None log_opt_values /usr/lib/python3/dist-packages/oslo_config/cfg.py:2609
2025-08-26 20:02:22.979 168516 DEBUG oslo_service.service [req-2b8683b9-2476-43c1-af61-a1d9ed9358e5 - - - - -] cinder.auth_section = None log_opt_values /usr/lib/python3/dist-packages/oslo_config/cfg.py:2609
2025-08-26 20:02:22.979 168516 DEBUG oslo_service.service [req-2b8683b9-2476-43c1-af61-a1d9ed9358e5 - - - - -] cinder.auth_type = None log_opt_values /usr/lib/python3/dist-packages/oslo_config/cfg.py:2609
2025-08-26 20:02:22.979 168516 DEBUG oslo_service.service [req-2b8683b9-2476-43c1-af61-a1d9ed9358e5 - - - - -] cinder.cafile = None log_opt_values /usr/lib/python3/dist-packages/oslo_config/cfg.py:2609
2025-08-26 20:02:22.979 168516 DEBUG oslo_service.service [req-2b8683b9-2476-43c1-af61-a1d9ed9358e5 - - - - -] cinder.catalog_info = volumev3::publicURL log_opt_values /usr/lib/python3/dist-packages/oslo_config/cfg.py:2609
2025-08-26 20:02:22.979 168516 DEBUG oslo_service.service [req-2b8683b9-2476-43c1-af61-a1d9ed9358e5 - - - - -] cinder.certfile = None log_opt_values /usr/lib/python3/dist-packages/oslo_config/cfg.py:2609
2025-08-26 20:02:22.980 168516 DEBUG oslo_service.service [req-2b8683b9-2476-43c1-af61-a1d9ed9358e5 - - - - -] cinder.collect_timing = False log_opt_values /usr/lib/python3/dist-packages/oslo_config/cfg.py:2609
2025-08-26 20:02:22.980 168516 DEBUG oslo_service.service [req-2b8683b9-2476-43c1-af61-a1d9ed9358e5 - - - - -] cinder.cross_az_attach = True log_opt_values /usr/lib/python3/dist-packages/oslo_config/cfg.py:2609
2025-08-26 20:02:22.980 168516 DEBUG oslo_service.service [req-2b8683b9-2476-43c1-af61-a1d9ed9358e5 - - - - -] cinder.debug = False log_opt_values /usr/lib/python3/dist-packages/oslo_config/cfg.py:2609
2025-08-26 20:02:22.980 168516 DEBUG oslo_service.service [req-2b8683b9-2476-43c1-af61-a1d9ed9358e5 - - - - -] cinder.endpoint_template = None log_opt_values /usr/lib/python3/dist-packages/oslo_config/cfg.py:2609
2025-08-26 20:02:22.981 168516 DEBUG oslo_service.service [req-2b8683b9-2476-43c1-af61-a1d9ed9358e5 - - - - -] cinder.http_retries = 3 log_opt_values /usr/lib/python3/dist-packages/oslo_config/cfg.py:2609
2025-08-26 20:02:22.981 168516 DEBUG oslo_service.service [req-2b8683b9-2476-43c1-af61-a1d9ed9358e5 - - - - -] cinder.insecure = False log_opt_values /usr/lib/python3/dist-packages/oslo_config/cfg.py:2609
2025-08-26 20:02:22.981 168516 DEBUG oslo_service.service [req-2b8683b9-2476-43c1-af61-a1d9ed9358e5 - - - - -] cinder.keyfile = None log_opt_values /usr/lib/python3/dist-packages/oslo_config/cfg.py:2609
2025-08-26 20:02:22.981 168516 DEBUG oslo_service.service [req-2b8683b9-2476-43c1-af61-a1d9ed9358e5 - - - - -] cinder.os_region_name = None log_opt_values /usr/lib/python3/dist-packages/oslo_config/cfg.py:2609
2025-08-26 20:02:22.981 168516 DEBUG oslo_service.service [req-2b8683b9-2476-43c1-af61-a1d9ed9358e5 - - - - -] cinder.split_loggers = False log_opt_values /usr/lib/python3/dist-packages/oslo_config/cfg.py:2609
2025-08-26 20:02:22.981 168516 DEBUG oslo_service.service [req-2b8683b9-2476-43c1-af61-a1d9ed9358e5 - - - - -] cinder.timeout = None log_opt_values /usr/lib/python3/dist-packages/oslo_config/cfg.py:2609
2025-08-26 20:02:22.982 168516 DEBUG oslo_service.service [req-2b8683b9-2476-43c1-af61-a1d9ed9358e5 - - - - -] compute.consecutive_build_service_disable_threshold = 10 log_opt_values /usr/lib/python3/dist-packages/oslo_config/cfg.py:2609
2025-08-26 20:02:22.982 168516 DEBUG oslo_service.service [req-2b8683b9-2476-43c1-af61-a1d9ed9358e5 - - - - -] compute.cpu_dedicated_set = None log_opt_values /usr/lib/python3/dist-packages/oslo_config/cfg.py:2609
2025-08-26 20:02:22.982 168516 DEBUG oslo_service.service [req-2b8683b9-2476-43c1-af61-a1d9ed9358e5 - - - - -] compute.cpu_shared_set = None log_opt_values /usr/lib/python3/dist-packages/oslo_config/cfg.py:2609
2025-08-26 20:02:22.982 168516 DEBUG oslo_service.service [req-2b8683b9-2476-43c1-af61-a1d9ed9358e5 - - - - -] compute.image_type_exclude_list = [] log_opt_values /usr/lib/python3/dist-packages/oslo_config/cfg.py:2609
2025-08-26 20:02:22.982 168516 DEBUG oslo_service.service [req-2b8683b9-2476-43c1-af61-a1d9ed9358e5 - - - - -] compute.live_migration_wait_for_vif_plug = True log_opt_values /usr/lib/python3/dist-packages/oslo_config/cfg.py:2609
2025-08-26 20:02:22.982 168516 DEBUG oslo_service.service [req-2b8683b9-2476-43c1-af61-a1d9ed9358e5 - - - - -] compute.max_concurrent_disk_ops = 0 log_opt_values /usr/lib/python3/dist-packages/oslo_config/cfg.py:2609
2025-08-26 20:02:22.983 168516 DEBUG oslo_service.service [req-2b8683b9-2476-43c1-af61-a1d9ed9358e5 - - - - -] compute.max_disk_devices_to_attach = -1 log_opt_values /usr/lib/python3/dist-packages/oslo_config/cfg.py:2609
2025-08-26 20:02:22.983 168516 DEBUG oslo_service.service [req-2b8683b9-2476-43c1-af61-a1d9ed9358e5 - - - - -] compute.packing_host_numa_cells_allocation_strategy = True log_opt_values /usr/lib/python3/dist-packages/oslo_config/cfg.py:2609
2025-08-26 20:02:22.983 168516 DEBUG oslo_service.service [req-2b8683b9-2476-43c1-af61-a1d9ed9358e5 - - - - -] compute.provider_config_location = /etc/nova/provider_config/ log_opt_values /usr/lib/python3/dist-packages/oslo_config/cfg.py:2609
2025-08-26 20:02:22.983 168516 DEBUG oslo_service.service [req-2b8683b9-2476-43c1-af61-a1d9ed9358e5 - - - - -] compute.resource_provider_association_refresh = 300 log_opt_values /usr/lib/python3/dist-packages/oslo_config/cfg.py:2609
2025-08-26 20:02:22.983 168516 DEBUG oslo_service.service [req-2b8683b9-2476-43c1-af61-a1d9ed9358e5 - - - - -] compute.shutdown_retry_interval = 10 log_opt_values /usr/lib/python3/dist-packages/oslo_config/cfg.py:2609
2025-08-26 20:02:22.983 168516 DEBUG oslo_service.service [req-2b8683b9-2476-43c1-af61-a1d9ed9358e5 - - - - -] compute.vmdk_allowed_types = ['streamOptimized', 'monolithicSparse'] log_opt_values /usr/lib/python3/dist-packages/oslo_config/cfg.py:2609
2025-08-26 20:02:22.984 168516 DEBUG oslo_service.service [req-2b8683b9-2476-43c1-af61-a1d9ed9358e5 - - - - -] conductor.workers = 4 log_opt_values /usr/lib/python3/dist-packages/oslo_config/cfg.py:2609
2025-08-26 20:02:22.984 168516 DEBUG oslo_service.service [req-2b8683b9-2476-43c1-af61-a1d9ed9358e5 - - - - -] console.allowed_origins = [] log_opt_values /usr/lib/python3/dist-packages/oslo_config/cfg.py:2609
2025-08-26 20:02:22.984 168516 DEBUG oslo_service.service [req-2b8683b9-2476-43c1-af61-a1d9ed9358e5 - - - - -] console.ssl_ciphers = None log_opt_values /usr/lib/python3/dist-packages/oslo_config/cfg.py:2609
2025-08-26 20:02:22.985 168516 DEBUG oslo_service.service [req-2b8683b9-2476-43c1-af61-a1d9ed9358e5 - - - - -] console.ssl_minimum_version = default log_opt_values /usr/lib/python3/dist-packages/oslo_config/cfg.py:2609
2025-08-26 20:02:22.985 168516 DEBUG oslo_service.service [req-2b8683b9-2476-43c1-af61-a1d9ed9358e5 - - - - -] consoleauth.token_ttl = 600 log_opt_values /usr/lib/python3/dist-packages/oslo_config/cfg.py:2609
2025-08-26 20:02:22.986 168516 DEBUG oslo_service.service [req-2b8683b9-2476-43c1-af61-a1d9ed9358e5 - - - - -] cyborg.cafile = None log_opt_values /usr/lib/python3/dist-packages/oslo_config/cfg.py:2609
2025-08-26 20:02:22.986 168516 DEBUG oslo_service.service [req-2b8683b9-2476-43c1-af61-a1d9ed9358e5 - - - - -] cyborg.certfile = None log_opt_values /usr/lib/python3/dist-packages/oslo_config/cfg.py:2609
2025-08-26 20:02:22.986 168516 DEBUG oslo_service.service [req-2b8683b9-2476-43c1-af61-a1d9ed9358e5 - - - - -] cyborg.collect_timing = False log_opt_values /usr/lib/python3/dist-packages/oslo_config/cfg.py:2609
2025-08-26 20:02:22.986 168516 DEBUG oslo_service.service [req-2b8683b9-2476-43c1-af61-a1d9ed9358e5 - - - - -] cyborg.connect_retries = None log_opt_values /usr/lib/python3/dist-packages/oslo_config/cfg.py:2609
2025-08-26 20:02:22.986 168516 DEBUG oslo_service.service [req-2b8683b9-2476-43c1-af61-a1d9ed9358e5 - - - - -] cyborg.connect_retry_delay = None log_opt_values /usr/lib/python3/dist-packages/oslo_config/cfg.py:2609
2025-08-26 20:02:22.987 168516 DEBUG oslo_service.service [req-2b8683b9-2476-43c1-af61-a1d9ed9358e5 - - - - -] cyborg.endpoint_override = None log_opt_values /usr/lib/python3/dist-packages/oslo_config/cfg.py:2609
2025-08-26 20:02:22.987 168516 DEBUG oslo_service.service [req-2b8683b9-2476-43c1-af61-a1d9ed9358e5 - - - - -] cyborg.insecure = False log_opt_values /usr/lib/python3/dist-packages/oslo_config/cfg.py:2609
2025-08-26 20:02:22.987 168516 DEBUG oslo_service.service [req-2b8683b9-2476-43c1-af61-a1d9ed9358e5 - - - - -] cyborg.keyfile = None log_opt_values /usr/lib/python3/dist-packages/oslo_config/cfg.py:2609
2025-08-26 20:02:22.987 168516 DEBUG oslo_service.service [req-2b8683b9-2476-43c1-af61-a1d9ed9358e5 - - - - -] cyborg.max_version = None log_opt_values /usr/lib/python3/dist-packages/oslo_config/cfg.py:2609
2025-08-26 20:02:22.987 168516 DEBUG oslo_service.service [req-2b8683b9-2476-43c1-af61-a1d9ed9358e5 - - - - -] cyborg.min_version = None log_opt_values /usr/lib/python3/dist-packages/oslo_config/cfg.py:2609
2025-08-26 20:02:22.987 168516 DEBUG oslo_service.service [req-2b8683b9-2476-43c1-af61-a1d9ed9358e5 - - - - -] cyborg.region_name = None log_opt_values /usr/lib/python3/dist-packages/oslo_config/cfg.py:2609
2025-08-26 20:02:22.988 168516 DEBUG oslo_service.service [req-2b8683b9-2476-43c1-af61-a1d9ed9358e5 - - - - -] cyborg.service_name = None log_opt_values /usr/lib/python3/dist-packages/oslo_config/cfg.py:2609
2025-08-26 20:02:22.988 168516 DEBUG oslo_service.service [req-2b8683b9-2476-43c1-af61-a1d9ed9358e5 - - - - -] cyborg.service_type = accelerator log_opt_values /usr/lib/python3/dist-packages/oslo_config/cfg.py:2609
2025-08-26 20:02:22.990 168516 DEBUG oslo_service.service [req-2b8683b9-2476-43c1-af61-a1d9ed9358e5 - - - - -] cyborg.split_loggers = False log_opt_values /usr/lib/python3/dist-packages/oslo_config/cfg.py:2609
2025-08-26 20:02:22.990 168516 DEBUG oslo_service.service [req-2b8683b9-2476-43c1-af61-a1d9ed9358e5 - - - - -] cyborg.status_code_retries = None log_opt_values /usr/lib/python3/dist-packages/oslo_config/cfg.py:2609
2025-08-26 20:02:22.990 168516 DEBUG oslo_service.service [req-2b8683b9-2476-43c1-af61-a1d9ed9358e5 - - - - -] cyborg.status_code_retry_delay = None log_opt_values /usr/lib/python3/dist-packages/oslo_config/cfg.py:2609
2025-08-26 20:02:22.991 168516 DEBUG oslo_service.service [req-2b8683b9-2476-43c1-af61-a1d9ed9358e5 - - - - -] cyborg.timeout = None log_opt_values /usr/lib/python3/dist-packages/oslo_config/cfg.py:2609
2025-08-26 20:02:22.991 168857 DEBUG oslo_messaging._drivers.amqpdriver [-] Listener is running poll /usr/lib/python3/dist-packages/oslo_messaging/_drivers/amqpdriver.py:343
2025-08-26 20:02:22.991 168516 DEBUG oslo_service.service [req-2b8683b9-2476-43c1-af61-a1d9ed9358e5 - - - - -] cyborg.valid_interfaces = ['internal', 'public'] log_opt_values /usr/lib/python3/dist-packages/oslo_config/cfg.py:2609
2025-08-26 20:02:22.991 168857 DEBUG oslo_messaging._drivers.amqpdriver [-] AMQPListener connection consume poll /usr/lib/python3/dist-packages/oslo_messaging/_drivers/amqpdriver.py:357
2025-08-26 20:02:22.991 168516 DEBUG oslo_service.service [req-2b8683b9-2476-43c1-af61-a1d9ed9358e5 - - - - -] cyborg.version = None log_opt_values /usr/lib/python3/dist-packages/oslo_config/cfg.py:2609
2025-08-26 20:02:22.991 168516 DEBUG oslo_service.service [req-2b8683b9-2476-43c1-af61-a1d9ed9358e5 - - - - -] database.backend = sqlalchemy log_opt_values /usr/lib/python3/dist-packages/oslo_config/cfg.py:2609
2025-08-26 20:02:22.992 168857 DEBUG nova.service [req-f6fcf2aa-aaa3-41fe-b404-84afaa0c9d79 - - - - -] Join ServiceGroup membership for this service scheduler start /usr/lib/python3/dist-packages/nova/service.py:199
2025-08-26 20:02:22.992 168516 DEBUG oslo_service.service [req-2b8683b9-2476-43c1-af61-a1d9ed9358e5 - - - - -] database.connection = **** log_opt_values /usr/lib/python3/dist-packages/oslo_config/cfg.py:2609
2025-08-26 20:02:22.992 168516 DEBUG oslo_service.service [req-2b8683b9-2476-43c1-af61-a1d9ed9358e5 - - - - -] database.connection_debug = 0 log_opt_values /usr/lib/python3/dist-packages/oslo_config/cfg.py:2609
2025-08-26 20:02:22.992 168857 DEBUG nova.servicegroup.drivers.db [req-f6fcf2aa-aaa3-41fe-b404-84afaa0c9d79 - - - - -] DB_Driver: join new ServiceGroup member juju-3b9a7d-0-lxd-7 to the scheduler group, service = join /usr/lib/python3/dist-packages/nova/servicegroup/drivers/db.py:44
2025-08-26 20:02:22.992 168516 DEBUG oslo_service.service [req-2b8683b9-2476-43c1-af61-a1d9ed9358e5 - - - - -] database.connection_parameters = log_opt_values /usr/lib/python3/dist-packages/oslo_config/cfg.py:2609
2025-08-26 20:02:22.992 168516 DEBUG oslo_service.service [req-2b8683b9-2476-43c1-af61-a1d9ed9358e5 - - - - -] database.connection_recycle_time = 3600 log_opt_values /usr/lib/python3/dist-packages/oslo_config/cfg.py:2609
2025-08-26 20:02:22.992 168516 DEBUG oslo_service.service [req-2b8683b9-2476-43c1-af61-a1d9ed9358e5 - - - - -] database.connection_trace = False log_opt_values /usr/lib/python3/dist-packages/oslo_config/cfg.py:2609
2025-08-26 20:02:22.993 168516 DEBUG oslo_service.service [req-2b8683b9-2476-43c1-af61-a1d9ed9358e5 - - - - -] database.db_inc_retry_interval = True log_opt_values /usr/lib/python3/dist-packages/oslo_config/cfg.py:2609
2025-08-26 20:02:22.993 168516 DEBUG oslo_service.service [req-2b8683b9-2476-43c1-af61-a1d9ed9358e5 - - - - -] database.db_max_retries = 20 log_opt_values /usr/lib/python3/dist-packages/oslo_config/cfg.py:2609
2025-08-26 20:02:22.993 168516 DEBUG oslo_service.service [req-2b8683b9-2476-43c1-af61-a1d9ed9358e5 - - - - -] database.db_max_retry_interval = 10 log_opt_values /usr/lib/python3/dist-packages/oslo_config/cfg.py:2609
2025-08-26 20:02:22.993 168516 DEBUG oslo_service.service [req-2b8683b9-2476-43c1-af61-a1d9ed9358e5 - - - - -] database.db_retry_interval = 1 log_opt_values /usr/lib/python3/dist-packages/oslo_config/cfg.py:2609
2025-08-26 20:02:22.993 168516 DEBUG oslo_service.service [req-2b8683b9-2476-43c1-af61-a1d9ed9358e5 - - - - -] database.max_overflow = 50 log_opt_values /usr/lib/python3/dist-packages/oslo_config/cfg.py:2609
2025-08-26 20:02:22.994 168516 DEBUG oslo_service.service [req-2b8683b9-2476-43c1-af61-a1d9ed9358e5 - - - - -] database.max_pool_size = 4 log_opt_values /usr/lib/python3/dist-packages/oslo_config/cfg.py:2609
2025-08-26 20:02:22.994 168516 DEBUG oslo_service.service [req-2b8683b9-2476-43c1-af61-a1d9ed9358e5 - - - - -] database.max_retries = 10 log_opt_values /usr/lib/python3/dist-packages/oslo_config/cfg.py:2609
2025-08-26 20:02:22.994 168516 DEBUG oslo_service.service [req-2b8683b9-2476-43c1-af61-a1d9ed9358e5 - - - - -] database.mysql_enable_ndb = False log_opt_values /usr/lib/python3/dist-packages/oslo_config/cfg.py:2609
2025-08-26 20:02:22.994 168857 DEBUG oslo_messaging._drivers.amqpdriver [-] AMQPListener connection timeout poll /usr/lib/python3/dist-packages/oslo_messaging/_drivers/amqpdriver.py:360
2025-08-26 20:02:22.994 168516 DEBUG oslo_service.service [req-2b8683b9-2476-43c1-af61-a1d9ed9358e5 - - - - -] database.mysql_sql_mode = TRADITIONAL log_opt_values /usr/lib/python3/dist-packages/oslo_config/cfg.py:2609
2025-08-26 20:02:22.994 168857 DEBUG oslo_messaging._drivers.amqpdriver [-] Listener is running poll /usr/lib/python3/dist-packages/oslo_messaging/_drivers/amqpdriver.py:343
2025-08-26 20:02:22.994 168857 DEBUG oslo_messaging._drivers.amqpdriver [-] AMQPListener connection consume poll /usr/lib/python3/dist-packages/oslo_messaging/_drivers/amqpdriver.py:357
2025-08-26 20:02:22.994 168516 DEBUG oslo_service.service [req-2b8683b9-2476-43c1-af61-a1d9ed9358e5 - - - - -] database.pool_timeout = None log_opt_values /usr/lib/python3/dist-packages/oslo_config/cfg.py:2609
2025-08-26 20:02:22.994 168516 DEBUG oslo_service.service [req-2b8683b9-2476-43c1-af61-a1d9ed9358e5 - - - - -] database.retry_interval = 10 log_opt_values /usr/lib/python3/dist-packages/oslo_config/cfg.py:2609
2025-08-26 20:02:22.995 168516 DEBUG oslo_service.service [req-2b8683b9-2476-43c1-af61-a1d9ed9358e5 - - - - -] database.slave_connection = **** log_opt_values /usr/lib/python3/dist-packages/oslo_config/cfg.py:2609
2025-08-26 20:02:22.995 168516 DEBUG oslo_service.service [req-2b8683b9-2476-43c1-af61-a1d9ed9358e5 - - - - -] database.sqlite_synchronous = True log_opt_values /usr/lib/python3/dist-packages/oslo_config/cfg.py:2609
2025-08-26 20:02:22.995 168516 DEBUG oslo_service.service [req-2b8683b9-2476-43c1-af61-a1d9ed9358e5 - - - - -] database.use_db_reconnect = False log_opt_values /usr/lib/python3/dist-packages/oslo_config/cfg.py:2609
2025-08-26 20:02:22.995 168516 DEBUG oslo_service.service [req-2b8683b9-2476-43c1-af61-a1d9ed9358e5 - - - - -] api_database.backend = sqlalchemy log_opt_values /usr/lib/python3/dist-packages/oslo_config/cfg.py:2609
2025-08-26 20:02:22.995 168516 DEBUG oslo_service.service [req-2b8683b9-2476-43c1-af61-a1d9ed9358e5 - - - - -] api_database.connection = **** log_opt_values /usr/lib/python3/dist-packages/oslo_config/cfg.py:2609
2025-08-26 20:02:22.995 168516 DEBUG oslo_service.service [req-2b8683b9-2476-43c1-af61-a1d9ed9358e5 - - - - -] api_database.connection_debug = 0 log_opt_values /usr/lib/python3/dist-packages/oslo_config/cfg.py:2609
2025-08-26 20:02:22.995 168516 DEBUG oslo_service.service [req-2b8683b9-2476-43c1-af61-a1d9ed9358e5 - - - - -] api_database.connection_parameters = log_opt_values /usr/lib/python3/dist-packages/oslo_config/cfg.py:2609
2025-08-26 20:02:22.996 168516 DEBUG oslo_service.service [req-2b8683b9-2476-43c1-af61-a1d9ed9358e5 - - - - -] api_database.connection_recycle_time = 3600 log_opt_values /usr/lib/python3/dist-packages/oslo_config/cfg.py:2609
2025-08-26 20:02:22.996 168516 DEBUG oslo_service.service [req-2b8683b9-2476-43c1-af61-a1d9ed9358e5 - - - - -] api_database.connection_trace = False log_opt_values /usr/lib/python3/dist-packages/oslo_config/cfg.py:2609
2025-08-26 20:02:22.996 168516 DEBUG oslo_service.service [req-2b8683b9-2476-43c1-af61-a1d9ed9358e5 - - - - -] api_database.db_inc_retry_interval = True log_opt_values /usr/lib/python3/dist-packages/oslo_config/cfg.py:2609
2025-08-26 20:02:22.996 168516 DEBUG oslo_service.service [req-2b8683b9-2476-43c1-af61-a1d9ed9358e5 - - - - -] api_database.db_max_retries = 20 log_opt_values /usr/lib/python3/dist-packages/oslo_config/cfg.py:2609
2025-08-26 20:02:22.996 168516 DEBUG oslo_service.service [req-2b8683b9-2476-43c1-af61-a1d9ed9358e5 - - - - -] api_database.db_max_retry_interval = 10 log_opt_values /usr/lib/python3/dist-packages/oslo_config/cfg.py:2609
2025-08-26 20:02:22.996 168516 DEBUG oslo_service.service [req-2b8683b9-2476-43c1-af61-a1d9ed9358e5 - - - - -] api_database.db_retry_interval = 1 log_opt_values /usr/lib/python3/dist-packages/oslo_config/cfg.py:2609
2025-08-26 20:02:22.997 168516 DEBUG oslo_service.service [req-2b8683b9-2476-43c1-af61-a1d9ed9358e5 - - - - -] api_database.max_overflow = 50 log_opt_values /usr/lib/python3/dist-packages/oslo_config/cfg.py:2609
2025-08-26 20:02:22.997 168516 DEBUG oslo_service.service [req-2b8683b9-2476-43c1-af61-a1d9ed9358e5 - - - - -] api_database.max_pool_size = 4 log_opt_values /usr/lib/python3/dist-packages/oslo_config/cfg.py:2609
2025-08-26 20:02:22.997 168516 DEBUG oslo_service.service [req-2b8683b9-2476-43c1-af61-a1d9ed9358e5 - - - - -] api_database.max_retries = 10 log_opt_values /usr/lib/python3/dist-packages/oslo_config/cfg.py:2609
2025-08-26 20:02:22.997 168516 DEBUG oslo_service.service [req-2b8683b9-2476-43c1-af61-a1d9ed9358e5 - - - - -] api_database.mysql_enable_ndb = False log_opt_values /usr/lib/python3/dist-packages/oslo_config/cfg.py:2609
2025-08-26 20:02:22.997 168516 DEBUG oslo_service.service [req-2b8683b9-2476-43c1-af61-a1d9ed9358e5 - - - - -] api_database.mysql_sql_mode = TRADITIONAL log_opt_values /usr/lib/python3/dist-packages/oslo_config/cfg.py:2609
2025-08-26 20:02:22.997 168516 DEBUG oslo_service.service [req-2b8683b9-2476-43c1-af61-a1d9ed9358e5 - - - - -] api_database.pool_timeout = None log_opt_values /usr/lib/python3/dist-packages/oslo_config/cfg.py:2609
2025-08-26 20:02:22.997 168516 DEBUG oslo_service.service [req-2b8683b9-2476-43c1-af61-a1d9ed9358e5 - - - - -] api_database.retry_interval = 10 log_opt_values /usr/lib/python3/dist-packages/oslo_config/cfg.py:2609
2025-08-26 20:02:22.998 168516 DEBUG oslo_service.service [req-2b8683b9-2476-43c1-af61-a1d9ed9358e5 - - - - -] api_database.slave_connection = **** log_opt_values /usr/lib/python3/dist-packages/oslo_config/cfg.py:2609
2025-08-26 20:02:22.998 168516 DEBUG oslo_service.service [req-2b8683b9-2476-43c1-af61-a1d9ed9358e5 - - - - -] api_database.sqlite_synchronous = True log_opt_values /usr/lib/python3/dist-packages/oslo_config/cfg.py:2609
2025-08-26 20:02:22.998 168516 DEBUG oslo_service.service [req-2b8683b9-2476-43c1-af61-a1d9ed9358e5 - - - - -] devices.enabled_mdev_types = [] log_opt_values /usr/lib/python3/dist-packages/oslo_config/cfg.py:2609
2025-08-26 20:02:22.998 168516 DEBUG oslo_service.service [req-2b8683b9-2476-43c1-af61-a1d9ed9358e5 - - - - -] ephemeral_storage_encryption.cipher = aes-xts-plain64 log_opt_values /usr/lib/python3/dist-packages/oslo_config/cfg.py:2609
2025-08-26 20:02:22.998 168516 DEBUG oslo_service.service [req-2b8683b9-2476-43c1-af61-a1d9ed9358e5 - - - - -] ephemeral_storage_encryption.enabled = False log_opt_values /usr/lib/python3/dist-packages/oslo_config/cfg.py:2609
2025-08-26 20:02:22.998 168516 DEBUG oslo_service.service [req-2b8683b9-2476-43c1-af61-a1d9ed9358e5 - - - - -] ephemeral_storage_encryption.key_size = 512 log_opt_values /usr/lib/python3/dist-packages/oslo_config/cfg.py:2609
2025-08-26 20:02:22.999 168516 WARNING oslo_config.cfg [req-2b8683b9-2476-43c1-af61-a1d9ed9358e5 - - - - -] Deprecated: Option "api_servers" from group "glance" is deprecated for removal ( Support for image service configuration via standard keystoneauth1 Adapter options was added in the 17.0.0 Queens release. The api_servers option was retained temporarily to allow consumers time to cut over to a real load balancing solution. ). Its value may be silently ignored in the future.
2025-08-26 20:02:22.999 168516 DEBUG oslo_service.service [req-2b8683b9-2476-43c1-af61-a1d9ed9358e5 - - - - -] glance.api_servers = ['http://252.19.0.36:9292'] log_opt_values /usr/lib/python3/dist-packages/oslo_config/cfg.py:2609
2025-08-26 20:02:22.999 168516 DEBUG oslo_service.service [req-2b8683b9-2476-43c1-af61-a1d9ed9358e5 - - - - -] glance.cafile = None log_opt_values /usr/lib/python3/dist-packages/oslo_config/cfg.py:2609
2025-08-26 20:02:22.999 168516 DEBUG oslo_service.service [req-2b8683b9-2476-43c1-af61-a1d9ed9358e5 - - - - -] glance.certfile = None log_opt_values /usr/lib/python3/dist-packages/oslo_config/cfg.py:2609
2025-08-26 20:02:22.999 168516 DEBUG oslo_service.service [req-2b8683b9-2476-43c1-af61-a1d9ed9358e5 - - - - -] glance.collect_timing = False log_opt_values /usr/lib/python3/dist-packages/oslo_config/cfg.py:2609
2025-08-26 20:02:23.000 168516 DEBUG oslo_service.service [req-2b8683b9-2476-43c1-af61-a1d9ed9358e5 - - - - -] glance.connect_retries = None log_opt_values /usr/lib/python3/dist-packages/oslo_config/cfg.py:2609
2025-08-26 20:02:23.000 168516 DEBUG oslo_service.service [req-2b8683b9-2476-43c1-af61-a1d9ed9358e5 - - - - -] glance.connect_retry_delay = None log_opt_values /usr/lib/python3/dist-packages/oslo_config/cfg.py:2609
2025-08-26 20:02:23.000 168516 DEBUG oslo_service.service [req-2b8683b9-2476-43c1-af61-a1d9ed9358e5 - - - - -] glance.debug = False log_opt_values /usr/lib/python3/dist-packages/oslo_config/cfg.py:2609
2025-08-26 20:02:23.000 168516 DEBUG oslo_service.service [req-2b8683b9-2476-43c1-af61-a1d9ed9358e5 - - - - -] glance.default_trusted_certificate_ids = [] log_opt_values /usr/lib/python3/dist-packages/oslo_config/cfg.py:2609
2025-08-26 20:02:23.000 168516 DEBUG oslo_service.service [req-2b8683b9-2476-43c1-af61-a1d9ed9358e5 - - - - -] glance.enable_certificate_validation = False log_opt_values /usr/lib/python3/dist-packages/oslo_config/cfg.py:2609
2025-08-26 20:02:23.000 168516 DEBUG oslo_service.service [req-2b8683b9-2476-43c1-af61-a1d9ed9358e5 - - - - -] glance.enable_rbd_download = False log_opt_values /usr/lib/python3/dist-packages/oslo_config/cfg.py:2609
2025-08-26 20:02:23.001 168516 DEBUG oslo_service.service [req-2b8683b9-2476-43c1-af61-a1d9ed9358e5 - - - - -] glance.endpoint_override = None log_opt_values /usr/lib/python3/dist-packages/oslo_config/cfg.py:2609
2025-08-26 20:02:23.001 168516 DEBUG oslo_service.service [req-2b8683b9-2476-43c1-af61-a1d9ed9358e5 - - - - -] glance.insecure = False log_opt_values /usr/lib/python3/dist-packages/oslo_config/cfg.py:2609
2025-08-26 20:02:23.001 168516 DEBUG oslo_service.service [req-2b8683b9-2476-43c1-af61-a1d9ed9358e5 - - - - -] glance.keyfile = None log_opt_values /usr/lib/python3/dist-packages/oslo_config/cfg.py:2609
2025-08-26 20:02:23.001 168516 DEBUG oslo_service.service [req-2b8683b9-2476-43c1-af61-a1d9ed9358e5 - - - - -] glance.max_version = None log_opt_values /usr/lib/python3/dist-packages/oslo_config/cfg.py:2609
2025-08-26 20:02:23.001 168516 DEBUG oslo_service.service [req-2b8683b9-2476-43c1-af61-a1d9ed9358e5 - - - - -] glance.min_version = None log_opt_values /usr/lib/python3/dist-packages/oslo_config/cfg.py:2609
2025-08-26 20:02:23.001 168516 DEBUG oslo_service.service [req-2b8683b9-2476-43c1-af61-a1d9ed9358e5 - - - - -] glance.num_retries = 3 log_opt_values /usr/lib/python3/dist-packages/oslo_config/cfg.py:2609
2025-08-26 20:02:23.001 168516 DEBUG oslo_service.service [req-2b8683b9-2476-43c1-af61-a1d9ed9358e5 - - - - -] glance.rbd_ceph_conf = log_opt_values /usr/lib/python3/dist-packages/oslo_config/cfg.py:2609
2025-08-26 20:02:23.002 168516 DEBUG oslo_service.service [req-2b8683b9-2476-43c1-af61-a1d9ed9358e5 - - - - -] glance.rbd_connect_timeout = 5 log_opt_values /usr/lib/python3/dist-packages/oslo_config/cfg.py:2609
2025-08-26 20:02:23.002 168516 DEBUG oslo_service.service [req-2b8683b9-2476-43c1-af61-a1d9ed9358e5 - - - - -] glance.rbd_pool = log_opt_values /usr/lib/python3/dist-packages/oslo_config/cfg.py:2609
2025-08-26 20:02:23.002 168516 DEBUG oslo_service.service [req-2b8683b9-2476-43c1-af61-a1d9ed9358e5 - - - - -] glance.rbd_user = log_opt_values /usr/lib/python3/dist-packages/oslo_config/cfg.py:2609
2025-08-26 20:02:23.002 168516 DEBUG oslo_service.service [req-2b8683b9-2476-43c1-af61-a1d9ed9358e5 - - - - -] glance.region_name = None log_opt_values /usr/lib/python3/dist-packages/oslo_config/cfg.py:2609
2025-08-26 20:02:23.002 168516 DEBUG oslo_service.service [req-2b8683b9-2476-43c1-af61-a1d9ed9358e5 - - - - -] glance.service_name = None log_opt_values /usr/lib/python3/dist-packages/oslo_config/cfg.py:2609
2025-08-26 20:02:23.002 168516 DEBUG oslo_service.service [req-2b8683b9-2476-43c1-af61-a1d9ed9358e5 - - - - -] glance.service_type = image log_opt_values /usr/lib/python3/dist-packages/oslo_config/cfg.py:2609
2025-08-26 20:02:23.003 168516 DEBUG oslo_service.service [req-2b8683b9-2476-43c1-af61-a1d9ed9358e5 - - - - -] glance.split_loggers = False log_opt_values /usr/lib/python3/dist-packages/oslo_config/cfg.py:2609
2025-08-26 20:02:23.003 168516 DEBUG oslo_service.service [req-2b8683b9-2476-43c1-af61-a1d9ed9358e5 - - - - -] glance.status_code_retries = None log_opt_values /usr/lib/python3/dist-packages/oslo_config/cfg.py:2609
2025-08-26 20:02:23.003 168516 DEBUG oslo_service.service [req-2b8683b9-2476-43c1-af61-a1d9ed9358e5 - - - - -] glance.status_code_retry_delay = None log_opt_values /usr/lib/python3/dist-packages/oslo_config/cfg.py:2609
2025-08-26 20:02:23.003 168516 DEBUG oslo_service.service [req-2b8683b9-2476-43c1-af61-a1d9ed9358e5 - - - - -] glance.timeout = None log_opt_values /usr/lib/python3/dist-packages/oslo_config/cfg.py:2609
2025-08-26 20:02:23.003 168516 DEBUG oslo_service.service [req-2b8683b9-2476-43c1-af61-a1d9ed9358e5 - - - - -] glance.valid_interfaces = ['internal', 'public'] log_opt_values /usr/lib/python3/dist-packages/oslo_config/cfg.py:2609
2025-08-26 20:02:23.003 168516 DEBUG oslo_service.service [req-2b8683b9-2476-43c1-af61-a1d9ed9358e5 - - - - -] glance.verify_glance_signatures = False log_opt_values /usr/lib/python3/dist-packages/oslo_config/cfg.py:2609
2025-08-26 20:02:23.004 168516 DEBUG oslo_service.service [req-2b8683b9-2476-43c1-af61-a1d9ed9358e5 - - - - -] glance.version = None log_opt_values /usr/lib/python3/dist-packages/oslo_config/cfg.py:2609
2025-08-26 20:02:23.004 168516 DEBUG oslo_service.service [req-2b8683b9-2476-43c1-af61-a1d9ed9358e5 - - - - -] guestfs.debug = False log_opt_values /usr/lib/python3/dist-packages/oslo_config/cfg.py:2609
2025-08-26 20:02:23.004 168516 DEBUG oslo_service.service [req-2b8683b9-2476-43c1-af61-a1d9ed9358e5 - - - - -] hyperv.config_drive_cdrom = False log_opt_values /usr/lib/python3/dist-packages/oslo_config/cfg.py:2609
2025-08-26 20:02:23.004 168516 DEBUG oslo_service.service [req-2b8683b9-2476-43c1-af61-a1d9ed9358e5 - - - - -] hyperv.config_drive_inject_password = False log_opt_values /usr/lib/python3/dist-packages/oslo_config/cfg.py:2609
2025-08-26 20:02:23.004 168516 DEBUG oslo_service.service [req-2b8683b9-2476-43c1-af61-a1d9ed9358e5 - - - - -] hyperv.dynamic_memory_ratio = 1.0 log_opt_values /usr/lib/python3/dist-packages/oslo_config/cfg.py:2609
2025-08-26 20:02:23.004 168516 DEBUG oslo_service.service [req-2b8683b9-2476-43c1-af61-a1d9ed9358e5 - - - - -] hyperv.enable_instance_metrics_collection = False log_opt_values /usr/lib/python3/dist-packages/oslo_config/cfg.py:2609
2025-08-26 20:02:23.005 168516 DEBUG oslo_service.service [req-2b8683b9-2476-43c1-af61-a1d9ed9358e5 - - - - -] hyperv.enable_remotefx = False log_opt_values /usr/lib/python3/dist-packages/oslo_config/cfg.py:2609
2025-08-26 20:02:23.005 168516 DEBUG oslo_service.service [req-2b8683b9-2476-43c1-af61-a1d9ed9358e5 - - - - -] hyperv.instances_path_share = log_opt_values /usr/lib/python3/dist-packages/oslo_config/cfg.py:2609
2025-08-26 20:02:23.005 168516 DEBUG oslo_service.service [req-2b8683b9-2476-43c1-af61-a1d9ed9358e5 - - - - -] hyperv.iscsi_initiator_list = [] log_opt_values /usr/lib/python3/dist-packages/oslo_config/cfg.py:2609
2025-08-26 20:02:23.005 168516 DEBUG oslo_service.service [req-2b8683b9-2476-43c1-af61-a1d9ed9358e5 - - - - -] hyperv.limit_cpu_features = False log_opt_values /usr/lib/python3/dist-packages/oslo_config/cfg.py:2609
2025-08-26 20:02:23.005 168516 DEBUG oslo_service.service [req-2b8683b9-2476-43c1-af61-a1d9ed9358e5 - - - - -] hyperv.mounted_disk_query_retry_count = 10 log_opt_values /usr/lib/python3/dist-packages/oslo_config/cfg.py:2609
2025-08-26 20:02:23.005 168516 DEBUG oslo_service.service [req-2b8683b9-2476-43c1-af61-a1d9ed9358e5 - - - - -] hyperv.mounted_disk_query_retry_interval = 5 log_opt_values /usr/lib/python3/dist-packages/oslo_config/cfg.py:2609
2025-08-26 20:02:23.006 168516 DEBUG oslo_service.service [req-2b8683b9-2476-43c1-af61-a1d9ed9358e5 - - - - -] hyperv.power_state_check_timeframe = 60 log_opt_values /usr/lib/python3/dist-packages/oslo_config/cfg.py:2609
2025-08-26 20:02:23.006 168516 DEBUG oslo_service.service [req-2b8683b9-2476-43c1-af61-a1d9ed9358e5 - - - - -] hyperv.power_state_event_polling_interval = 2 log_opt_values /usr/lib/python3/dist-packages/oslo_config/cfg.py:2609
2025-08-26 20:02:23.006 168516 DEBUG oslo_service.service [req-2b8683b9-2476-43c1-af61-a1d9ed9358e5 - - - - -] hyperv.qemu_img_cmd = qemu-img.exe log_opt_values /usr/lib/python3/dist-packages/oslo_config/cfg.py:2609
2025-08-26 20:02:23.006 168516 DEBUG oslo_service.service [req-2b8683b9-2476-43c1-af61-a1d9ed9358e5 - - - - -] hyperv.use_multipath_io = False log_opt_values /usr/lib/python3/dist-packages/oslo_config/cfg.py:2609
2025-08-26 20:02:23.006 168516 DEBUG oslo_service.service [req-2b8683b9-2476-43c1-af61-a1d9ed9358e5 - - - - -] hyperv.volume_attach_retry_count = 10 log_opt_values /usr/lib/python3/dist-packages/oslo_config/cfg.py:2609
2025-08-26 20:02:23.006 168516 DEBUG oslo_service.service [req-2b8683b9-2476-43c1-af61-a1d9ed9358e5 - - - - -] hyperv.volume_attach_retry_interval = 5 log_opt_values /usr/lib/python3/dist-packages/oslo_config/cfg.py:2609
2025-08-26 20:02:23.006 168516 DEBUG oslo_service.service [req-2b8683b9-2476-43c1-af61-a1d9ed9358e5 - - - - -] hyperv.vswitch_name = None log_opt_values /usr/lib/python3/dist-packages/oslo_config/cfg.py:2609
2025-08-26 20:02:23.007 168516 DEBUG oslo_service.service [req-2b8683b9-2476-43c1-af61-a1d9ed9358e5 - - - - -] hyperv.wait_soft_reboot_seconds = 60 log_opt_values /usr/lib/python3/dist-packages/oslo_config/cfg.py:2609
2025-08-26 20:02:23.007 168516 DEBUG oslo_service.service [req-2b8683b9-2476-43c1-af61-a1d9ed9358e5 - - - - -] mks.enabled = False log_opt_values /usr/lib/python3/dist-packages/oslo_config/cfg.py:2609
2025-08-26 20:02:23.007 168516 DEBUG oslo_service.service [req-2b8683b9-2476-43c1-af61-a1d9ed9358e5 - - - - -] mks.mksproxy_base_url = http://127.0.0.1:6090/ log_opt_values /usr/lib/python3/dist-packages/oslo_config/cfg.py:2609
2025-08-26 20:02:23.008 168516 DEBUG oslo_service.service [req-2b8683b9-2476-43c1-af61-a1d9ed9358e5 - - - - -] image_cache.manager_interval = 2400 log_opt_values /usr/lib/python3/dist-packages/oslo_config/cfg.py:2609
2025-08-26 20:02:23.008 168516 DEBUG oslo_service.service [req-2b8683b9-2476-43c1-af61-a1d9ed9358e5 - - - - -] image_cache.precache_concurrency = 1 log_opt_values /usr/lib/python3/dist-packages/oslo_config/cfg.py:2609
2025-08-26 20:02:23.008 168516 DEBUG oslo_service.service [req-2b8683b9-2476-43c1-af61-a1d9ed9358e5 - - - - -] image_cache.remove_unused_base_images = True log_opt_values /usr/lib/python3/dist-packages/oslo_config/cfg.py:2609
2025-08-26 20:02:23.008 168516 DEBUG oslo_service.service [req-2b8683b9-2476-43c1-af61-a1d9ed9358e5 - - - - -] image_cache.remove_unused_original_minimum_age_seconds = 86400 log_opt_values /usr/lib/python3/dist-packages/oslo_config/cfg.py:2609
2025-08-26 20:02:23.008 168516 DEBUG oslo_service.service [req-2b8683b9-2476-43c1-af61-a1d9ed9358e5 - - - - -] image_cache.remove_unused_resized_minimum_age_seconds = 3600 log_opt_values /usr/lib/python3/dist-packages/oslo_config/cfg.py:2609
