2025-08-26 20:02:09.061 162808 DEBUG oslo_service.service [req-e1013673-c8b1-46b0-a226-a28551e40000 - - - - -] oslo_limit.timeout = None log_opt_values /usr/lib/python3/dist-packages/oslo_config/cfg.py:2609
2025-08-26 20:02:09.061 162808 DEBUG oslo_service.service [req-e1013673-c8b1-46b0-a226-a28551e40000 - - - - -] oslo_limit.valid_interfaces = None log_opt_values /usr/lib/python3/dist-packages/oslo_config/cfg.py:2609
2025-08-26 20:02:09.061 162808 DEBUG oslo_service.service [req-e1013673-c8b1-46b0-a226-a28551e40000 - - - - -] oslo_limit.version = None log_opt_values /usr/lib/python3/dist-packages/oslo_config/cfg.py:2609
2025-08-26 20:02:09.062 162808 DEBUG oslo_service.service [req-e1013673-c8b1-46b0-a226-a28551e40000 - - - - -] oslo_reports.file_event_handler = None log_opt_values /usr/lib/python3/dist-packages/oslo_config/cfg.py:2609
2025-08-26 20:02:09.062 162808 DEBUG oslo_service.service [req-e1013673-c8b1-46b0-a226-a28551e40000 - - - - -] oslo_reports.file_event_handler_interval = 1 log_opt_values /usr/lib/python3/dist-packages/oslo_config/cfg.py:2609
2025-08-26 20:02:09.062 162808 DEBUG oslo_service.service [req-e1013673-c8b1-46b0-a226-a28551e40000 - - - - -] oslo_reports.log_dir = None log_opt_values /usr/lib/python3/dist-packages/oslo_config/cfg.py:2609
2025-08-26 20:02:09.062 162808 DEBUG oslo_service.service [req-e1013673-c8b1-46b0-a226-a28551e40000 - - - - -] ******************************************************************************** log_opt_values /usr/lib/python3/dist-packages/oslo_config/cfg.py:2613
2025-08-26 20:02:09.945 163410 DEBUG oslo_messaging._drivers.amqpdriver [-] AMQPListener connection timeout poll /usr/lib/python3/dist-packages/oslo_messaging/_drivers/amqpdriver.py:360
2025-08-26 20:02:09.945 163410 DEBUG oslo_messaging._drivers.amqpdriver [-] Listener is running poll /usr/lib/python3/dist-packages/oslo_messaging/_drivers/amqpdriver.py:343
2025-08-26 20:02:09.945 163410 DEBUG oslo_messaging._drivers.amqpdriver [-] AMQPListener connection consume poll /usr/lib/python3/dist-packages/oslo_messaging/_drivers/amqpdriver.py:357
2025-08-26 20:02:09.951 163407 DEBUG oslo_messaging._drivers.amqpdriver [-] AMQPListener connection timeout poll /usr/lib/python3/dist-packages/oslo_messaging/_drivers/amqpdriver.py:360
2025-08-26 20:02:09.951 163407 DEBUG oslo_messaging._drivers.amqpdriver [-] Listener is running poll /usr/lib/python3/dist-packages/oslo_messaging/_drivers/amqpdriver.py:343
2025-08-26 20:02:09.951 163407 DEBUG oslo_messaging._drivers.amqpdriver [-] AMQPListener connection consume poll /usr/lib/python3/dist-packages/oslo_messaging/_drivers/amqpdriver.py:357
2025-08-26 20:02:09.967 163409 DEBUG oslo_messaging._drivers.amqpdriver [-] AMQPListener connection timeout poll /usr/lib/python3/dist-packages/oslo_messaging/_drivers/amqpdriver.py:360
2025-08-26 20:02:09.967 163400 DEBUG oslo_messaging._drivers.amqpdriver [-] AMQPListener connection timeout poll /usr/lib/python3/dist-packages/oslo_messaging/_drivers/amqpdriver.py:360
2025-08-26 20:02:09.967 163409 DEBUG oslo_messaging._drivers.amqpdriver [-] Listener is running poll /usr/lib/python3/dist-packages/oslo_messaging/_drivers/amqpdriver.py:343
2025-08-26 20:02:09.967 163409 DEBUG oslo_messaging._drivers.amqpdriver [-] AMQPListener connection consume poll /usr/lib/python3/dist-packages/oslo_messaging/_drivers/amqpdriver.py:357
2025-08-26 20:02:09.967 163400 DEBUG oslo_messaging._drivers.amqpdriver [-] Listener is running poll /usr/lib/python3/dist-packages/oslo_messaging/_drivers/amqpdriver.py:343
2025-08-26 20:02:09.967 163400 DEBUG oslo_messaging._drivers.amqpdriver [-] AMQPListener connection consume poll /usr/lib/python3/dist-packages/oslo_messaging/_drivers/amqpdriver.py:357
2025-08-26 20:02:11.947 163410 DEBUG oslo_messaging._drivers.amqpdriver [-] AMQPListener connection timeout poll /usr/lib/python3/dist-packages/oslo_messaging/_drivers/amqpdriver.py:360
2025-08-26 20:02:11.947 163410 DEBUG oslo_messaging._drivers.amqpdriver [-] Listener is running poll /usr/lib/python3/dist-packages/oslo_messaging/_drivers/amqpdriver.py:343
2025-08-26 20:02:11.948 163410 DEBUG oslo_messaging._drivers.amqpdriver [-] AMQPListener connection consume poll /usr/lib/python3/dist-packages/oslo_messaging/_drivers/amqpdriver.py:357
2025-08-26 20:02:11.954 163407 DEBUG oslo_messaging._drivers.amqpdriver [-] AMQPListener connection timeout poll /usr/lib/python3/dist-packages/oslo_messaging/_drivers/amqpdriver.py:360
2025-08-26 20:02:11.954 163407 DEBUG oslo_messaging._drivers.amqpdriver [-] Listener is running poll /usr/lib/python3/dist-packages/oslo_messaging/_drivers/amqpdriver.py:343
2025-08-26 20:02:11.954 163407 DEBUG oslo_messaging._drivers.amqpdriver [-] AMQPListener connection consume poll /usr/lib/python3/dist-packages/oslo_messaging/_drivers/amqpdriver.py:357
2025-08-26 20:02:11.969 163400 DEBUG oslo_messaging._drivers.amqpdriver [-] AMQPListener connection timeout poll /usr/lib/python3/dist-packages/oslo_messaging/_drivers/amqpdriver.py:360
2025-08-26 20:02:11.969 163409 DEBUG oslo_messaging._drivers.amqpdriver [-] AMQPListener connection timeout poll /usr/lib/python3/dist-packages/oslo_messaging/_drivers/amqpdriver.py:360
2025-08-26 20:02:11.969 163400 DEBUG oslo_messaging._drivers.amqpdriver [-] Listener is running poll /usr/lib/python3/dist-packages/oslo_messaging/_drivers/amqpdriver.py:343
2025-08-26 20:02:11.969 163409 DEBUG oslo_messaging._drivers.amqpdriver [-] Listener is running poll /usr/lib/python3/dist-packages/oslo_messaging/_drivers/amqpdriver.py:343
2025-08-26 20:02:11.969 163400 DEBUG oslo_messaging._drivers.amqpdriver [-] AMQPListener connection consume poll /usr/lib/python3/dist-packages/oslo_messaging/_drivers/amqpdriver.py:357
2025-08-26 20:02:11.969 163409 DEBUG oslo_messaging._drivers.amqpdriver [-] AMQPListener connection consume poll /usr/lib/python3/dist-packages/oslo_messaging/_drivers/amqpdriver.py:357
2025-08-26 20:02:15.949 163410 DEBUG oslo_messaging._drivers.amqpdriver [-] AMQPListener connection timeout poll /usr/lib/python3/dist-packages/oslo_messaging/_drivers/amqpdriver.py:360
2025-08-26 20:02:15.949 163410 DEBUG oslo_messaging._drivers.amqpdriver [-] Listener is running poll /usr/lib/python3/dist-packages/oslo_messaging/_drivers/amqpdriver.py:343
2025-08-26 20:02:15.949 163410 DEBUG oslo_messaging._drivers.amqpdriver [-] AMQPListener connection consume poll /usr/lib/python3/dist-packages/oslo_messaging/_drivers/amqpdriver.py:357
2025-08-26 20:02:15.956 163407 DEBUG oslo_messaging._drivers.amqpdriver [-] AMQPListener connection timeout poll /usr/lib/python3/dist-packages/oslo_messaging/_drivers/amqpdriver.py:360
2025-08-26 20:02:15.957 163407 DEBUG oslo_messaging._drivers.amqpdriver [-] Listener is running poll /usr/lib/python3/dist-packages/oslo_messaging/_drivers/amqpdriver.py:343
2025-08-26 20:02:15.957 163407 DEBUG oslo_messaging._drivers.amqpdriver [-] AMQPListener connection consume poll /usr/lib/python3/dist-packages/oslo_messaging/_drivers/amqpdriver.py:357
2025-08-26 20:02:15.972 163400 DEBUG oslo_messaging._drivers.amqpdriver [-] AMQPListener connection timeout poll /usr/lib/python3/dist-packages/oslo_messaging/_drivers/amqpdriver.py:360
2025-08-26 20:02:15.972 163409 DEBUG oslo_messaging._drivers.amqpdriver [-] AMQPListener connection timeout poll /usr/lib/python3/dist-packages/oslo_messaging/_drivers/amqpdriver.py:360
2025-08-26 20:02:15.972 163400 DEBUG oslo_messaging._drivers.amqpdriver [-] Listener is running poll /usr/lib/python3/dist-packages/oslo_messaging/_drivers/amqpdriver.py:343
2025-08-26 20:02:15.972 163409 DEBUG oslo_messaging._drivers.amqpdriver [-] Listener is running poll /usr/lib/python3/dist-packages/oslo_messaging/_drivers/amqpdriver.py:343
2025-08-26 20:02:15.972 163400 DEBUG oslo_messaging._drivers.amqpdriver [-] AMQPListener connection consume poll /usr/lib/python3/dist-packages/oslo_messaging/_drivers/amqpdriver.py:357
2025-08-26 20:02:15.972 163409 DEBUG oslo_messaging._drivers.amqpdriver [-] AMQPListener connection consume poll /usr/lib/python3/dist-packages/oslo_messaging/_drivers/amqpdriver.py:357
2025-08-26 20:02:20.918 162808 INFO oslo_service.service [req-e1013673-c8b1-46b0-a226-a28551e40000 - - - - -] Caught SIGTERM, stopping children
2025-08-26 20:02:20.918 162808 DEBUG oslo_concurrency.lockutils [req-e1013673-c8b1-46b0-a226-a28551e40000 - - - - -] Acquired lock "singleton_lock" lock /usr/lib/python3/dist-packages/oslo_concurrency/lockutils.py:294
2025-08-26 20:02:20.919 162808 DEBUG oslo_concurrency.lockutils [req-e1013673-c8b1-46b0-a226-a28551e40000 - - - - -] Releasing lock "singleton_lock" lock /usr/lib/python3/dist-packages/oslo_concurrency/lockutils.py:312
2025-08-26 20:02:20.919 162808 DEBUG oslo_service.service [req-e1013673-c8b1-46b0-a226-a28551e40000 - - - - -] Stop services. stop /usr/lib/python3/dist-packages/oslo_service/service.py:695
2025-08-26 20:02:20.919 162808 DEBUG oslo_service.service [req-e1013673-c8b1-46b0-a226-a28551e40000 - - - - -] Killing children. stop /usr/lib/python3/dist-packages/oslo_service/service.py:700
2025-08-26 20:02:20.919 162808 INFO oslo_service.service [req-e1013673-c8b1-46b0-a226-a28551e40000 - - - - -] Waiting on 4 children to exit
2025-08-26 20:02:20.924 162808 INFO oslo_service.service [req-e1013673-c8b1-46b0-a226-a28551e40000 - - - - -] Child 163400 killed by signal 15
2025-08-26 20:02:20.926 162808 INFO oslo_service.service [req-e1013673-c8b1-46b0-a226-a28551e40000 - - - - -] Child 163410 killed by signal 15
2025-08-26 20:02:20.928 162808 INFO oslo_service.service [req-e1013673-c8b1-46b0-a226-a28551e40000 - - - - -] Child 163409 killed by signal 15
2025-08-26 20:02:20.931 162808 INFO oslo_service.service [req-e1013673-c8b1-46b0-a226-a28551e40000 - - - - -] Child 163407 killed by signal 15
2025-08-26 20:02:22.485 168516 DEBUG oslo_db.sqlalchemy.engines [req-4b927e5b-3deb-43e9-bee4-e6e46b30ae3e - - - - -] MySQL server mode set to STRICT_TRANS_TABLES,STRICT_ALL_TABLES,NO_ZERO_IN_DATE,NO_ZERO_DATE,ERROR_FOR_DIVISION_BY_ZERO,TRADITIONAL,NO_ENGINE_SUBSTITUTION _check_effective_sql_mode /usr/lib/python3/dist-packages/oslo_db/sqlalchemy/engines.py:314
2025-08-26 20:02:22.513 168516 DEBUG nova.scheduler.host_manager [req-4b927e5b-3deb-43e9-bee4-e6e46b30ae3e - - - - -] Found 1 cells: 329a07b8-4697-4923-8fef-514a1e1d35fd refresh_cells_caches /usr/lib/python3/dist-packages/nova/scheduler/host_manager.py:730
2025-08-26 20:02:22.513 168516 DEBUG nova.scheduler.host_manager [req-4b927e5b-3deb-43e9-bee4-e6e46b30ae3e - - - - -] Found 0 disabled cells: refresh_cells_caches /usr/lib/python3/dist-packages/nova/scheduler/host_manager.py:742
2025-08-26 20:02:22.518 168516 WARNING nova.scheduler.filters.availability_zone_filter [req-4b927e5b-3deb-43e9-bee4-e6e46b30ae3e - - - - -] The 'AvailabilityZoneFilter' is deprecated since the 24.0.0 (Xena) release. Since the 18.0.0 (Rocky) release, nova has supported mapping AZs to placement aggregates. The feature is enabled by the 'query_placement_for_availability_zone' config option and is now enabled by default. As such, the 'AvailabilityZoneFilter' is no longer required. Nova is currently configured to use both placement and the AvailabilityZoneFilter for AZ enforcement.
2025-08-26 20:02:22.588 168516 DEBUG nova.scheduler.host_manager [req-4b927e5b-3deb-43e9-bee4-e6e46b30ae3e - - - - -] START:_async_init_instance_info _async_init_instance_info /usr/lib/python3/dist-packages/nova/scheduler/host_manager.py:411
2025-08-26 20:02:22.590 168516 DEBUG oslo_concurrency.lockutils [req-6479e83a-bff2-420a-adc4-4344c9d29e68 - - - - -] Lock "329a07b8-4697-4923-8fef-514a1e1d35fd" acquired by "nova.context.set_target_cell..get_or_set_cached_cell_and_set_connections" :: waited 0.000s inner /usr/lib/python3/dist-packages/oslo_concurrency/lockutils.py:386
2025-08-26 20:02:22.591 168516 DEBUG oslo_concurrency.lockutils [req-6479e83a-bff2-420a-adc4-4344c9d29e68 - - - - -] Lock "329a07b8-4697-4923-8fef-514a1e1d35fd" "released" by "nova.context.set_target_cell..get_or_set_cached_cell_and_set_connections" :: held 0.001s inner /usr/lib/python3/dist-packages/oslo_concurrency/lockutils.py:400
2025-08-26 20:02:22.597 168516 DEBUG oslo_db.sqlalchemy.engines [req-6479e83a-bff2-420a-adc4-4344c9d29e68 - - - - -] MySQL server mode set to STRICT_TRANS_TABLES,STRICT_ALL_TABLES,NO_ZERO_IN_DATE,NO_ZERO_DATE,ERROR_FOR_DIVISION_BY_ZERO,TRADITIONAL,NO_ENGINE_SUBSTITUTION _check_effective_sql_mode /usr/lib/python3/dist-packages/oslo_db/sqlalchemy/engines.py:314
2025-08-26 20:02:22.606 168516 DEBUG nova.scheduler.host_manager [req-6479e83a-bff2-420a-adc4-4344c9d29e68 - - - - -] Total number of compute nodes: 1 _async_init_instance_info /usr/lib/python3/dist-packages/nova/scheduler/host_manager.py:424
2025-08-26 20:02:22.607 168516 DEBUG oslo_concurrency.lockutils [req-6479e83a-bff2-420a-adc4-4344c9d29e68 - - - - -] Lock "329a07b8-4697-4923-8fef-514a1e1d35fd" acquired by "nova.context.set_target_cell..get_or_set_cached_cell_and_set_connections" :: waited 0.000s inner /usr/lib/python3/dist-packages/oslo_concurrency/lockutils.py:386
2025-08-26 20:02:22.607 168516 DEBUG oslo_concurrency.lockutils [req-6479e83a-bff2-420a-adc4-4344c9d29e68 - - - - -] Lock "329a07b8-4697-4923-8fef-514a1e1d35fd" "released" by "nova.context.set_target_cell..get_or_set_cached_cell_and_set_connections" :: held 0.000s inner /usr/lib/python3/dist-packages/oslo_concurrency/lockutils.py:400
2025-08-26 20:02:22.674 168516 DEBUG nova.scheduler.host_manager [req-6479e83a-bff2-420a-adc4-4344c9d29e68 - - - - -] Adding 0 instances for hosts 10-20 _async_init_instance_info /usr/lib/python3/dist-packages/nova/scheduler/host_manager.py:443
2025-08-26 20:02:22.674 168516 DEBUG nova.scheduler.host_manager [req-6479e83a-bff2-420a-adc4-4344c9d29e68 - - - - -] END:_async_init_instance_info _async_init_instance_info /usr/lib/python3/dist-packages/nova/scheduler/host_manager.py:454
2025-08-26 20:02:22.893 168516 DEBUG nova.context [req-4b927e5b-3deb-43e9-bee4-e6e46b30ae3e - - - - -] Found 2 cells: 00000000-0000-0000-0000-000000000000(cell0),329a07b8-4697-4923-8fef-514a1e1d35fd(cell1) load_cells /usr/lib/python3/dist-packages/nova/context.py:464
2025-08-26 20:02:22.893 168516 DEBUG oslo_concurrency.lockutils [req-2b8683b9-2476-43c1-af61-a1d9ed9358e5 - - - - -] Lock "00000000-0000-0000-0000-000000000000" acquired by "nova.context.set_target_cell..get_or_set_cached_cell_and_set_connections" :: waited 0.000s inner /usr/lib/python3/dist-packages/oslo_concurrency/lockutils.py:386
2025-08-26 20:02:22.894 168516 DEBUG oslo_concurrency.lockutils [req-2b8683b9-2476-43c1-af61-a1d9ed9358e5 - - - - -] Lock "00000000-0000-0000-0000-000000000000" "released" by "nova.context.set_target_cell..get_or_set_cached_cell_and_set_connections" :: held 0.001s inner /usr/lib/python3/dist-packages/oslo_concurrency/lockutils.py:400
2025-08-26 20:02:22.894 168516 DEBUG oslo_concurrency.lockutils [req-2b8683b9-2476-43c1-af61-a1d9ed9358e5 - - - - -] Lock "329a07b8-4697-4923-8fef-514a1e1d35fd" acquired by "nova.context.set_target_cell..get_or_set_cached_cell_and_set_connections" :: waited 0.000s inner /usr/lib/python3/dist-packages/oslo_concurrency/lockutils.py:386
2025-08-26 20:02:22.894 168516 DEBUG oslo_concurrency.lockutils [req-2b8683b9-2476-43c1-af61-a1d9ed9358e5 - - - - -] Lock "329a07b8-4697-4923-8fef-514a1e1d35fd" "released" by "nova.context.set_target_cell..get_or_set_cached_cell_and_set_connections" :: held 0.000s inner /usr/lib/python3/dist-packages/oslo_concurrency/lockutils.py:400
2025-08-26 20:02:22.903 168516 DEBUG oslo_db.sqlalchemy.engines [req-2b8683b9-2476-43c1-af61-a1d9ed9358e5 - - - - -] MySQL server mode set to STRICT_TRANS_TABLES,STRICT_ALL_TABLES,NO_ZERO_IN_DATE,NO_ZERO_DATE,ERROR_FOR_DIVISION_BY_ZERO,TRADITIONAL,NO_ENGINE_SUBSTITUTION _check_effective_sql_mode /usr/lib/python3/dist-packages/oslo_db/sqlalchemy/engines.py:314
2025-08-26 20:02:22.910 168516 DEBUG oslo_concurrency.lockutils [req-2b8683b9-2476-43c1-af61-a1d9ed9358e5 - - - - -] Acquired lock "singleton_lock" lock /usr/lib/python3/dist-packages/oslo_concurrency/lockutils.py:294
2025-08-26 20:02:22.910 168516 DEBUG oslo_concurrency.lockutils [req-2b8683b9-2476-43c1-af61-a1d9ed9358e5 - - - - -] Releasing lock "singleton_lock" lock /usr/lib/python3/dist-packages/oslo_concurrency/lockutils.py:312
2025-08-26 20:02:22.911 168516 INFO oslo_service.service [req-2b8683b9-2476-43c1-af61-a1d9ed9358e5 - - - - -] Starting 4 workers
2025-08-26 20:02:22.914 168516 DEBUG oslo_service.service [req-2b8683b9-2476-43c1-af61-a1d9ed9358e5 - - - - -] Started child 168854 _start_child /usr/lib/python3/dist-packages/oslo_service/service.py:575
2025-08-26 20:02:22.918 168854 INFO nova.service [-] Starting scheduler node (version 25.2.1)
2025-08-26 20:02:22.918 168516 DEBUG oslo_service.service [req-2b8683b9-2476-43c1-af61-a1d9ed9358e5 - - - - -] Started child 168855 _start_child /usr/lib/python3/dist-packages/oslo_service/service.py:575
2025-08-26 20:02:22.922 168855 INFO nova.service [-] Starting scheduler node (version 25.2.1)
2025-08-26 20:02:22.921 168516 DEBUG oslo_service.service [req-2b8683b9-2476-43c1-af61-a1d9ed9358e5 - - - - -] Started child 168856 _start_child /usr/lib/python3/dist-packages/oslo_service/service.py:575
2025-08-26 20:02:22.924 168516 DEBUG oslo_service.service [req-2b8683b9-2476-43c1-af61-a1d9ed9358e5 - - - - -] Started child 168857 _start_child /usr/lib/python3/dist-packages/oslo_service/service.py:575
2025-08-26 20:02:22.926 168516 DEBUG oslo_service.service [req-2b8683b9-2476-43c1-af61-a1d9ed9358e5 - - - - -] Full set of CONF: wait /usr/lib/python3/dist-packages/oslo_service/service.py:649
2025-08-26 20:02:22.926 168516 DEBUG oslo_service.service [req-2b8683b9-2476-43c1-af61-a1d9ed9358e5 - - - - -] ******************************************************************************** log_opt_values /usr/lib/python3/dist-packages/oslo_config/cfg.py:2589
2025-08-26 20:02:22.926 168856 INFO nova.service [-] Starting scheduler node (version 25.2.1)
2025-08-26 20:02:22.926 168516 DEBUG oslo_service.service [req-2b8683b9-2476-43c1-af61-a1d9ed9358e5 - - - - -] Configuration options gathered from: log_opt_values /usr/lib/python3/dist-packages/oslo_config/cfg.py:2590
2025-08-26 20:02:22.926 168516 DEBUG oslo_service.service [req-2b8683b9-2476-43c1-af61-a1d9ed9358e5 - - - - -] command line args: ['--config-file=/etc/nova/nova.conf', '--log-file=/var/log/nova/nova-scheduler.log'] log_opt_values /usr/lib/python3/dist-packages/oslo_config/cfg.py:2591
2025-08-26 20:02:22.927 168516 DEBUG oslo_service.service [req-2b8683b9-2476-43c1-af61-a1d9ed9358e5 - - - - -] config files: ['/etc/nova/nova.conf'] log_opt_values /usr/lib/python3/dist-packages/oslo_config/cfg.py:2592
2025-08-26 20:02:22.927 168516 DEBUG oslo_service.service [req-2b8683b9-2476-43c1-af61-a1d9ed9358e5 - - - - -] ================================================================================ log_opt_values /usr/lib/python3/dist-packages/oslo_config/cfg.py:2594
2025-08-26 20:02:22.927 168516 DEBUG oslo_service.service [req-2b8683b9-2476-43c1-af61-a1d9ed9358e5 - - - - -] allow_resize_to_same_host = False log_opt_values /usr/lib/python3/dist-packages/oslo_config/cfg.py:2602
2025-08-26 20:02:22.927 168516 DEBUG oslo_service.service [req-2b8683b9-2476-43c1-af61-a1d9ed9358e5 - - - - -] arq_binding_timeout = 300 log_opt_values /usr/lib/python3/dist-packages/oslo_config/cfg.py:2602
2025-08-26 20:02:22.927 168854 DEBUG oslo_db.sqlalchemy.engines [req-ab6be2de-fc39-4326-ad03-0039a02e15ee - - - - -] MySQL server mode set to STRICT_TRANS_TABLES,STRICT_ALL_TABLES,NO_ZERO_IN_DATE,NO_ZERO_DATE,ERROR_FOR_DIVISION_BY_ZERO,TRADITIONAL,NO_ENGINE_SUBSTITUTION _check_effective_sql_mode /usr/lib/python3/dist-packages/oslo_db/sqlalchemy/engines.py:314
2025-08-26 20:02:22.927 168516 DEBUG oslo_service.service [req-2b8683b9-2476-43c1-af61-a1d9ed9358e5 - - - - -] block_device_allocate_retries = 60 log_opt_values /usr/lib/python3/dist-packages/oslo_config/cfg.py:2602
2025-08-26 20:02:22.928 168516 DEBUG oslo_service.service [req-2b8683b9-2476-43c1-af61-a1d9ed9358e5 - - - - -] block_device_allocate_retries_interval = 3 log_opt_values /usr/lib/python3/dist-packages/oslo_config/cfg.py:2602
2025-08-26 20:02:22.928 168516 DEBUG oslo_service.service [req-2b8683b9-2476-43c1-af61-a1d9ed9358e5 - - - - -] cert = self.pem log_opt_values /usr/lib/python3/dist-packages/oslo_config/cfg.py:2602
2025-08-26 20:02:22.928 168857 INFO nova.service [-] Starting scheduler node (version 25.2.1)
2025-08-26 20:02:22.928 168516 DEBUG oslo_service.service [req-2b8683b9-2476-43c1-af61-a1d9ed9358e5 - - - - -] compute_driver = libvirt.LibvirtDriver log_opt_values /usr/lib/python3/dist-packages/oslo_config/cfg.py:2602
2025-08-26 20:02:22.929 168516 DEBUG oslo_service.service [req-2b8683b9-2476-43c1-af61-a1d9ed9358e5 - - - - -] compute_monitors = [] log_opt_values /usr/lib/python3/dist-packages/oslo_config/cfg.py:2602
2025-08-26 20:02:22.929 168516 DEBUG oslo_service.service [req-2b8683b9-2476-43c1-af61-a1d9ed9358e5 - - - - -] config_dir = [] log_opt_values /usr/lib/python3/dist-packages/oslo_config/cfg.py:2602
2025-08-26 20:02:22.929 168516 DEBUG oslo_service.service [req-2b8683b9-2476-43c1-af61-a1d9ed9358e5 - - - - -] config_drive_format = iso9660 log_opt_values /usr/lib/python3/dist-packages/oslo_config/cfg.py:2602
2025-08-26 20:02:22.930 168516 DEBUG oslo_service.service [req-2b8683b9-2476-43c1-af61-a1d9ed9358e5 - - - - -] config_file = ['/etc/nova/nova.conf'] log_opt_values /usr/lib/python3/dist-packages/oslo_config/cfg.py:2602
2025-08-26 20:02:22.930 168516 DEBUG oslo_service.service [req-2b8683b9-2476-43c1-af61-a1d9ed9358e5 - - - - -] config_source = [] log_opt_values /usr/lib/python3/dist-packages/oslo_config/cfg.py:2602
2025-08-26 20:02:22.930 168516 DEBUG oslo_service.service [req-2b8683b9-2476-43c1-af61-a1d9ed9358e5 - - - - -] console_host = juju-3b9a7d-0-lxd-7 log_opt_values /usr/lib/python3/dist-packages/oslo_config/cfg.py:2602
2025-08-26 20:02:22.930 168516 DEBUG oslo_service.service [req-2b8683b9-2476-43c1-af61-a1d9ed9358e5 - - - - -] control_exchange = nova log_opt_values /usr/lib/python3/dist-packages/oslo_config/cfg.py:2602
2025-08-26 20:02:22.930 168516 DEBUG oslo_service.service [req-2b8683b9-2476-43c1-af61-a1d9ed9358e5 - - - - -] cpu_allocation_ratio = 2.0 log_opt_values /usr/lib/python3/dist-packages/oslo_config/cfg.py:2602
2025-08-26 20:02:22.931 168516 DEBUG oslo_service.service [req-2b8683b9-2476-43c1-af61-a1d9ed9358e5 - - - - -] daemon = False log_opt_values /usr/lib/python3/dist-packages/oslo_config/cfg.py:2602
2025-08-26 20:02:22.932 168516 DEBUG oslo_service.service [req-2b8683b9-2476-43c1-af61-a1d9ed9358e5 - - - - -] debug = True log_opt_values /usr/lib/python3/dist-packages/oslo_config/cfg.py:2602
2025-08-26 20:02:22.931 168855 DEBUG oslo_db.sqlalchemy.engines [req-174a1162-e54c-4747-9a2e-5dbd7960c955 - - - - -] MySQL server mode set to STRICT_TRANS_TABLES,STRICT_ALL_TABLES,NO_ZERO_IN_DATE,NO_ZERO_DATE,ERROR_FOR_DIVISION_BY_ZERO,TRADITIONAL,NO_ENGINE_SUBSTITUTION _check_effective_sql_mode /usr/lib/python3/dist-packages/oslo_db/sqlalchemy/engines.py:314
2025-08-26 20:02:22.932 168516 DEBUG oslo_service.service [req-2b8683b9-2476-43c1-af61-a1d9ed9358e5 - - - - -] default_access_ip_network_name = None log_opt_values /usr/lib/python3/dist-packages/oslo_config/cfg.py:2602
2025-08-26 20:02:22.932 168516 DEBUG oslo_service.service [req-2b8683b9-2476-43c1-af61-a1d9ed9358e5 - - - - -] default_availability_zone = nova log_opt_values /usr/lib/python3/dist-packages/oslo_config/cfg.py:2602
2025-08-26 20:02:22.933 168516 DEBUG oslo_service.service [req-2b8683b9-2476-43c1-af61-a1d9ed9358e5 - - - - -] default_ephemeral_format = None log_opt_values /usr/lib/python3/dist-packages/oslo_config/cfg.py:2602
2025-08-26 20:02:22.934 168516 DEBUG oslo_service.service [req-2b8683b9-2476-43c1-af61-a1d9ed9358e5 - - - - -] default_log_levels = ['amqp=WARN', 'amqplib=WARN', 'boto=WARN', 'qpid=WARN', 'sqlalchemy=WARN', 'suds=INFO', 'oslo.messaging=INFO', 'oslo_messaging=DEBUG', 'iso8601=WARN', 'requests.packages.urllib3.connectionpool=WARN', 'urllib3.connectionpool=WARN', 'websocket=WARN', 'requests.packages.urllib3.util.retry=WARN', 'urllib3.util.retry=WARN', 'keystonemiddleware=WARN', 'routes.middleware=WARN', 'stevedore=WARN', 'taskflow=WARN', 'keystoneauth=WARN', 'oslo.cache=INFO', 'dogpile.core.dogpile=INFO', 'glanceclient=WARN', 'oslo.privsep.daemon=INFO'] log_opt_values /usr/lib/python3/dist-packages/oslo_config/cfg.py:2602
2025-08-26 20:02:22.935 168516 DEBUG oslo_service.service [req-2b8683b9-2476-43c1-af61-a1d9ed9358e5 - - - - -] default_schedule_zone = None log_opt_values /usr/lib/python3/dist-packages/oslo_config/cfg.py:2602
2025-08-26 20:02:22.935 168516 DEBUG oslo_service.service [req-2b8683b9-2476-43c1-af61-a1d9ed9358e5 - - - - -] disk_allocation_ratio = 1.0 log_opt_values /usr/lib/python3/dist-packages/oslo_config/cfg.py:2602
2025-08-26 20:02:22.935 168516 DEBUG oslo_service.service [req-2b8683b9-2476-43c1-af61-a1d9ed9358e5 - - - - -] enable_new_services = True log_opt_values /usr/lib/python3/dist-packages/oslo_config/cfg.py:2602
2025-08-26 20:02:22.935 168516 DEBUG oslo_service.service [req-2b8683b9-2476-43c1-af61-a1d9ed9358e5 - - - - -] enabled_apis = ['osapi_compute', 'metadata'] log_opt_values /usr/lib/python3/dist-packages/oslo_config/cfg.py:2602
2025-08-26 20:02:22.936 168516 DEBUG oslo_service.service [req-2b8683b9-2476-43c1-af61-a1d9ed9358e5 - - - - -] enabled_ssl_apis = [] log_opt_values /usr/lib/python3/dist-packages/oslo_config/cfg.py:2602
2025-08-26 20:02:22.936 168516 DEBUG oslo_service.service [req-2b8683b9-2476-43c1-af61-a1d9ed9358e5 - - - - -] fatal_deprecations = False log_opt_values /usr/lib/python3/dist-packages/oslo_config/cfg.py:2602
2025-08-26 20:02:22.936 168516 DEBUG oslo_service.service [req-2b8683b9-2476-43c1-af61-a1d9ed9358e5 - - - - -] flat_injected = False log_opt_values /usr/lib/python3/dist-packages/oslo_config/cfg.py:2602
2025-08-26 20:02:22.936 168516 DEBUG oslo_service.service [req-2b8683b9-2476-43c1-af61-a1d9ed9358e5 - - - - -] force_config_drive = False log_opt_values /usr/lib/python3/dist-packages/oslo_config/cfg.py:2602
2025-08-26 20:02:22.936 168516 DEBUG oslo_service.service [req-2b8683b9-2476-43c1-af61-a1d9ed9358e5 - - - - -] force_raw_images = True log_opt_values /usr/lib/python3/dist-packages/oslo_config/cfg.py:2602
2025-08-26 20:02:22.936 168516 DEBUG oslo_service.service [req-2b8683b9-2476-43c1-af61-a1d9ed9358e5 - - - - -] graceful_shutdown_timeout = 60 log_opt_values /usr/lib/python3/dist-packages/oslo_config/cfg.py:2602
2025-08-26 20:02:22.937 168516 DEBUG oslo_service.service [req-2b8683b9-2476-43c1-af61-a1d9ed9358e5 - - - - -] heal_instance_info_cache_interval = 60 log_opt_values /usr/lib/python3/dist-packages/oslo_config/cfg.py:2602
2025-08-26 20:02:22.937 168516 DEBUG oslo_service.service [req-2b8683b9-2476-43c1-af61-a1d9ed9358e5 - - - - -] host = juju-3b9a7d-0-lxd-7 log_opt_values /usr/lib/python3/dist-packages/oslo_config/cfg.py:2602
2025-08-26 20:02:22.938 168516 DEBUG oslo_service.service [req-2b8683b9-2476-43c1-af61-a1d9ed9358e5 - - - - -] initial_cpu_allocation_ratio = 16.0 log_opt_values /usr/lib/python3/dist-packages/oslo_config/cfg.py:2602
2025-08-26 20:02:22.938 168516 DEBUG oslo_service.service [req-2b8683b9-2476-43c1-af61-a1d9ed9358e5 - - - - -] initial_disk_allocation_ratio = 1.0 log_opt_values /usr/lib/python3/dist-packages/oslo_config/cfg.py:2602
2025-08-26 20:02:22.938 168516 DEBUG oslo_service.service [req-2b8683b9-2476-43c1-af61-a1d9ed9358e5 - - - - -] initial_ram_allocation_ratio = 1.5 log_opt_values /usr/lib/python3/dist-packages/oslo_config/cfg.py:2602
2025-08-26 20:02:22.938 168516 DEBUG oslo_service.service [req-2b8683b9-2476-43c1-af61-a1d9ed9358e5 - - - - -] injected_network_template = /usr/lib/python3/dist-packages/nova/virt/interfaces.template log_opt_values /usr/lib/python3/dist-packages/oslo_config/cfg.py:2602
2025-08-26 20:02:22.938 168516 DEBUG oslo_service.service [req-2b8683b9-2476-43c1-af61-a1d9ed9358e5 - - - - -] instance_build_timeout = 0 log_opt_values /usr/lib/python3/dist-packages/oslo_config/cfg.py:2602
2025-08-26 20:02:22.939 168516 DEBUG oslo_service.service [req-2b8683b9-2476-43c1-af61-a1d9ed9358e5 - - - - -] instance_delete_interval = 300 log_opt_values /usr/lib/python3/dist-packages/oslo_config/cfg.py:2602
2025-08-26 20:02:22.939 168516 DEBUG oslo_service.service [req-2b8683b9-2476-43c1-af61-a1d9ed9358e5 - - - - -] instance_format = [instance: %(uuid)s] log_opt_values /usr/lib/python3/dist-packages/oslo_config/cfg.py:2602
2025-08-26 20:02:22.939 168516 DEBUG oslo_service.service [req-2b8683b9-2476-43c1-af61-a1d9ed9358e5 - - - - -] instance_name_template = instance-%08x log_opt_values /usr/lib/python3/dist-packages/oslo_config/cfg.py:2602
2025-08-26 20:02:22.939 168516 DEBUG oslo_service.service [req-2b8683b9-2476-43c1-af61-a1d9ed9358e5 - - - - -] instance_usage_audit = False log_opt_values /usr/lib/python3/dist-packages/oslo_config/cfg.py:2602
2025-08-26 20:02:22.939 168516 DEBUG oslo_service.service [req-2b8683b9-2476-43c1-af61-a1d9ed9358e5 - - - - -] instance_usage_audit_period = month log_opt_values /usr/lib/python3/dist-packages/oslo_config/cfg.py:2602
2025-08-26 20:02:22.939 168516 DEBUG oslo_service.service [req-2b8683b9-2476-43c1-af61-a1d9ed9358e5 - - - - -] instance_uuid_format = [instance: %(uuid)s] log_opt_values /usr/lib/python3/dist-packages/oslo_config/cfg.py:2602
2025-08-26 20:02:22.939 168856 DEBUG oslo_db.sqlalchemy.engines [req-811b311c-d6ec-4f56-8976-eeede0bf5061 - - - - -] MySQL server mode set to STRICT_TRANS_TABLES,STRICT_ALL_TABLES,NO_ZERO_IN_DATE,NO_ZERO_DATE,ERROR_FOR_DIVISION_BY_ZERO,TRADITIONAL,NO_ENGINE_SUBSTITUTION _check_effective_sql_mode /usr/lib/python3/dist-packages/oslo_db/sqlalchemy/engines.py:314
2025-08-26 20:02:22.940 168516 DEBUG oslo_service.service [req-2b8683b9-2476-43c1-af61-a1d9ed9358e5 - - - - -] instances_path = /var/lib/nova/instances log_opt_values /usr/lib/python3/dist-packages/oslo_config/cfg.py:2602
2025-08-26 20:02:22.939 168857 DEBUG oslo_db.sqlalchemy.engines [req-f6fcf2aa-aaa3-41fe-b404-84afaa0c9d79 - - - - -] MySQL server mode set to STRICT_TRANS_TABLES,STRICT_ALL_TABLES,NO_ZERO_IN_DATE,NO_ZERO_DATE,ERROR_FOR_DIVISION_BY_ZERO,TRADITIONAL,NO_ENGINE_SUBSTITUTION _check_effective_sql_mode /usr/lib/python3/dist-packages/oslo_db/sqlalchemy/engines.py:314
2025-08-26 20:02:22.940 168516 DEBUG oslo_service.service [req-2b8683b9-2476-43c1-af61-a1d9ed9358e5 - - - - -] internal_service_availability_zone = internal log_opt_values /usr/lib/python3/dist-packages/oslo_config/cfg.py:2602
2025-08-26 20:02:22.940 168854 DEBUG nova.service [req-ab6be2de-fc39-4326-ad03-0039a02e15ee - - - - -] Creating RPC server for service scheduler start /usr/lib/python3/dist-packages/nova/service.py:182
2025-08-26 20:02:22.940 168516 DEBUG oslo_service.service [req-2b8683b9-2476-43c1-af61-a1d9ed9358e5 - - - - -] key = None log_opt_values /usr/lib/python3/dist-packages/oslo_config/cfg.py:2602
2025-08-26 20:02:22.941 168516 DEBUG oslo_service.service [req-2b8683b9-2476-43c1-af61-a1d9ed9358e5 - - - - -] live_migration_retry_count = 30 log_opt_values /usr/lib/python3/dist-packages/oslo_config/cfg.py:2602
2025-08-26 20:02:22.941 168516 DEBUG oslo_service.service [req-2b8683b9-2476-43c1-af61-a1d9ed9358e5 - - - - -] log_config_append = None log_opt_values /usr/lib/python3/dist-packages/oslo_config/cfg.py:2602
2025-08-26 20:02:22.941 168516 DEBUG oslo_service.service [req-2b8683b9-2476-43c1-af61-a1d9ed9358e5 - - - - -] log_date_format = %Y-%m-%d %H:%M:%S log_opt_values /usr/lib/python3/dist-packages/oslo_config/cfg.py:2602
2025-08-26 20:02:22.941 168516 DEBUG oslo_service.service [req-2b8683b9-2476-43c1-af61-a1d9ed9358e5 - - - - -] log_dir = /var/log/nova log_opt_values /usr/lib/python3/dist-packages/oslo_config/cfg.py:2602
2025-08-26 20:02:22.941 168516 DEBUG oslo_service.service [req-2b8683b9-2476-43c1-af61-a1d9ed9358e5 - - - - -] log_file = /var/log/nova/nova-scheduler.log log_opt_values /usr/lib/python3/dist-packages/oslo_config/cfg.py:2602
2025-08-26 20:02:22.941 168516 DEBUG oslo_service.service [req-2b8683b9-2476-43c1-af61-a1d9ed9358e5 - - - - -] log_options = True log_opt_values /usr/lib/python3/dist-packages/oslo_config/cfg.py:2602
2025-08-26 20:02:22.941 168516 DEBUG oslo_service.service [req-2b8683b9-2476-43c1-af61-a1d9ed9358e5 - - - - -] log_rotate_interval = 1 log_opt_values /usr/lib/python3/dist-packages/oslo_config/cfg.py:2602
2025-08-26 20:02:22.942 168516 DEBUG oslo_service.service [req-2b8683b9-2476-43c1-af61-a1d9ed9358e5 - - - - -] log_rotate_interval_type = days log_opt_values /usr/lib/python3/dist-packages/oslo_config/cfg.py:2602
2025-08-26 20:02:22.942 168516 DEBUG oslo_service.service [req-2b8683b9-2476-43c1-af61-a1d9ed9358e5 - - - - -] log_rotation_type = none log_opt_values /usr/lib/python3/dist-packages/oslo_config/cfg.py:2602
2025-08-26 20:02:22.942 168516 DEBUG oslo_service.service [req-2b8683b9-2476-43c1-af61-a1d9ed9358e5 - - - - -] logging_context_format_string = %(asctime)s.%(msecs)03d %(process)d %(levelname)s %(name)s [%(request_id)s %(user_identity)s] %(instance)s%(message)s log_opt_values /usr/lib/python3/dist-packages/oslo_config/cfg.py:2602
2025-08-26 20:02:22.942 168516 DEBUG oslo_service.service [req-2b8683b9-2476-43c1-af61-a1d9ed9358e5 - - - - -] logging_debug_format_suffix = %(funcName)s %(pathname)s:%(lineno)d log_opt_values /usr/lib/python3/dist-packages/oslo_config/cfg.py:2602
2025-08-26 20:02:22.942 168516 DEBUG oslo_service.service [req-2b8683b9-2476-43c1-af61-a1d9ed9358e5 - - - - -] logging_default_format_string = %(asctime)s.%(msecs)03d %(process)d %(levelname)s %(name)s [-] %(instance)s%(message)s log_opt_values /usr/lib/python3/dist-packages/oslo_config/cfg.py:2602
2025-08-26 20:02:22.942 168516 DEBUG oslo_service.service [req-2b8683b9-2476-43c1-af61-a1d9ed9358e5 - - - - -] logging_exception_prefix = %(asctime)s.%(msecs)03d %(process)d ERROR %(name)s %(instance)s log_opt_values /usr/lib/python3/dist-packages/oslo_config/cfg.py:2602
2025-08-26 20:02:22.943 168516 DEBUG oslo_service.service [req-2b8683b9-2476-43c1-af61-a1d9ed9358e5 - - - - -] logging_user_identity_format = %(user)s %(project)s %(domain)s %(user_domain)s %(project_domain)s log_opt_values /usr/lib/python3/dist-packages/oslo_config/cfg.py:2602
2025-08-26 20:02:22.943 168516 DEBUG oslo_service.service [req-2b8683b9-2476-43c1-af61-a1d9ed9358e5 - - - - -] long_rpc_timeout = 1800 log_opt_values /usr/lib/python3/dist-packages/oslo_config/cfg.py:2602
2025-08-26 20:02:22.943 168516 DEBUG oslo_service.service [req-2b8683b9-2476-43c1-af61-a1d9ed9358e5 - - - - -] max_concurrent_builds = 10 log_opt_values /usr/lib/python3/dist-packages/oslo_config/cfg.py:2602
2025-08-26 20:02:22.943 168516 DEBUG oslo_service.service [req-2b8683b9-2476-43c1-af61-a1d9ed9358e5 - - - - -] max_concurrent_live_migrations = 1 log_opt_values /usr/lib/python3/dist-packages/oslo_config/cfg.py:2602
2025-08-26 20:02:22.943 168516 DEBUG oslo_service.service [req-2b8683b9-2476-43c1-af61-a1d9ed9358e5 - - - - -] max_concurrent_snapshots = 5 log_opt_values /usr/lib/python3/dist-packages/oslo_config/cfg.py:2602
2025-08-26 20:02:22.944 168516 DEBUG oslo_service.service [req-2b8683b9-2476-43c1-af61-a1d9ed9358e5 - - - - -] max_local_block_devices = 3 log_opt_values /usr/lib/python3/dist-packages/oslo_config/cfg.py:2602
2025-08-26 20:02:22.944 168516 DEBUG oslo_service.service [req-2b8683b9-2476-43c1-af61-a1d9ed9358e5 - - - - -] max_logfile_count = 30 log_opt_values /usr/lib/python3/dist-packages/oslo_config/cfg.py:2602
2025-08-26 20:02:22.944 168516 DEBUG oslo_service.service [req-2b8683b9-2476-43c1-af61-a1d9ed9358e5 - - - - -] max_logfile_size_mb = 200 log_opt_values /usr/lib/python3/dist-packages/oslo_config/cfg.py:2602
2025-08-26 20:02:22.944 168516 DEBUG oslo_service.service [req-2b8683b9-2476-43c1-af61-a1d9ed9358e5 - - - - -] maximum_instance_delete_attempts = 5 log_opt_values /usr/lib/python3/dist-packages/oslo_config/cfg.py:2602
2025-08-26 20:02:22.944 168516 DEBUG oslo_service.service [req-2b8683b9-2476-43c1-af61-a1d9ed9358e5 - - - - -] metadata_listen = 0.0.0.0 log_opt_values /usr/lib/python3/dist-packages/oslo_config/cfg.py:2602
2025-08-26 20:02:22.945 168516 DEBUG oslo_service.service [req-2b8683b9-2476-43c1-af61-a1d9ed9358e5 - - - - -] metadata_listen_port = 8765 log_opt_values /usr/lib/python3/dist-packages/oslo_config/cfg.py:2602
2025-08-26 20:02:22.945 168516 DEBUG oslo_service.service [req-2b8683b9-2476-43c1-af61-a1d9ed9358e5 - - - - -] metadata_workers = None log_opt_values /usr/lib/python3/dist-packages/oslo_config/cfg.py:2602
2025-08-26 20:02:22.945 168516 DEBUG oslo_service.service [req-2b8683b9-2476-43c1-af61-a1d9ed9358e5 - - - - -] migrate_max_retries = -1 log_opt_values /usr/lib/python3/dist-packages/oslo_config/cfg.py:2602
2025-08-26 20:02:22.945 168516 DEBUG oslo_service.service [req-2b8683b9-2476-43c1-af61-a1d9ed9358e5 - - - - -] mkisofs_cmd = genisoimage log_opt_values /usr/lib/python3/dist-packages/oslo_config/cfg.py:2602
2025-08-26 20:02:22.946 168516 DEBUG oslo_service.service [req-2b8683b9-2476-43c1-af61-a1d9ed9358e5 - - - - -] my_block_storage_ip = 252.19.248.204 log_opt_values /usr/lib/python3/dist-packages/oslo_config/cfg.py:2602
2025-08-26 20:02:22.946 168516 DEBUG oslo_service.service [req-2b8683b9-2476-43c1-af61-a1d9ed9358e5 - - - - -] my_ip = 252.19.248.204 log_opt_values /usr/lib/python3/dist-packages/oslo_config/cfg.py:2602
2025-08-26 20:02:22.946 168516 DEBUG oslo_service.service [req-2b8683b9-2476-43c1-af61-a1d9ed9358e5 - - - - -] network_allocate_retries = 0 log_opt_values /usr/lib/python3/dist-packages/oslo_config/cfg.py:2602
2025-08-26 20:02:22.946 168855 DEBUG nova.service [req-174a1162-e54c-4747-9a2e-5dbd7960c955 - - - - -] Creating RPC server for service scheduler start /usr/lib/python3/dist-packages/nova/service.py:182
2025-08-26 20:02:22.946 168516 DEBUG oslo_service.service [req-2b8683b9-2476-43c1-af61-a1d9ed9358e5 - - - - -] non_inheritable_image_properties = ['cache_in_nova', 'bittorrent'] log_opt_values /usr/lib/python3/dist-packages/oslo_config/cfg.py:2602
2025-08-26 20:02:22.946 168516 DEBUG oslo_service.service [req-2b8683b9-2476-43c1-af61-a1d9ed9358e5 - - - - -] osapi_compute_listen = 0.0.0.0 log_opt_values /usr/lib/python3/dist-packages/oslo_config/cfg.py:2602
2025-08-26 20:02:22.946 168516 DEBUG oslo_service.service [req-2b8683b9-2476-43c1-af61-a1d9ed9358e5 - - - - -] osapi_compute_listen_port = 8764 log_opt_values /usr/lib/python3/dist-packages/oslo_config/cfg.py:2602
2025-08-26 20:02:22.947 168516 DEBUG oslo_service.service [req-2b8683b9-2476-43c1-af61-a1d9ed9358e5 - - - - -] osapi_compute_unique_server_name_scope = log_opt_values /usr/lib/python3/dist-packages/oslo_config/cfg.py:2602
2025-08-26 20:02:22.947 168516 DEBUG oslo_service.service [req-2b8683b9-2476-43c1-af61-a1d9ed9358e5 - - - - -] osapi_compute_workers = 4 log_opt_values /usr/lib/python3/dist-packages/oslo_config/cfg.py:2602
2025-08-26 20:02:22.947 168516 DEBUG oslo_service.service [req-2b8683b9-2476-43c1-af61-a1d9ed9358e5 - - - - -] password_length = 12 log_opt_values /usr/lib/python3/dist-packages/oslo_config/cfg.py:2602
2025-08-26 20:02:22.947 168516 DEBUG oslo_service.service [req-2b8683b9-2476-43c1-af61-a1d9ed9358e5 - - - - -] periodic_enable = True log_opt_values /usr/lib/python3/dist-packages/oslo_config/cfg.py:2602
2025-08-26 20:02:22.947 168516 DEBUG oslo_service.service [req-2b8683b9-2476-43c1-af61-a1d9ed9358e5 - - - - -] periodic_fuzzy_delay = 60 log_opt_values /usr/lib/python3/dist-packages/oslo_config/cfg.py:2602
2025-08-26 20:02:22.947 168516 DEBUG oslo_service.service [req-2b8683b9-2476-43c1-af61-a1d9ed9358e5 - - - - -] pointer_model = usbtablet log_opt_values /usr/lib/python3/dist-packages/oslo_config/cfg.py:2602
2025-08-26 20:02:22.948 168516 DEBUG oslo_service.service [req-2b8683b9-2476-43c1-af61-a1d9ed9358e5 - - - - -] preallocate_images = none log_opt_values /usr/lib/python3/dist-packages/oslo_config/cfg.py:2602
2025-08-26 20:02:22.948 168516 DEBUG oslo_service.service [req-2b8683b9-2476-43c1-af61-a1d9ed9358e5 - - - - -] publish_errors = False log_opt_values /usr/lib/python3/dist-packages/oslo_config/cfg.py:2602
2025-08-26 20:02:22.948 168516 DEBUG oslo_service.service [req-2b8683b9-2476-43c1-af61-a1d9ed9358e5 - - - - -] pybasedir = /usr/lib/python3/dist-packages log_opt_values /usr/lib/python3/dist-packages/oslo_config/cfg.py:2602
2025-08-26 20:02:22.948 168516 DEBUG oslo_service.service [req-2b8683b9-2476-43c1-af61-a1d9ed9358e5 - - - - -] ram_allocation_ratio = 0.98 log_opt_values /usr/lib/python3/dist-packages/oslo_config/cfg.py:2602
2025-08-26 20:02:22.948 168516 DEBUG oslo_service.service [req-2b8683b9-2476-43c1-af61-a1d9ed9358e5 - - - - -] rate_limit_burst = 0 log_opt_values /usr/lib/python3/dist-packages/oslo_config/cfg.py:2602
2025-08-26 20:02:22.948 168516 DEBUG oslo_service.service [req-2b8683b9-2476-43c1-af61-a1d9ed9358e5 - - - - -] rate_limit_except_level = CRITICAL log_opt_values /usr/lib/python3/dist-packages/oslo_config/cfg.py:2602
2025-08-26 20:02:22.948 168516 DEBUG oslo_service.service [req-2b8683b9-2476-43c1-af61-a1d9ed9358e5 - - - - -] rate_limit_interval = 0 log_opt_values /usr/lib/python3/dist-packages/oslo_config/cfg.py:2602
2025-08-26 20:02:22.949 168516 DEBUG oslo_service.service [req-2b8683b9-2476-43c1-af61-a1d9ed9358e5 - - - - -] reboot_timeout = 0 log_opt_values /usr/lib/python3/dist-packages/oslo_config/cfg.py:2602
2025-08-26 20:02:22.949 168516 DEBUG oslo_service.service [req-2b8683b9-2476-43c1-af61-a1d9ed9358e5 - - - - -] reclaim_instance_interval = 0 log_opt_values /usr/lib/python3/dist-packages/oslo_config/cfg.py:2602
2025-08-26 20:02:22.949 168516 DEBUG oslo_service.service [req-2b8683b9-2476-43c1-af61-a1d9ed9358e5 - - - - -] record = None log_opt_values /usr/lib/python3/dist-packages/oslo_config/cfg.py:2602
2025-08-26 20:02:22.949 168516 DEBUG oslo_service.service [req-2b8683b9-2476-43c1-af61-a1d9ed9358e5 - - - - -] report_interval = 10 log_opt_values /usr/lib/python3/dist-packages/oslo_config/cfg.py:2602
2025-08-26 20:02:22.949 168516 DEBUG oslo_service.service [req-2b8683b9-2476-43c1-af61-a1d9ed9358e5 - - - - -] rescue_timeout = 0 log_opt_values /usr/lib/python3/dist-packages/oslo_config/cfg.py:2602
2025-08-26 20:02:22.949 168516 DEBUG oslo_service.service [req-2b8683b9-2476-43c1-af61-a1d9ed9358e5 - - - - -] reserved_host_cpus = 0 log_opt_values /usr/lib/python3/dist-packages/oslo_config/cfg.py:2602
2025-08-26 20:02:22.950 168516 DEBUG oslo_service.service [req-2b8683b9-2476-43c1-af61-a1d9ed9358e5 - - - - -] reserved_host_disk_mb = 0 log_opt_values /usr/lib/python3/dist-packages/oslo_config/cfg.py:2602
2025-08-26 20:02:22.950 168516 DEBUG oslo_service.service [req-2b8683b9-2476-43c1-af61-a1d9ed9358e5 - - - - -] reserved_host_memory_mb = 512 log_opt_values /usr/lib/python3/dist-packages/oslo_config/cfg.py:2602
2025-08-26 20:02:22.950 168516 DEBUG oslo_service.service [req-2b8683b9-2476-43c1-af61-a1d9ed9358e5 - - - - -] reserved_huge_pages = None log_opt_values /usr/lib/python3/dist-packages/oslo_config/cfg.py:2602
2025-08-26 20:02:22.950 168516 DEBUG oslo_service.service [req-2b8683b9-2476-43c1-af61-a1d9ed9358e5 - - - - -] resize_confirm_window = 0 log_opt_values /usr/lib/python3/dist-packages/oslo_config/cfg.py:2602
2025-08-26 20:02:22.950 168516 DEBUG oslo_service.service [req-2b8683b9-2476-43c1-af61-a1d9ed9358e5 - - - - -] resize_fs_using_block_device = False log_opt_values /usr/lib/python3/dist-packages/oslo_config/cfg.py:2602
2025-08-26 20:02:22.950 168516 DEBUG oslo_service.service [req-2b8683b9-2476-43c1-af61-a1d9ed9358e5 - - - - -] resume_guests_state_on_host_boot = False log_opt_values /usr/lib/python3/dist-packages/oslo_config/cfg.py:2602
2025-08-26 20:02:22.951 168516 DEBUG oslo_service.service [req-2b8683b9-2476-43c1-af61-a1d9ed9358e5 - - - - -] rootwrap_config = /etc/nova/rootwrap.conf log_opt_values /usr/lib/python3/dist-packages/oslo_config/cfg.py:2602
2025-08-26 20:02:22.952 168516 DEBUG oslo_service.service [req-2b8683b9-2476-43c1-af61-a1d9ed9358e5 - - - - -] run_external_periodic_tasks = True log_opt_values /usr/lib/python3/dist-packages/oslo_config/cfg.py:2602
2025-08-26 20:02:22.952 168516 DEBUG oslo_service.service [req-2b8683b9-2476-43c1-af61-a1d9ed9358e5 - - - - -] running_deleted_instance_action = reap log_opt_values /usr/lib/python3/dist-packages/oslo_config/cfg.py:2602
2025-08-26 20:02:22.952 168516 DEBUG oslo_service.service [req-2b8683b9-2476-43c1-af61-a1d9ed9358e5 - - - - -] running_deleted_instance_poll_interval = 1800 log_opt_values /usr/lib/python3/dist-packages/oslo_config/cfg.py:2602
2025-08-26 20:02:22.952 168516 DEBUG oslo_service.service [req-2b8683b9-2476-43c1-af61-a1d9ed9358e5 - - - - -] running_deleted_instance_timeout = 0 log_opt_values /usr/lib/python3/dist-packages/oslo_config/cfg.py:2602
2025-08-26 20:02:22.953 168516 DEBUG oslo_service.service [req-2b8683b9-2476-43c1-af61-a1d9ed9358e5 - - - - -] scheduler_instance_sync_interval = 120 log_opt_values /usr/lib/python3/dist-packages/oslo_config/cfg.py:2602
2025-08-26 20:02:22.953 168516 DEBUG oslo_service.service [req-2b8683b9-2476-43c1-af61-a1d9ed9358e5 - - - - -] service_down_time = 60 log_opt_values /usr/lib/python3/dist-packages/oslo_config/cfg.py:2602
2025-08-26 20:02:22.953 168856 DEBUG nova.service [req-811b311c-d6ec-4f56-8976-eeede0bf5061 - - - - -] Creating RPC server for service scheduler start /usr/lib/python3/dist-packages/nova/service.py:182
2025-08-26 20:02:22.953 168516 DEBUG oslo_service.service [req-2b8683b9-2476-43c1-af61-a1d9ed9358e5 - - - - -] servicegroup_driver = db log_opt_values /usr/lib/python3/dist-packages/oslo_config/cfg.py:2602
2025-08-26 20:02:22.954 168516 DEBUG oslo_service.service [req-2b8683b9-2476-43c1-af61-a1d9ed9358e5 - - - - -] shelved_offload_time = 0 log_opt_values /usr/lib/python3/dist-packages/oslo_config/cfg.py:2602
2025-08-26 20:02:22.954 168516 DEBUG oslo_service.service [req-2b8683b9-2476-43c1-af61-a1d9ed9358e5 - - - - -] shelved_poll_interval = 3600 log_opt_values /usr/lib/python3/dist-packages/oslo_config/cfg.py:2602
2025-08-26 20:02:22.954 168516 DEBUG oslo_service.service [req-2b8683b9-2476-43c1-af61-a1d9ed9358e5 - - - - -] shutdown_timeout = 60 log_opt_values /usr/lib/python3/dist-packages/oslo_config/cfg.py:2602
2025-08-26 20:02:22.954 168516 DEBUG oslo_service.service [req-2b8683b9-2476-43c1-af61-a1d9ed9358e5 - - - - -] source_is_ipv6 = False log_opt_values /usr/lib/python3/dist-packages/oslo_config/cfg.py:2602
2025-08-26 20:02:22.955 168516 DEBUG oslo_service.service [req-2b8683b9-2476-43c1-af61-a1d9ed9358e5 - - - - -] ssl_only = False log_opt_values /usr/lib/python3/dist-packages/oslo_config/cfg.py:2602
2025-08-26 20:02:22.955 168516 DEBUG oslo_service.service [req-2b8683b9-2476-43c1-af61-a1d9ed9358e5 - - - - -] state_path = /var/lib/nova log_opt_values /usr/lib/python3/dist-packages/oslo_config/cfg.py:2602
2025-08-26 20:02:22.955 168516 DEBUG oslo_service.service [req-2b8683b9-2476-43c1-af61-a1d9ed9358e5 - - - - -] sync_power_state_interval = 600 log_opt_values /usr/lib/python3/dist-packages/oslo_config/cfg.py:2602
2025-08-26 20:02:22.955 168516 DEBUG oslo_service.service [req-2b8683b9-2476-43c1-af61-a1d9ed9358e5 - - - - -] sync_power_state_pool_size = 1000 log_opt_values /usr/lib/python3/dist-packages/oslo_config/cfg.py:2602
2025-08-26 20:02:22.955 168516 DEBUG oslo_service.service [req-2b8683b9-2476-43c1-af61-a1d9ed9358e5 - - - - -] syslog_log_facility = LOG_USER log_opt_values /usr/lib/python3/dist-packages/oslo_config/cfg.py:2602
2025-08-26 20:02:22.955 168516 DEBUG oslo_service.service [req-2b8683b9-2476-43c1-af61-a1d9ed9358e5 - - - - -] tempdir = None log_opt_values /usr/lib/python3/dist-packages/oslo_config/cfg.py:2602
2025-08-26 20:02:22.956 168516 DEBUG oslo_service.service [req-2b8683b9-2476-43c1-af61-a1d9ed9358e5 - - - - -] timeout_nbd = 10 log_opt_values /usr/lib/python3/dist-packages/oslo_config/cfg.py:2602
2025-08-26 20:02:22.956 168516 DEBUG oslo_service.service [req-2b8683b9-2476-43c1-af61-a1d9ed9358e5 - - - - -] transport_url = **** log_opt_values /usr/lib/python3/dist-packages/oslo_config/cfg.py:2602
2025-08-26 20:02:22.956 168516 DEBUG oslo_service.service [req-2b8683b9-2476-43c1-af61-a1d9ed9358e5 - - - - -] update_resources_interval = 0 log_opt_values /usr/lib/python3/dist-packages/oslo_config/cfg.py:2602
2025-08-26 20:02:22.957 168516 DEBUG oslo_service.service [req-2b8683b9-2476-43c1-af61-a1d9ed9358e5 - - - - -] use_cow_images = True log_opt_values /usr/lib/python3/dist-packages/oslo_config/cfg.py:2602
2025-08-26 20:02:22.957 168516 DEBUG oslo_service.service [req-2b8683b9-2476-43c1-af61-a1d9ed9358e5 - - - - -] use_eventlog = False log_opt_values /usr/lib/python3/dist-packages/oslo_config/cfg.py:2602
2025-08-26 20:02:22.958 168516 DEBUG oslo_service.service [req-2b8683b9-2476-43c1-af61-a1d9ed9358e5 - - - - -] use_journal = False log_opt_values /usr/lib/python3/dist-packages/oslo_config/cfg.py:2602
2025-08-26 20:02:22.958 168516 DEBUG oslo_service.service [req-2b8683b9-2476-43c1-af61-a1d9ed9358e5 - - - - -] use_json = False log_opt_values /usr/lib/python3/dist-packages/oslo_config/cfg.py:2602
2025-08-26 20:02:22.958 168516 DEBUG oslo_service.service [req-2b8683b9-2476-43c1-af61-a1d9ed9358e5 - - - - -] use_rootwrap_daemon = False log_opt_values /usr/lib/python3/dist-packages/oslo_config/cfg.py:2602
2025-08-26 20:02:22.959 168516 DEBUG oslo_service.service [req-2b8683b9-2476-43c1-af61-a1d9ed9358e5 - - - - -] use_stderr = False log_opt_values /usr/lib/python3/dist-packages/oslo_config/cfg.py:2602
2025-08-26 20:02:22.959 168516 DEBUG oslo_service.service [req-2b8683b9-2476-43c1-af61-a1d9ed9358e5 - - - - -] use_syslog = False log_opt_values /usr/lib/python3/dist-packages/oslo_config/cfg.py:2602
2025-08-26 20:02:22.960 168516 DEBUG oslo_service.service [req-2b8683b9-2476-43c1-af61-a1d9ed9358e5 - - - - -] vcpu_pin_set = None log_opt_values /usr/lib/python3/dist-packages/oslo_config/cfg.py:2602
