2025-08-26 20:00:12.039 135621 DEBUG oslo_service.service [req-270b1b55-3583-4042-a879-7a65f32210ca - - - - -] glance.enable_rbd_download = False log_opt_values /usr/lib/python3/dist-packages/oslo_config/cfg.py:2609
2025-08-26 20:00:12.039 135621 DEBUG oslo_service.service [req-270b1b55-3583-4042-a879-7a65f32210ca - - - - -] glance.endpoint_override = None log_opt_values /usr/lib/python3/dist-packages/oslo_config/cfg.py:2609
2025-08-26 20:00:12.039 135621 DEBUG oslo_service.service [req-270b1b55-3583-4042-a879-7a65f32210ca - - - - -] glance.insecure = False log_opt_values /usr/lib/python3/dist-packages/oslo_config/cfg.py:2609
2025-08-26 20:00:12.040 135621 DEBUG oslo_service.service [req-270b1b55-3583-4042-a879-7a65f32210ca - - - - -] glance.keyfile = None log_opt_values /usr/lib/python3/dist-packages/oslo_config/cfg.py:2609
2025-08-26 20:00:12.040 135621 DEBUG oslo_service.service [req-270b1b55-3583-4042-a879-7a65f32210ca - - - - -] glance.max_version = None log_opt_values /usr/lib/python3/dist-packages/oslo_config/cfg.py:2609
2025-08-26 20:00:12.040 135621 DEBUG oslo_service.service [req-270b1b55-3583-4042-a879-7a65f32210ca - - - - -] glance.min_version = None log_opt_values /usr/lib/python3/dist-packages/oslo_config/cfg.py:2609
2025-08-26 20:00:12.040 135621 DEBUG oslo_service.service [req-270b1b55-3583-4042-a879-7a65f32210ca - - - - -] glance.num_retries = 3 log_opt_values /usr/lib/python3/dist-packages/oslo_config/cfg.py:2609
2025-08-26 20:00:12.040 135621 DEBUG oslo_service.service [req-270b1b55-3583-4042-a879-7a65f32210ca - - - - -] glance.rbd_ceph_conf = log_opt_values /usr/lib/python3/dist-packages/oslo_config/cfg.py:2609
2025-08-26 20:00:12.040 135621 DEBUG oslo_service.service [req-270b1b55-3583-4042-a879-7a65f32210ca - - - - -] glance.rbd_connect_timeout = 5 log_opt_values /usr/lib/python3/dist-packages/oslo_config/cfg.py:2609
2025-08-26 20:00:12.041 135621 DEBUG oslo_service.service [req-270b1b55-3583-4042-a879-7a65f32210ca - - - - -] glance.rbd_pool = log_opt_values /usr/lib/python3/dist-packages/oslo_config/cfg.py:2609
2025-08-26 20:00:12.041 135621 DEBUG oslo_service.service [req-270b1b55-3583-4042-a879-7a65f32210ca - - - - -] glance.rbd_user = log_opt_values /usr/lib/python3/dist-packages/oslo_config/cfg.py:2609
2025-08-26 20:00:12.041 135621 DEBUG oslo_service.service [req-270b1b55-3583-4042-a879-7a65f32210ca - - - - -] glance.region_name = None log_opt_values /usr/lib/python3/dist-packages/oslo_config/cfg.py:2609
2025-08-26 20:00:12.041 135621 DEBUG oslo_service.service [req-270b1b55-3583-4042-a879-7a65f32210ca - - - - -] glance.service_name = None log_opt_values /usr/lib/python3/dist-packages/oslo_config/cfg.py:2609
2025-08-26 20:00:12.041 135621 DEBUG oslo_service.service [req-270b1b55-3583-4042-a879-7a65f32210ca - - - - -] glance.service_type = image log_opt_values /usr/lib/python3/dist-packages/oslo_config/cfg.py:2609
2025-08-26 20:00:12.041 135621 DEBUG oslo_service.service [req-270b1b55-3583-4042-a879-7a65f32210ca - - - - -] glance.split_loggers = False log_opt_values /usr/lib/python3/dist-packages/oslo_config/cfg.py:2609
2025-08-26 20:00:12.041 135621 DEBUG oslo_service.service [req-270b1b55-3583-4042-a879-7a65f32210ca - - - - -] glance.status_code_retries = None log_opt_values /usr/lib/python3/dist-packages/oslo_config/cfg.py:2609
2025-08-26 20:00:12.042 135621 DEBUG oslo_service.service [req-270b1b55-3583-4042-a879-7a65f32210ca - - - - -] glance.status_code_retry_delay = None log_opt_values /usr/lib/python3/dist-packages/oslo_config/cfg.py:2609
2025-08-26 20:00:12.042 135621 DEBUG oslo_service.service [req-270b1b55-3583-4042-a879-7a65f32210ca - - - - -] glance.timeout = None log_opt_values /usr/lib/python3/dist-packages/oslo_config/cfg.py:2609
2025-08-26 20:00:12.042 135621 DEBUG oslo_service.service [req-270b1b55-3583-4042-a879-7a65f32210ca - - - - -] glance.valid_interfaces = ['internal', 'public'] log_opt_values /usr/lib/python3/dist-packages/oslo_config/cfg.py:2609
2025-08-26 20:00:12.042 135621 DEBUG oslo_service.service [req-270b1b55-3583-4042-a879-7a65f32210ca - - - - -] glance.verify_glance_signatures = False log_opt_values /usr/lib/python3/dist-packages/oslo_config/cfg.py:2609
2025-08-26 20:00:12.042 135621 DEBUG oslo_service.service [req-270b1b55-3583-4042-a879-7a65f32210ca - - - - -] glance.version = None log_opt_values /usr/lib/python3/dist-packages/oslo_config/cfg.py:2609
2025-08-26 20:00:12.043 135621 DEBUG oslo_service.service [req-270b1b55-3583-4042-a879-7a65f32210ca - - - - -] guestfs.debug = False log_opt_values /usr/lib/python3/dist-packages/oslo_config/cfg.py:2609
2025-08-26 20:00:12.043 135621 DEBUG oslo_service.service [req-270b1b55-3583-4042-a879-7a65f32210ca - - - - -] hyperv.config_drive_cdrom = False log_opt_values /usr/lib/python3/dist-packages/oslo_config/cfg.py:2609
2025-08-26 20:00:12.043 135621 DEBUG oslo_service.service [req-270b1b55-3583-4042-a879-7a65f32210ca - - - - -] hyperv.config_drive_inject_password = False log_opt_values /usr/lib/python3/dist-packages/oslo_config/cfg.py:2609
2025-08-26 20:00:12.043 135621 DEBUG oslo_service.service [req-270b1b55-3583-4042-a879-7a65f32210ca - - - - -] hyperv.dynamic_memory_ratio = 1.0 log_opt_values /usr/lib/python3/dist-packages/oslo_config/cfg.py:2609
2025-08-26 20:00:12.043 135621 DEBUG oslo_service.service [req-270b1b55-3583-4042-a879-7a65f32210ca - - - - -] hyperv.enable_instance_metrics_collection = False log_opt_values /usr/lib/python3/dist-packages/oslo_config/cfg.py:2609
2025-08-26 20:00:12.043 135621 DEBUG oslo_service.service [req-270b1b55-3583-4042-a879-7a65f32210ca - - - - -] hyperv.enable_remotefx = False log_opt_values /usr/lib/python3/dist-packages/oslo_config/cfg.py:2609
2025-08-26 20:00:12.044 135621 DEBUG oslo_service.service [req-270b1b55-3583-4042-a879-7a65f32210ca - - - - -] hyperv.instances_path_share = log_opt_values /usr/lib/python3/dist-packages/oslo_config/cfg.py:2609
2025-08-26 20:00:12.044 135621 DEBUG oslo_service.service [req-270b1b55-3583-4042-a879-7a65f32210ca - - - - -] hyperv.iscsi_initiator_list = [] log_opt_values /usr/lib/python3/dist-packages/oslo_config/cfg.py:2609
2025-08-26 20:00:12.044 135621 DEBUG oslo_service.service [req-270b1b55-3583-4042-a879-7a65f32210ca - - - - -] hyperv.limit_cpu_features = False log_opt_values /usr/lib/python3/dist-packages/oslo_config/cfg.py:2609
2025-08-26 20:00:12.044 135621 DEBUG oslo_service.service [req-270b1b55-3583-4042-a879-7a65f32210ca - - - - -] hyperv.mounted_disk_query_retry_count = 10 log_opt_values /usr/lib/python3/dist-packages/oslo_config/cfg.py:2609
2025-08-26 20:00:12.044 135621 DEBUG oslo_service.service [req-270b1b55-3583-4042-a879-7a65f32210ca - - - - -] hyperv.mounted_disk_query_retry_interval = 5 log_opt_values /usr/lib/python3/dist-packages/oslo_config/cfg.py:2609
2025-08-26 20:00:12.044 135621 DEBUG oslo_service.service [req-270b1b55-3583-4042-a879-7a65f32210ca - - - - -] hyperv.power_state_check_timeframe = 60 log_opt_values /usr/lib/python3/dist-packages/oslo_config/cfg.py:2609
2025-08-26 20:00:12.044 135621 DEBUG oslo_service.service [req-270b1b55-3583-4042-a879-7a65f32210ca - - - - -] hyperv.power_state_event_polling_interval = 2 log_opt_values /usr/lib/python3/dist-packages/oslo_config/cfg.py:2609
2025-08-26 20:00:12.045 135621 DEBUG oslo_service.service [req-270b1b55-3583-4042-a879-7a65f32210ca - - - - -] hyperv.qemu_img_cmd = qemu-img.exe log_opt_values /usr/lib/python3/dist-packages/oslo_config/cfg.py:2609
2025-08-26 20:00:12.045 135621 DEBUG oslo_service.service [req-270b1b55-3583-4042-a879-7a65f32210ca - - - - -] hyperv.use_multipath_io = False log_opt_values /usr/lib/python3/dist-packages/oslo_config/cfg.py:2609
2025-08-26 20:00:12.045 135621 DEBUG oslo_service.service [req-270b1b55-3583-4042-a879-7a65f32210ca - - - - -] hyperv.volume_attach_retry_count = 10 log_opt_values /usr/lib/python3/dist-packages/oslo_config/cfg.py:2609
2025-08-26 20:00:12.045 135621 DEBUG oslo_service.service [req-270b1b55-3583-4042-a879-7a65f32210ca - - - - -] hyperv.volume_attach_retry_interval = 5 log_opt_values /usr/lib/python3/dist-packages/oslo_config/cfg.py:2609
2025-08-26 20:00:12.045 135621 DEBUG oslo_service.service [req-270b1b55-3583-4042-a879-7a65f32210ca - - - - -] hyperv.vswitch_name = None log_opt_values /usr/lib/python3/dist-packages/oslo_config/cfg.py:2609
2025-08-26 20:00:12.045 135621 DEBUG oslo_service.service [req-270b1b55-3583-4042-a879-7a65f32210ca - - - - -] hyperv.wait_soft_reboot_seconds = 60 log_opt_values /usr/lib/python3/dist-packages/oslo_config/cfg.py:2609
2025-08-26 20:00:12.046 135621 DEBUG oslo_service.service [req-270b1b55-3583-4042-a879-7a65f32210ca - - - - -] mks.enabled = False log_opt_values /usr/lib/python3/dist-packages/oslo_config/cfg.py:2609
2025-08-26 20:00:12.046 137128 DEBUG oslo_messaging._drivers.amqpdriver [-] Listener is running poll /usr/lib/python3/dist-packages/oslo_messaging/_drivers/amqpdriver.py:343
2025-08-26 20:00:12.046 137128 DEBUG oslo_messaging._drivers.amqpdriver [-] AMQPListener connection consume poll /usr/lib/python3/dist-packages/oslo_messaging/_drivers/amqpdriver.py:357
2025-08-26 20:00:12.046 135621 DEBUG oslo_service.service [req-270b1b55-3583-4042-a879-7a65f32210ca - - - - -] mks.mksproxy_base_url = http://127.0.0.1:6090/ log_opt_values /usr/lib/python3/dist-packages/oslo_config/cfg.py:2609
2025-08-26 20:00:12.046 135621 DEBUG oslo_service.service [req-270b1b55-3583-4042-a879-7a65f32210ca - - - - -] image_cache.manager_interval = 2400 log_opt_values /usr/lib/python3/dist-packages/oslo_config/cfg.py:2609
2025-08-26 20:00:12.047 135621 DEBUG oslo_service.service [req-270b1b55-3583-4042-a879-7a65f32210ca - - - - -] image_cache.precache_concurrency = 1 log_opt_values /usr/lib/python3/dist-packages/oslo_config/cfg.py:2609
2025-08-26 20:00:12.046 137128 DEBUG nova.service [req-9b16daca-cefe-45c9-a306-336fc11e1b86 - - - - -] Join ServiceGroup membership for this service conductor start /usr/lib/python3/dist-packages/nova/service.py:199
2025-08-26 20:00:12.047 135621 DEBUG oslo_service.service [req-270b1b55-3583-4042-a879-7a65f32210ca - - - - -] image_cache.remove_unused_base_images = True log_opt_values /usr/lib/python3/dist-packages/oslo_config/cfg.py:2609
2025-08-26 20:00:12.047 137128 DEBUG nova.servicegroup.drivers.db [req-9b16daca-cefe-45c9-a306-336fc11e1b86 - - - - -] DB_Driver: join new ServiceGroup member juju-3b9a7d-0-lxd-7 to the conductor group, service = join /usr/lib/python3/dist-packages/nova/servicegroup/drivers/db.py:44
2025-08-26 20:00:12.047 135621 DEBUG oslo_service.service [req-270b1b55-3583-4042-a879-7a65f32210ca - - - - -] image_cache.remove_unused_original_minimum_age_seconds = 86400 log_opt_values /usr/lib/python3/dist-packages/oslo_config/cfg.py:2609
2025-08-26 20:00:12.047 135621 DEBUG oslo_service.service [req-270b1b55-3583-4042-a879-7a65f32210ca - - - - -] image_cache.remove_unused_resized_minimum_age_seconds = 3600 log_opt_values /usr/lib/python3/dist-packages/oslo_config/cfg.py:2609
2025-08-26 20:00:12.047 135621 DEBUG oslo_service.service [req-270b1b55-3583-4042-a879-7a65f32210ca - - - - -] image_cache.subdirectory_name = _base log_opt_values /usr/lib/python3/dist-packages/oslo_config/cfg.py:2609
2025-08-26 20:00:12.047 135621 DEBUG oslo_service.service [req-270b1b55-3583-4042-a879-7a65f32210ca - - - - -] ironic.api_max_retries = 60 log_opt_values /usr/lib/python3/dist-packages/oslo_config/cfg.py:2609
2025-08-26 20:00:12.048 135621 DEBUG oslo_service.service [req-270b1b55-3583-4042-a879-7a65f32210ca - - - - -] ironic.api_retry_interval = 2 log_opt_values /usr/lib/python3/dist-packages/oslo_config/cfg.py:2609
2025-08-26 20:00:12.048 135621 DEBUG oslo_service.service [req-270b1b55-3583-4042-a879-7a65f32210ca - - - - -] ironic.auth_section = None log_opt_values /usr/lib/python3/dist-packages/oslo_config/cfg.py:2609
2025-08-26 20:00:12.048 135621 DEBUG oslo_service.service [req-270b1b55-3583-4042-a879-7a65f32210ca - - - - -] ironic.auth_type = None log_opt_values /usr/lib/python3/dist-packages/oslo_config/cfg.py:2609
2025-08-26 20:00:12.048 135621 DEBUG oslo_service.service [req-270b1b55-3583-4042-a879-7a65f32210ca - - - - -] ironic.cafile = None log_opt_values /usr/lib/python3/dist-packages/oslo_config/cfg.py:2609
2025-08-26 20:00:12.048 135621 DEBUG oslo_service.service [req-270b1b55-3583-4042-a879-7a65f32210ca - - - - -] ironic.certfile = None log_opt_values /usr/lib/python3/dist-packages/oslo_config/cfg.py:2609
2025-08-26 20:00:12.048 135621 DEBUG oslo_service.service [req-270b1b55-3583-4042-a879-7a65f32210ca - - - - -] ironic.collect_timing = False log_opt_values /usr/lib/python3/dist-packages/oslo_config/cfg.py:2609
2025-08-26 20:00:12.048 135621 DEBUG oslo_service.service [req-270b1b55-3583-4042-a879-7a65f32210ca - - - - -] ironic.connect_retries = None log_opt_values /usr/lib/python3/dist-packages/oslo_config/cfg.py:2609
2025-08-26 20:00:12.049 135621 DEBUG oslo_service.service [req-270b1b55-3583-4042-a879-7a65f32210ca - - - - -] ironic.connect_retry_delay = None log_opt_values /usr/lib/python3/dist-packages/oslo_config/cfg.py:2609
2025-08-26 20:00:12.049 135621 DEBUG oslo_service.service [req-270b1b55-3583-4042-a879-7a65f32210ca - - - - -] ironic.endpoint_override = None log_opt_values /usr/lib/python3/dist-packages/oslo_config/cfg.py:2609
2025-08-26 20:00:12.049 135621 DEBUG oslo_service.service [req-270b1b55-3583-4042-a879-7a65f32210ca - - - - -] ironic.insecure = False log_opt_values /usr/lib/python3/dist-packages/oslo_config/cfg.py:2609
2025-08-26 20:00:12.049 137129 DEBUG oslo_messaging._drivers.amqpdriver [-] Listener is running poll /usr/lib/python3/dist-packages/oslo_messaging/_drivers/amqpdriver.py:343
2025-08-26 20:00:12.049 135621 DEBUG oslo_service.service [req-270b1b55-3583-4042-a879-7a65f32210ca - - - - -] ironic.keyfile = None log_opt_values /usr/lib/python3/dist-packages/oslo_config/cfg.py:2609
2025-08-26 20:00:12.049 137128 DEBUG oslo_messaging._drivers.amqpdriver [-] AMQPListener connection timeout poll /usr/lib/python3/dist-packages/oslo_messaging/_drivers/amqpdriver.py:360
2025-08-26 20:00:12.049 137129 DEBUG oslo_messaging._drivers.amqpdriver [-] AMQPListener connection consume poll /usr/lib/python3/dist-packages/oslo_messaging/_drivers/amqpdriver.py:357
2025-08-26 20:00:12.049 135621 DEBUG oslo_service.service [req-270b1b55-3583-4042-a879-7a65f32210ca - - - - -] ironic.max_version = None log_opt_values /usr/lib/python3/dist-packages/oslo_config/cfg.py:2609
2025-08-26 20:00:12.049 137128 DEBUG oslo_messaging._drivers.amqpdriver [-] Listener is running poll /usr/lib/python3/dist-packages/oslo_messaging/_drivers/amqpdriver.py:343
2025-08-26 20:00:12.050 135621 DEBUG oslo_service.service [req-270b1b55-3583-4042-a879-7a65f32210ca - - - - -] ironic.min_version = None log_opt_values /usr/lib/python3/dist-packages/oslo_config/cfg.py:2609
2025-08-26 20:00:12.050 137128 DEBUG oslo_messaging._drivers.amqpdriver [-] AMQPListener connection consume poll /usr/lib/python3/dist-packages/oslo_messaging/_drivers/amqpdriver.py:357
2025-08-26 20:00:12.050 135621 DEBUG oslo_service.service [req-270b1b55-3583-4042-a879-7a65f32210ca - - - - -] ironic.partition_key = None log_opt_values /usr/lib/python3/dist-packages/oslo_config/cfg.py:2609
2025-08-26 20:00:12.050 135621 DEBUG oslo_service.service [req-270b1b55-3583-4042-a879-7a65f32210ca - - - - -] ironic.peer_list = [] log_opt_values /usr/lib/python3/dist-packages/oslo_config/cfg.py:2609
2025-08-26 20:00:12.050 137129 DEBUG nova.service [req-518bb8a9-e323-4a47-aae3-75cdfe4d1536 - - - - -] Join ServiceGroup membership for this service conductor start /usr/lib/python3/dist-packages/nova/service.py:199
2025-08-26 20:00:12.050 135621 DEBUG oslo_service.service [req-270b1b55-3583-4042-a879-7a65f32210ca - - - - -] ironic.region_name = None log_opt_values /usr/lib/python3/dist-packages/oslo_config/cfg.py:2609
2025-08-26 20:00:12.050 137129 DEBUG nova.servicegroup.drivers.db [req-518bb8a9-e323-4a47-aae3-75cdfe4d1536 - - - - -] DB_Driver: join new ServiceGroup member juju-3b9a7d-0-lxd-7 to the conductor group, service = join /usr/lib/python3/dist-packages/nova/servicegroup/drivers/db.py:44
2025-08-26 20:00:12.050 135621 DEBUG oslo_service.service [req-270b1b55-3583-4042-a879-7a65f32210ca - - - - -] ironic.serial_console_state_timeout = 10 log_opt_values /usr/lib/python3/dist-packages/oslo_config/cfg.py:2609
2025-08-26 20:00:12.050 135621 DEBUG oslo_service.service [req-270b1b55-3583-4042-a879-7a65f32210ca - - - - -] ironic.service_name = None log_opt_values /usr/lib/python3/dist-packages/oslo_config/cfg.py:2609
2025-08-26 20:00:12.051 135621 DEBUG oslo_service.service [req-270b1b55-3583-4042-a879-7a65f32210ca - - - - -] ironic.service_type = baremetal log_opt_values /usr/lib/python3/dist-packages/oslo_config/cfg.py:2609
2025-08-26 20:00:12.051 135621 DEBUG oslo_service.service [req-270b1b55-3583-4042-a879-7a65f32210ca - - - - -] ironic.split_loggers = False log_opt_values /usr/lib/python3/dist-packages/oslo_config/cfg.py:2609
2025-08-26 20:00:12.051 135621 DEBUG oslo_service.service [req-270b1b55-3583-4042-a879-7a65f32210ca - - - - -] ironic.status_code_retries = None log_opt_values /usr/lib/python3/dist-packages/oslo_config/cfg.py:2609
2025-08-26 20:00:12.051 135621 DEBUG oslo_service.service [req-270b1b55-3583-4042-a879-7a65f32210ca - - - - -] ironic.status_code_retry_delay = None log_opt_values /usr/lib/python3/dist-packages/oslo_config/cfg.py:2609
2025-08-26 20:00:12.051 135621 DEBUG oslo_service.service [req-270b1b55-3583-4042-a879-7a65f32210ca - - - - -] ironic.timeout = None log_opt_values /usr/lib/python3/dist-packages/oslo_config/cfg.py:2609
2025-08-26 20:00:12.051 135621 DEBUG oslo_service.service [req-270b1b55-3583-4042-a879-7a65f32210ca - - - - -] ironic.valid_interfaces = ['internal', 'public'] log_opt_values /usr/lib/python3/dist-packages/oslo_config/cfg.py:2609
2025-08-26 20:00:12.051 135621 DEBUG oslo_service.service [req-270b1b55-3583-4042-a879-7a65f32210ca - - - - -] ironic.version = None log_opt_values /usr/lib/python3/dist-packages/oslo_config/cfg.py:2609
2025-08-26 20:00:12.052 135621 DEBUG oslo_service.service [req-270b1b55-3583-4042-a879-7a65f32210ca - - - - -] key_manager.backend = barbican log_opt_values /usr/lib/python3/dist-packages/oslo_config/cfg.py:2609
2025-08-26 20:00:12.052 135621 DEBUG oslo_service.service [req-270b1b55-3583-4042-a879-7a65f32210ca - - - - -] key_manager.fixed_key = **** log_opt_values /usr/lib/python3/dist-packages/oslo_config/cfg.py:2609
2025-08-26 20:00:12.052 135621 DEBUG oslo_service.service [req-270b1b55-3583-4042-a879-7a65f32210ca - - - - -] barbican.auth_endpoint = http://localhost/identity/v3 log_opt_values /usr/lib/python3/dist-packages/oslo_config/cfg.py:2609
2025-08-26 20:00:12.052 135621 DEBUG oslo_service.service [req-270b1b55-3583-4042-a879-7a65f32210ca - - - - -] barbican.barbican_api_version = None log_opt_values /usr/lib/python3/dist-packages/oslo_config/cfg.py:2609
2025-08-26 20:00:12.052 135621 DEBUG oslo_service.service [req-270b1b55-3583-4042-a879-7a65f32210ca - - - - -] barbican.barbican_endpoint = None log_opt_values /usr/lib/python3/dist-packages/oslo_config/cfg.py:2609
2025-08-26 20:00:12.052 137129 DEBUG oslo_messaging._drivers.amqpdriver [-] AMQPListener connection timeout poll /usr/lib/python3/dist-packages/oslo_messaging/_drivers/amqpdriver.py:360
2025-08-26 20:00:12.053 137129 DEBUG oslo_messaging._drivers.amqpdriver [-] Listener is running poll /usr/lib/python3/dist-packages/oslo_messaging/_drivers/amqpdriver.py:343
2025-08-26 20:00:12.053 135621 DEBUG oslo_service.service [req-270b1b55-3583-4042-a879-7a65f32210ca - - - - -] barbican.barbican_endpoint_type = public log_opt_values /usr/lib/python3/dist-packages/oslo_config/cfg.py:2609
2025-08-26 20:00:12.053 137129 DEBUG oslo_messaging._drivers.amqpdriver [-] AMQPListener connection consume poll /usr/lib/python3/dist-packages/oslo_messaging/_drivers/amqpdriver.py:357
2025-08-26 20:00:12.053 135621 DEBUG oslo_service.service [req-270b1b55-3583-4042-a879-7a65f32210ca - - - - -] barbican.barbican_region_name = None log_opt_values /usr/lib/python3/dist-packages/oslo_config/cfg.py:2609
2025-08-26 20:00:12.053 135621 DEBUG oslo_service.service [req-270b1b55-3583-4042-a879-7a65f32210ca - - - - -] barbican.cafile = None log_opt_values /usr/lib/python3/dist-packages/oslo_config/cfg.py:2609
2025-08-26 20:00:12.053 135621 DEBUG oslo_service.service [req-270b1b55-3583-4042-a879-7a65f32210ca - - - - -] barbican.certfile = None log_opt_values /usr/lib/python3/dist-packages/oslo_config/cfg.py:2609
2025-08-26 20:00:12.053 135621 DEBUG oslo_service.service [req-270b1b55-3583-4042-a879-7a65f32210ca - - - - -] barbican.collect_timing = False log_opt_values /usr/lib/python3/dist-packages/oslo_config/cfg.py:2609
2025-08-26 20:00:12.053 135621 DEBUG oslo_service.service [req-270b1b55-3583-4042-a879-7a65f32210ca - - - - -] barbican.insecure = False log_opt_values /usr/lib/python3/dist-packages/oslo_config/cfg.py:2609
2025-08-26 20:00:12.054 135621 DEBUG oslo_service.service [req-270b1b55-3583-4042-a879-7a65f32210ca - - - - -] barbican.keyfile = None log_opt_values /usr/lib/python3/dist-packages/oslo_config/cfg.py:2609
2025-08-26 20:00:12.054 135621 DEBUG oslo_service.service [req-270b1b55-3583-4042-a879-7a65f32210ca - - - - -] barbican.number_of_retries = 60 log_opt_values /usr/lib/python3/dist-packages/oslo_config/cfg.py:2609
2025-08-26 20:00:12.054 135621 DEBUG oslo_service.service [req-270b1b55-3583-4042-a879-7a65f32210ca - - - - -] barbican.retry_delay = 1 log_opt_values /usr/lib/python3/dist-packages/oslo_config/cfg.py:2609
2025-08-26 20:00:12.054 135621 DEBUG oslo_service.service [req-270b1b55-3583-4042-a879-7a65f32210ca - - - - -] barbican.send_service_user_token = False log_opt_values /usr/lib/python3/dist-packages/oslo_config/cfg.py:2609
2025-08-26 20:00:12.054 135621 DEBUG oslo_service.service [req-270b1b55-3583-4042-a879-7a65f32210ca - - - - -] barbican.split_loggers = False log_opt_values /usr/lib/python3/dist-packages/oslo_config/cfg.py:2609
2025-08-26 20:00:12.054 137127 DEBUG oslo_messaging._drivers.amqpdriver [-] Listener is running poll /usr/lib/python3/dist-packages/oslo_messaging/_drivers/amqpdriver.py:343
2025-08-26 20:00:12.054 135621 DEBUG oslo_service.service [req-270b1b55-3583-4042-a879-7a65f32210ca - - - - -] barbican.timeout = None log_opt_values /usr/lib/python3/dist-packages/oslo_config/cfg.py:2609
2025-08-26 20:00:12.054 137127 DEBUG oslo_messaging._drivers.amqpdriver [-] AMQPListener connection consume poll /usr/lib/python3/dist-packages/oslo_messaging/_drivers/amqpdriver.py:357
2025-08-26 20:00:12.054 135621 DEBUG oslo_service.service [req-270b1b55-3583-4042-a879-7a65f32210ca - - - - -] barbican.verify_ssl = True log_opt_values /usr/lib/python3/dist-packages/oslo_config/cfg.py:2609
2025-08-26 20:00:12.055 135621 DEBUG oslo_service.service [req-270b1b55-3583-4042-a879-7a65f32210ca - - - - -] barbican.verify_ssl_path = None log_opt_values /usr/lib/python3/dist-packages/oslo_config/cfg.py:2609
2025-08-26 20:00:12.055 135621 DEBUG oslo_service.service [req-270b1b55-3583-4042-a879-7a65f32210ca - - - - -] barbican_service_user.auth_section = None log_opt_values /usr/lib/python3/dist-packages/oslo_config/cfg.py:2609
2025-08-26 20:00:12.055 137121 DEBUG oslo_messaging._drivers.amqpdriver [-] Listener is running poll /usr/lib/python3/dist-packages/oslo_messaging/_drivers/amqpdriver.py:343
2025-08-26 20:00:12.055 137127 DEBUG nova.service [req-2ad48774-cc17-4e17-989c-2a112cb6bca6 - - - - -] Join ServiceGroup membership for this service conductor start /usr/lib/python3/dist-packages/nova/service.py:199
2025-08-26 20:00:12.055 137121 DEBUG oslo_messaging._drivers.amqpdriver [-] AMQPListener connection consume poll /usr/lib/python3/dist-packages/oslo_messaging/_drivers/amqpdriver.py:357
2025-08-26 20:00:12.055 135621 DEBUG oslo_service.service [req-270b1b55-3583-4042-a879-7a65f32210ca - - - - -] barbican_service_user.auth_type = None log_opt_values /usr/lib/python3/dist-packages/oslo_config/cfg.py:2609
2025-08-26 20:00:12.055 135621 DEBUG oslo_service.service [req-270b1b55-3583-4042-a879-7a65f32210ca - - - - -] barbican_service_user.cafile = None log_opt_values /usr/lib/python3/dist-packages/oslo_config/cfg.py:2609
2025-08-26 20:00:12.055 137127 DEBUG nova.servicegroup.drivers.db [req-2ad48774-cc17-4e17-989c-2a112cb6bca6 - - - - -] DB_Driver: join new ServiceGroup member juju-3b9a7d-0-lxd-7 to the conductor group, service = join /usr/lib/python3/dist-packages/nova/servicegroup/drivers/db.py:44
2025-08-26 20:00:12.055 135621 DEBUG oslo_service.service [req-270b1b55-3583-4042-a879-7a65f32210ca - - - - -] barbican_service_user.certfile = None log_opt_values /usr/lib/python3/dist-packages/oslo_config/cfg.py:2609
2025-08-26 20:00:12.055 135621 DEBUG oslo_service.service [req-270b1b55-3583-4042-a879-7a65f32210ca - - - - -] barbican_service_user.collect_timing = False log_opt_values /usr/lib/python3/dist-packages/oslo_config/cfg.py:2609
2025-08-26 20:00:12.056 135621 DEBUG oslo_service.service [req-270b1b55-3583-4042-a879-7a65f32210ca - - - - -] barbican_service_user.insecure = False log_opt_values /usr/lib/python3/dist-packages/oslo_config/cfg.py:2609
2025-08-26 20:00:12.056 135621 DEBUG oslo_service.service [req-270b1b55-3583-4042-a879-7a65f32210ca - - - - -] barbican_service_user.keyfile = None log_opt_values /usr/lib/python3/dist-packages/oslo_config/cfg.py:2609
2025-08-26 20:00:12.056 135621 DEBUG oslo_service.service [req-270b1b55-3583-4042-a879-7a65f32210ca - - - - -] barbican_service_user.split_loggers = False log_opt_values /usr/lib/python3/dist-packages/oslo_config/cfg.py:2609
2025-08-26 20:00:12.056 135621 DEBUG oslo_service.service [req-270b1b55-3583-4042-a879-7a65f32210ca - - - - -] barbican_service_user.timeout = None log_opt_values /usr/lib/python3/dist-packages/oslo_config/cfg.py:2609
2025-08-26 20:00:12.055 137121 DEBUG nova.service [req-9f6d9ea3-5b00-4c4e-8315-6c1371e4caca - - - - -] Join ServiceGroup membership for this service conductor start /usr/lib/python3/dist-packages/nova/service.py:199
2025-08-26 20:00:12.056 135621 DEBUG oslo_service.service [req-270b1b55-3583-4042-a879-7a65f32210ca - - - - -] vault.approle_role_id = None log_opt_values /usr/lib/python3/dist-packages/oslo_config/cfg.py:2609
2025-08-26 20:00:12.056 135621 DEBUG oslo_service.service [req-270b1b55-3583-4042-a879-7a65f32210ca - - - - -] vault.approle_secret_id = None log_opt_values /usr/lib/python3/dist-packages/oslo_config/cfg.py:2609
2025-08-26 20:00:12.056 135621 DEBUG oslo_service.service [req-270b1b55-3583-4042-a879-7a65f32210ca - - - - -] vault.cafile = None log_opt_values /usr/lib/python3/dist-packages/oslo_config/cfg.py:2609
2025-08-26 20:00:12.057 135621 DEBUG oslo_service.service [req-270b1b55-3583-4042-a879-7a65f32210ca - - - - -] vault.certfile = None log_opt_values /usr/lib/python3/dist-packages/oslo_config/cfg.py:2609
2025-08-26 20:00:12.057 135621 DEBUG oslo_service.service [req-270b1b55-3583-4042-a879-7a65f32210ca - - - - -] vault.collect_timing = False log_opt_values /usr/lib/python3/dist-packages/oslo_config/cfg.py:2609
2025-08-26 20:00:12.057 137121 DEBUG nova.servicegroup.drivers.db [req-9f6d9ea3-5b00-4c4e-8315-6c1371e4caca - - - - -] DB_Driver: join new ServiceGroup member juju-3b9a7d-0-lxd-7 to the conductor group, service = join /usr/lib/python3/dist-packages/nova/servicegroup/drivers/db.py:44
2025-08-26 20:00:12.057 135621 DEBUG oslo_service.service [req-270b1b55-3583-4042-a879-7a65f32210ca - - - - -] vault.insecure = False log_opt_values /usr/lib/python3/dist-packages/oslo_config/cfg.py:2609
2025-08-26 20:00:12.057 135621 DEBUG oslo_service.service [req-270b1b55-3583-4042-a879-7a65f32210ca - - - - -] vault.keyfile = None log_opt_values /usr/lib/python3/dist-packages/oslo_config/cfg.py:2609
2025-08-26 20:00:12.057 135621 DEBUG oslo_service.service [req-270b1b55-3583-4042-a879-7a65f32210ca - - - - -] vault.kv_mountpoint = secret log_opt_values /usr/lib/python3/dist-packages/oslo_config/cfg.py:2609
2025-08-26 20:00:12.057 135621 DEBUG oslo_service.service [req-270b1b55-3583-4042-a879-7a65f32210ca - - - - -] vault.kv_version = 2 log_opt_values /usr/lib/python3/dist-packages/oslo_config/cfg.py:2609
2025-08-26 20:00:12.058 135621 DEBUG oslo_service.service [req-270b1b55-3583-4042-a879-7a65f32210ca - - - - -] vault.namespace = None log_opt_values /usr/lib/python3/dist-packages/oslo_config/cfg.py:2609
2025-08-26 20:00:12.058 135621 DEBUG oslo_service.service [req-270b1b55-3583-4042-a879-7a65f32210ca - - - - -] vault.root_token_id = None log_opt_values /usr/lib/python3/dist-packages/oslo_config/cfg.py:2609
2025-08-26 20:00:12.058 135621 DEBUG oslo_service.service [req-270b1b55-3583-4042-a879-7a65f32210ca - - - - -] vault.split_loggers = False log_opt_values /usr/lib/python3/dist-packages/oslo_config/cfg.py:2609
2025-08-26 20:00:12.058 137127 DEBUG oslo_messaging._drivers.amqpdriver [-] AMQPListener connection timeout poll /usr/lib/python3/dist-packages/oslo_messaging/_drivers/amqpdriver.py:360
2025-08-26 20:00:12.058 135621 DEBUG oslo_service.service [req-270b1b55-3583-4042-a879-7a65f32210ca - - - - -] vault.ssl_ca_crt_file = None log_opt_values /usr/lib/python3/dist-packages/oslo_config/cfg.py:2609
2025-08-26 20:00:12.058 137127 DEBUG oslo_messaging._drivers.amqpdriver [-] Listener is running poll /usr/lib/python3/dist-packages/oslo_messaging/_drivers/amqpdriver.py:343
2025-08-26 20:00:12.058 135621 DEBUG oslo_service.service [req-270b1b55-3583-4042-a879-7a65f32210ca - - - - -] vault.timeout = None log_opt_values /usr/lib/python3/dist-packages/oslo_config/cfg.py:2609
2025-08-26 20:00:12.058 137127 DEBUG oslo_messaging._drivers.amqpdriver [-] AMQPListener connection consume poll /usr/lib/python3/dist-packages/oslo_messaging/_drivers/amqpdriver.py:357
2025-08-26 20:00:12.058 135621 DEBUG oslo_service.service [req-270b1b55-3583-4042-a879-7a65f32210ca - - - - -] vault.use_ssl = False log_opt_values /usr/lib/python3/dist-packages/oslo_config/cfg.py:2609
2025-08-26 20:00:12.058 135621 DEBUG oslo_service.service [req-270b1b55-3583-4042-a879-7a65f32210ca - - - - -] vault.vault_url = http://127.0.0.1:8200 log_opt_values /usr/lib/python3/dist-packages/oslo_config/cfg.py:2609
2025-08-26 20:00:12.059 135621 DEBUG oslo_service.service [req-270b1b55-3583-4042-a879-7a65f32210ca - - - - -] keystone.cafile = None log_opt_values /usr/lib/python3/dist-packages/oslo_config/cfg.py:2609
2025-08-26 20:00:12.059 135621 DEBUG oslo_service.service [req-270b1b55-3583-4042-a879-7a65f32210ca - - - - -] keystone.certfile = None log_opt_values /usr/lib/python3/dist-packages/oslo_config/cfg.py:2609
2025-08-26 20:00:12.059 135621 DEBUG oslo_service.service [req-270b1b55-3583-4042-a879-7a65f32210ca - - - - -] keystone.collect_timing = False log_opt_values /usr/lib/python3/dist-packages/oslo_config/cfg.py:2609
2025-08-26 20:00:12.059 135621 DEBUG oslo_service.service [req-270b1b55-3583-4042-a879-7a65f32210ca - - - - -] keystone.connect_retries = None log_opt_values /usr/lib/python3/dist-packages/oslo_config/cfg.py:2609
2025-08-26 20:00:12.059 135621 DEBUG oslo_service.service [req-270b1b55-3583-4042-a879-7a65f32210ca - - - - -] keystone.connect_retry_delay = None log_opt_values /usr/lib/python3/dist-packages/oslo_config/cfg.py:2609
2025-08-26 20:00:12.059 135621 DEBUG oslo_service.service [req-270b1b55-3583-4042-a879-7a65f32210ca - - - - -] keystone.endpoint_override = None log_opt_values /usr/lib/python3/dist-packages/oslo_config/cfg.py:2609
2025-08-26 20:00:12.060 135621 DEBUG oslo_service.service [req-270b1b55-3583-4042-a879-7a65f32210ca - - - - -] keystone.insecure = False log_opt_values /usr/lib/python3/dist-packages/oslo_config/cfg.py:2609
2025-08-26 20:00:12.060 135621 DEBUG oslo_service.service [req-270b1b55-3583-4042-a879-7a65f32210ca - - - - -] keystone.keyfile = None log_opt_values /usr/lib/python3/dist-packages/oslo_config/cfg.py:2609
2025-08-26 20:00:12.060 135621 DEBUG oslo_service.service [req-270b1b55-3583-4042-a879-7a65f32210ca - - - - -] keystone.max_version = None log_opt_values /usr/lib/python3/dist-packages/oslo_config/cfg.py:2609
2025-08-26 20:00:12.060 135621 DEBUG oslo_service.service [req-270b1b55-3583-4042-a879-7a65f32210ca - - - - -] keystone.min_version = None log_opt_values /usr/lib/python3/dist-packages/oslo_config/cfg.py:2609
2025-08-26 20:00:12.060 135621 DEBUG oslo_service.service [req-270b1b55-3583-4042-a879-7a65f32210ca - - - - -] keystone.region_name = None log_opt_values /usr/lib/python3/dist-packages/oslo_config/cfg.py:2609
2025-08-26 20:00:12.061 135621 DEBUG oslo_service.service [req-270b1b55-3583-4042-a879-7a65f32210ca - - - - -] keystone.service_name = None log_opt_values /usr/lib/python3/dist-packages/oslo_config/cfg.py:2609
2025-08-26 20:00:12.061 135621 DEBUG oslo_service.service [req-270b1b55-3583-4042-a879-7a65f32210ca - - - - -] keystone.service_type = identity log_opt_values /usr/lib/python3/dist-packages/oslo_config/cfg.py:2609
2025-08-26 20:00:12.061 137121 DEBUG oslo_messaging._drivers.amqpdriver [-] AMQPListener connection timeout poll /usr/lib/python3/dist-packages/oslo_messaging/_drivers/amqpdriver.py:360
2025-08-26 20:00:12.061 135621 DEBUG oslo_service.service [req-270b1b55-3583-4042-a879-7a65f32210ca - - - - -] keystone.split_loggers = False log_opt_values /usr/lib/python3/dist-packages/oslo_config/cfg.py:2609
2025-08-26 20:00:12.061 137121 DEBUG oslo_messaging._drivers.amqpdriver [-] Listener is running poll /usr/lib/python3/dist-packages/oslo_messaging/_drivers/amqpdriver.py:343
2025-08-26 20:00:12.061 137121 DEBUG oslo_messaging._drivers.amqpdriver [-] AMQPListener connection consume poll /usr/lib/python3/dist-packages/oslo_messaging/_drivers/amqpdriver.py:357
2025-08-26 20:00:12.061 135621 DEBUG oslo_service.service [req-270b1b55-3583-4042-a879-7a65f32210ca - - - - -] keystone.status_code_retries = None log_opt_values /usr/lib/python3/dist-packages/oslo_config/cfg.py:2609
2025-08-26 20:00:12.061 135621 DEBUG oslo_service.service [req-270b1b55-3583-4042-a879-7a65f32210ca - - - - -] keystone.status_code_retry_delay = None log_opt_values /usr/lib/python3/dist-packages/oslo_config/cfg.py:2609
2025-08-26 20:00:12.061 135621 DEBUG oslo_service.service [req-270b1b55-3583-4042-a879-7a65f32210ca - - - - -] keystone.timeout = None log_opt_values /usr/lib/python3/dist-packages/oslo_config/cfg.py:2609
2025-08-26 20:00:12.061 135621 DEBUG oslo_service.service [req-270b1b55-3583-4042-a879-7a65f32210ca - - - - -] keystone.valid_interfaces = ['internal', 'public'] log_opt_values /usr/lib/python3/dist-packages/oslo_config/cfg.py:2609
2025-08-26 20:00:12.062 135621 DEBUG oslo_service.service [req-270b1b55-3583-4042-a879-7a65f32210ca - - - - -] keystone.version = None log_opt_values /usr/lib/python3/dist-packages/oslo_config/cfg.py:2609
2025-08-26 20:00:12.062 135621 DEBUG oslo_service.service [req-270b1b55-3583-4042-a879-7a65f32210ca - - - - -] libvirt.connection_uri = log_opt_values /usr/lib/python3/dist-packages/oslo_config/cfg.py:2609
2025-08-26 20:00:12.062 135621 DEBUG oslo_service.service [req-270b1b55-3583-4042-a879-7a65f32210ca - - - - -] libvirt.cpu_mode = None log_opt_values /usr/lib/python3/dist-packages/oslo_config/cfg.py:2609
2025-08-26 20:00:12.062 135621 DEBUG oslo_service.service [req-270b1b55-3583-4042-a879-7a65f32210ca - - - - -] libvirt.cpu_model_extra_flags = [] log_opt_values /usr/lib/python3/dist-packages/oslo_config/cfg.py:2609
2025-08-26 20:00:12.062 135621 DEBUG oslo_service.service [req-270b1b55-3583-4042-a879-7a65f32210ca - - - - -] libvirt.cpu_models = [] log_opt_values /usr/lib/python3/dist-packages/oslo_config/cfg.py:2609
2025-08-26 20:00:12.062 135621 DEBUG oslo_service.service [req-270b1b55-3583-4042-a879-7a65f32210ca - - - - -] libvirt.device_detach_attempts = 8 log_opt_values /usr/lib/python3/dist-packages/oslo_config/cfg.py:2609
2025-08-26 20:00:12.063 135621 DEBUG oslo_service.service [req-270b1b55-3583-4042-a879-7a65f32210ca - - - - -] libvirt.device_detach_timeout = 20 log_opt_values /usr/lib/python3/dist-packages/oslo_config/cfg.py:2609
2025-08-26 20:00:12.063 135621 DEBUG oslo_service.service [req-270b1b55-3583-4042-a879-7a65f32210ca - - - - -] libvirt.disk_cachemodes = [] log_opt_values /usr/lib/python3/dist-packages/oslo_config/cfg.py:2609
2025-08-26 20:00:12.063 135621 DEBUG oslo_service.service [req-270b1b55-3583-4042-a879-7a65f32210ca - - - - -] libvirt.disk_prefix = None log_opt_values /usr/lib/python3/dist-packages/oslo_config/cfg.py:2609
2025-08-26 20:00:12.063 135621 DEBUG oslo_service.service [req-270b1b55-3583-4042-a879-7a65f32210ca - - - - -] libvirt.enabled_perf_events = [] log_opt_values /usr/lib/python3/dist-packages/oslo_config/cfg.py:2609
2025-08-26 20:00:12.063 135621 DEBUG oslo_service.service [req-270b1b55-3583-4042-a879-7a65f32210ca - - - - -] libvirt.file_backed_memory = 0 log_opt_values /usr/lib/python3/dist-packages/oslo_config/cfg.py:2609
2025-08-26 20:00:12.064 135621 DEBUG oslo_service.service [req-270b1b55-3583-4042-a879-7a65f32210ca - - - - -] libvirt.gid_maps = [] log_opt_values /usr/lib/python3/dist-packages/oslo_config/cfg.py:2609
2025-08-26 20:00:12.064 135621 DEBUG oslo_service.service [req-270b1b55-3583-4042-a879-7a65f32210ca - - - - -] libvirt.hw_disk_discard = None log_opt_values /usr/lib/python3/dist-packages/oslo_config/cfg.py:2609
2025-08-26 20:00:12.064 135621 DEBUG oslo_service.service [req-270b1b55-3583-4042-a879-7a65f32210ca - - - - -] libvirt.hw_machine_type = None log_opt_values /usr/lib/python3/dist-packages/oslo_config/cfg.py:2609
2025-08-26 20:00:12.064 135621 DEBUG oslo_service.service [req-270b1b55-3583-4042-a879-7a65f32210ca - - - - -] libvirt.images_rbd_ceph_conf = log_opt_values /usr/lib/python3/dist-packages/oslo_config/cfg.py:2609
2025-08-26 20:00:12.064 135621 DEBUG oslo_service.service [req-270b1b55-3583-4042-a879-7a65f32210ca - - - - -] libvirt.images_rbd_glance_copy_poll_interval = 15 log_opt_values /usr/lib/python3/dist-packages/oslo_config/cfg.py:2609
2025-08-26 20:00:12.064 135621 DEBUG oslo_service.service [req-270b1b55-3583-4042-a879-7a65f32210ca - - - - -] libvirt.images_rbd_glance_copy_timeout = 600 log_opt_values /usr/lib/python3/dist-packages/oslo_config/cfg.py:2609
2025-08-26 20:00:12.065 135621 DEBUG oslo_service.service [req-270b1b55-3583-4042-a879-7a65f32210ca - - - - -] libvirt.images_rbd_glance_store_name = log_opt_values /usr/lib/python3/dist-packages/oslo_config/cfg.py:2609
2025-08-26 20:00:12.065 135621 DEBUG oslo_service.service [req-270b1b55-3583-4042-a879-7a65f32210ca - - - - -] libvirt.images_rbd_pool = rbd log_opt_values /usr/lib/python3/dist-packages/oslo_config/cfg.py:2609
2025-08-26 20:00:12.065 135621 DEBUG oslo_service.service [req-270b1b55-3583-4042-a879-7a65f32210ca - - - - -] libvirt.images_type = default log_opt_values /usr/lib/python3/dist-packages/oslo_config/cfg.py:2609
2025-08-26 20:00:12.065 135621 DEBUG oslo_service.service [req-270b1b55-3583-4042-a879-7a65f32210ca - - - - -] libvirt.images_volume_group = None log_opt_values /usr/lib/python3/dist-packages/oslo_config/cfg.py:2609
2025-08-26 20:00:12.065 135621 DEBUG oslo_service.service [req-270b1b55-3583-4042-a879-7a65f32210ca - - - - -] libvirt.inject_key = False log_opt_values /usr/lib/python3/dist-packages/oslo_config/cfg.py:2609
2025-08-26 20:00:12.065 135621 DEBUG oslo_service.service [req-270b1b55-3583-4042-a879-7a65f32210ca - - - - -] libvirt.inject_partition = -2 log_opt_values /usr/lib/python3/dist-packages/oslo_config/cfg.py:2609
2025-08-26 20:00:12.065 135621 DEBUG oslo_service.service [req-270b1b55-3583-4042-a879-7a65f32210ca - - - - -] libvirt.inject_password = False log_opt_values /usr/lib/python3/dist-packages/oslo_config/cfg.py:2609
2025-08-26 20:00:12.066 135621 DEBUG oslo_service.service [req-270b1b55-3583-4042-a879-7a65f32210ca - - - - -] libvirt.iscsi_iface = None log_opt_values /usr/lib/python3/dist-packages/oslo_config/cfg.py:2609
2025-08-26 20:00:12.066 135621 DEBUG oslo_service.service [req-270b1b55-3583-4042-a879-7a65f32210ca - - - - -] libvirt.iser_use_multipath = False log_opt_values /usr/lib/python3/dist-packages/oslo_config/cfg.py:2609
2025-08-26 20:00:12.066 135621 DEBUG oslo_service.service [req-270b1b55-3583-4042-a879-7a65f32210ca - - - - -] libvirt.live_migration_bandwidth = 0 log_opt_values /usr/lib/python3/dist-packages/oslo_config/cfg.py:2609
2025-08-26 20:00:12.066 135621 DEBUG oslo_service.service [req-270b1b55-3583-4042-a879-7a65f32210ca - - - - -] libvirt.live_migration_completion_timeout = 800 log_opt_values /usr/lib/python3/dist-packages/oslo_config/cfg.py:2609
2025-08-26 20:00:12.066 135621 DEBUG oslo_service.service [req-270b1b55-3583-4042-a879-7a65f32210ca - - - - -] libvirt.live_migration_downtime = 500 log_opt_values /usr/lib/python3/dist-packages/oslo_config/cfg.py:2609
2025-08-26 20:00:12.066 135621 DEBUG oslo_service.service [req-270b1b55-3583-4042-a879-7a65f32210ca - - - - -] libvirt.live_migration_downtime_delay = 75 log_opt_values /usr/lib/python3/dist-packages/oslo_config/cfg.py:2609
2025-08-26 20:00:12.067 135621 DEBUG oslo_service.service [req-270b1b55-3583-4042-a879-7a65f32210ca - - - - -] libvirt.live_migration_downtime_steps = 10 log_opt_values /usr/lib/python3/dist-packages/oslo_config/cfg.py:2609
2025-08-26 20:00:12.067 135621 DEBUG oslo_service.service [req-270b1b55-3583-4042-a879-7a65f32210ca - - - - -] libvirt.live_migration_inbound_addr = None log_opt_values /usr/lib/python3/dist-packages/oslo_config/cfg.py:2609
2025-08-26 20:00:12.067 135621 DEBUG oslo_service.service [req-270b1b55-3583-4042-a879-7a65f32210ca - - - - -] libvirt.live_migration_permit_auto_converge = False log_opt_values /usr/lib/python3/dist-packages/oslo_config/cfg.py:2609
2025-08-26 20:00:12.067 135621 DEBUG oslo_service.service [req-270b1b55-3583-4042-a879-7a65f32210ca - - - - -] libvirt.live_migration_permit_post_copy = False log_opt_values /usr/lib/python3/dist-packages/oslo_config/cfg.py:2609
2025-08-26 20:00:12.067 135621 DEBUG oslo_service.service [req-270b1b55-3583-4042-a879-7a65f32210ca - - - - -] libvirt.live_migration_scheme = None log_opt_values /usr/lib/python3/dist-packages/oslo_config/cfg.py:2609
2025-08-26 20:00:12.067 135621 DEBUG oslo_service.service [req-270b1b55-3583-4042-a879-7a65f32210ca - - - - -] libvirt.live_migration_timeout_action = abort log_opt_values /usr/lib/python3/dist-packages/oslo_config/cfg.py:2609
2025-08-26 20:00:12.067 135621 DEBUG oslo_service.service [req-270b1b55-3583-4042-a879-7a65f32210ca - - - - -] libvirt.live_migration_tunnelled = False log_opt_values /usr/lib/python3/dist-packages/oslo_config/cfg.py:2609
2025-08-26 20:00:12.068 135621 DEBUG oslo_service.service [req-270b1b55-3583-4042-a879-7a65f32210ca - - - - -] libvirt.live_migration_uri = None log_opt_values /usr/lib/python3/dist-packages/oslo_config/cfg.py:2609
2025-08-26 20:00:12.068 135621 DEBUG oslo_service.service [req-270b1b55-3583-4042-a879-7a65f32210ca - - - - -] libvirt.live_migration_with_native_tls = False log_opt_values /usr/lib/python3/dist-packages/oslo_config/cfg.py:2609
2025-08-26 20:00:12.068 135621 DEBUG oslo_service.service [req-270b1b55-3583-4042-a879-7a65f32210ca - - - - -] libvirt.max_queues = None log_opt_values /usr/lib/python3/dist-packages/oslo_config/cfg.py:2609
2025-08-26 20:00:12.068 135621 DEBUG oslo_service.service [req-270b1b55-3583-4042-a879-7a65f32210ca - - - - -] libvirt.mem_stats_period_seconds = 10 log_opt_values /usr/lib/python3/dist-packages/oslo_config/cfg.py:2609
2025-08-26 20:00:12.068 135621 DEBUG oslo_service.service [req-270b1b55-3583-4042-a879-7a65f32210ca - - - - -] libvirt.nfs_mount_options = None log_opt_values /usr/lib/python3/dist-packages/oslo_config/cfg.py:2609
2025-08-26 20:00:12.068 135621 DEBUG oslo_service.service [req-270b1b55-3583-4042-a879-7a65f32210ca - - - - -] libvirt.nfs_mount_point_base = /var/lib/nova/mnt log_opt_values /usr/lib/python3/dist-packages/oslo_config/cfg.py:2609
2025-08-26 20:00:12.069 135621 DEBUG oslo_service.service [req-270b1b55-3583-4042-a879-7a65f32210ca - - - - -] libvirt.num_aoe_discover_tries = 3 log_opt_values /usr/lib/python3/dist-packages/oslo_config/cfg.py:2609
2025-08-26 20:00:12.069 135621 DEBUG oslo_service.service [req-270b1b55-3583-4042-a879-7a65f32210ca - - - - -] libvirt.num_iser_scan_tries = 5 log_opt_values /usr/lib/python3/dist-packages/oslo_config/cfg.py:2609
2025-08-26 20:00:12.069 135621 DEBUG oslo_service.service [req-270b1b55-3583-4042-a879-7a65f32210ca - - - - -] libvirt.num_memory_encrypted_guests = None log_opt_values /usr/lib/python3/dist-packages/oslo_config/cfg.py:2609
2025-08-26 20:00:12.069 135621 DEBUG oslo_service.service [req-270b1b55-3583-4042-a879-7a65f32210ca - - - - -] libvirt.num_nvme_discover_tries = 5 log_opt_values /usr/lib/python3/dist-packages/oslo_config/cfg.py:2609
2025-08-26 20:00:12.069 135621 DEBUG oslo_service.service [req-270b1b55-3583-4042-a879-7a65f32210ca - - - - -] libvirt.num_pcie_ports = 0 log_opt_values /usr/lib/python3/dist-packages/oslo_config/cfg.py:2609
2025-08-26 20:00:12.069 135621 DEBUG oslo_service.service [req-270b1b55-3583-4042-a879-7a65f32210ca - - - - -] libvirt.num_volume_scan_tries = 5 log_opt_values /usr/lib/python3/dist-packages/oslo_config/cfg.py:2609
2025-08-26 20:00:12.070 135621 DEBUG oslo_service.service [req-270b1b55-3583-4042-a879-7a65f32210ca - - - - -] libvirt.pmem_namespaces = [] log_opt_values /usr/lib/python3/dist-packages/oslo_config/cfg.py:2609
2025-08-26 20:00:12.070 135621 DEBUG oslo_service.service [req-270b1b55-3583-4042-a879-7a65f32210ca - - - - -] libvirt.quobyte_client_cfg = None log_opt_values /usr/lib/python3/dist-packages/oslo_config/cfg.py:2609
2025-08-26 20:00:12.070 135621 DEBUG oslo_service.service [req-270b1b55-3583-4042-a879-7a65f32210ca - - - - -] libvirt.quobyte_mount_point_base = /var/lib/nova/mnt log_opt_values /usr/lib/python3/dist-packages/oslo_config/cfg.py:2609
2025-08-26 20:00:12.070 135621 DEBUG oslo_service.service [req-270b1b55-3583-4042-a879-7a65f32210ca - - - - -] libvirt.rbd_connect_timeout = 5 log_opt_values /usr/lib/python3/dist-packages/oslo_config/cfg.py:2609
2025-08-26 20:00:12.070 135621 DEBUG oslo_service.service [req-270b1b55-3583-4042-a879-7a65f32210ca - - - - -] libvirt.rbd_destroy_volume_retries = 12 log_opt_values /usr/lib/python3/dist-packages/oslo_config/cfg.py:2609
2025-08-26 20:00:12.071 135621 DEBUG oslo_service.service [req-270b1b55-3583-4042-a879-7a65f32210ca - - - - -] libvirt.rbd_destroy_volume_retry_interval = 5 log_opt_values /usr/lib/python3/dist-packages/oslo_config/cfg.py:2609
2025-08-26 20:00:12.071 135621 DEBUG oslo_service.service [req-270b1b55-3583-4042-a879-7a65f32210ca - - - - -] libvirt.rbd_secret_uuid = None log_opt_values /usr/lib/python3/dist-packages/oslo_config/cfg.py:2609
2025-08-26 20:00:12.071 135621 DEBUG oslo_service.service [req-270b1b55-3583-4042-a879-7a65f32210ca - - - - -] libvirt.rbd_user = None log_opt_values /usr/lib/python3/dist-packages/oslo_config/cfg.py:2609
2025-08-26 20:00:12.071 135621 DEBUG oslo_service.service [req-270b1b55-3583-4042-a879-7a65f32210ca - - - - -] libvirt.realtime_scheduler_priority = 1 log_opt_values /usr/lib/python3/dist-packages/oslo_config/cfg.py:2609
2025-08-26 20:00:12.071 135621 DEBUG oslo_service.service [req-270b1b55-3583-4042-a879-7a65f32210ca - - - - -] libvirt.remote_filesystem_transport = ssh log_opt_values /usr/lib/python3/dist-packages/oslo_config/cfg.py:2609
2025-08-26 20:00:12.071 135621 DEBUG oslo_service.service [req-270b1b55-3583-4042-a879-7a65f32210ca - - - - -] libvirt.rescue_image_id = None log_opt_values /usr/lib/python3/dist-packages/oslo_config/cfg.py:2609
2025-08-26 20:00:12.071 135621 DEBUG oslo_service.service [req-270b1b55-3583-4042-a879-7a65f32210ca - - - - -] libvirt.rescue_kernel_id = None log_opt_values /usr/lib/python3/dist-packages/oslo_config/cfg.py:2609
2025-08-26 20:00:12.072 135621 DEBUG oslo_service.service [req-270b1b55-3583-4042-a879-7a65f32210ca - - - - -] libvirt.rescue_ramdisk_id = None log_opt_values /usr/lib/python3/dist-packages/oslo_config/cfg.py:2609
2025-08-26 20:00:12.072 135621 DEBUG oslo_service.service [req-270b1b55-3583-4042-a879-7a65f32210ca - - - - -] libvirt.rng_dev_path = /dev/urandom log_opt_values /usr/lib/python3/dist-packages/oslo_config/cfg.py:2609
2025-08-26 20:00:12.072 135621 DEBUG oslo_service.service [req-270b1b55-3583-4042-a879-7a65f32210ca - - - - -] libvirt.rx_queue_size = None log_opt_values /usr/lib/python3/dist-packages/oslo_config/cfg.py:2609
2025-08-26 20:00:12.072 135621 DEBUG oslo_service.service [req-270b1b55-3583-4042-a879-7a65f32210ca - - - - -] libvirt.smbfs_mount_options = log_opt_values /usr/lib/python3/dist-packages/oslo_config/cfg.py:2609
2025-08-26 20:00:12.072 135621 DEBUG oslo_service.service [req-270b1b55-3583-4042-a879-7a65f32210ca - - - - -] libvirt.smbfs_mount_point_base = /var/lib/nova/mnt log_opt_values /usr/lib/python3/dist-packages/oslo_config/cfg.py:2609
2025-08-26 20:00:12.073 135621 DEBUG oslo_service.service [req-270b1b55-3583-4042-a879-7a65f32210ca - - - - -] libvirt.snapshot_compression = False log_opt_values /usr/lib/python3/dist-packages/oslo_config/cfg.py:2609
2025-08-26 20:00:12.073 135621 DEBUG oslo_service.service [req-270b1b55-3583-4042-a879-7a65f32210ca - - - - -] libvirt.snapshot_image_format = None log_opt_values /usr/lib/python3/dist-packages/oslo_config/cfg.py:2609
2025-08-26 20:00:12.073 135621 DEBUG oslo_service.service [req-270b1b55-3583-4042-a879-7a65f32210ca - - - - -] libvirt.snapshots_directory = /var/lib/nova/instances/snapshots log_opt_values /usr/lib/python3/dist-packages/oslo_config/cfg.py:2609
2025-08-26 20:00:12.073 135621 DEBUG oslo_service.service [req-270b1b55-3583-4042-a879-7a65f32210ca - - - - -] libvirt.sparse_logical_volumes = False log_opt_values /usr/lib/python3/dist-packages/oslo_config/cfg.py:2609
2025-08-26 20:00:12.073 135621 DEBUG oslo_service.service [req-270b1b55-3583-4042-a879-7a65f32210ca - - - - -] libvirt.swtpm_enabled = False log_opt_values /usr/lib/python3/dist-packages/oslo_config/cfg.py:2609
