2025-08-26 20:02:22.785 168439 DEBUG oslo_service.service [req-bc53abe7-86c1-4144-bdcc-340148686921 - - - - -] api.config_drive_skip_versions = 1.0 2007-01-19 2007-03-01 2007-08-29 2007-10-10 2007-12-15 2008-02-01 2008-09-01 log_opt_values /usr/lib/python3/dist-packages/oslo_config/cfg.py:2609
2025-08-26 20:02:22.785 168439 DEBUG oslo_service.service [req-bc53abe7-86c1-4144-bdcc-340148686921 - - - - -] api.dhcp_domain = novalocal log_opt_values /usr/lib/python3/dist-packages/oslo_config/cfg.py:2609
2025-08-26 20:02:22.785 168439 DEBUG oslo_service.service [req-bc53abe7-86c1-4144-bdcc-340148686921 - - - - -] api.enable_instance_password = True log_opt_values /usr/lib/python3/dist-packages/oslo_config/cfg.py:2609
2025-08-26 20:02:22.785 168439 DEBUG oslo_service.service [req-bc53abe7-86c1-4144-bdcc-340148686921 - - - - -] api.glance_link_prefix = None log_opt_values /usr/lib/python3/dist-packages/oslo_config/cfg.py:2609
2025-08-26 20:02:22.786 168439 DEBUG oslo_service.service [req-bc53abe7-86c1-4144-bdcc-340148686921 - - - - -] api.instance_list_cells_batch_fixed_size = 100 log_opt_values /usr/lib/python3/dist-packages/oslo_config/cfg.py:2609
2025-08-26 20:02:22.786 168439 DEBUG oslo_service.service [req-bc53abe7-86c1-4144-bdcc-340148686921 - - - - -] api.instance_list_cells_batch_strategy = distributed log_opt_values /usr/lib/python3/dist-packages/oslo_config/cfg.py:2609
2025-08-26 20:02:22.786 168439 DEBUG oslo_service.service [req-bc53abe7-86c1-4144-bdcc-340148686921 - - - - -] api.instance_list_per_project_cells = False log_opt_values /usr/lib/python3/dist-packages/oslo_config/cfg.py:2609
2025-08-26 20:02:22.786 168853 DEBUG oslo_db.sqlalchemy.engines [req-9e972800-970f-4262-886f-64b668c481b0 - - - - -] MySQL server mode set to STRICT_TRANS_TABLES,STRICT_ALL_TABLES,NO_ZERO_IN_DATE,NO_ZERO_DATE,ERROR_FOR_DIVISION_BY_ZERO,TRADITIONAL,NO_ENGINE_SUBSTITUTION _check_effective_sql_mode /usr/lib/python3/dist-packages/oslo_db/sqlalchemy/engines.py:314
2025-08-26 20:02:22.786 168439 DEBUG oslo_service.service [req-bc53abe7-86c1-4144-bdcc-340148686921 - - - - -] api.list_records_by_skipping_down_cells = True log_opt_values /usr/lib/python3/dist-packages/oslo_config/cfg.py:2609
2025-08-26 20:02:22.786 168439 DEBUG oslo_service.service [req-bc53abe7-86c1-4144-bdcc-340148686921 - - - - -] api.local_metadata_per_cell = False log_opt_values /usr/lib/python3/dist-packages/oslo_config/cfg.py:2609
2025-08-26 20:02:22.787 168439 DEBUG oslo_service.service [req-bc53abe7-86c1-4144-bdcc-340148686921 - - - - -] api.max_limit = 1000 log_opt_values /usr/lib/python3/dist-packages/oslo_config/cfg.py:2609
2025-08-26 20:02:22.787 168439 DEBUG oslo_service.service [req-bc53abe7-86c1-4144-bdcc-340148686921 - - - - -] api.metadata_cache_expiration = 15 log_opt_values /usr/lib/python3/dist-packages/oslo_config/cfg.py:2609
2025-08-26 20:02:22.787 168439 DEBUG oslo_service.service [req-bc53abe7-86c1-4144-bdcc-340148686921 - - - - -] api.neutron_default_tenant_id = default log_opt_values /usr/lib/python3/dist-packages/oslo_config/cfg.py:2609
2025-08-26 20:02:22.787 168439 DEBUG oslo_service.service [req-bc53abe7-86c1-4144-bdcc-340148686921 - - - - -] api.use_forwarded_for = False log_opt_values /usr/lib/python3/dist-packages/oslo_config/cfg.py:2609
2025-08-26 20:02:22.787 168439 DEBUG oslo_service.service [req-bc53abe7-86c1-4144-bdcc-340148686921 - - - - -] api.use_neutron_default_nets = False log_opt_values /usr/lib/python3/dist-packages/oslo_config/cfg.py:2609
2025-08-26 20:02:22.787 168439 DEBUG oslo_service.service [req-bc53abe7-86c1-4144-bdcc-340148686921 - - - - -] api.vendordata_dynamic_connect_timeout = 5 log_opt_values /usr/lib/python3/dist-packages/oslo_config/cfg.py:2609
2025-08-26 20:02:22.788 168439 DEBUG oslo_service.service [req-bc53abe7-86c1-4144-bdcc-340148686921 - - - - -] api.vendordata_dynamic_failure_fatal = False log_opt_values /usr/lib/python3/dist-packages/oslo_config/cfg.py:2609
2025-08-26 20:02:22.788 168439 DEBUG oslo_service.service [req-bc53abe7-86c1-4144-bdcc-340148686921 - - - - -] api.vendordata_dynamic_read_timeout = 5 log_opt_values /usr/lib/python3/dist-packages/oslo_config/cfg.py:2609
2025-08-26 20:02:22.788 168439 DEBUG oslo_service.service [req-bc53abe7-86c1-4144-bdcc-340148686921 - - - - -] api.vendordata_dynamic_ssl_certfile = log_opt_values /usr/lib/python3/dist-packages/oslo_config/cfg.py:2609
2025-08-26 20:02:22.788 168439 DEBUG oslo_service.service [req-bc53abe7-86c1-4144-bdcc-340148686921 - - - - -] api.vendordata_dynamic_targets = [] log_opt_values /usr/lib/python3/dist-packages/oslo_config/cfg.py:2609
2025-08-26 20:02:22.789 168439 DEBUG oslo_service.service [req-bc53abe7-86c1-4144-bdcc-340148686921 - - - - -] api.vendordata_jsonfile_path = None log_opt_values /usr/lib/python3/dist-packages/oslo_config/cfg.py:2609
2025-08-26 20:02:22.789 168439 DEBUG oslo_service.service [req-bc53abe7-86c1-4144-bdcc-340148686921 - - - - -] api.vendordata_providers = ['StaticJSON'] log_opt_values /usr/lib/python3/dist-packages/oslo_config/cfg.py:2609
2025-08-26 20:02:22.790 168439 DEBUG oslo_service.service [req-bc53abe7-86c1-4144-bdcc-340148686921 - - - - -] cache.backend = dogpile.cache.null log_opt_values /usr/lib/python3/dist-packages/oslo_config/cfg.py:2609
2025-08-26 20:02:22.791 168439 DEBUG oslo_service.service [req-bc53abe7-86c1-4144-bdcc-340148686921 - - - - -] cache.backend_argument = **** log_opt_values /usr/lib/python3/dist-packages/oslo_config/cfg.py:2609
2025-08-26 20:02:22.791 168439 DEBUG oslo_service.service [req-bc53abe7-86c1-4144-bdcc-340148686921 - - - - -] cache.config_prefix = cache.oslo log_opt_values /usr/lib/python3/dist-packages/oslo_config/cfg.py:2609
2025-08-26 20:02:22.792 168439 DEBUG oslo_service.service [req-bc53abe7-86c1-4144-bdcc-340148686921 - - - - -] cache.debug_cache_backend = False log_opt_values /usr/lib/python3/dist-packages/oslo_config/cfg.py:2609
2025-08-26 20:02:22.792 168439 DEBUG oslo_service.service [req-bc53abe7-86c1-4144-bdcc-340148686921 - - - - -] cache.enabled = False log_opt_values /usr/lib/python3/dist-packages/oslo_config/cfg.py:2609
2025-08-26 20:02:22.792 168439 DEBUG oslo_service.service [req-bc53abe7-86c1-4144-bdcc-340148686921 - - - - -] cache.expiration_time = 600 log_opt_values /usr/lib/python3/dist-packages/oslo_config/cfg.py:2609
2025-08-26 20:02:22.792 168439 DEBUG oslo_service.service [req-bc53abe7-86c1-4144-bdcc-340148686921 - - - - -] cache.memcache_dead_retry = 300 log_opt_values /usr/lib/python3/dist-packages/oslo_config/cfg.py:2609
2025-08-26 20:02:22.793 168439 DEBUG oslo_service.service [req-bc53abe7-86c1-4144-bdcc-340148686921 - - - - -] cache.memcache_pool_connection_get_timeout = 10 log_opt_values /usr/lib/python3/dist-packages/oslo_config/cfg.py:2609
2025-08-26 20:02:22.793 168439 DEBUG oslo_service.service [req-bc53abe7-86c1-4144-bdcc-340148686921 - - - - -] cache.memcache_pool_flush_on_reconnect = False log_opt_values /usr/lib/python3/dist-packages/oslo_config/cfg.py:2609
2025-08-26 20:02:22.793 168439 DEBUG oslo_service.service [req-bc53abe7-86c1-4144-bdcc-340148686921 - - - - -] cache.memcache_pool_maxsize = 10 log_opt_values /usr/lib/python3/dist-packages/oslo_config/cfg.py:2609
2025-08-26 20:02:22.793 168439 DEBUG oslo_service.service [req-bc53abe7-86c1-4144-bdcc-340148686921 - - - - -] cache.memcache_pool_unused_timeout = 60 log_opt_values /usr/lib/python3/dist-packages/oslo_config/cfg.py:2609
2025-08-26 20:02:22.793 168439 DEBUG oslo_service.service [req-bc53abe7-86c1-4144-bdcc-340148686921 - - - - -] cache.memcache_servers = ['localhost:11211'] log_opt_values /usr/lib/python3/dist-packages/oslo_config/cfg.py:2609
2025-08-26 20:02:22.794 168439 DEBUG oslo_service.service [req-bc53abe7-86c1-4144-bdcc-340148686921 - - - - -] cache.memcache_socket_timeout = 1.0 log_opt_values /usr/lib/python3/dist-packages/oslo_config/cfg.py:2609
2025-08-26 20:02:22.794 168439 DEBUG oslo_service.service [req-bc53abe7-86c1-4144-bdcc-340148686921 - - - - -] cache.proxies = [] log_opt_values /usr/lib/python3/dist-packages/oslo_config/cfg.py:2609
2025-08-26 20:02:22.794 168439 DEBUG oslo_service.service [req-bc53abe7-86c1-4144-bdcc-340148686921 - - - - -] cache.tls_allowed_ciphers = None log_opt_values /usr/lib/python3/dist-packages/oslo_config/cfg.py:2609
2025-08-26 20:02:22.794 168439 DEBUG oslo_service.service [req-bc53abe7-86c1-4144-bdcc-340148686921 - - - - -] cache.tls_cafile = None log_opt_values /usr/lib/python3/dist-packages/oslo_config/cfg.py:2609
2025-08-26 20:02:22.794 168439 DEBUG oslo_service.service [req-bc53abe7-86c1-4144-bdcc-340148686921 - - - - -] cache.tls_certfile = None log_opt_values /usr/lib/python3/dist-packages/oslo_config/cfg.py:2609
2025-08-26 20:02:22.794 168439 DEBUG oslo_service.service [req-bc53abe7-86c1-4144-bdcc-340148686921 - - - - -] cache.tls_enabled = False log_opt_values /usr/lib/python3/dist-packages/oslo_config/cfg.py:2609
2025-08-26 20:02:22.795 168439 DEBUG oslo_service.service [req-bc53abe7-86c1-4144-bdcc-340148686921 - - - - -] cache.tls_keyfile = None log_opt_values /usr/lib/python3/dist-packages/oslo_config/cfg.py:2609
2025-08-26 20:02:22.795 168439 DEBUG oslo_service.service [req-bc53abe7-86c1-4144-bdcc-340148686921 - - - - -] cinder.auth_section = None log_opt_values /usr/lib/python3/dist-packages/oslo_config/cfg.py:2609
2025-08-26 20:02:22.795 168439 DEBUG oslo_service.service [req-bc53abe7-86c1-4144-bdcc-340148686921 - - - - -] cinder.auth_type = None log_opt_values /usr/lib/python3/dist-packages/oslo_config/cfg.py:2609
2025-08-26 20:02:22.795 168439 DEBUG oslo_service.service [req-bc53abe7-86c1-4144-bdcc-340148686921 - - - - -] cinder.cafile = None log_opt_values /usr/lib/python3/dist-packages/oslo_config/cfg.py:2609
2025-08-26 20:02:22.795 168439 DEBUG oslo_service.service [req-bc53abe7-86c1-4144-bdcc-340148686921 - - - - -] cinder.catalog_info = volumev3::publicURL log_opt_values /usr/lib/python3/dist-packages/oslo_config/cfg.py:2609
2025-08-26 20:02:22.796 168439 DEBUG oslo_service.service [req-bc53abe7-86c1-4144-bdcc-340148686921 - - - - -] cinder.certfile = None log_opt_values /usr/lib/python3/dist-packages/oslo_config/cfg.py:2609
2025-08-26 20:02:22.796 168439 DEBUG oslo_service.service [req-bc53abe7-86c1-4144-bdcc-340148686921 - - - - -] cinder.collect_timing = False log_opt_values /usr/lib/python3/dist-packages/oslo_config/cfg.py:2609
2025-08-26 20:02:22.796 168439 DEBUG oslo_service.service [req-bc53abe7-86c1-4144-bdcc-340148686921 - - - - -] cinder.cross_az_attach = True log_opt_values /usr/lib/python3/dist-packages/oslo_config/cfg.py:2609
2025-08-26 20:02:22.796 168439 DEBUG oslo_service.service [req-bc53abe7-86c1-4144-bdcc-340148686921 - - - - -] cinder.debug = False log_opt_values /usr/lib/python3/dist-packages/oslo_config/cfg.py:2609
2025-08-26 20:02:22.796 168439 DEBUG oslo_service.service [req-bc53abe7-86c1-4144-bdcc-340148686921 - - - - -] cinder.endpoint_template = None log_opt_values /usr/lib/python3/dist-packages/oslo_config/cfg.py:2609
2025-08-26 20:02:22.796 168439 DEBUG oslo_service.service [req-bc53abe7-86c1-4144-bdcc-340148686921 - - - - -] cinder.http_retries = 3 log_opt_values /usr/lib/python3/dist-packages/oslo_config/cfg.py:2609
2025-08-26 20:02:22.797 168439 DEBUG oslo_service.service [req-bc53abe7-86c1-4144-bdcc-340148686921 - - - - -] cinder.insecure = False log_opt_values /usr/lib/python3/dist-packages/oslo_config/cfg.py:2609
2025-08-26 20:02:22.797 168439 DEBUG oslo_service.service [req-bc53abe7-86c1-4144-bdcc-340148686921 - - - - -] cinder.keyfile = None log_opt_values /usr/lib/python3/dist-packages/oslo_config/cfg.py:2609
2025-08-26 20:02:22.797 168439 DEBUG oslo_service.service [req-bc53abe7-86c1-4144-bdcc-340148686921 - - - - -] cinder.os_region_name = None log_opt_values /usr/lib/python3/dist-packages/oslo_config/cfg.py:2609
2025-08-26 20:02:22.797 168439 DEBUG oslo_service.service [req-bc53abe7-86c1-4144-bdcc-340148686921 - - - - -] cinder.split_loggers = False log_opt_values /usr/lib/python3/dist-packages/oslo_config/cfg.py:2609
2025-08-26 20:02:22.797 168439 DEBUG oslo_service.service [req-bc53abe7-86c1-4144-bdcc-340148686921 - - - - -] cinder.timeout = None log_opt_values /usr/lib/python3/dist-packages/oslo_config/cfg.py:2609
2025-08-26 20:02:22.797 168439 DEBUG oslo_service.service [req-bc53abe7-86c1-4144-bdcc-340148686921 - - - - -] compute.consecutive_build_service_disable_threshold = 10 log_opt_values /usr/lib/python3/dist-packages/oslo_config/cfg.py:2609
2025-08-26 20:02:22.798 168439 DEBUG oslo_service.service [req-bc53abe7-86c1-4144-bdcc-340148686921 - - - - -] compute.cpu_dedicated_set = None log_opt_values /usr/lib/python3/dist-packages/oslo_config/cfg.py:2609
2025-08-26 20:02:22.798 168439 DEBUG oslo_service.service [req-bc53abe7-86c1-4144-bdcc-340148686921 - - - - -] compute.cpu_shared_set = None log_opt_values /usr/lib/python3/dist-packages/oslo_config/cfg.py:2609
2025-08-26 20:02:22.798 168439 DEBUG oslo_service.service [req-bc53abe7-86c1-4144-bdcc-340148686921 - - - - -] compute.image_type_exclude_list = [] log_opt_values /usr/lib/python3/dist-packages/oslo_config/cfg.py:2609
2025-08-26 20:02:22.798 168439 DEBUG oslo_service.service [req-bc53abe7-86c1-4144-bdcc-340148686921 - - - - -] compute.live_migration_wait_for_vif_plug = True log_opt_values /usr/lib/python3/dist-packages/oslo_config/cfg.py:2609
2025-08-26 20:02:22.798 168439 DEBUG oslo_service.service [req-bc53abe7-86c1-4144-bdcc-340148686921 - - - - -] compute.max_concurrent_disk_ops = 0 log_opt_values /usr/lib/python3/dist-packages/oslo_config/cfg.py:2609
2025-08-26 20:02:22.798 168439 DEBUG oslo_service.service [req-bc53abe7-86c1-4144-bdcc-340148686921 - - - - -] compute.max_disk_devices_to_attach = -1 log_opt_values /usr/lib/python3/dist-packages/oslo_config/cfg.py:2609
2025-08-26 20:02:22.799 168439 DEBUG oslo_service.service [req-bc53abe7-86c1-4144-bdcc-340148686921 - - - - -] compute.packing_host_numa_cells_allocation_strategy = True log_opt_values /usr/lib/python3/dist-packages/oslo_config/cfg.py:2609
2025-08-26 20:02:22.799 168439 DEBUG oslo_service.service [req-bc53abe7-86c1-4144-bdcc-340148686921 - - - - -] compute.provider_config_location = /etc/nova/provider_config/ log_opt_values /usr/lib/python3/dist-packages/oslo_config/cfg.py:2609
2025-08-26 20:02:22.799 168439 DEBUG oslo_service.service [req-bc53abe7-86c1-4144-bdcc-340148686921 - - - - -] compute.resource_provider_association_refresh = 300 log_opt_values /usr/lib/python3/dist-packages/oslo_config/cfg.py:2609
2025-08-26 20:02:22.799 168439 DEBUG oslo_service.service [req-bc53abe7-86c1-4144-bdcc-340148686921 - - - - -] compute.shutdown_retry_interval = 10 log_opt_values /usr/lib/python3/dist-packages/oslo_config/cfg.py:2609
2025-08-26 20:02:22.799 168439 DEBUG oslo_service.service [req-bc53abe7-86c1-4144-bdcc-340148686921 - - - - -] compute.vmdk_allowed_types = ['streamOptimized', 'monolithicSparse'] log_opt_values /usr/lib/python3/dist-packages/oslo_config/cfg.py:2609
2025-08-26 20:02:22.799 168439 DEBUG oslo_service.service [req-bc53abe7-86c1-4144-bdcc-340148686921 - - - - -] conductor.workers = 4 log_opt_values /usr/lib/python3/dist-packages/oslo_config/cfg.py:2609
2025-08-26 20:02:22.800 168439 DEBUG oslo_service.service [req-bc53abe7-86c1-4144-bdcc-340148686921 - - - - -] console.allowed_origins = [] log_opt_values /usr/lib/python3/dist-packages/oslo_config/cfg.py:2609
2025-08-26 20:02:22.800 168439 DEBUG oslo_service.service [req-bc53abe7-86c1-4144-bdcc-340148686921 - - - - -] console.ssl_ciphers = None log_opt_values /usr/lib/python3/dist-packages/oslo_config/cfg.py:2609
2025-08-26 20:02:22.800 168439 DEBUG oslo_service.service [req-bc53abe7-86c1-4144-bdcc-340148686921 - - - - -] console.ssl_minimum_version = default log_opt_values /usr/lib/python3/dist-packages/oslo_config/cfg.py:2609
2025-08-26 20:02:22.800 168439 DEBUG oslo_service.service [req-bc53abe7-86c1-4144-bdcc-340148686921 - - - - -] consoleauth.token_ttl = 600 log_opt_values /usr/lib/python3/dist-packages/oslo_config/cfg.py:2609
2025-08-26 20:02:22.800 168439 DEBUG oslo_service.service [req-bc53abe7-86c1-4144-bdcc-340148686921 - - - - -] cyborg.cafile = None log_opt_values /usr/lib/python3/dist-packages/oslo_config/cfg.py:2609
2025-08-26 20:02:22.800 168439 DEBUG oslo_service.service [req-bc53abe7-86c1-4144-bdcc-340148686921 - - - - -] cyborg.certfile = None log_opt_values /usr/lib/python3/dist-packages/oslo_config/cfg.py:2609
2025-08-26 20:02:22.800 168439 DEBUG oslo_service.service [req-bc53abe7-86c1-4144-bdcc-340148686921 - - - - -] cyborg.collect_timing = False log_opt_values /usr/lib/python3/dist-packages/oslo_config/cfg.py:2609
2025-08-26 20:02:22.801 168439 DEBUG oslo_service.service [req-bc53abe7-86c1-4144-bdcc-340148686921 - - - - -] cyborg.connect_retries = None log_opt_values /usr/lib/python3/dist-packages/oslo_config/cfg.py:2609
2025-08-26 20:02:22.801 168439 DEBUG oslo_service.service [req-bc53abe7-86c1-4144-bdcc-340148686921 - - - - -] cyborg.connect_retry_delay = None log_opt_values /usr/lib/python3/dist-packages/oslo_config/cfg.py:2609
2025-08-26 20:02:22.801 168439 DEBUG oslo_service.service [req-bc53abe7-86c1-4144-bdcc-340148686921 - - - - -] cyborg.endpoint_override = None log_opt_values /usr/lib/python3/dist-packages/oslo_config/cfg.py:2609
2025-08-26 20:02:22.801 168439 DEBUG oslo_service.service [req-bc53abe7-86c1-4144-bdcc-340148686921 - - - - -] cyborg.insecure = False log_opt_values /usr/lib/python3/dist-packages/oslo_config/cfg.py:2609
2025-08-26 20:02:22.801 168851 DEBUG oslo_messaging._drivers.amqpdriver [-] Listener is running poll /usr/lib/python3/dist-packages/oslo_messaging/_drivers/amqpdriver.py:343
2025-08-26 20:02:22.801 168439 DEBUG oslo_service.service [req-bc53abe7-86c1-4144-bdcc-340148686921 - - - - -] cyborg.keyfile = None log_opt_values /usr/lib/python3/dist-packages/oslo_config/cfg.py:2609
2025-08-26 20:02:22.801 168851 DEBUG oslo_messaging._drivers.amqpdriver [-] AMQPListener connection consume poll /usr/lib/python3/dist-packages/oslo_messaging/_drivers/amqpdriver.py:357
2025-08-26 20:02:22.801 168439 DEBUG oslo_service.service [req-bc53abe7-86c1-4144-bdcc-340148686921 - - - - -] cyborg.max_version = None log_opt_values /usr/lib/python3/dist-packages/oslo_config/cfg.py:2609
2025-08-26 20:02:22.801 168850 DEBUG oslo_messaging._drivers.amqpdriver [-] Listener is running poll /usr/lib/python3/dist-packages/oslo_messaging/_drivers/amqpdriver.py:343
2025-08-26 20:02:22.802 168439 DEBUG oslo_service.service [req-bc53abe7-86c1-4144-bdcc-340148686921 - - - - -] cyborg.min_version = None log_opt_values /usr/lib/python3/dist-packages/oslo_config/cfg.py:2609
2025-08-26 20:02:22.802 168850 DEBUG oslo_messaging._drivers.amqpdriver [-] AMQPListener connection consume poll /usr/lib/python3/dist-packages/oslo_messaging/_drivers/amqpdriver.py:357
2025-08-26 20:02:22.802 168439 DEBUG oslo_service.service [req-bc53abe7-86c1-4144-bdcc-340148686921 - - - - -] cyborg.region_name = None log_opt_values /usr/lib/python3/dist-packages/oslo_config/cfg.py:2609
2025-08-26 20:02:22.802 168439 DEBUG oslo_service.service [req-bc53abe7-86c1-4144-bdcc-340148686921 - - - - -] cyborg.service_name = None log_opt_values /usr/lib/python3/dist-packages/oslo_config/cfg.py:2609
2025-08-26 20:02:22.802 168851 DEBUG nova.service [req-221afafc-f0bd-4567-8d19-38dfe9d5228e - - - - -] Join ServiceGroup membership for this service conductor start /usr/lib/python3/dist-packages/nova/service.py:199
2025-08-26 20:02:22.802 168439 DEBUG oslo_service.service [req-bc53abe7-86c1-4144-bdcc-340148686921 - - - - -] cyborg.service_type = accelerator log_opt_values /usr/lib/python3/dist-packages/oslo_config/cfg.py:2609
2025-08-26 20:02:22.802 168851 DEBUG nova.servicegroup.drivers.db [req-221afafc-f0bd-4567-8d19-38dfe9d5228e - - - - -] DB_Driver: join new ServiceGroup member juju-3b9a7d-0-lxd-7 to the conductor group, service = join /usr/lib/python3/dist-packages/nova/servicegroup/drivers/db.py:44
2025-08-26 20:02:22.803 168439 DEBUG oslo_service.service [req-bc53abe7-86c1-4144-bdcc-340148686921 - - - - -] cyborg.split_loggers = False log_opt_values /usr/lib/python3/dist-packages/oslo_config/cfg.py:2609
2025-08-26 20:02:22.802 168850 DEBUG nova.service [req-08d1219e-88e7-42d3-b0cd-828983c0d648 - - - - -] Join ServiceGroup membership for this service conductor start /usr/lib/python3/dist-packages/nova/service.py:199
2025-08-26 20:02:22.803 168439 DEBUG oslo_service.service [req-bc53abe7-86c1-4144-bdcc-340148686921 - - - - -] cyborg.status_code_retries = None log_opt_values /usr/lib/python3/dist-packages/oslo_config/cfg.py:2609
2025-08-26 20:02:22.803 168439 DEBUG oslo_service.service [req-bc53abe7-86c1-4144-bdcc-340148686921 - - - - -] cyborg.status_code_retry_delay = None log_opt_values /usr/lib/python3/dist-packages/oslo_config/cfg.py:2609
2025-08-26 20:02:22.803 168850 DEBUG nova.servicegroup.drivers.db [req-08d1219e-88e7-42d3-b0cd-828983c0d648 - - - - -] DB_Driver: join new ServiceGroup member juju-3b9a7d-0-lxd-7 to the conductor group, service = join /usr/lib/python3/dist-packages/nova/servicegroup/drivers/db.py:44
2025-08-26 20:02:22.803 168439 DEBUG oslo_service.service [req-bc53abe7-86c1-4144-bdcc-340148686921 - - - - -] cyborg.timeout = None log_opt_values /usr/lib/python3/dist-packages/oslo_config/cfg.py:2609
2025-08-26 20:02:22.803 168439 DEBUG oslo_service.service [req-bc53abe7-86c1-4144-bdcc-340148686921 - - - - -] cyborg.valid_interfaces = ['internal', 'public'] log_opt_values /usr/lib/python3/dist-packages/oslo_config/cfg.py:2609
2025-08-26 20:02:22.804 168439 DEBUG oslo_service.service [req-bc53abe7-86c1-4144-bdcc-340148686921 - - - - -] cyborg.version = None log_opt_values /usr/lib/python3/dist-packages/oslo_config/cfg.py:2609
2025-08-26 20:02:22.804 168851 DEBUG oslo_messaging._drivers.amqpdriver [-] received message msg_id: c01b663103d7407dbb218a6d20ec185c reply to reply_4b77a81132fe42a58b60e5f895511464 __call__ /usr/lib/python3/dist-packages/oslo_messaging/_drivers/amqpdriver.py:320
2025-08-26 20:02:22.804 168439 DEBUG oslo_service.service [req-bc53abe7-86c1-4144-bdcc-340148686921 - - - - -] database.backend = sqlalchemy log_opt_values /usr/lib/python3/dist-packages/oslo_config/cfg.py:2609
2025-08-26 20:02:22.804 168439 DEBUG oslo_service.service [req-bc53abe7-86c1-4144-bdcc-340148686921 - - - - -] database.connection = **** log_opt_values /usr/lib/python3/dist-packages/oslo_config/cfg.py:2609
2025-08-26 20:02:22.804 168439 DEBUG oslo_service.service [req-bc53abe7-86c1-4144-bdcc-340148686921 - - - - -] database.connection_debug = 0 log_opt_values /usr/lib/python3/dist-packages/oslo_config/cfg.py:2609
2025-08-26 20:02:22.804 168439 DEBUG oslo_service.service [req-bc53abe7-86c1-4144-bdcc-340148686921 - - - - -] database.connection_parameters = log_opt_values /usr/lib/python3/dist-packages/oslo_config/cfg.py:2609
2025-08-26 20:02:22.804 168439 DEBUG oslo_service.service [req-bc53abe7-86c1-4144-bdcc-340148686921 - - - - -] database.connection_recycle_time = 3600 log_opt_values /usr/lib/python3/dist-packages/oslo_config/cfg.py:2609
2025-08-26 20:02:22.805 168439 DEBUG oslo_service.service [req-bc53abe7-86c1-4144-bdcc-340148686921 - - - - -] database.connection_trace = False log_opt_values /usr/lib/python3/dist-packages/oslo_config/cfg.py:2609
2025-08-26 20:02:22.805 168439 DEBUG oslo_service.service [req-bc53abe7-86c1-4144-bdcc-340148686921 - - - - -] database.db_inc_retry_interval = True log_opt_values /usr/lib/python3/dist-packages/oslo_config/cfg.py:2609
2025-08-26 20:02:22.805 168439 DEBUG oslo_service.service [req-bc53abe7-86c1-4144-bdcc-340148686921 - - - - -] database.db_max_retries = 20 log_opt_values /usr/lib/python3/dist-packages/oslo_config/cfg.py:2609
2025-08-26 20:02:22.805 168439 DEBUG oslo_service.service [req-bc53abe7-86c1-4144-bdcc-340148686921 - - - - -] database.db_max_retry_interval = 10 log_opt_values /usr/lib/python3/dist-packages/oslo_config/cfg.py:2609
2025-08-26 20:02:22.805 168439 DEBUG oslo_service.service [req-bc53abe7-86c1-4144-bdcc-340148686921 - - - - -] database.db_retry_interval = 1 log_opt_values /usr/lib/python3/dist-packages/oslo_config/cfg.py:2609
2025-08-26 20:02:22.805 168439 DEBUG oslo_service.service [req-bc53abe7-86c1-4144-bdcc-340148686921 - - - - -] database.max_overflow = 50 log_opt_values /usr/lib/python3/dist-packages/oslo_config/cfg.py:2609
2025-08-26 20:02:22.805 168850 DEBUG oslo_messaging._drivers.amqpdriver [-] AMQPListener connection timeout poll /usr/lib/python3/dist-packages/oslo_messaging/_drivers/amqpdriver.py:360
2025-08-26 20:02:22.805 168851 DEBUG oslo_messaging._drivers.amqpdriver [-] AMQPListener connection timeout poll /usr/lib/python3/dist-packages/oslo_messaging/_drivers/amqpdriver.py:360
2025-08-26 20:02:22.805 168850 DEBUG oslo_messaging._drivers.amqpdriver [-] Listener is running poll /usr/lib/python3/dist-packages/oslo_messaging/_drivers/amqpdriver.py:343
2025-08-26 20:02:22.805 168439 DEBUG oslo_service.service [req-bc53abe7-86c1-4144-bdcc-340148686921 - - - - -] database.max_pool_size = 4 log_opt_values /usr/lib/python3/dist-packages/oslo_config/cfg.py:2609
2025-08-26 20:02:22.806 168851 DEBUG oslo_messaging._drivers.amqpdriver [-] Listener is running poll /usr/lib/python3/dist-packages/oslo_messaging/_drivers/amqpdriver.py:343
2025-08-26 20:02:22.806 168850 DEBUG oslo_messaging._drivers.amqpdriver [-] AMQPListener connection consume poll /usr/lib/python3/dist-packages/oslo_messaging/_drivers/amqpdriver.py:357
2025-08-26 20:02:22.806 168851 DEBUG oslo_messaging._drivers.amqpdriver [-] Poll the incoming message with unique_id: 553d34decd774c1693915d54a5fc5785 poll /usr/lib/python3/dist-packages/oslo_messaging/_drivers/amqpdriver.py:346
2025-08-26 20:02:22.806 168439 DEBUG oslo_service.service [req-bc53abe7-86c1-4144-bdcc-340148686921 - - - - -] database.max_retries = 10 log_opt_values /usr/lib/python3/dist-packages/oslo_config/cfg.py:2609
2025-08-26 20:02:22.806 168439 DEBUG oslo_service.service [req-bc53abe7-86c1-4144-bdcc-340148686921 - - - - -] database.mysql_enable_ndb = False log_opt_values /usr/lib/python3/dist-packages/oslo_config/cfg.py:2609
2025-08-26 20:02:22.806 168439 DEBUG oslo_service.service [req-bc53abe7-86c1-4144-bdcc-340148686921 - - - - -] database.mysql_sql_mode = TRADITIONAL log_opt_values /usr/lib/python3/dist-packages/oslo_config/cfg.py:2609
2025-08-26 20:02:22.806 168851 DEBUG oslo_messaging._drivers.amqpdriver [-] Listener is running poll /usr/lib/python3/dist-packages/oslo_messaging/_drivers/amqpdriver.py:343
2025-08-26 20:02:22.806 168439 DEBUG oslo_service.service [req-bc53abe7-86c1-4144-bdcc-340148686921 - - - - -] database.pool_timeout = None log_opt_values /usr/lib/python3/dist-packages/oslo_config/cfg.py:2609
2025-08-26 20:02:22.806 168851 DEBUG oslo_messaging._drivers.amqpdriver [-] AMQPListener connection consume poll /usr/lib/python3/dist-packages/oslo_messaging/_drivers/amqpdriver.py:357
2025-08-26 20:02:22.806 168439 DEBUG oslo_service.service [req-bc53abe7-86c1-4144-bdcc-340148686921 - - - - -] database.retry_interval = 10 log_opt_values /usr/lib/python3/dist-packages/oslo_config/cfg.py:2609
2025-08-26 20:02:22.806 168439 DEBUG oslo_service.service [req-bc53abe7-86c1-4144-bdcc-340148686921 - - - - -] database.slave_connection = **** log_opt_values /usr/lib/python3/dist-packages/oslo_config/cfg.py:2609
2025-08-26 20:02:22.807 168439 DEBUG oslo_service.service [req-bc53abe7-86c1-4144-bdcc-340148686921 - - - - -] database.sqlite_synchronous = True log_opt_values /usr/lib/python3/dist-packages/oslo_config/cfg.py:2609
2025-08-26 20:02:22.807 168439 DEBUG oslo_service.service [req-bc53abe7-86c1-4144-bdcc-340148686921 - - - - -] database.use_db_reconnect = False log_opt_values /usr/lib/python3/dist-packages/oslo_config/cfg.py:2609
2025-08-26 20:02:22.807 168439 DEBUG oslo_service.service [req-bc53abe7-86c1-4144-bdcc-340148686921 - - - - -] api_database.backend = sqlalchemy log_opt_values /usr/lib/python3/dist-packages/oslo_config/cfg.py:2609
2025-08-26 20:02:22.807 168439 DEBUG oslo_service.service [req-bc53abe7-86c1-4144-bdcc-340148686921 - - - - -] api_database.connection = **** log_opt_values /usr/lib/python3/dist-packages/oslo_config/cfg.py:2609
2025-08-26 20:02:22.807 168439 DEBUG oslo_service.service [req-bc53abe7-86c1-4144-bdcc-340148686921 - - - - -] api_database.connection_debug = 0 log_opt_values /usr/lib/python3/dist-packages/oslo_config/cfg.py:2609
2025-08-26 20:02:22.807 168439 DEBUG oslo_service.service [req-bc53abe7-86c1-4144-bdcc-340148686921 - - - - -] api_database.connection_parameters = log_opt_values /usr/lib/python3/dist-packages/oslo_config/cfg.py:2609
2025-08-26 20:02:22.808 168439 DEBUG oslo_service.service [req-bc53abe7-86c1-4144-bdcc-340148686921 - - - - -] api_database.connection_recycle_time = 3600 log_opt_values /usr/lib/python3/dist-packages/oslo_config/cfg.py:2609
2025-08-26 20:02:22.808 168439 DEBUG oslo_service.service [req-bc53abe7-86c1-4144-bdcc-340148686921 - - - - -] api_database.connection_trace = False log_opt_values /usr/lib/python3/dist-packages/oslo_config/cfg.py:2609
2025-08-26 20:02:22.808 168439 DEBUG oslo_service.service [req-bc53abe7-86c1-4144-bdcc-340148686921 - - - - -] api_database.db_inc_retry_interval = True log_opt_values /usr/lib/python3/dist-packages/oslo_config/cfg.py:2609
2025-08-26 20:02:22.808 168852 DEBUG oslo_messaging._drivers.amqpdriver [-] Listener is running poll /usr/lib/python3/dist-packages/oslo_messaging/_drivers/amqpdriver.py:343
2025-08-26 20:02:22.808 168852 DEBUG oslo_messaging._drivers.amqpdriver [-] AMQPListener connection consume poll /usr/lib/python3/dist-packages/oslo_messaging/_drivers/amqpdriver.py:357
2025-08-26 20:02:22.808 168439 DEBUG oslo_service.service [req-bc53abe7-86c1-4144-bdcc-340148686921 - - - - -] api_database.db_max_retries = 20 log_opt_values /usr/lib/python3/dist-packages/oslo_config/cfg.py:2609
2025-08-26 20:02:22.808 168439 DEBUG oslo_service.service [req-bc53abe7-86c1-4144-bdcc-340148686921 - - - - -] api_database.db_max_retry_interval = 10 log_opt_values /usr/lib/python3/dist-packages/oslo_config/cfg.py:2609
2025-08-26 20:02:22.808 168439 DEBUG oslo_service.service [req-bc53abe7-86c1-4144-bdcc-340148686921 - - - - -] api_database.db_retry_interval = 1 log_opt_values /usr/lib/python3/dist-packages/oslo_config/cfg.py:2609
2025-08-26 20:02:22.809 168439 DEBUG oslo_service.service [req-bc53abe7-86c1-4144-bdcc-340148686921 - - - - -] api_database.max_overflow = 50 log_opt_values /usr/lib/python3/dist-packages/oslo_config/cfg.py:2609
2025-08-26 20:02:22.809 168439 DEBUG oslo_service.service [req-bc53abe7-86c1-4144-bdcc-340148686921 - - - - -] api_database.max_pool_size = 4 log_opt_values /usr/lib/python3/dist-packages/oslo_config/cfg.py:2609
2025-08-26 20:02:22.808 168852 DEBUG nova.service [req-1f8fd518-77fd-4d6e-976d-274727ea4302 - - - - -] Join ServiceGroup membership for this service conductor start /usr/lib/python3/dist-packages/nova/service.py:199
2025-08-26 20:02:22.809 168439 DEBUG oslo_service.service [req-bc53abe7-86c1-4144-bdcc-340148686921 - - - - -] api_database.max_retries = 10 log_opt_values /usr/lib/python3/dist-packages/oslo_config/cfg.py:2609
2025-08-26 20:02:22.809 168852 DEBUG nova.servicegroup.drivers.db [req-1f8fd518-77fd-4d6e-976d-274727ea4302 - - - - -] DB_Driver: join new ServiceGroup member juju-3b9a7d-0-lxd-7 to the conductor group, service = join /usr/lib/python3/dist-packages/nova/servicegroup/drivers/db.py:44
2025-08-26 20:02:22.809 168439 DEBUG oslo_service.service [req-bc53abe7-86c1-4144-bdcc-340148686921 - - - - -] api_database.mysql_enable_ndb = False log_opt_values /usr/lib/python3/dist-packages/oslo_config/cfg.py:2609
2025-08-26 20:02:22.809 168439 DEBUG oslo_service.service [req-bc53abe7-86c1-4144-bdcc-340148686921 - - - - -] api_database.mysql_sql_mode = TRADITIONAL log_opt_values /usr/lib/python3/dist-packages/oslo_config/cfg.py:2609
2025-08-26 20:02:22.809 168439 DEBUG oslo_service.service [req-bc53abe7-86c1-4144-bdcc-340148686921 - - - - -] api_database.pool_timeout = None log_opt_values /usr/lib/python3/dist-packages/oslo_config/cfg.py:2609
2025-08-26 20:02:22.809 168439 DEBUG oslo_service.service [req-bc53abe7-86c1-4144-bdcc-340148686921 - - - - -] api_database.retry_interval = 10 log_opt_values /usr/lib/python3/dist-packages/oslo_config/cfg.py:2609
2025-08-26 20:02:22.810 168439 DEBUG oslo_service.service [req-bc53abe7-86c1-4144-bdcc-340148686921 - - - - -] api_database.slave_connection = **** log_opt_values /usr/lib/python3/dist-packages/oslo_config/cfg.py:2609
2025-08-26 20:02:22.810 168439 DEBUG oslo_service.service [req-bc53abe7-86c1-4144-bdcc-340148686921 - - - - -] api_database.sqlite_synchronous = True log_opt_values /usr/lib/python3/dist-packages/oslo_config/cfg.py:2609
2025-08-26 20:02:22.810 168439 DEBUG oslo_service.service [req-bc53abe7-86c1-4144-bdcc-340148686921 - - - - -] devices.enabled_mdev_types = [] log_opt_values /usr/lib/python3/dist-packages/oslo_config/cfg.py:2609
2025-08-26 20:02:22.810 168439 DEBUG oslo_service.service [req-bc53abe7-86c1-4144-bdcc-340148686921 - - - - -] ephemeral_storage_encryption.cipher = aes-xts-plain64 log_opt_values /usr/lib/python3/dist-packages/oslo_config/cfg.py:2609
2025-08-26 20:02:22.810 168439 DEBUG oslo_service.service [req-bc53abe7-86c1-4144-bdcc-340148686921 - - - - -] ephemeral_storage_encryption.enabled = False log_opt_values /usr/lib/python3/dist-packages/oslo_config/cfg.py:2609
2025-08-26 20:02:22.810 168439 DEBUG oslo_service.service [req-bc53abe7-86c1-4144-bdcc-340148686921 - - - - -] ephemeral_storage_encryption.key_size = 512 log_opt_values /usr/lib/python3/dist-packages/oslo_config/cfg.py:2609
2025-08-26 20:02:22.811 168439 WARNING oslo_config.cfg [req-bc53abe7-86c1-4144-bdcc-340148686921 - - - - -] Deprecated: Option "api_servers" from group "glance" is deprecated for removal ( Support for image service configuration via standard keystoneauth1 Adapter options was added in the 17.0.0 Queens release. The api_servers option was retained temporarily to allow consumers time to cut over to a real load balancing solution. ). Its value may be silently ignored in the future.
2025-08-26 20:02:22.811 168439 DEBUG oslo_service.service [req-bc53abe7-86c1-4144-bdcc-340148686921 - - - - -] glance.api_servers = ['http://252.19.0.36:9292'] log_opt_values /usr/lib/python3/dist-packages/oslo_config/cfg.py:2609
2025-08-26 20:02:22.811 168852 DEBUG oslo_messaging._drivers.amqpdriver [-] AMQPListener connection timeout poll /usr/lib/python3/dist-packages/oslo_messaging/_drivers/amqpdriver.py:360
2025-08-26 20:02:22.811 168439 DEBUG oslo_service.service [req-bc53abe7-86c1-4144-bdcc-340148686921 - - - - -] glance.cafile = None log_opt_values /usr/lib/python3/dist-packages/oslo_config/cfg.py:2609
2025-08-26 20:02:22.811 168852 DEBUG oslo_messaging._drivers.amqpdriver [-] Listener is running poll /usr/lib/python3/dist-packages/oslo_messaging/_drivers/amqpdriver.py:343
2025-08-26 20:02:22.811 168439 DEBUG oslo_service.service [req-bc53abe7-86c1-4144-bdcc-340148686921 - - - - -] glance.certfile = None log_opt_values /usr/lib/python3/dist-packages/oslo_config/cfg.py:2609
2025-08-26 20:02:22.811 168852 DEBUG oslo_messaging._drivers.amqpdriver [-] AMQPListener connection consume poll /usr/lib/python3/dist-packages/oslo_messaging/_drivers/amqpdriver.py:357
2025-08-26 20:02:22.811 168439 DEBUG oslo_service.service [req-bc53abe7-86c1-4144-bdcc-340148686921 - - - - -] glance.collect_timing = False log_opt_values /usr/lib/python3/dist-packages/oslo_config/cfg.py:2609
2025-08-26 20:02:22.812 168439 DEBUG oslo_service.service [req-bc53abe7-86c1-4144-bdcc-340148686921 - - - - -] glance.connect_retries = None log_opt_values /usr/lib/python3/dist-packages/oslo_config/cfg.py:2609
2025-08-26 20:02:22.812 168439 DEBUG oslo_service.service [req-bc53abe7-86c1-4144-bdcc-340148686921 - - - - -] glance.connect_retry_delay = None log_opt_values /usr/lib/python3/dist-packages/oslo_config/cfg.py:2609
2025-08-26 20:02:22.812 168439 DEBUG oslo_service.service [req-bc53abe7-86c1-4144-bdcc-340148686921 - - - - -] glance.debug = False log_opt_values /usr/lib/python3/dist-packages/oslo_config/cfg.py:2609
2025-08-26 20:02:22.813 168439 DEBUG oslo_service.service [req-bc53abe7-86c1-4144-bdcc-340148686921 - - - - -] glance.default_trusted_certificate_ids = [] log_opt_values /usr/lib/python3/dist-packages/oslo_config/cfg.py:2609
2025-08-26 20:02:22.813 168439 DEBUG oslo_service.service [req-bc53abe7-86c1-4144-bdcc-340148686921 - - - - -] glance.enable_certificate_validation = False log_opt_values /usr/lib/python3/dist-packages/oslo_config/cfg.py:2609
2025-08-26 20:02:22.813 168439 DEBUG oslo_service.service [req-bc53abe7-86c1-4144-bdcc-340148686921 - - - - -] glance.enable_rbd_download = False log_opt_values /usr/lib/python3/dist-packages/oslo_config/cfg.py:2609
2025-08-26 20:02:22.813 168439 DEBUG oslo_service.service [req-bc53abe7-86c1-4144-bdcc-340148686921 - - - - -] glance.endpoint_override = None log_opt_values /usr/lib/python3/dist-packages/oslo_config/cfg.py:2609
2025-08-26 20:02:22.813 168439 DEBUG oslo_service.service [req-bc53abe7-86c1-4144-bdcc-340148686921 - - - - -] glance.insecure = False log_opt_values /usr/lib/python3/dist-packages/oslo_config/cfg.py:2609
2025-08-26 20:02:22.814 168439 DEBUG oslo_service.service [req-bc53abe7-86c1-4144-bdcc-340148686921 - - - - -] glance.keyfile = None log_opt_values /usr/lib/python3/dist-packages/oslo_config/cfg.py:2609
2025-08-26 20:02:22.814 168439 DEBUG oslo_service.service [req-bc53abe7-86c1-4144-bdcc-340148686921 - - - - -] glance.max_version = None log_opt_values /usr/lib/python3/dist-packages/oslo_config/cfg.py:2609
2025-08-26 20:02:22.814 168439 DEBUG oslo_service.service [req-bc53abe7-86c1-4144-bdcc-340148686921 - - - - -] glance.min_version = None log_opt_values /usr/lib/python3/dist-packages/oslo_config/cfg.py:2609
2025-08-26 20:02:22.814 168439 DEBUG oslo_service.service [req-bc53abe7-86c1-4144-bdcc-340148686921 - - - - -] glance.num_retries = 3 log_opt_values /usr/lib/python3/dist-packages/oslo_config/cfg.py:2609
2025-08-26 20:02:22.814 168439 DEBUG oslo_service.service [req-bc53abe7-86c1-4144-bdcc-340148686921 - - - - -] glance.rbd_ceph_conf = log_opt_values /usr/lib/python3/dist-packages/oslo_config/cfg.py:2609
2025-08-26 20:02:22.814 168439 DEBUG oslo_service.service [req-bc53abe7-86c1-4144-bdcc-340148686921 - - - - -] glance.rbd_connect_timeout = 5 log_opt_values /usr/lib/python3/dist-packages/oslo_config/cfg.py:2609
2025-08-26 20:02:22.814 168853 DEBUG nova.service [req-9e972800-970f-4262-886f-64b668c481b0 - - - - -] Creating RPC server for service conductor start /usr/lib/python3/dist-packages/nova/service.py:182
2025-08-26 20:02:22.815 168439 DEBUG oslo_service.service [req-bc53abe7-86c1-4144-bdcc-340148686921 - - - - -] glance.rbd_pool = log_opt_values /usr/lib/python3/dist-packages/oslo_config/cfg.py:2609
2025-08-26 20:02:22.815 168439 DEBUG oslo_service.service [req-bc53abe7-86c1-4144-bdcc-340148686921 - - - - -] glance.rbd_user = log_opt_values /usr/lib/python3/dist-packages/oslo_config/cfg.py:2609
2025-08-26 20:02:22.815 168439 DEBUG oslo_service.service [req-bc53abe7-86c1-4144-bdcc-340148686921 - - - - -] glance.region_name = None log_opt_values /usr/lib/python3/dist-packages/oslo_config/cfg.py:2609
2025-08-26 20:02:22.815 168439 DEBUG oslo_service.service [req-bc53abe7-86c1-4144-bdcc-340148686921 - - - - -] glance.service_name = None log_opt_values /usr/lib/python3/dist-packages/oslo_config/cfg.py:2609
2025-08-26 20:02:22.815 168439 DEBUG oslo_service.service [req-bc53abe7-86c1-4144-bdcc-340148686921 - - - - -] glance.service_type = image log_opt_values /usr/lib/python3/dist-packages/oslo_config/cfg.py:2609
2025-08-26 20:02:22.815 168439 DEBUG oslo_service.service [req-bc53abe7-86c1-4144-bdcc-340148686921 - - - - -] glance.split_loggers = False log_opt_values /usr/lib/python3/dist-packages/oslo_config/cfg.py:2609
2025-08-26 20:02:22.816 168439 DEBUG oslo_service.service [req-bc53abe7-86c1-4144-bdcc-340148686921 - - - - -] glance.status_code_retries = None log_opt_values /usr/lib/python3/dist-packages/oslo_config/cfg.py:2609
2025-08-26 20:02:22.816 168439 DEBUG oslo_service.service [req-bc53abe7-86c1-4144-bdcc-340148686921 - - - - -] glance.status_code_retry_delay = None log_opt_values /usr/lib/python3/dist-packages/oslo_config/cfg.py:2609
2025-08-26 20:02:22.816 168439 DEBUG oslo_service.service [req-bc53abe7-86c1-4144-bdcc-340148686921 - - - - -] glance.timeout = None log_opt_values /usr/lib/python3/dist-packages/oslo_config/cfg.py:2609
2025-08-26 20:02:22.816 168439 DEBUG oslo_service.service [req-bc53abe7-86c1-4144-bdcc-340148686921 - - - - -] glance.valid_interfaces = ['internal', 'public'] log_opt_values /usr/lib/python3/dist-packages/oslo_config/cfg.py:2609
2025-08-26 20:02:22.816 168439 DEBUG oslo_service.service [req-bc53abe7-86c1-4144-bdcc-340148686921 - - - - -] glance.verify_glance_signatures = False log_opt_values /usr/lib/python3/dist-packages/oslo_config/cfg.py:2609
2025-08-26 20:02:22.816 168439 DEBUG oslo_service.service [req-bc53abe7-86c1-4144-bdcc-340148686921 - - - - -] glance.version = None log_opt_values /usr/lib/python3/dist-packages/oslo_config/cfg.py:2609
2025-08-26 20:02:22.817 168439 DEBUG oslo_service.service [req-bc53abe7-86c1-4144-bdcc-340148686921 - - - - -] guestfs.debug = False log_opt_values /usr/lib/python3/dist-packages/oslo_config/cfg.py:2609
2025-08-26 20:02:22.817 168439 DEBUG oslo_service.service [req-bc53abe7-86c1-4144-bdcc-340148686921 - - - - -] hyperv.config_drive_cdrom = False log_opt_values /usr/lib/python3/dist-packages/oslo_config/cfg.py:2609
2025-08-26 20:02:22.817 168439 DEBUG oslo_service.service [req-bc53abe7-86c1-4144-bdcc-340148686921 - - - - -] hyperv.config_drive_inject_password = False log_opt_values /usr/lib/python3/dist-packages/oslo_config/cfg.py:2609
2025-08-26 20:02:22.817 168439 DEBUG oslo_service.service [req-bc53abe7-86c1-4144-bdcc-340148686921 - - - - -] hyperv.dynamic_memory_ratio = 1.0 log_opt_values /usr/lib/python3/dist-packages/oslo_config/cfg.py:2609
2025-08-26 20:02:22.817 168439 DEBUG oslo_service.service [req-bc53abe7-86c1-4144-bdcc-340148686921 - - - - -] hyperv.enable_instance_metrics_collection = False log_opt_values /usr/lib/python3/dist-packages/oslo_config/cfg.py:2609
2025-08-26 20:02:22.817 168439 DEBUG oslo_service.service [req-bc53abe7-86c1-4144-bdcc-340148686921 - - - - -] hyperv.enable_remotefx = False log_opt_values /usr/lib/python3/dist-packages/oslo_config/cfg.py:2609
2025-08-26 20:02:22.818 168439 DEBUG oslo_service.service [req-bc53abe7-86c1-4144-bdcc-340148686921 - - - - -] hyperv.instances_path_share = log_opt_values /usr/lib/python3/dist-packages/oslo_config/cfg.py:2609
2025-08-26 20:02:22.818 168439 DEBUG oslo_service.service [req-bc53abe7-86c1-4144-bdcc-340148686921 - - - - -] hyperv.iscsi_initiator_list = [] log_opt_values /usr/lib/python3/dist-packages/oslo_config/cfg.py:2609
2025-08-26 20:02:22.818 168439 DEBUG oslo_service.service [req-bc53abe7-86c1-4144-bdcc-340148686921 - - - - -] hyperv.limit_cpu_features = False log_opt_values /usr/lib/python3/dist-packages/oslo_config/cfg.py:2609
2025-08-26 20:02:22.818 168439 DEBUG oslo_service.service [req-bc53abe7-86c1-4144-bdcc-340148686921 - - - - -] hyperv.mounted_disk_query_retry_count = 10 log_opt_values /usr/lib/python3/dist-packages/oslo_config/cfg.py:2609
2025-08-26 20:02:22.818 168439 DEBUG oslo_service.service [req-bc53abe7-86c1-4144-bdcc-340148686921 - - - - -] hyperv.mounted_disk_query_retry_interval = 5 log_opt_values /usr/lib/python3/dist-packages/oslo_config/cfg.py:2609
2025-08-26 20:02:22.818 168439 DEBUG oslo_service.service [req-bc53abe7-86c1-4144-bdcc-340148686921 - - - - -] hyperv.power_state_check_timeframe = 60 log_opt_values /usr/lib/python3/dist-packages/oslo_config/cfg.py:2609
2025-08-26 20:02:22.818 168439 DEBUG oslo_service.service [req-bc53abe7-86c1-4144-bdcc-340148686921 - - - - -] hyperv.power_state_event_polling_interval = 2 log_opt_values /usr/lib/python3/dist-packages/oslo_config/cfg.py:2609
2025-08-26 20:02:22.819 168439 DEBUG oslo_service.service [req-bc53abe7-86c1-4144-bdcc-340148686921 - - - - -] hyperv.qemu_img_cmd = qemu-img.exe log_opt_values /usr/lib/python3/dist-packages/oslo_config/cfg.py:2609
2025-08-26 20:02:22.819 168439 DEBUG oslo_service.service [req-bc53abe7-86c1-4144-bdcc-340148686921 - - - - -] hyperv.use_multipath_io = False log_opt_values /usr/lib/python3/dist-packages/oslo_config/cfg.py:2609
2025-08-26 20:02:22.819 168439 DEBUG oslo_service.service [req-bc53abe7-86c1-4144-bdcc-340148686921 - - - - -] hyperv.volume_attach_retry_count = 10 log_opt_values /usr/lib/python3/dist-packages/oslo_config/cfg.py:2609
2025-08-26 20:02:22.819 168439 DEBUG oslo_service.service [req-bc53abe7-86c1-4144-bdcc-340148686921 - - - - -] hyperv.volume_attach_retry_interval = 5 log_opt_values /usr/lib/python3/dist-packages/oslo_config/cfg.py:2609
2025-08-26 20:02:22.819 168439 DEBUG oslo_service.service [req-bc53abe7-86c1-4144-bdcc-340148686921 - - - - -] hyperv.vswitch_name = None log_opt_values /usr/lib/python3/dist-packages/oslo_config/cfg.py:2609
2025-08-26 20:02:22.819 168439 DEBUG oslo_service.service [req-bc53abe7-86c1-4144-bdcc-340148686921 - - - - -] hyperv.wait_soft_reboot_seconds = 60 log_opt_values /usr/lib/python3/dist-packages/oslo_config/cfg.py:2609
2025-08-26 20:02:22.820 168439 DEBUG oslo_service.service [req-bc53abe7-86c1-4144-bdcc-340148686921 - - - - -] mks.enabled = False log_opt_values /usr/lib/python3/dist-packages/oslo_config/cfg.py:2609
2025-08-26 20:02:22.820 168439 DEBUG oslo_service.service [req-bc53abe7-86c1-4144-bdcc-340148686921 - - - - -] mks.mksproxy_base_url = http://127.0.0.1:6090/ log_opt_values /usr/lib/python3/dist-packages/oslo_config/cfg.py:2609
2025-08-26 20:02:22.820 168439 DEBUG oslo_service.service [req-bc53abe7-86c1-4144-bdcc-340148686921 - - - - -] image_cache.manager_interval = 2400 log_opt_values /usr/lib/python3/dist-packages/oslo_config/cfg.py:2609
2025-08-26 20:02:22.820 168439 DEBUG oslo_service.service [req-bc53abe7-86c1-4144-bdcc-340148686921 - - - - -] image_cache.precache_concurrency = 1 log_opt_values /usr/lib/python3/dist-packages/oslo_config/cfg.py:2609
2025-08-26 20:02:22.821 168439 DEBUG oslo_service.service [req-bc53abe7-86c1-4144-bdcc-340148686921 - - - - -] image_cache.remove_unused_base_images = True log_opt_values /usr/lib/python3/dist-packages/oslo_config/cfg.py:2609
2025-08-26 20:02:22.821 168439 DEBUG oslo_service.service [req-bc53abe7-86c1-4144-bdcc-340148686921 - - - - -] image_cache.remove_unused_original_minimum_age_seconds = 86400 log_opt_values /usr/lib/python3/dist-packages/oslo_config/cfg.py:2609
2025-08-26 20:02:22.821 168439 DEBUG oslo_service.service [req-bc53abe7-86c1-4144-bdcc-340148686921 - - - - -] image_cache.remove_unused_resized_minimum_age_seconds = 3600 log_opt_values /usr/lib/python3/dist-packages/oslo_config/cfg.py:2609
2025-08-26 20:02:22.821 168439 DEBUG oslo_service.service [req-bc53abe7-86c1-4144-bdcc-340148686921 - - - - -] image_cache.subdirectory_name = _base log_opt_values /usr/lib/python3/dist-packages/oslo_config/cfg.py:2609
2025-08-26 20:02:22.821 168439 DEBUG oslo_service.service [req-bc53abe7-86c1-4144-bdcc-340148686921 - - - - -] ironic.api_max_retries = 60 log_opt_values /usr/lib/python3/dist-packages/oslo_config/cfg.py:2609
2025-08-26 20:02:22.821 168439 DEBUG oslo_service.service [req-bc53abe7-86c1-4144-bdcc-340148686921 - - - - -] ironic.api_retry_interval = 2 log_opt_values /usr/lib/python3/dist-packages/oslo_config/cfg.py:2609
2025-08-26 20:02:22.823 168439 DEBUG oslo_service.service [req-bc53abe7-86c1-4144-bdcc-340148686921 - - - - -] ironic.auth_section = None log_opt_values /usr/lib/python3/dist-packages/oslo_config/cfg.py:2609
2025-08-26 20:02:22.823 168439 DEBUG oslo_service.service [req-bc53abe7-86c1-4144-bdcc-340148686921 - - - - -] ironic.auth_type = None log_opt_values /usr/lib/python3/dist-packages/oslo_config/cfg.py:2609
2025-08-26 20:02:22.823 168439 DEBUG oslo_service.service [req-bc53abe7-86c1-4144-bdcc-340148686921 - - - - -] ironic.cafile = None log_opt_values /usr/lib/python3/dist-packages/oslo_config/cfg.py:2609
2025-08-26 20:02:22.824 168439 DEBUG oslo_service.service [req-bc53abe7-86c1-4144-bdcc-340148686921 - - - - -] ironic.certfile = None log_opt_values /usr/lib/python3/dist-packages/oslo_config/cfg.py:2609
2025-08-26 20:02:22.824 168439 DEBUG oslo_service.service [req-bc53abe7-86c1-4144-bdcc-340148686921 - - - - -] ironic.collect_timing = False log_opt_values /usr/lib/python3/dist-packages/oslo_config/cfg.py:2609
2025-08-26 20:02:22.824 168439 DEBUG oslo_service.service [req-bc53abe7-86c1-4144-bdcc-340148686921 - - - - -] ironic.connect_retries = None log_opt_values /usr/lib/python3/dist-packages/oslo_config/cfg.py:2609
2025-08-26 20:02:22.824 168439 DEBUG oslo_service.service [req-bc53abe7-86c1-4144-bdcc-340148686921 - - - - -] ironic.connect_retry_delay = None log_opt_values /usr/lib/python3/dist-packages/oslo_config/cfg.py:2609
2025-08-26 20:02:22.824 168439 DEBUG oslo_service.service [req-bc53abe7-86c1-4144-bdcc-340148686921 - - - - -] ironic.endpoint_override = None log_opt_values /usr/lib/python3/dist-packages/oslo_config/cfg.py:2609
2025-08-26 20:02:22.824 168439 DEBUG oslo_service.service [req-bc53abe7-86c1-4144-bdcc-340148686921 - - - - -] ironic.insecure = False log_opt_values /usr/lib/python3/dist-packages/oslo_config/cfg.py:2609
2025-08-26 20:02:22.824 168439 DEBUG oslo_service.service [req-bc53abe7-86c1-4144-bdcc-340148686921 - - - - -] ironic.keyfile = None log_opt_values /usr/lib/python3/dist-packages/oslo_config/cfg.py:2609
2025-08-26 20:02:22.825 168439 DEBUG oslo_service.service [req-bc53abe7-86c1-4144-bdcc-340148686921 - - - - -] ironic.max_version = None log_opt_values /usr/lib/python3/dist-packages/oslo_config/cfg.py:2609
2025-08-26 20:02:22.825 168439 DEBUG oslo_service.service [req-bc53abe7-86c1-4144-bdcc-340148686921 - - - - -] ironic.min_version = None log_opt_values /usr/lib/python3/dist-packages/oslo_config/cfg.py:2609
