2025-08-25 00:38:34.082 140207 DEBUG oslo_service.service [req-af70c784-72c2-48ad-97f1-5a5fb1ce2625 - - - - -] cache.tls_certfile = None log_opt_values /usr/lib/python3/dist-packages/oslo_config/cfg.py:2609
2025-08-25 00:38:34.082 140207 DEBUG oslo_service.service [req-af70c784-72c2-48ad-97f1-5a5fb1ce2625 - - - - -] cache.tls_enabled = False log_opt_values /usr/lib/python3/dist-packages/oslo_config/cfg.py:2609
2025-08-25 00:38:34.082 140207 DEBUG oslo_service.service [req-af70c784-72c2-48ad-97f1-5a5fb1ce2625 - - - - -] cache.tls_keyfile = None log_opt_values /usr/lib/python3/dist-packages/oslo_config/cfg.py:2609
2025-08-25 00:38:34.082 140207 DEBUG oslo_service.service [req-af70c784-72c2-48ad-97f1-5a5fb1ce2625 - - - - -] cinder.auth_section = None log_opt_values /usr/lib/python3/dist-packages/oslo_config/cfg.py:2609
2025-08-25 00:38:34.083 140207 DEBUG oslo_service.service [req-af70c784-72c2-48ad-97f1-5a5fb1ce2625 - - - - -] cinder.auth_type = None log_opt_values /usr/lib/python3/dist-packages/oslo_config/cfg.py:2609
2025-08-25 00:38:34.083 140207 DEBUG oslo_service.service [req-af70c784-72c2-48ad-97f1-5a5fb1ce2625 - - - - -] cinder.cafile = None log_opt_values /usr/lib/python3/dist-packages/oslo_config/cfg.py:2609
2025-08-25 00:38:34.083 140207 DEBUG oslo_service.service [req-af70c784-72c2-48ad-97f1-5a5fb1ce2625 - - - - -] cinder.catalog_info = volumev3::publicURL log_opt_values /usr/lib/python3/dist-packages/oslo_config/cfg.py:2609
2025-08-25 00:38:34.083 140207 DEBUG oslo_service.service [req-af70c784-72c2-48ad-97f1-5a5fb1ce2625 - - - - -] cinder.certfile = None log_opt_values /usr/lib/python3/dist-packages/oslo_config/cfg.py:2609
2025-08-25 00:38:34.083 140207 DEBUG oslo_service.service [req-af70c784-72c2-48ad-97f1-5a5fb1ce2625 - - - - -] cinder.collect_timing = False log_opt_values /usr/lib/python3/dist-packages/oslo_config/cfg.py:2609
2025-08-25 00:38:34.083 140207 DEBUG oslo_service.service [req-af70c784-72c2-48ad-97f1-5a5fb1ce2625 - - - - -] cinder.cross_az_attach = True log_opt_values /usr/lib/python3/dist-packages/oslo_config/cfg.py:2609
2025-08-25 00:38:34.084 140207 DEBUG oslo_service.service [req-af70c784-72c2-48ad-97f1-5a5fb1ce2625 - - - - -] cinder.debug = False log_opt_values /usr/lib/python3/dist-packages/oslo_config/cfg.py:2609
2025-08-25 00:38:34.084 140207 DEBUG oslo_service.service [req-af70c784-72c2-48ad-97f1-5a5fb1ce2625 - - - - -] cinder.endpoint_template = None log_opt_values /usr/lib/python3/dist-packages/oslo_config/cfg.py:2609
2025-08-25 00:38:34.084 140207 DEBUG oslo_service.service [req-af70c784-72c2-48ad-97f1-5a5fb1ce2625 - - - - -] cinder.http_retries = 3 log_opt_values /usr/lib/python3/dist-packages/oslo_config/cfg.py:2609
2025-08-25 00:38:34.084 140207 DEBUG oslo_service.service [req-af70c784-72c2-48ad-97f1-5a5fb1ce2625 - - - - -] cinder.insecure = False log_opt_values /usr/lib/python3/dist-packages/oslo_config/cfg.py:2609
2025-08-25 00:38:34.084 140207 DEBUG oslo_service.service [req-af70c784-72c2-48ad-97f1-5a5fb1ce2625 - - - - -] cinder.keyfile = None log_opt_values /usr/lib/python3/dist-packages/oslo_config/cfg.py:2609
2025-08-25 00:38:34.084 140207 DEBUG oslo_service.service [req-af70c784-72c2-48ad-97f1-5a5fb1ce2625 - - - - -] cinder.os_region_name = None log_opt_values /usr/lib/python3/dist-packages/oslo_config/cfg.py:2609
2025-08-25 00:38:34.085 140207 DEBUG oslo_service.service [req-af70c784-72c2-48ad-97f1-5a5fb1ce2625 - - - - -] cinder.split_loggers = False log_opt_values /usr/lib/python3/dist-packages/oslo_config/cfg.py:2609
2025-08-25 00:38:34.085 140207 DEBUG oslo_service.service [req-af70c784-72c2-48ad-97f1-5a5fb1ce2625 - - - - -] cinder.timeout = None log_opt_values /usr/lib/python3/dist-packages/oslo_config/cfg.py:2609
2025-08-25 00:38:34.085 140207 DEBUG oslo_service.service [req-af70c784-72c2-48ad-97f1-5a5fb1ce2625 - - - - -] compute.consecutive_build_service_disable_threshold = 10 log_opt_values /usr/lib/python3/dist-packages/oslo_config/cfg.py:2609
2025-08-25 00:38:34.085 140207 DEBUG oslo_service.service [req-af70c784-72c2-48ad-97f1-5a5fb1ce2625 - - - - -] compute.cpu_dedicated_set = None log_opt_values /usr/lib/python3/dist-packages/oslo_config/cfg.py:2609
2025-08-25 00:38:34.085 140207 DEBUG oslo_service.service [req-af70c784-72c2-48ad-97f1-5a5fb1ce2625 - - - - -] compute.cpu_shared_set = None log_opt_values /usr/lib/python3/dist-packages/oslo_config/cfg.py:2609
2025-08-25 00:38:34.086 140207 DEBUG oslo_service.service [req-af70c784-72c2-48ad-97f1-5a5fb1ce2625 - - - - -] compute.image_type_exclude_list = [] log_opt_values /usr/lib/python3/dist-packages/oslo_config/cfg.py:2609
2025-08-25 00:38:34.086 140207 DEBUG oslo_service.service [req-af70c784-72c2-48ad-97f1-5a5fb1ce2625 - - - - -] compute.live_migration_wait_for_vif_plug = True log_opt_values /usr/lib/python3/dist-packages/oslo_config/cfg.py:2609
2025-08-25 00:38:34.086 140207 DEBUG oslo_service.service [req-af70c784-72c2-48ad-97f1-5a5fb1ce2625 - - - - -] compute.max_concurrent_disk_ops = 0 log_opt_values /usr/lib/python3/dist-packages/oslo_config/cfg.py:2609
2025-08-25 00:38:34.086 140207 DEBUG oslo_service.service [req-af70c784-72c2-48ad-97f1-5a5fb1ce2625 - - - - -] compute.max_disk_devices_to_attach = -1 log_opt_values /usr/lib/python3/dist-packages/oslo_config/cfg.py:2609
2025-08-25 00:38:34.087 140207 DEBUG oslo_service.service [req-af70c784-72c2-48ad-97f1-5a5fb1ce2625 - - - - -] compute.packing_host_numa_cells_allocation_strategy = True log_opt_values /usr/lib/python3/dist-packages/oslo_config/cfg.py:2609
2025-08-25 00:38:34.088 140207 DEBUG oslo_service.service [req-af70c784-72c2-48ad-97f1-5a5fb1ce2625 - - - - -] compute.provider_config_location = /etc/nova/provider_config/ log_opt_values /usr/lib/python3/dist-packages/oslo_config/cfg.py:2609
2025-08-25 00:38:34.089 140207 DEBUG oslo_service.service [req-af70c784-72c2-48ad-97f1-5a5fb1ce2625 - - - - -] compute.resource_provider_association_refresh = 300 log_opt_values /usr/lib/python3/dist-packages/oslo_config/cfg.py:2609
2025-08-25 00:38:34.090 140207 DEBUG oslo_service.service [req-af70c784-72c2-48ad-97f1-5a5fb1ce2625 - - - - -] compute.shutdown_retry_interval = 10 log_opt_values /usr/lib/python3/dist-packages/oslo_config/cfg.py:2609
2025-08-25 00:38:34.090 140207 DEBUG oslo_service.service [req-af70c784-72c2-48ad-97f1-5a5fb1ce2625 - - - - -] compute.vmdk_allowed_types = ['streamOptimized', 'monolithicSparse'] log_opt_values /usr/lib/python3/dist-packages/oslo_config/cfg.py:2609
2025-08-25 00:38:34.092 141178 DEBUG nova.service [req-4a63b218-e7c8-4428-840c-3dd35567c31f - - - - -] Creating RPC server for service scheduler start /usr/lib/python3/dist-packages/nova/service.py:182
2025-08-25 00:38:34.092 140207 DEBUG oslo_service.service [req-af70c784-72c2-48ad-97f1-5a5fb1ce2625 - - - - -] conductor.workers = 4 log_opt_values /usr/lib/python3/dist-packages/oslo_config/cfg.py:2609
2025-08-25 00:38:34.093 140207 DEBUG oslo_service.service [req-af70c784-72c2-48ad-97f1-5a5fb1ce2625 - - - - -] console.allowed_origins = [] log_opt_values /usr/lib/python3/dist-packages/oslo_config/cfg.py:2609
2025-08-25 00:38:34.093 140207 DEBUG oslo_service.service [req-af70c784-72c2-48ad-97f1-5a5fb1ce2625 - - - - -] console.ssl_ciphers = None log_opt_values /usr/lib/python3/dist-packages/oslo_config/cfg.py:2609
2025-08-25 00:38:34.094 140207 DEBUG oslo_service.service [req-af70c784-72c2-48ad-97f1-5a5fb1ce2625 - - - - -] console.ssl_minimum_version = default log_opt_values /usr/lib/python3/dist-packages/oslo_config/cfg.py:2609
2025-08-25 00:38:34.094 140207 DEBUG oslo_service.service [req-af70c784-72c2-48ad-97f1-5a5fb1ce2625 - - - - -] consoleauth.token_ttl = 600 log_opt_values /usr/lib/python3/dist-packages/oslo_config/cfg.py:2609
2025-08-25 00:38:34.094 140207 DEBUG oslo_service.service [req-af70c784-72c2-48ad-97f1-5a5fb1ce2625 - - - - -] cyborg.cafile = None log_opt_values /usr/lib/python3/dist-packages/oslo_config/cfg.py:2609
2025-08-25 00:38:34.094 140207 DEBUG oslo_service.service [req-af70c784-72c2-48ad-97f1-5a5fb1ce2625 - - - - -] cyborg.certfile = None log_opt_values /usr/lib/python3/dist-packages/oslo_config/cfg.py:2609
2025-08-25 00:38:34.096 140207 DEBUG oslo_service.service [req-af70c784-72c2-48ad-97f1-5a5fb1ce2625 - - - - -] cyborg.collect_timing = False log_opt_values /usr/lib/python3/dist-packages/oslo_config/cfg.py:2609
2025-08-25 00:38:34.097 140207 DEBUG oslo_service.service [req-af70c784-72c2-48ad-97f1-5a5fb1ce2625 - - - - -] cyborg.connect_retries = None log_opt_values /usr/lib/python3/dist-packages/oslo_config/cfg.py:2609
2025-08-25 00:38:34.097 140207 DEBUG oslo_service.service [req-af70c784-72c2-48ad-97f1-5a5fb1ce2625 - - - - -] cyborg.connect_retry_delay = None log_opt_values /usr/lib/python3/dist-packages/oslo_config/cfg.py:2609
2025-08-25 00:38:34.098 141179 DEBUG oslo_messaging._drivers.amqpdriver [-] Listener is running poll /usr/lib/python3/dist-packages/oslo_messaging/_drivers/amqpdriver.py:343
2025-08-25 00:38:34.098 140207 DEBUG oslo_service.service [req-af70c784-72c2-48ad-97f1-5a5fb1ce2625 - - - - -] cyborg.endpoint_override = None log_opt_values /usr/lib/python3/dist-packages/oslo_config/cfg.py:2609
2025-08-25 00:38:34.099 140207 DEBUG oslo_service.service [req-af70c784-72c2-48ad-97f1-5a5fb1ce2625 - - - - -] cyborg.insecure = False log_opt_values /usr/lib/python3/dist-packages/oslo_config/cfg.py:2609
2025-08-25 00:38:34.100 140207 DEBUG oslo_service.service [req-af70c784-72c2-48ad-97f1-5a5fb1ce2625 - - - - -] cyborg.keyfile = None log_opt_values /usr/lib/python3/dist-packages/oslo_config/cfg.py:2609
2025-08-25 00:38:34.100 140207 DEBUG oslo_service.service [req-af70c784-72c2-48ad-97f1-5a5fb1ce2625 - - - - -] cyborg.max_version = None log_opt_values /usr/lib/python3/dist-packages/oslo_config/cfg.py:2609
2025-08-25 00:38:34.100 140207 DEBUG oslo_service.service [req-af70c784-72c2-48ad-97f1-5a5fb1ce2625 - - - - -] cyborg.min_version = None log_opt_values /usr/lib/python3/dist-packages/oslo_config/cfg.py:2609
2025-08-25 00:38:34.099 141179 DEBUG oslo_messaging._drivers.amqpdriver [-] AMQPListener connection consume poll /usr/lib/python3/dist-packages/oslo_messaging/_drivers/amqpdriver.py:357
2025-08-25 00:38:34.100 140207 DEBUG oslo_service.service [req-af70c784-72c2-48ad-97f1-5a5fb1ce2625 - - - - -] cyborg.region_name = None log_opt_values /usr/lib/python3/dist-packages/oslo_config/cfg.py:2609
2025-08-25 00:38:34.101 140207 DEBUG oslo_service.service [req-af70c784-72c2-48ad-97f1-5a5fb1ce2625 - - - - -] cyborg.service_name = None log_opt_values /usr/lib/python3/dist-packages/oslo_config/cfg.py:2609
2025-08-25 00:38:34.101 140207 DEBUG oslo_service.service [req-af70c784-72c2-48ad-97f1-5a5fb1ce2625 - - - - -] cyborg.service_type = accelerator log_opt_values /usr/lib/python3/dist-packages/oslo_config/cfg.py:2609
2025-08-25 00:38:34.102 140207 DEBUG oslo_service.service [req-af70c784-72c2-48ad-97f1-5a5fb1ce2625 - - - - -] cyborg.split_loggers = False log_opt_values /usr/lib/python3/dist-packages/oslo_config/cfg.py:2609
2025-08-25 00:38:34.102 141179 DEBUG nova.service [req-383f8bf6-a94b-4516-a358-e5fcb0d6415c - - - - -] Join ServiceGroup membership for this service scheduler start /usr/lib/python3/dist-packages/nova/service.py:199
2025-08-25 00:38:34.102 140207 DEBUG oslo_service.service [req-af70c784-72c2-48ad-97f1-5a5fb1ce2625 - - - - -] cyborg.status_code_retries = None log_opt_values /usr/lib/python3/dist-packages/oslo_config/cfg.py:2609
2025-08-25 00:38:34.103 140207 DEBUG oslo_service.service [req-af70c784-72c2-48ad-97f1-5a5fb1ce2625 - - - - -] cyborg.status_code_retry_delay = None log_opt_values /usr/lib/python3/dist-packages/oslo_config/cfg.py:2609
2025-08-25 00:38:34.103 141179 DEBUG nova.servicegroup.drivers.db [req-383f8bf6-a94b-4516-a358-e5fcb0d6415c - - - - -] DB_Driver: join new ServiceGroup member juju-fc4241-0-lxd-7 to the scheduler group, service = join /usr/lib/python3/dist-packages/nova/servicegroup/drivers/db.py:44
2025-08-25 00:38:34.103 140207 DEBUG oslo_service.service [req-af70c784-72c2-48ad-97f1-5a5fb1ce2625 - - - - -] cyborg.timeout = None log_opt_values /usr/lib/python3/dist-packages/oslo_config/cfg.py:2609
2025-08-25 00:38:34.103 140207 DEBUG oslo_service.service [req-af70c784-72c2-48ad-97f1-5a5fb1ce2625 - - - - -] cyborg.valid_interfaces = ['internal', 'public'] log_opt_values /usr/lib/python3/dist-packages/oslo_config/cfg.py:2609
2025-08-25 00:38:34.103 140207 DEBUG oslo_service.service [req-af70c784-72c2-48ad-97f1-5a5fb1ce2625 - - - - -] cyborg.version = None log_opt_values /usr/lib/python3/dist-packages/oslo_config/cfg.py:2609
2025-08-25 00:38:34.103 140207 DEBUG oslo_service.service [req-af70c784-72c2-48ad-97f1-5a5fb1ce2625 - - - - -] database.backend = sqlalchemy log_opt_values /usr/lib/python3/dist-packages/oslo_config/cfg.py:2609
2025-08-25 00:38:34.104 140207 DEBUG oslo_service.service [req-af70c784-72c2-48ad-97f1-5a5fb1ce2625 - - - - -] database.connection = **** log_opt_values /usr/lib/python3/dist-packages/oslo_config/cfg.py:2609
2025-08-25 00:38:34.105 140207 DEBUG oslo_service.service [req-af70c784-72c2-48ad-97f1-5a5fb1ce2625 - - - - -] database.connection_debug = 0 log_opt_values /usr/lib/python3/dist-packages/oslo_config/cfg.py:2609
2025-08-25 00:38:34.105 141179 DEBUG oslo_messaging._drivers.amqpdriver [-] AMQPListener connection timeout poll /usr/lib/python3/dist-packages/oslo_messaging/_drivers/amqpdriver.py:360
2025-08-25 00:38:34.105 140207 DEBUG oslo_service.service [req-af70c784-72c2-48ad-97f1-5a5fb1ce2625 - - - - -] database.connection_parameters = log_opt_values /usr/lib/python3/dist-packages/oslo_config/cfg.py:2609
2025-08-25 00:38:34.105 141179 DEBUG oslo_messaging._drivers.amqpdriver [-] Listener is running poll /usr/lib/python3/dist-packages/oslo_messaging/_drivers/amqpdriver.py:343
2025-08-25 00:38:34.105 141179 DEBUG oslo_messaging._drivers.amqpdriver [-] AMQPListener connection consume poll /usr/lib/python3/dist-packages/oslo_messaging/_drivers/amqpdriver.py:357
2025-08-25 00:38:34.105 140207 DEBUG oslo_service.service [req-af70c784-72c2-48ad-97f1-5a5fb1ce2625 - - - - -] database.connection_recycle_time = 3600 log_opt_values /usr/lib/python3/dist-packages/oslo_config/cfg.py:2609
2025-08-25 00:38:34.105 140207 DEBUG oslo_service.service [req-af70c784-72c2-48ad-97f1-5a5fb1ce2625 - - - - -] database.connection_trace = False log_opt_values /usr/lib/python3/dist-packages/oslo_config/cfg.py:2609
2025-08-25 00:38:34.106 140207 DEBUG oslo_service.service [req-af70c784-72c2-48ad-97f1-5a5fb1ce2625 - - - - -] database.db_inc_retry_interval = True log_opt_values /usr/lib/python3/dist-packages/oslo_config/cfg.py:2609
2025-08-25 00:38:34.106 140207 DEBUG oslo_service.service [req-af70c784-72c2-48ad-97f1-5a5fb1ce2625 - - - - -] database.db_max_retries = 20 log_opt_values /usr/lib/python3/dist-packages/oslo_config/cfg.py:2609
2025-08-25 00:38:34.106 140207 DEBUG oslo_service.service [req-af70c784-72c2-48ad-97f1-5a5fb1ce2625 - - - - -] database.db_max_retry_interval = 10 log_opt_values /usr/lib/python3/dist-packages/oslo_config/cfg.py:2609
2025-08-25 00:38:34.106 140207 DEBUG oslo_service.service [req-af70c784-72c2-48ad-97f1-5a5fb1ce2625 - - - - -] database.db_retry_interval = 1 log_opt_values /usr/lib/python3/dist-packages/oslo_config/cfg.py:2609
2025-08-25 00:38:34.106 140207 DEBUG oslo_service.service [req-af70c784-72c2-48ad-97f1-5a5fb1ce2625 - - - - -] database.max_overflow = 50 log_opt_values /usr/lib/python3/dist-packages/oslo_config/cfg.py:2609
2025-08-25 00:38:34.107 140207 DEBUG oslo_service.service [req-af70c784-72c2-48ad-97f1-5a5fb1ce2625 - - - - -] database.max_pool_size = 4 log_opt_values /usr/lib/python3/dist-packages/oslo_config/cfg.py:2609
2025-08-25 00:38:34.107 140207 DEBUG oslo_service.service [req-af70c784-72c2-48ad-97f1-5a5fb1ce2625 - - - - -] database.max_retries = 10 log_opt_values /usr/lib/python3/dist-packages/oslo_config/cfg.py:2609
2025-08-25 00:38:34.107 140207 DEBUG oslo_service.service [req-af70c784-72c2-48ad-97f1-5a5fb1ce2625 - - - - -] database.mysql_enable_ndb = False log_opt_values /usr/lib/python3/dist-packages/oslo_config/cfg.py:2609
2025-08-25 00:38:34.107 140207 DEBUG oslo_service.service [req-af70c784-72c2-48ad-97f1-5a5fb1ce2625 - - - - -] database.mysql_sql_mode = TRADITIONAL log_opt_values /usr/lib/python3/dist-packages/oslo_config/cfg.py:2609
2025-08-25 00:38:34.108 140207 DEBUG oslo_service.service [req-af70c784-72c2-48ad-97f1-5a5fb1ce2625 - - - - -] database.pool_timeout = None log_opt_values /usr/lib/python3/dist-packages/oslo_config/cfg.py:2609
2025-08-25 00:38:34.108 140207 DEBUG oslo_service.service [req-af70c784-72c2-48ad-97f1-5a5fb1ce2625 - - - - -] database.retry_interval = 10 log_opt_values /usr/lib/python3/dist-packages/oslo_config/cfg.py:2609
2025-08-25 00:38:34.108 140207 DEBUG oslo_service.service [req-af70c784-72c2-48ad-97f1-5a5fb1ce2625 - - - - -] database.slave_connection = **** log_opt_values /usr/lib/python3/dist-packages/oslo_config/cfg.py:2609
2025-08-25 00:38:34.108 140207 DEBUG oslo_service.service [req-af70c784-72c2-48ad-97f1-5a5fb1ce2625 - - - - -] database.sqlite_synchronous = True log_opt_values /usr/lib/python3/dist-packages/oslo_config/cfg.py:2609
2025-08-25 00:38:34.109 140207 DEBUG oslo_service.service [req-af70c784-72c2-48ad-97f1-5a5fb1ce2625 - - - - -] database.use_db_reconnect = False log_opt_values /usr/lib/python3/dist-packages/oslo_config/cfg.py:2609
2025-08-25 00:38:34.109 140207 DEBUG oslo_service.service [req-af70c784-72c2-48ad-97f1-5a5fb1ce2625 - - - - -] api_database.backend = sqlalchemy log_opt_values /usr/lib/python3/dist-packages/oslo_config/cfg.py:2609
2025-08-25 00:38:34.109 141172 DEBUG nova.service [req-a1bae4ac-ba20-4577-9649-1a60783947a4 - - - - -] Creating RPC server for service scheduler start /usr/lib/python3/dist-packages/nova/service.py:182
2025-08-25 00:38:34.109 140207 DEBUG oslo_service.service [req-af70c784-72c2-48ad-97f1-5a5fb1ce2625 - - - - -] api_database.connection = **** log_opt_values /usr/lib/python3/dist-packages/oslo_config/cfg.py:2609
2025-08-25 00:38:34.109 140207 DEBUG oslo_service.service [req-af70c784-72c2-48ad-97f1-5a5fb1ce2625 - - - - -] api_database.connection_debug = 0 log_opt_values /usr/lib/python3/dist-packages/oslo_config/cfg.py:2609
2025-08-25 00:38:34.109 140207 DEBUG oslo_service.service [req-af70c784-72c2-48ad-97f1-5a5fb1ce2625 - - - - -] api_database.connection_parameters = log_opt_values /usr/lib/python3/dist-packages/oslo_config/cfg.py:2609
2025-08-25 00:38:34.109 140207 DEBUG oslo_service.service [req-af70c784-72c2-48ad-97f1-5a5fb1ce2625 - - - - -] api_database.connection_recycle_time = 3600 log_opt_values /usr/lib/python3/dist-packages/oslo_config/cfg.py:2609
2025-08-25 00:38:34.110 140207 DEBUG oslo_service.service [req-af70c784-72c2-48ad-97f1-5a5fb1ce2625 - - - - -] api_database.connection_trace = False log_opt_values /usr/lib/python3/dist-packages/oslo_config/cfg.py:2609
2025-08-25 00:38:34.113 140207 DEBUG oslo_service.service [req-af70c784-72c2-48ad-97f1-5a5fb1ce2625 - - - - -] api_database.db_inc_retry_interval = True log_opt_values /usr/lib/python3/dist-packages/oslo_config/cfg.py:2609
2025-08-25 00:38:34.113 140207 DEBUG oslo_service.service [req-af70c784-72c2-48ad-97f1-5a5fb1ce2625 - - - - -] api_database.db_max_retries = 20 log_opt_values /usr/lib/python3/dist-packages/oslo_config/cfg.py:2609
2025-08-25 00:38:34.113 140207 DEBUG oslo_service.service [req-af70c784-72c2-48ad-97f1-5a5fb1ce2625 - - - - -] api_database.db_max_retry_interval = 10 log_opt_values /usr/lib/python3/dist-packages/oslo_config/cfg.py:2609
2025-08-25 00:38:34.113 140207 DEBUG oslo_service.service [req-af70c784-72c2-48ad-97f1-5a5fb1ce2625 - - - - -] api_database.db_retry_interval = 1 log_opt_values /usr/lib/python3/dist-packages/oslo_config/cfg.py:2609
2025-08-25 00:38:34.114 140207 DEBUG oslo_service.service [req-af70c784-72c2-48ad-97f1-5a5fb1ce2625 - - - - -] api_database.max_overflow = 50 log_opt_values /usr/lib/python3/dist-packages/oslo_config/cfg.py:2609
2025-08-25 00:38:34.114 140207 DEBUG oslo_service.service [req-af70c784-72c2-48ad-97f1-5a5fb1ce2625 - - - - -] api_database.max_pool_size = 4 log_opt_values /usr/lib/python3/dist-packages/oslo_config/cfg.py:2609
2025-08-25 00:38:34.114 140207 DEBUG oslo_service.service [req-af70c784-72c2-48ad-97f1-5a5fb1ce2625 - - - - -] api_database.max_retries = 10 log_opt_values /usr/lib/python3/dist-packages/oslo_config/cfg.py:2609
2025-08-25 00:38:34.115 140207 DEBUG oslo_service.service [req-af70c784-72c2-48ad-97f1-5a5fb1ce2625 - - - - -] api_database.mysql_enable_ndb = False log_opt_values /usr/lib/python3/dist-packages/oslo_config/cfg.py:2609
2025-08-25 00:38:34.115 140207 DEBUG oslo_service.service [req-af70c784-72c2-48ad-97f1-5a5fb1ce2625 - - - - -] api_database.mysql_sql_mode = TRADITIONAL log_opt_values /usr/lib/python3/dist-packages/oslo_config/cfg.py:2609
2025-08-25 00:38:34.116 140207 DEBUG oslo_service.service [req-af70c784-72c2-48ad-97f1-5a5fb1ce2625 - - - - -] api_database.pool_timeout = None log_opt_values /usr/lib/python3/dist-packages/oslo_config/cfg.py:2609
2025-08-25 00:38:34.116 140207 DEBUG oslo_service.service [req-af70c784-72c2-48ad-97f1-5a5fb1ce2625 - - - - -] api_database.retry_interval = 10 log_opt_values /usr/lib/python3/dist-packages/oslo_config/cfg.py:2609
2025-08-25 00:38:34.120 140207 DEBUG oslo_service.service [req-af70c784-72c2-48ad-97f1-5a5fb1ce2625 - - - - -] api_database.slave_connection = **** log_opt_values /usr/lib/python3/dist-packages/oslo_config/cfg.py:2609
2025-08-25 00:38:34.121 141178 DEBUG oslo_messaging._drivers.amqpdriver [-] Listener is running poll /usr/lib/python3/dist-packages/oslo_messaging/_drivers/amqpdriver.py:343
2025-08-25 00:38:34.122 141178 DEBUG oslo_messaging._drivers.amqpdriver [-] AMQPListener connection consume poll /usr/lib/python3/dist-packages/oslo_messaging/_drivers/amqpdriver.py:357
2025-08-25 00:38:34.122 140207 DEBUG oslo_service.service [req-af70c784-72c2-48ad-97f1-5a5fb1ce2625 - - - - -] api_database.sqlite_synchronous = True log_opt_values /usr/lib/python3/dist-packages/oslo_config/cfg.py:2609
2025-08-25 00:38:34.122 141178 DEBUG nova.service [req-4a63b218-e7c8-4428-840c-3dd35567c31f - - - - -] Join ServiceGroup membership for this service scheduler start /usr/lib/python3/dist-packages/nova/service.py:199
2025-08-25 00:38:34.122 140207 DEBUG oslo_service.service [req-af70c784-72c2-48ad-97f1-5a5fb1ce2625 - - - - -] devices.enabled_mdev_types = [] log_opt_values /usr/lib/python3/dist-packages/oslo_config/cfg.py:2609
2025-08-25 00:38:34.122 141171 DEBUG oslo_messaging._drivers.amqpdriver [-] Listener is running poll /usr/lib/python3/dist-packages/oslo_messaging/_drivers/amqpdriver.py:343
2025-08-25 00:38:34.123 141178 DEBUG nova.servicegroup.drivers.db [req-4a63b218-e7c8-4428-840c-3dd35567c31f - - - - -] DB_Driver: join new ServiceGroup member juju-fc4241-0-lxd-7 to the scheduler group, service = join /usr/lib/python3/dist-packages/nova/servicegroup/drivers/db.py:44
2025-08-25 00:38:34.123 141171 DEBUG oslo_messaging._drivers.amqpdriver [-] AMQPListener connection consume poll /usr/lib/python3/dist-packages/oslo_messaging/_drivers/amqpdriver.py:357
2025-08-25 00:38:34.123 140207 DEBUG oslo_service.service [req-af70c784-72c2-48ad-97f1-5a5fb1ce2625 - - - - -] ephemeral_storage_encryption.cipher = aes-xts-plain64 log_opt_values /usr/lib/python3/dist-packages/oslo_config/cfg.py:2609
2025-08-25 00:38:34.123 140207 DEBUG oslo_service.service [req-af70c784-72c2-48ad-97f1-5a5fb1ce2625 - - - - -] ephemeral_storage_encryption.enabled = False log_opt_values /usr/lib/python3/dist-packages/oslo_config/cfg.py:2609
2025-08-25 00:38:34.123 141171 DEBUG nova.service [req-6da5dfdf-6117-49db-9635-8643df4bac5d - - - - -] Join ServiceGroup membership for this service scheduler start /usr/lib/python3/dist-packages/nova/service.py:199
2025-08-25 00:38:34.124 140207 DEBUG oslo_service.service [req-af70c784-72c2-48ad-97f1-5a5fb1ce2625 - - - - -] ephemeral_storage_encryption.key_size = 512 log_opt_values /usr/lib/python3/dist-packages/oslo_config/cfg.py:2609
2025-08-25 00:38:34.124 141171 DEBUG nova.servicegroup.drivers.db [req-6da5dfdf-6117-49db-9635-8643df4bac5d - - - - -] DB_Driver: join new ServiceGroup member juju-fc4241-0-lxd-7 to the scheduler group, service = join /usr/lib/python3/dist-packages/nova/servicegroup/drivers/db.py:44
2025-08-25 00:38:34.124 140207 WARNING oslo_config.cfg [req-af70c784-72c2-48ad-97f1-5a5fb1ce2625 - - - - -] Deprecated: Option "api_servers" from group "glance" is deprecated for removal ( Support for image service configuration via standard keystoneauth1 Adapter options was added in the 17.0.0 Queens release. The api_servers option was retained temporarily to allow consumers time to cut over to a real load balancing solution. ). Its value may be silently ignored in the future.
2025-08-25 00:38:34.124 140207 DEBUG oslo_service.service [req-af70c784-72c2-48ad-97f1-5a5fb1ce2625 - - - - -] glance.api_servers = ['http://252.22.45.247:9292'] log_opt_values /usr/lib/python3/dist-packages/oslo_config/cfg.py:2609
2025-08-25 00:38:34.125 140207 DEBUG oslo_service.service [req-af70c784-72c2-48ad-97f1-5a5fb1ce2625 - - - - -] glance.cafile = None log_opt_values /usr/lib/python3/dist-packages/oslo_config/cfg.py:2609
2025-08-25 00:38:34.125 141178 DEBUG oslo_messaging._drivers.amqpdriver [-] AMQPListener connection timeout poll /usr/lib/python3/dist-packages/oslo_messaging/_drivers/amqpdriver.py:360
2025-08-25 00:38:34.125 140207 DEBUG oslo_service.service [req-af70c784-72c2-48ad-97f1-5a5fb1ce2625 - - - - -] glance.certfile = None log_opt_values /usr/lib/python3/dist-packages/oslo_config/cfg.py:2609
2025-08-25 00:38:34.125 141178 DEBUG oslo_messaging._drivers.amqpdriver [-] Listener is running poll /usr/lib/python3/dist-packages/oslo_messaging/_drivers/amqpdriver.py:343
2025-08-25 00:38:34.125 141178 DEBUG oslo_messaging._drivers.amqpdriver [-] AMQPListener connection consume poll /usr/lib/python3/dist-packages/oslo_messaging/_drivers/amqpdriver.py:357
2025-08-25 00:38:34.125 140207 DEBUG oslo_service.service [req-af70c784-72c2-48ad-97f1-5a5fb1ce2625 - - - - -] glance.collect_timing = False log_opt_values /usr/lib/python3/dist-packages/oslo_config/cfg.py:2609
2025-08-25 00:38:34.126 140207 DEBUG oslo_service.service [req-af70c784-72c2-48ad-97f1-5a5fb1ce2625 - - - - -] glance.connect_retries = None log_opt_values /usr/lib/python3/dist-packages/oslo_config/cfg.py:2609
2025-08-25 00:38:34.126 140207 DEBUG oslo_service.service [req-af70c784-72c2-48ad-97f1-5a5fb1ce2625 - - - - -] glance.connect_retry_delay = None log_opt_values /usr/lib/python3/dist-packages/oslo_config/cfg.py:2609
2025-08-25 00:38:34.126 140207 DEBUG oslo_service.service [req-af70c784-72c2-48ad-97f1-5a5fb1ce2625 - - - - -] glance.debug = False log_opt_values /usr/lib/python3/dist-packages/oslo_config/cfg.py:2609
2025-08-25 00:38:34.126 140207 DEBUG oslo_service.service [req-af70c784-72c2-48ad-97f1-5a5fb1ce2625 - - - - -] glance.default_trusted_certificate_ids = [] log_opt_values /usr/lib/python3/dist-packages/oslo_config/cfg.py:2609
2025-08-25 00:38:34.127 140207 DEBUG oslo_service.service [req-af70c784-72c2-48ad-97f1-5a5fb1ce2625 - - - - -] glance.enable_certificate_validation = False log_opt_values /usr/lib/python3/dist-packages/oslo_config/cfg.py:2609
2025-08-25 00:38:34.127 140207 DEBUG oslo_service.service [req-af70c784-72c2-48ad-97f1-5a5fb1ce2625 - - - - -] glance.enable_rbd_download = False log_opt_values /usr/lib/python3/dist-packages/oslo_config/cfg.py:2609
2025-08-25 00:38:34.127 140207 DEBUG oslo_service.service [req-af70c784-72c2-48ad-97f1-5a5fb1ce2625 - - - - -] glance.endpoint_override = None log_opt_values /usr/lib/python3/dist-packages/oslo_config/cfg.py:2609
2025-08-25 00:38:34.127 140207 DEBUG oslo_service.service [req-af70c784-72c2-48ad-97f1-5a5fb1ce2625 - - - - -] glance.insecure = False log_opt_values /usr/lib/python3/dist-packages/oslo_config/cfg.py:2609
2025-08-25 00:38:34.127 140207 DEBUG oslo_service.service [req-af70c784-72c2-48ad-97f1-5a5fb1ce2625 - - - - -] glance.keyfile = None log_opt_values /usr/lib/python3/dist-packages/oslo_config/cfg.py:2609
2025-08-25 00:38:34.128 140207 DEBUG oslo_service.service [req-af70c784-72c2-48ad-97f1-5a5fb1ce2625 - - - - -] glance.max_version = None log_opt_values /usr/lib/python3/dist-packages/oslo_config/cfg.py:2609
2025-08-25 00:38:34.128 140207 DEBUG oslo_service.service [req-af70c784-72c2-48ad-97f1-5a5fb1ce2625 - - - - -] glance.min_version = None log_opt_values /usr/lib/python3/dist-packages/oslo_config/cfg.py:2609
2025-08-25 00:38:34.128 140207 DEBUG oslo_service.service [req-af70c784-72c2-48ad-97f1-5a5fb1ce2625 - - - - -] glance.num_retries = 3 log_opt_values /usr/lib/python3/dist-packages/oslo_config/cfg.py:2609
2025-08-25 00:38:34.128 140207 DEBUG oslo_service.service [req-af70c784-72c2-48ad-97f1-5a5fb1ce2625 - - - - -] glance.rbd_ceph_conf = log_opt_values /usr/lib/python3/dist-packages/oslo_config/cfg.py:2609
2025-08-25 00:38:34.128 141171 DEBUG oslo_messaging._drivers.amqpdriver [-] AMQPListener connection timeout poll /usr/lib/python3/dist-packages/oslo_messaging/_drivers/amqpdriver.py:360
2025-08-25 00:38:34.128 140207 DEBUG oslo_service.service [req-af70c784-72c2-48ad-97f1-5a5fb1ce2625 - - - - -] glance.rbd_connect_timeout = 5 log_opt_values /usr/lib/python3/dist-packages/oslo_config/cfg.py:2609
2025-08-25 00:38:34.128 141171 DEBUG oslo_messaging._drivers.amqpdriver [-] Listener is running poll /usr/lib/python3/dist-packages/oslo_messaging/_drivers/amqpdriver.py:343
2025-08-25 00:38:34.128 141171 DEBUG oslo_messaging._drivers.amqpdriver [-] AMQPListener connection consume poll /usr/lib/python3/dist-packages/oslo_messaging/_drivers/amqpdriver.py:357
2025-08-25 00:38:34.128 140207 DEBUG oslo_service.service [req-af70c784-72c2-48ad-97f1-5a5fb1ce2625 - - - - -] glance.rbd_pool = log_opt_values /usr/lib/python3/dist-packages/oslo_config/cfg.py:2609
2025-08-25 00:38:34.129 140207 DEBUG oslo_service.service [req-af70c784-72c2-48ad-97f1-5a5fb1ce2625 - - - - -] glance.rbd_user = log_opt_values /usr/lib/python3/dist-packages/oslo_config/cfg.py:2609
2025-08-25 00:38:34.129 140207 DEBUG oslo_service.service [req-af70c784-72c2-48ad-97f1-5a5fb1ce2625 - - - - -] glance.region_name = None log_opt_values /usr/lib/python3/dist-packages/oslo_config/cfg.py:2609
2025-08-25 00:38:34.129 140207 DEBUG oslo_service.service [req-af70c784-72c2-48ad-97f1-5a5fb1ce2625 - - - - -] glance.service_name = None log_opt_values /usr/lib/python3/dist-packages/oslo_config/cfg.py:2609
2025-08-25 00:38:34.129 140207 DEBUG oslo_service.service [req-af70c784-72c2-48ad-97f1-5a5fb1ce2625 - - - - -] glance.service_type = image log_opt_values /usr/lib/python3/dist-packages/oslo_config/cfg.py:2609
2025-08-25 00:38:34.129 140207 DEBUG oslo_service.service [req-af70c784-72c2-48ad-97f1-5a5fb1ce2625 - - - - -] glance.split_loggers = False log_opt_values /usr/lib/python3/dist-packages/oslo_config/cfg.py:2609
2025-08-25 00:38:34.129 140207 DEBUG oslo_service.service [req-af70c784-72c2-48ad-97f1-5a5fb1ce2625 - - - - -] glance.status_code_retries = None log_opt_values /usr/lib/python3/dist-packages/oslo_config/cfg.py:2609
2025-08-25 00:38:34.130 140207 DEBUG oslo_service.service [req-af70c784-72c2-48ad-97f1-5a5fb1ce2625 - - - - -] glance.status_code_retry_delay = None log_opt_values /usr/lib/python3/dist-packages/oslo_config/cfg.py:2609
2025-08-25 00:38:34.130 140207 DEBUG oslo_service.service [req-af70c784-72c2-48ad-97f1-5a5fb1ce2625 - - - - -] glance.timeout = None log_opt_values /usr/lib/python3/dist-packages/oslo_config/cfg.py:2609
2025-08-25 00:38:34.130 140207 DEBUG oslo_service.service [req-af70c784-72c2-48ad-97f1-5a5fb1ce2625 - - - - -] glance.valid_interfaces = ['internal', 'public'] log_opt_values /usr/lib/python3/dist-packages/oslo_config/cfg.py:2609
2025-08-25 00:38:34.130 140207 DEBUG oslo_service.service [req-af70c784-72c2-48ad-97f1-5a5fb1ce2625 - - - - -] glance.verify_glance_signatures = False log_opt_values /usr/lib/python3/dist-packages/oslo_config/cfg.py:2609
2025-08-25 00:38:34.130 140207 DEBUG oslo_service.service [req-af70c784-72c2-48ad-97f1-5a5fb1ce2625 - - - - -] glance.version = None log_opt_values /usr/lib/python3/dist-packages/oslo_config/cfg.py:2609
2025-08-25 00:38:34.131 140207 DEBUG oslo_service.service [req-af70c784-72c2-48ad-97f1-5a5fb1ce2625 - - - - -] guestfs.debug = False log_opt_values /usr/lib/python3/dist-packages/oslo_config/cfg.py:2609
2025-08-25 00:38:34.131 140207 DEBUG oslo_service.service [req-af70c784-72c2-48ad-97f1-5a5fb1ce2625 - - - - -] hyperv.config_drive_cdrom = False log_opt_values /usr/lib/python3/dist-packages/oslo_config/cfg.py:2609
2025-08-25 00:38:34.131 140207 DEBUG oslo_service.service [req-af70c784-72c2-48ad-97f1-5a5fb1ce2625 - - - - -] hyperv.config_drive_inject_password = False log_opt_values /usr/lib/python3/dist-packages/oslo_config/cfg.py:2609
2025-08-25 00:38:34.131 140207 DEBUG oslo_service.service [req-af70c784-72c2-48ad-97f1-5a5fb1ce2625 - - - - -] hyperv.dynamic_memory_ratio = 1.0 log_opt_values /usr/lib/python3/dist-packages/oslo_config/cfg.py:2609
2025-08-25 00:38:34.132 140207 DEBUG oslo_service.service [req-af70c784-72c2-48ad-97f1-5a5fb1ce2625 - - - - -] hyperv.enable_instance_metrics_collection = False log_opt_values /usr/lib/python3/dist-packages/oslo_config/cfg.py:2609
2025-08-25 00:38:34.132 140207 DEBUG oslo_service.service [req-af70c784-72c2-48ad-97f1-5a5fb1ce2625 - - - - -] hyperv.enable_remotefx = False log_opt_values /usr/lib/python3/dist-packages/oslo_config/cfg.py:2609
2025-08-25 00:38:34.132 140207 DEBUG oslo_service.service [req-af70c784-72c2-48ad-97f1-5a5fb1ce2625 - - - - -] hyperv.instances_path_share = log_opt_values /usr/lib/python3/dist-packages/oslo_config/cfg.py:2609
2025-08-25 00:38:34.132 140207 DEBUG oslo_service.service [req-af70c784-72c2-48ad-97f1-5a5fb1ce2625 - - - - -] hyperv.iscsi_initiator_list = [] log_opt_values /usr/lib/python3/dist-packages/oslo_config/cfg.py:2609
2025-08-25 00:38:34.132 140207 DEBUG oslo_service.service [req-af70c784-72c2-48ad-97f1-5a5fb1ce2625 - - - - -] hyperv.limit_cpu_features = False log_opt_values /usr/lib/python3/dist-packages/oslo_config/cfg.py:2609
2025-08-25 00:38:34.132 140207 DEBUG oslo_service.service [req-af70c784-72c2-48ad-97f1-5a5fb1ce2625 - - - - -] hyperv.mounted_disk_query_retry_count = 10 log_opt_values /usr/lib/python3/dist-packages/oslo_config/cfg.py:2609
2025-08-25 00:38:34.133 140207 DEBUG oslo_service.service [req-af70c784-72c2-48ad-97f1-5a5fb1ce2625 - - - - -] hyperv.mounted_disk_query_retry_interval = 5 log_opt_values /usr/lib/python3/dist-packages/oslo_config/cfg.py:2609
2025-08-25 00:38:34.133 140207 DEBUG oslo_service.service [req-af70c784-72c2-48ad-97f1-5a5fb1ce2625 - - - - -] hyperv.power_state_check_timeframe = 60 log_opt_values /usr/lib/python3/dist-packages/oslo_config/cfg.py:2609
2025-08-25 00:38:34.134 140207 DEBUG oslo_service.service [req-af70c784-72c2-48ad-97f1-5a5fb1ce2625 - - - - -] hyperv.power_state_event_polling_interval = 2 log_opt_values /usr/lib/python3/dist-packages/oslo_config/cfg.py:2609
2025-08-25 00:38:34.134 140207 DEBUG oslo_service.service [req-af70c784-72c2-48ad-97f1-5a5fb1ce2625 - - - - -] hyperv.qemu_img_cmd = qemu-img.exe log_opt_values /usr/lib/python3/dist-packages/oslo_config/cfg.py:2609
2025-08-25 00:38:34.134 140207 DEBUG oslo_service.service [req-af70c784-72c2-48ad-97f1-5a5fb1ce2625 - - - - -] hyperv.use_multipath_io = False log_opt_values /usr/lib/python3/dist-packages/oslo_config/cfg.py:2609
2025-08-25 00:38:34.135 140207 DEBUG oslo_service.service [req-af70c784-72c2-48ad-97f1-5a5fb1ce2625 - - - - -] hyperv.volume_attach_retry_count = 10 log_opt_values /usr/lib/python3/dist-packages/oslo_config/cfg.py:2609
2025-08-25 00:38:34.135 140207 DEBUG oslo_service.service [req-af70c784-72c2-48ad-97f1-5a5fb1ce2625 - - - - -] hyperv.volume_attach_retry_interval = 5 log_opt_values /usr/lib/python3/dist-packages/oslo_config/cfg.py:2609
2025-08-25 00:38:34.135 140207 DEBUG oslo_service.service [req-af70c784-72c2-48ad-97f1-5a5fb1ce2625 - - - - -] hyperv.vswitch_name = None log_opt_values /usr/lib/python3/dist-packages/oslo_config/cfg.py:2609
2025-08-25 00:38:34.135 140207 DEBUG oslo_service.service [req-af70c784-72c2-48ad-97f1-5a5fb1ce2625 - - - - -] hyperv.wait_soft_reboot_seconds = 60 log_opt_values /usr/lib/python3/dist-packages/oslo_config/cfg.py:2609
2025-08-25 00:38:34.135 140207 DEBUG oslo_service.service [req-af70c784-72c2-48ad-97f1-5a5fb1ce2625 - - - - -] mks.enabled = False log_opt_values /usr/lib/python3/dist-packages/oslo_config/cfg.py:2609
2025-08-25 00:38:34.136 140207 DEBUG oslo_service.service [req-af70c784-72c2-48ad-97f1-5a5fb1ce2625 - - - - -] mks.mksproxy_base_url = http://127.0.0.1:6090/ log_opt_values /usr/lib/python3/dist-packages/oslo_config/cfg.py:2609
2025-08-25 00:38:34.136 140207 DEBUG oslo_service.service [req-af70c784-72c2-48ad-97f1-5a5fb1ce2625 - - - - -] image_cache.manager_interval = 2400 log_opt_values /usr/lib/python3/dist-packages/oslo_config/cfg.py:2609
2025-08-25 00:38:34.137 140207 DEBUG oslo_service.service [req-af70c784-72c2-48ad-97f1-5a5fb1ce2625 - - - - -] image_cache.precache_concurrency = 1 log_opt_values /usr/lib/python3/dist-packages/oslo_config/cfg.py:2609
2025-08-25 00:38:34.137 140207 DEBUG oslo_service.service [req-af70c784-72c2-48ad-97f1-5a5fb1ce2625 - - - - -] image_cache.remove_unused_base_images = True log_opt_values /usr/lib/python3/dist-packages/oslo_config/cfg.py:2609
2025-08-25 00:38:34.137 140207 DEBUG oslo_service.service [req-af70c784-72c2-48ad-97f1-5a5fb1ce2625 - - - - -] image_cache.remove_unused_original_minimum_age_seconds = 86400 log_opt_values /usr/lib/python3/dist-packages/oslo_config/cfg.py:2609
2025-08-25 00:38:34.137 140207 DEBUG oslo_service.service [req-af70c784-72c2-48ad-97f1-5a5fb1ce2625 - - - - -] image_cache.remove_unused_resized_minimum_age_seconds = 3600 log_opt_values /usr/lib/python3/dist-packages/oslo_config/cfg.py:2609
2025-08-25 00:38:34.137 140207 DEBUG oslo_service.service [req-af70c784-72c2-48ad-97f1-5a5fb1ce2625 - - - - -] image_cache.subdirectory_name = _base log_opt_values /usr/lib/python3/dist-packages/oslo_config/cfg.py:2609
2025-08-25 00:38:34.138 140207 DEBUG oslo_service.service [req-af70c784-72c2-48ad-97f1-5a5fb1ce2625 - - - - -] ironic.api_max_retries = 60 log_opt_values /usr/lib/python3/dist-packages/oslo_config/cfg.py:2609
2025-08-25 00:38:34.138 140207 DEBUG oslo_service.service [req-af70c784-72c2-48ad-97f1-5a5fb1ce2625 - - - - -] ironic.api_retry_interval = 2 log_opt_values /usr/lib/python3/dist-packages/oslo_config/cfg.py:2609
2025-08-25 00:38:34.138 140207 DEBUG oslo_service.service [req-af70c784-72c2-48ad-97f1-5a5fb1ce2625 - - - - -] ironic.auth_section = None log_opt_values /usr/lib/python3/dist-packages/oslo_config/cfg.py:2609
2025-08-25 00:38:34.138 140207 DEBUG oslo_service.service [req-af70c784-72c2-48ad-97f1-5a5fb1ce2625 - - - - -] ironic.auth_type = None log_opt_values /usr/lib/python3/dist-packages/oslo_config/cfg.py:2609
2025-08-25 00:38:34.138 140207 DEBUG oslo_service.service [req-af70c784-72c2-48ad-97f1-5a5fb1ce2625 - - - - -] ironic.cafile = None log_opt_values /usr/lib/python3/dist-packages/oslo_config/cfg.py:2609
2025-08-25 00:38:34.139 140207 DEBUG oslo_service.service [req-af70c784-72c2-48ad-97f1-5a5fb1ce2625 - - - - -] ironic.certfile = None log_opt_values /usr/lib/python3/dist-packages/oslo_config/cfg.py:2609
2025-08-25 00:38:34.139 140207 DEBUG oslo_service.service [req-af70c784-72c2-48ad-97f1-5a5fb1ce2625 - - - - -] ironic.collect_timing = False log_opt_values /usr/lib/python3/dist-packages/oslo_config/cfg.py:2609
2025-08-25 00:38:34.139 140207 DEBUG oslo_service.service [req-af70c784-72c2-48ad-97f1-5a5fb1ce2625 - - - - -] ironic.connect_retries = None log_opt_values /usr/lib/python3/dist-packages/oslo_config/cfg.py:2609
2025-08-25 00:38:34.139 140207 DEBUG oslo_service.service [req-af70c784-72c2-48ad-97f1-5a5fb1ce2625 - - - - -] ironic.connect_retry_delay = None log_opt_values /usr/lib/python3/dist-packages/oslo_config/cfg.py:2609
2025-08-25 00:38:34.139 140207 DEBUG oslo_service.service [req-af70c784-72c2-48ad-97f1-5a5fb1ce2625 - - - - -] ironic.endpoint_override = None log_opt_values /usr/lib/python3/dist-packages/oslo_config/cfg.py:2609
2025-08-25 00:38:34.139 140207 DEBUG oslo_service.service [req-af70c784-72c2-48ad-97f1-5a5fb1ce2625 - - - - -] ironic.insecure = False log_opt_values /usr/lib/python3/dist-packages/oslo_config/cfg.py:2609
2025-08-25 00:38:34.140 140207 DEBUG oslo_service.service [req-af70c784-72c2-48ad-97f1-5a5fb1ce2625 - - - - -] ironic.keyfile = None log_opt_values /usr/lib/python3/dist-packages/oslo_config/cfg.py:2609
2025-08-25 00:38:34.140 140207 DEBUG oslo_service.service [req-af70c784-72c2-48ad-97f1-5a5fb1ce2625 - - - - -] ironic.max_version = None log_opt_values /usr/lib/python3/dist-packages/oslo_config/cfg.py:2609
2025-08-25 00:38:34.140 140207 DEBUG oslo_service.service [req-af70c784-72c2-48ad-97f1-5a5fb1ce2625 - - - - -] ironic.min_version = None log_opt_values /usr/lib/python3/dist-packages/oslo_config/cfg.py:2609
2025-08-25 00:38:34.140 140207 DEBUG oslo_service.service [req-af70c784-72c2-48ad-97f1-5a5fb1ce2625 - - - - -] ironic.partition_key = None log_opt_values /usr/lib/python3/dist-packages/oslo_config/cfg.py:2609
2025-08-25 00:38:34.140 140207 DEBUG oslo_service.service [req-af70c784-72c2-48ad-97f1-5a5fb1ce2625 - - - - -] ironic.peer_list = [] log_opt_values /usr/lib/python3/dist-packages/oslo_config/cfg.py:2609
2025-08-25 00:38:34.140 140207 DEBUG oslo_service.service [req-af70c784-72c2-48ad-97f1-5a5fb1ce2625 - - - - -] ironic.region_name = None log_opt_values /usr/lib/python3/dist-packages/oslo_config/cfg.py:2609
2025-08-25 00:38:34.141 140207 DEBUG oslo_service.service [req-af70c784-72c2-48ad-97f1-5a5fb1ce2625 - - - - -] ironic.serial_console_state_timeout = 10 log_opt_values /usr/lib/python3/dist-packages/oslo_config/cfg.py:2609
2025-08-25 00:38:34.141 140207 DEBUG oslo_service.service [req-af70c784-72c2-48ad-97f1-5a5fb1ce2625 - - - - -] ironic.service_name = None log_opt_values /usr/lib/python3/dist-packages/oslo_config/cfg.py:2609
2025-08-25 00:38:34.141 140207 DEBUG oslo_service.service [req-af70c784-72c2-48ad-97f1-5a5fb1ce2625 - - - - -] ironic.service_type = baremetal log_opt_values /usr/lib/python3/dist-packages/oslo_config/cfg.py:2609
2025-08-25 00:38:34.141 140207 DEBUG oslo_service.service [req-af70c784-72c2-48ad-97f1-5a5fb1ce2625 - - - - -] ironic.split_loggers = False log_opt_values /usr/lib/python3/dist-packages/oslo_config/cfg.py:2609
2025-08-25 00:38:34.141 140207 DEBUG oslo_service.service [req-af70c784-72c2-48ad-97f1-5a5fb1ce2625 - - - - -] ironic.status_code_retries = None log_opt_values /usr/lib/python3/dist-packages/oslo_config/cfg.py:2609
2025-08-25 00:38:34.142 140207 DEBUG oslo_service.service [req-af70c784-72c2-48ad-97f1-5a5fb1ce2625 - - - - -] ironic.status_code_retry_delay = None log_opt_values /usr/lib/python3/dist-packages/oslo_config/cfg.py:2609
2025-08-25 00:38:34.142 140207 DEBUG oslo_service.service [req-af70c784-72c2-48ad-97f1-5a5fb1ce2625 - - - - -] ironic.timeout = None log_opt_values /usr/lib/python3/dist-packages/oslo_config/cfg.py:2609
2025-08-25 00:38:34.142 140207 DEBUG oslo_service.service [req-af70c784-72c2-48ad-97f1-5a5fb1ce2625 - - - - -] ironic.valid_interfaces = ['internal', 'public'] log_opt_values /usr/lib/python3/dist-packages/oslo_config/cfg.py:2609
2025-08-25 00:38:34.142 140207 DEBUG oslo_service.service [req-af70c784-72c2-48ad-97f1-5a5fb1ce2625 - - - - -] ironic.version = None log_opt_values /usr/lib/python3/dist-packages/oslo_config/cfg.py:2609
2025-08-25 00:38:34.142 140207 DEBUG oslo_service.service [req-af70c784-72c2-48ad-97f1-5a5fb1ce2625 - - - - -] key_manager.backend = barbican log_opt_values /usr/lib/python3/dist-packages/oslo_config/cfg.py:2609
2025-08-25 00:38:34.143 140207 DEBUG oslo_service.service [req-af70c784-72c2-48ad-97f1-5a5fb1ce2625 - - - - -] key_manager.fixed_key = **** log_opt_values /usr/lib/python3/dist-packages/oslo_config/cfg.py:2609
2025-08-25 00:38:34.143 140207 DEBUG oslo_service.service [req-af70c784-72c2-48ad-97f1-5a5fb1ce2625 - - - - -] barbican.auth_endpoint = http://localhost/identity/v3 log_opt_values /usr/lib/python3/dist-packages/oslo_config/cfg.py:2609
2025-08-25 00:38:34.143 140207 DEBUG oslo_service.service [req-af70c784-72c2-48ad-97f1-5a5fb1ce2625 - - - - -] barbican.barbican_api_version = None log_opt_values /usr/lib/python3/dist-packages/oslo_config/cfg.py:2609
2025-08-25 00:38:34.143 140207 DEBUG oslo_service.service [req-af70c784-72c2-48ad-97f1-5a5fb1ce2625 - - - - -] barbican.barbican_endpoint = None log_opt_values /usr/lib/python3/dist-packages/oslo_config/cfg.py:2609
2025-08-25 00:38:34.143 140207 DEBUG oslo_service.service [req-af70c784-72c2-48ad-97f1-5a5fb1ce2625 - - - - -] barbican.barbican_endpoint_type = public log_opt_values /usr/lib/python3/dist-packages/oslo_config/cfg.py:2609
2025-08-25 00:38:34.144 140207 DEBUG oslo_service.service [req-af70c784-72c2-48ad-97f1-5a5fb1ce2625 - - - - -] barbican.barbican_region_name = None log_opt_values /usr/lib/python3/dist-packages/oslo_config/cfg.py:2609
2025-08-25 00:38:34.144 140207 DEBUG oslo_service.service [req-af70c784-72c2-48ad-97f1-5a5fb1ce2625 - - - - -] barbican.cafile = None log_opt_values /usr/lib/python3/dist-packages/oslo_config/cfg.py:2609
2025-08-25 00:38:34.144 140207 DEBUG oslo_service.service [req-af70c784-72c2-48ad-97f1-5a5fb1ce2625 - - - - -] barbican.certfile = None log_opt_values /usr/lib/python3/dist-packages/oslo_config/cfg.py:2609
2025-08-25 00:38:34.144 140207 DEBUG oslo_service.service [req-af70c784-72c2-48ad-97f1-5a5fb1ce2625 - - - - -] barbican.collect_timing = False log_opt_values /usr/lib/python3/dist-packages/oslo_config/cfg.py:2609
2025-08-25 00:38:34.144 140207 DEBUG oslo_service.service [req-af70c784-72c2-48ad-97f1-5a5fb1ce2625 - - - - -] barbican.insecure = False log_opt_values /usr/lib/python3/dist-packages/oslo_config/cfg.py:2609
2025-08-25 00:38:34.144 140207 DEBUG oslo_service.service [req-af70c784-72c2-48ad-97f1-5a5fb1ce2625 - - - - -] barbican.keyfile = None log_opt_values /usr/lib/python3/dist-packages/oslo_config/cfg.py:2609
2025-08-25 00:38:34.145 140207 DEBUG oslo_service.service [req-af70c784-72c2-48ad-97f1-5a5fb1ce2625 - - - - -] barbican.number_of_retries = 60 log_opt_values /usr/lib/python3/dist-packages/oslo_config/cfg.py:2609
2025-08-25 00:38:34.145 140207 DEBUG oslo_service.service [req-af70c784-72c2-48ad-97f1-5a5fb1ce2625 - - - - -] barbican.retry_delay = 1 log_opt_values /usr/lib/python3/dist-packages/oslo_config/cfg.py:2609
2025-08-25 00:38:34.145 140207 DEBUG oslo_service.service [req-af70c784-72c2-48ad-97f1-5a5fb1ce2625 - - - - -] barbican.send_service_user_token = False log_opt_values /usr/lib/python3/dist-packages/oslo_config/cfg.py:2609
2025-08-25 00:38:34.145 140207 DEBUG oslo_service.service [req-af70c784-72c2-48ad-97f1-5a5fb1ce2625 - - - - -] barbican.split_loggers = False log_opt_values /usr/lib/python3/dist-packages/oslo_config/cfg.py:2609
2025-08-25 00:38:34.145 140207 DEBUG oslo_service.service [req-af70c784-72c2-48ad-97f1-5a5fb1ce2625 - - - - -] barbican.timeout = None log_opt_values /usr/lib/python3/dist-packages/oslo_config/cfg.py:2609
2025-08-25 00:38:34.145 140207 DEBUG oslo_service.service [req-af70c784-72c2-48ad-97f1-5a5fb1ce2625 - - - - -] barbican.verify_ssl = True log_opt_values /usr/lib/python3/dist-packages/oslo_config/cfg.py:2609
2025-08-25 00:38:34.145 141172 DEBUG oslo_messaging._drivers.amqpdriver [-] Listener is running poll /usr/lib/python3/dist-packages/oslo_messaging/_drivers/amqpdriver.py:343
2025-08-25 00:38:34.146 140207 DEBUG oslo_service.service [req-af70c784-72c2-48ad-97f1-5a5fb1ce2625 - - - - -] barbican.verify_ssl_path = None log_opt_values /usr/lib/python3/dist-packages/oslo_config/cfg.py:2609
2025-08-25 00:38:34.146 141172 DEBUG oslo_messaging._drivers.amqpdriver [-] AMQPListener connection consume poll /usr/lib/python3/dist-packages/oslo_messaging/_drivers/amqpdriver.py:357
2025-08-25 00:38:34.146 140207 DEBUG oslo_service.service [req-af70c784-72c2-48ad-97f1-5a5fb1ce2625 - - - - -] barbican_service_user.auth_section = None log_opt_values /usr/lib/python3/dist-packages/oslo_config/cfg.py:2609
2025-08-25 00:38:34.146 140207 DEBUG oslo_service.service [req-af70c784-72c2-48ad-97f1-5a5fb1ce2625 - - - - -] barbican_service_user.auth_type = None log_opt_values /usr/lib/python3/dist-packages/oslo_config/cfg.py:2609
2025-08-25 00:38:34.146 140207 DEBUG oslo_service.service [req-af70c784-72c2-48ad-97f1-5a5fb1ce2625 - - - - -] barbican_service_user.cafile = None log_opt_values /usr/lib/python3/dist-packages/oslo_config/cfg.py:2609
2025-08-25 00:38:34.146 140207 DEBUG oslo_service.service [req-af70c784-72c2-48ad-97f1-5a5fb1ce2625 - - - - -] barbican_service_user.certfile = None log_opt_values /usr/lib/python3/dist-packages/oslo_config/cfg.py:2609
2025-08-25 00:38:34.146 140207 DEBUG oslo_service.service [req-af70c784-72c2-48ad-97f1-5a5fb1ce2625 - - - - -] barbican_service_user.collect_timing = False log_opt_values /usr/lib/python3/dist-packages/oslo_config/cfg.py:2609
2025-08-25 00:38:34.147 140207 DEBUG oslo_service.service [req-af70c784-72c2-48ad-97f1-5a5fb1ce2625 - - - - -] barbican_service_user.insecure = False log_opt_values /usr/lib/python3/dist-packages/oslo_config/cfg.py:2609
2025-08-25 00:38:34.147 140207 DEBUG oslo_service.service [req-af70c784-72c2-48ad-97f1-5a5fb1ce2625 - - - - -] barbican_service_user.keyfile = None log_opt_values /usr/lib/python3/dist-packages/oslo_config/cfg.py:2609
2025-08-25 00:38:34.147 140207 DEBUG oslo_service.service [req-af70c784-72c2-48ad-97f1-5a5fb1ce2625 - - - - -] barbican_service_user.split_loggers = False log_opt_values /usr/lib/python3/dist-packages/oslo_config/cfg.py:2609
2025-08-25 00:38:34.147 140207 DEBUG oslo_service.service [req-af70c784-72c2-48ad-97f1-5a5fb1ce2625 - - - - -] barbican_service_user.timeout = None log_opt_values /usr/lib/python3/dist-packages/oslo_config/cfg.py:2609
