2025-08-25 00:38:33.934 140213 DEBUG oslo_service.service [req-a40735d3-2e9c-40dd-bec7-5d48f01e7d1a - - - - -] glance.rbd_pool = log_opt_values /usr/lib/python3/dist-packages/oslo_config/cfg.py:2609
2025-08-25 00:38:33.935 140213 DEBUG oslo_service.service [req-a40735d3-2e9c-40dd-bec7-5d48f01e7d1a - - - - -] glance.rbd_user = log_opt_values /usr/lib/python3/dist-packages/oslo_config/cfg.py:2609
2025-08-25 00:38:33.935 140213 DEBUG oslo_service.service [req-a40735d3-2e9c-40dd-bec7-5d48f01e7d1a - - - - -] glance.region_name = None log_opt_values /usr/lib/python3/dist-packages/oslo_config/cfg.py:2609
2025-08-25 00:38:33.935 140213 DEBUG oslo_service.service [req-a40735d3-2e9c-40dd-bec7-5d48f01e7d1a - - - - -] glance.service_name = None log_opt_values /usr/lib/python3/dist-packages/oslo_config/cfg.py:2609
2025-08-25 00:38:33.935 140213 DEBUG oslo_service.service [req-a40735d3-2e9c-40dd-bec7-5d48f01e7d1a - - - - -] glance.service_type = image log_opt_values /usr/lib/python3/dist-packages/oslo_config/cfg.py:2609
2025-08-25 00:38:33.936 140213 DEBUG oslo_service.service [req-a40735d3-2e9c-40dd-bec7-5d48f01e7d1a - - - - -] glance.split_loggers = False log_opt_values /usr/lib/python3/dist-packages/oslo_config/cfg.py:2609
2025-08-25 00:38:33.936 140213 DEBUG oslo_service.service [req-a40735d3-2e9c-40dd-bec7-5d48f01e7d1a - - - - -] glance.status_code_retries = None log_opt_values /usr/lib/python3/dist-packages/oslo_config/cfg.py:2609
2025-08-25 00:38:33.936 140213 DEBUG oslo_service.service [req-a40735d3-2e9c-40dd-bec7-5d48f01e7d1a - - - - -] glance.status_code_retry_delay = None log_opt_values /usr/lib/python3/dist-packages/oslo_config/cfg.py:2609
2025-08-25 00:38:33.936 140213 DEBUG oslo_service.service [req-a40735d3-2e9c-40dd-bec7-5d48f01e7d1a - - - - -] glance.timeout = None log_opt_values /usr/lib/python3/dist-packages/oslo_config/cfg.py:2609
2025-08-25 00:38:33.937 140213 DEBUG oslo_service.service [req-a40735d3-2e9c-40dd-bec7-5d48f01e7d1a - - - - -] glance.valid_interfaces = ['internal', 'public'] log_opt_values /usr/lib/python3/dist-packages/oslo_config/cfg.py:2609
2025-08-25 00:38:33.937 140213 DEBUG oslo_service.service [req-a40735d3-2e9c-40dd-bec7-5d48f01e7d1a - - - - -] glance.verify_glance_signatures = False log_opt_values /usr/lib/python3/dist-packages/oslo_config/cfg.py:2609
2025-08-25 00:38:33.936 141103 DEBUG oslo_messaging._drivers.amqpdriver [-] AMQPListener connection timeout poll /usr/lib/python3/dist-packages/oslo_messaging/_drivers/amqpdriver.py:360
2025-08-25 00:38:33.937 140213 DEBUG oslo_service.service [req-a40735d3-2e9c-40dd-bec7-5d48f01e7d1a - - - - -] glance.version = None log_opt_values /usr/lib/python3/dist-packages/oslo_config/cfg.py:2609
2025-08-25 00:38:33.937 141096 DEBUG nova.service [req-902ff2af-3530-4ac6-9b0d-4da631e3cb43 - - - - -] Join ServiceGroup membership for this service conductor start /usr/lib/python3/dist-packages/nova/service.py:199
2025-08-25 00:38:33.937 141103 DEBUG oslo_messaging._drivers.amqpdriver [-] Listener is running poll /usr/lib/python3/dist-packages/oslo_messaging/_drivers/amqpdriver.py:343
2025-08-25 00:38:33.937 140213 DEBUG oslo_service.service [req-a40735d3-2e9c-40dd-bec7-5d48f01e7d1a - - - - -] guestfs.debug = False log_opt_values /usr/lib/python3/dist-packages/oslo_config/cfg.py:2609
2025-08-25 00:38:33.937 141103 DEBUG oslo_messaging._drivers.amqpdriver [-] Poll the incoming message with unique_id: bba0eaf6298c41e89911d0ca188a64c8 poll /usr/lib/python3/dist-packages/oslo_messaging/_drivers/amqpdriver.py:346
2025-08-25 00:38:33.938 140213 DEBUG oslo_service.service [req-a40735d3-2e9c-40dd-bec7-5d48f01e7d1a - - - - -] hyperv.config_drive_cdrom = False log_opt_values /usr/lib/python3/dist-packages/oslo_config/cfg.py:2609
2025-08-25 00:38:33.938 141103 DEBUG oslo_messaging._drivers.amqpdriver [-] Listener is running poll /usr/lib/python3/dist-packages/oslo_messaging/_drivers/amqpdriver.py:343
2025-08-25 00:38:33.938 141096 DEBUG nova.servicegroup.drivers.db [req-902ff2af-3530-4ac6-9b0d-4da631e3cb43 - - - - -] DB_Driver: join new ServiceGroup member juju-fc4241-0-lxd-7 to the conductor group, service = join /usr/lib/python3/dist-packages/nova/servicegroup/drivers/db.py:44
2025-08-25 00:38:33.938 141103 DEBUG oslo_messaging._drivers.amqpdriver [-] AMQPListener connection consume poll /usr/lib/python3/dist-packages/oslo_messaging/_drivers/amqpdriver.py:357
2025-08-25 00:38:33.938 140213 DEBUG oslo_service.service [req-a40735d3-2e9c-40dd-bec7-5d48f01e7d1a - - - - -] hyperv.config_drive_inject_password = False log_opt_values /usr/lib/python3/dist-packages/oslo_config/cfg.py:2609
2025-08-25 00:38:33.938 141102 DEBUG oslo_messaging._drivers.amqpdriver [-] Listener is running poll /usr/lib/python3/dist-packages/oslo_messaging/_drivers/amqpdriver.py:343
2025-08-25 00:38:33.938 140213 DEBUG oslo_service.service [req-a40735d3-2e9c-40dd-bec7-5d48f01e7d1a - - - - -] hyperv.dynamic_memory_ratio = 1.0 log_opt_values /usr/lib/python3/dist-packages/oslo_config/cfg.py:2609
2025-08-25 00:38:33.938 141102 DEBUG oslo_messaging._drivers.amqpdriver [-] AMQPListener connection consume poll /usr/lib/python3/dist-packages/oslo_messaging/_drivers/amqpdriver.py:357
2025-08-25 00:38:33.939 140213 DEBUG oslo_service.service [req-a40735d3-2e9c-40dd-bec7-5d48f01e7d1a - - - - -] hyperv.enable_instance_metrics_collection = False log_opt_values /usr/lib/python3/dist-packages/oslo_config/cfg.py:2609
2025-08-25 00:38:33.939 140213 DEBUG oslo_service.service [req-a40735d3-2e9c-40dd-bec7-5d48f01e7d1a - - - - -] hyperv.enable_remotefx = False log_opt_values /usr/lib/python3/dist-packages/oslo_config/cfg.py:2609
2025-08-25 00:38:33.939 140213 DEBUG oslo_service.service [req-a40735d3-2e9c-40dd-bec7-5d48f01e7d1a - - - - -] hyperv.instances_path_share = log_opt_values /usr/lib/python3/dist-packages/oslo_config/cfg.py:2609
2025-08-25 00:38:33.939 141102 DEBUG nova.service [req-84ed3c3c-bd00-4894-80bc-162236e171ee - - - - -] Join ServiceGroup membership for this service conductor start /usr/lib/python3/dist-packages/nova/service.py:199
2025-08-25 00:38:33.939 140213 DEBUG oslo_service.service [req-a40735d3-2e9c-40dd-bec7-5d48f01e7d1a - - - - -] hyperv.iscsi_initiator_list = [] log_opt_values /usr/lib/python3/dist-packages/oslo_config/cfg.py:2609
2025-08-25 00:38:33.940 141102 DEBUG nova.servicegroup.drivers.db [req-84ed3c3c-bd00-4894-80bc-162236e171ee - - - - -] DB_Driver: join new ServiceGroup member juju-fc4241-0-lxd-7 to the conductor group, service = join /usr/lib/python3/dist-packages/nova/servicegroup/drivers/db.py:44
2025-08-25 00:38:33.940 140213 DEBUG oslo_service.service [req-a40735d3-2e9c-40dd-bec7-5d48f01e7d1a - - - - -] hyperv.limit_cpu_features = False log_opt_values /usr/lib/python3/dist-packages/oslo_config/cfg.py:2609
2025-08-25 00:38:33.940 140213 DEBUG oslo_service.service [req-a40735d3-2e9c-40dd-bec7-5d48f01e7d1a - - - - -] hyperv.mounted_disk_query_retry_count = 10 log_opt_values /usr/lib/python3/dist-packages/oslo_config/cfg.py:2609
2025-08-25 00:38:33.941 141096 DEBUG oslo_messaging._drivers.amqpdriver [-] AMQPListener connection timeout poll /usr/lib/python3/dist-packages/oslo_messaging/_drivers/amqpdriver.py:360
2025-08-25 00:38:33.940 140213 DEBUG oslo_service.service [req-a40735d3-2e9c-40dd-bec7-5d48f01e7d1a - - - - -] hyperv.mounted_disk_query_retry_interval = 5 log_opt_values /usr/lib/python3/dist-packages/oslo_config/cfg.py:2609
2025-08-25 00:38:33.941 141096 DEBUG oslo_messaging._drivers.amqpdriver [-] Listener is running poll /usr/lib/python3/dist-packages/oslo_messaging/_drivers/amqpdriver.py:343
2025-08-25 00:38:33.941 141096 DEBUG oslo_messaging._drivers.amqpdriver [-] AMQPListener connection consume poll /usr/lib/python3/dist-packages/oslo_messaging/_drivers/amqpdriver.py:357
2025-08-25 00:38:33.941 140213 DEBUG oslo_service.service [req-a40735d3-2e9c-40dd-bec7-5d48f01e7d1a - - - - -] hyperv.power_state_check_timeframe = 60 log_opt_values /usr/lib/python3/dist-packages/oslo_config/cfg.py:2609
2025-08-25 00:38:33.942 140213 DEBUG oslo_service.service [req-a40735d3-2e9c-40dd-bec7-5d48f01e7d1a - - - - -] hyperv.power_state_event_polling_interval = 2 log_opt_values /usr/lib/python3/dist-packages/oslo_config/cfg.py:2609
2025-08-25 00:38:33.942 140213 DEBUG oslo_service.service [req-a40735d3-2e9c-40dd-bec7-5d48f01e7d1a - - - - -] hyperv.qemu_img_cmd = qemu-img.exe log_opt_values /usr/lib/python3/dist-packages/oslo_config/cfg.py:2609
2025-08-25 00:38:33.942 141102 DEBUG oslo_messaging._drivers.amqpdriver [-] AMQPListener connection timeout poll /usr/lib/python3/dist-packages/oslo_messaging/_drivers/amqpdriver.py:360
2025-08-25 00:38:33.942 140213 DEBUG oslo_service.service [req-a40735d3-2e9c-40dd-bec7-5d48f01e7d1a - - - - -] hyperv.use_multipath_io = False log_opt_values /usr/lib/python3/dist-packages/oslo_config/cfg.py:2609
2025-08-25 00:38:33.943 141102 DEBUG oslo_messaging._drivers.amqpdriver [-] Listener is running poll /usr/lib/python3/dist-packages/oslo_messaging/_drivers/amqpdriver.py:343
2025-08-25 00:38:33.943 141102 DEBUG oslo_messaging._drivers.amqpdriver [-] AMQPListener connection consume poll /usr/lib/python3/dist-packages/oslo_messaging/_drivers/amqpdriver.py:357
2025-08-25 00:38:33.943 140213 DEBUG oslo_service.service [req-a40735d3-2e9c-40dd-bec7-5d48f01e7d1a - - - - -] hyperv.volume_attach_retry_count = 10 log_opt_values /usr/lib/python3/dist-packages/oslo_config/cfg.py:2609
2025-08-25 00:38:33.943 140213 DEBUG oslo_service.service [req-a40735d3-2e9c-40dd-bec7-5d48f01e7d1a - - - - -] hyperv.volume_attach_retry_interval = 5 log_opt_values /usr/lib/python3/dist-packages/oslo_config/cfg.py:2609
2025-08-25 00:38:33.943 140213 DEBUG oslo_service.service [req-a40735d3-2e9c-40dd-bec7-5d48f01e7d1a - - - - -] hyperv.vswitch_name = None log_opt_values /usr/lib/python3/dist-packages/oslo_config/cfg.py:2609
2025-08-25 00:38:33.944 140213 DEBUG oslo_service.service [req-a40735d3-2e9c-40dd-bec7-5d48f01e7d1a - - - - -] hyperv.wait_soft_reboot_seconds = 60 log_opt_values /usr/lib/python3/dist-packages/oslo_config/cfg.py:2609
2025-08-25 00:38:33.944 140213 DEBUG oslo_service.service [req-a40735d3-2e9c-40dd-bec7-5d48f01e7d1a - - - - -] mks.enabled = False log_opt_values /usr/lib/python3/dist-packages/oslo_config/cfg.py:2609
2025-08-25 00:38:33.944 141103 DEBUG oslo_messaging._drivers.amqpdriver [req-beed5e90-7f29-4a3a-bda3-af6efe483045 - - - - -] sending reply msg_id: 359382eeca5c49ab80029a33368ddb56 reply queue: reply_dfb81fab45c34b85a06ce4c62c2080f9 time elapsed: 0.013417033000223455s _send_reply /usr/lib/python3/dist-packages/oslo_messaging/_drivers/amqpdriver.py:118
2025-08-25 00:38:33.945 140213 DEBUG oslo_service.service [req-a40735d3-2e9c-40dd-bec7-5d48f01e7d1a - - - - -] mks.mksproxy_base_url = http://127.0.0.1:6090/ log_opt_values /usr/lib/python3/dist-packages/oslo_config/cfg.py:2609
2025-08-25 00:38:33.945 140213 DEBUG oslo_service.service [req-a40735d3-2e9c-40dd-bec7-5d48f01e7d1a - - - - -] image_cache.manager_interval = 2400 log_opt_values /usr/lib/python3/dist-packages/oslo_config/cfg.py:2609
2025-08-25 00:38:33.945 140213 DEBUG oslo_service.service [req-a40735d3-2e9c-40dd-bec7-5d48f01e7d1a - - - - -] image_cache.precache_concurrency = 1 log_opt_values /usr/lib/python3/dist-packages/oslo_config/cfg.py:2609
2025-08-25 00:38:33.946 140213 DEBUG oslo_service.service [req-a40735d3-2e9c-40dd-bec7-5d48f01e7d1a - - - - -] image_cache.remove_unused_base_images = True log_opt_values /usr/lib/python3/dist-packages/oslo_config/cfg.py:2609
2025-08-25 00:38:33.946 140213 DEBUG oslo_service.service [req-a40735d3-2e9c-40dd-bec7-5d48f01e7d1a - - - - -] image_cache.remove_unused_original_minimum_age_seconds = 86400 log_opt_values /usr/lib/python3/dist-packages/oslo_config/cfg.py:2609
2025-08-25 00:38:33.946 140213 DEBUG oslo_service.service [req-a40735d3-2e9c-40dd-bec7-5d48f01e7d1a - - - - -] image_cache.remove_unused_resized_minimum_age_seconds = 3600 log_opt_values /usr/lib/python3/dist-packages/oslo_config/cfg.py:2609
2025-08-25 00:38:33.946 140213 DEBUG oslo_service.service [req-a40735d3-2e9c-40dd-bec7-5d48f01e7d1a - - - - -] image_cache.subdirectory_name = _base log_opt_values /usr/lib/python3/dist-packages/oslo_config/cfg.py:2609
2025-08-25 00:38:33.947 140213 DEBUG oslo_service.service [req-a40735d3-2e9c-40dd-bec7-5d48f01e7d1a - - - - -] ironic.api_max_retries = 60 log_opt_values /usr/lib/python3/dist-packages/oslo_config/cfg.py:2609
2025-08-25 00:38:33.947 140213 DEBUG oslo_service.service [req-a40735d3-2e9c-40dd-bec7-5d48f01e7d1a - - - - -] ironic.api_retry_interval = 2 log_opt_values /usr/lib/python3/dist-packages/oslo_config/cfg.py:2609
2025-08-25 00:38:33.947 140213 DEBUG oslo_service.service [req-a40735d3-2e9c-40dd-bec7-5d48f01e7d1a - - - - -] ironic.auth_section = None log_opt_values /usr/lib/python3/dist-packages/oslo_config/cfg.py:2609
2025-08-25 00:38:33.948 140213 DEBUG oslo_service.service [req-a40735d3-2e9c-40dd-bec7-5d48f01e7d1a - - - - -] ironic.auth_type = None log_opt_values /usr/lib/python3/dist-packages/oslo_config/cfg.py:2609
2025-08-25 00:38:33.948 140213 DEBUG oslo_service.service [req-a40735d3-2e9c-40dd-bec7-5d48f01e7d1a - - - - -] ironic.cafile = None log_opt_values /usr/lib/python3/dist-packages/oslo_config/cfg.py:2609
2025-08-25 00:38:33.948 140213 DEBUG oslo_service.service [req-a40735d3-2e9c-40dd-bec7-5d48f01e7d1a - - - - -] ironic.certfile = None log_opt_values /usr/lib/python3/dist-packages/oslo_config/cfg.py:2609
2025-08-25 00:38:33.948 140213 DEBUG oslo_service.service [req-a40735d3-2e9c-40dd-bec7-5d48f01e7d1a - - - - -] ironic.collect_timing = False log_opt_values /usr/lib/python3/dist-packages/oslo_config/cfg.py:2609
2025-08-25 00:38:33.949 140213 DEBUG oslo_service.service [req-a40735d3-2e9c-40dd-bec7-5d48f01e7d1a - - - - -] ironic.connect_retries = None log_opt_values /usr/lib/python3/dist-packages/oslo_config/cfg.py:2609
2025-08-25 00:38:33.949 140213 DEBUG oslo_service.service [req-a40735d3-2e9c-40dd-bec7-5d48f01e7d1a - - - - -] ironic.connect_retry_delay = None log_opt_values /usr/lib/python3/dist-packages/oslo_config/cfg.py:2609
2025-08-25 00:38:33.949 140213 DEBUG oslo_service.service [req-a40735d3-2e9c-40dd-bec7-5d48f01e7d1a - - - - -] ironic.endpoint_override = None log_opt_values /usr/lib/python3/dist-packages/oslo_config/cfg.py:2609
2025-08-25 00:38:33.949 140213 DEBUG oslo_service.service [req-a40735d3-2e9c-40dd-bec7-5d48f01e7d1a - - - - -] ironic.insecure = False log_opt_values /usr/lib/python3/dist-packages/oslo_config/cfg.py:2609
2025-08-25 00:38:33.950 140213 DEBUG oslo_service.service [req-a40735d3-2e9c-40dd-bec7-5d48f01e7d1a - - - - -] ironic.keyfile = None log_opt_values /usr/lib/python3/dist-packages/oslo_config/cfg.py:2609
2025-08-25 00:38:33.950 140213 DEBUG oslo_service.service [req-a40735d3-2e9c-40dd-bec7-5d48f01e7d1a - - - - -] ironic.max_version = None log_opt_values /usr/lib/python3/dist-packages/oslo_config/cfg.py:2609
2025-08-25 00:38:33.950 140213 DEBUG oslo_service.service [req-a40735d3-2e9c-40dd-bec7-5d48f01e7d1a - - - - -] ironic.min_version = None log_opt_values /usr/lib/python3/dist-packages/oslo_config/cfg.py:2609
2025-08-25 00:38:33.950 140213 DEBUG oslo_service.service [req-a40735d3-2e9c-40dd-bec7-5d48f01e7d1a - - - - -] ironic.partition_key = None log_opt_values /usr/lib/python3/dist-packages/oslo_config/cfg.py:2609
2025-08-25 00:38:33.951 140213 DEBUG oslo_service.service [req-a40735d3-2e9c-40dd-bec7-5d48f01e7d1a - - - - -] ironic.peer_list = [] log_opt_values /usr/lib/python3/dist-packages/oslo_config/cfg.py:2609
2025-08-25 00:38:33.951 140213 DEBUG oslo_service.service [req-a40735d3-2e9c-40dd-bec7-5d48f01e7d1a - - - - -] ironic.region_name = None log_opt_values /usr/lib/python3/dist-packages/oslo_config/cfg.py:2609
2025-08-25 00:38:33.951 140213 DEBUG oslo_service.service [req-a40735d3-2e9c-40dd-bec7-5d48f01e7d1a - - - - -] ironic.serial_console_state_timeout = 10 log_opt_values /usr/lib/python3/dist-packages/oslo_config/cfg.py:2609
2025-08-25 00:38:33.951 140213 DEBUG oslo_service.service [req-a40735d3-2e9c-40dd-bec7-5d48f01e7d1a - - - - -] ironic.service_name = None log_opt_values /usr/lib/python3/dist-packages/oslo_config/cfg.py:2609
2025-08-25 00:38:33.951 140213 DEBUG oslo_service.service [req-a40735d3-2e9c-40dd-bec7-5d48f01e7d1a - - - - -] ironic.service_type = baremetal log_opt_values /usr/lib/python3/dist-packages/oslo_config/cfg.py:2609
2025-08-25 00:38:33.952 140213 DEBUG oslo_service.service [req-a40735d3-2e9c-40dd-bec7-5d48f01e7d1a - - - - -] ironic.split_loggers = False log_opt_values /usr/lib/python3/dist-packages/oslo_config/cfg.py:2609
2025-08-25 00:38:33.952 140213 DEBUG oslo_service.service [req-a40735d3-2e9c-40dd-bec7-5d48f01e7d1a - - - - -] ironic.status_code_retries = None log_opt_values /usr/lib/python3/dist-packages/oslo_config/cfg.py:2609
2025-08-25 00:38:33.952 140213 DEBUG oslo_service.service [req-a40735d3-2e9c-40dd-bec7-5d48f01e7d1a - - - - -] ironic.status_code_retry_delay = None log_opt_values /usr/lib/python3/dist-packages/oslo_config/cfg.py:2609
2025-08-25 00:38:33.952 140213 DEBUG oslo_service.service [req-a40735d3-2e9c-40dd-bec7-5d48f01e7d1a - - - - -] ironic.timeout = None log_opt_values /usr/lib/python3/dist-packages/oslo_config/cfg.py:2609
2025-08-25 00:38:33.953 140213 DEBUG oslo_service.service [req-a40735d3-2e9c-40dd-bec7-5d48f01e7d1a - - - - -] ironic.valid_interfaces = ['internal', 'public'] log_opt_values /usr/lib/python3/dist-packages/oslo_config/cfg.py:2609
2025-08-25 00:38:33.953 140213 DEBUG oslo_service.service [req-a40735d3-2e9c-40dd-bec7-5d48f01e7d1a - - - - -] ironic.version = None log_opt_values /usr/lib/python3/dist-packages/oslo_config/cfg.py:2609
2025-08-25 00:38:33.953 140213 DEBUG oslo_service.service [req-a40735d3-2e9c-40dd-bec7-5d48f01e7d1a - - - - -] key_manager.backend = barbican log_opt_values /usr/lib/python3/dist-packages/oslo_config/cfg.py:2609
2025-08-25 00:38:33.953 140213 DEBUG oslo_service.service [req-a40735d3-2e9c-40dd-bec7-5d48f01e7d1a - - - - -] key_manager.fixed_key = **** log_opt_values /usr/lib/python3/dist-packages/oslo_config/cfg.py:2609
2025-08-25 00:38:33.954 140213 DEBUG oslo_service.service [req-a40735d3-2e9c-40dd-bec7-5d48f01e7d1a - - - - -] barbican.auth_endpoint = http://localhost/identity/v3 log_opt_values /usr/lib/python3/dist-packages/oslo_config/cfg.py:2609
2025-08-25 00:38:33.954 140213 DEBUG oslo_service.service [req-a40735d3-2e9c-40dd-bec7-5d48f01e7d1a - - - - -] barbican.barbican_api_version = None log_opt_values /usr/lib/python3/dist-packages/oslo_config/cfg.py:2609
2025-08-25 00:38:33.954 141109 DEBUG nova.service [req-8a24b67c-da4e-47aa-a0f8-282dc6383e75 - - - - -] Creating RPC server for service conductor start /usr/lib/python3/dist-packages/nova/service.py:182
2025-08-25 00:38:33.954 140213 DEBUG oslo_service.service [req-a40735d3-2e9c-40dd-bec7-5d48f01e7d1a - - - - -] barbican.barbican_endpoint = None log_opt_values /usr/lib/python3/dist-packages/oslo_config/cfg.py:2609
2025-08-25 00:38:33.954 140213 DEBUG oslo_service.service [req-a40735d3-2e9c-40dd-bec7-5d48f01e7d1a - - - - -] barbican.barbican_endpoint_type = public log_opt_values /usr/lib/python3/dist-packages/oslo_config/cfg.py:2609
2025-08-25 00:38:33.955 140213 DEBUG oslo_service.service [req-a40735d3-2e9c-40dd-bec7-5d48f01e7d1a - - - - -] barbican.barbican_region_name = None log_opt_values /usr/lib/python3/dist-packages/oslo_config/cfg.py:2609
2025-08-25 00:38:33.955 140213 DEBUG oslo_service.service [req-a40735d3-2e9c-40dd-bec7-5d48f01e7d1a - - - - -] barbican.cafile = None log_opt_values /usr/lib/python3/dist-packages/oslo_config/cfg.py:2609
2025-08-25 00:38:33.955 140213 DEBUG oslo_service.service [req-a40735d3-2e9c-40dd-bec7-5d48f01e7d1a - - - - -] barbican.certfile = None log_opt_values /usr/lib/python3/dist-packages/oslo_config/cfg.py:2609
2025-08-25 00:38:33.955 140213 DEBUG oslo_service.service [req-a40735d3-2e9c-40dd-bec7-5d48f01e7d1a - - - - -] barbican.collect_timing = False log_opt_values /usr/lib/python3/dist-packages/oslo_config/cfg.py:2609
2025-08-25 00:38:33.955 140213 DEBUG oslo_service.service [req-a40735d3-2e9c-40dd-bec7-5d48f01e7d1a - - - - -] barbican.insecure = False log_opt_values /usr/lib/python3/dist-packages/oslo_config/cfg.py:2609
2025-08-25 00:38:33.956 140213 DEBUG oslo_service.service [req-a40735d3-2e9c-40dd-bec7-5d48f01e7d1a - - - - -] barbican.keyfile = None log_opt_values /usr/lib/python3/dist-packages/oslo_config/cfg.py:2609
2025-08-25 00:38:33.956 140213 DEBUG oslo_service.service [req-a40735d3-2e9c-40dd-bec7-5d48f01e7d1a - - - - -] barbican.number_of_retries = 60 log_opt_values /usr/lib/python3/dist-packages/oslo_config/cfg.py:2609
2025-08-25 00:38:33.956 140213 DEBUG oslo_service.service [req-a40735d3-2e9c-40dd-bec7-5d48f01e7d1a - - - - -] barbican.retry_delay = 1 log_opt_values /usr/lib/python3/dist-packages/oslo_config/cfg.py:2609
2025-08-25 00:38:33.956 140213 DEBUG oslo_service.service [req-a40735d3-2e9c-40dd-bec7-5d48f01e7d1a - - - - -] barbican.send_service_user_token = False log_opt_values /usr/lib/python3/dist-packages/oslo_config/cfg.py:2609
2025-08-25 00:38:33.956 140213 DEBUG oslo_service.service [req-a40735d3-2e9c-40dd-bec7-5d48f01e7d1a - - - - -] barbican.split_loggers = False log_opt_values /usr/lib/python3/dist-packages/oslo_config/cfg.py:2609
2025-08-25 00:38:33.957 140213 DEBUG oslo_service.service [req-a40735d3-2e9c-40dd-bec7-5d48f01e7d1a - - - - -] barbican.timeout = None log_opt_values /usr/lib/python3/dist-packages/oslo_config/cfg.py:2609
2025-08-25 00:38:33.957 140213 DEBUG oslo_service.service [req-a40735d3-2e9c-40dd-bec7-5d48f01e7d1a - - - - -] barbican.verify_ssl = True log_opt_values /usr/lib/python3/dist-packages/oslo_config/cfg.py:2609
2025-08-25 00:38:33.957 140213 DEBUG oslo_service.service [req-a40735d3-2e9c-40dd-bec7-5d48f01e7d1a - - - - -] barbican.verify_ssl_path = None log_opt_values /usr/lib/python3/dist-packages/oslo_config/cfg.py:2609
2025-08-25 00:38:33.957 140213 DEBUG oslo_service.service [req-a40735d3-2e9c-40dd-bec7-5d48f01e7d1a - - - - -] barbican_service_user.auth_section = None log_opt_values /usr/lib/python3/dist-packages/oslo_config/cfg.py:2609
2025-08-25 00:38:33.958 140213 DEBUG oslo_service.service [req-a40735d3-2e9c-40dd-bec7-5d48f01e7d1a - - - - -] barbican_service_user.auth_type = None log_opt_values /usr/lib/python3/dist-packages/oslo_config/cfg.py:2609
2025-08-25 00:38:33.958 140213 DEBUG oslo_service.service [req-a40735d3-2e9c-40dd-bec7-5d48f01e7d1a - - - - -] barbican_service_user.cafile = None log_opt_values /usr/lib/python3/dist-packages/oslo_config/cfg.py:2609
2025-08-25 00:38:33.958 140213 DEBUG oslo_service.service [req-a40735d3-2e9c-40dd-bec7-5d48f01e7d1a - - - - -] barbican_service_user.certfile = None log_opt_values /usr/lib/python3/dist-packages/oslo_config/cfg.py:2609
2025-08-25 00:38:33.958 140213 DEBUG oslo_service.service [req-a40735d3-2e9c-40dd-bec7-5d48f01e7d1a - - - - -] barbican_service_user.collect_timing = False log_opt_values /usr/lib/python3/dist-packages/oslo_config/cfg.py:2609
2025-08-25 00:38:33.958 140213 DEBUG oslo_service.service [req-a40735d3-2e9c-40dd-bec7-5d48f01e7d1a - - - - -] barbican_service_user.insecure = False log_opt_values /usr/lib/python3/dist-packages/oslo_config/cfg.py:2609
2025-08-25 00:38:33.959 140213 DEBUG oslo_service.service [req-a40735d3-2e9c-40dd-bec7-5d48f01e7d1a - - - - -] barbican_service_user.keyfile = None log_opt_values /usr/lib/python3/dist-packages/oslo_config/cfg.py:2609
2025-08-25 00:38:33.959 140213 DEBUG oslo_service.service [req-a40735d3-2e9c-40dd-bec7-5d48f01e7d1a - - - - -] barbican_service_user.split_loggers = False log_opt_values /usr/lib/python3/dist-packages/oslo_config/cfg.py:2609
2025-08-25 00:38:33.959 140213 DEBUG oslo_service.service [req-a40735d3-2e9c-40dd-bec7-5d48f01e7d1a - - - - -] barbican_service_user.timeout = None log_opt_values /usr/lib/python3/dist-packages/oslo_config/cfg.py:2609
2025-08-25 00:38:33.959 140213 DEBUG oslo_service.service [req-a40735d3-2e9c-40dd-bec7-5d48f01e7d1a - - - - -] vault.approle_role_id = None log_opt_values /usr/lib/python3/dist-packages/oslo_config/cfg.py:2609
2025-08-25 00:38:33.959 140213 DEBUG oslo_service.service [req-a40735d3-2e9c-40dd-bec7-5d48f01e7d1a - - - - -] vault.approle_secret_id = None log_opt_values /usr/lib/python3/dist-packages/oslo_config/cfg.py:2609
2025-08-25 00:38:33.960 140213 DEBUG oslo_service.service [req-a40735d3-2e9c-40dd-bec7-5d48f01e7d1a - - - - -] vault.cafile = None log_opt_values /usr/lib/python3/dist-packages/oslo_config/cfg.py:2609
2025-08-25 00:38:33.960 140213 DEBUG oslo_service.service [req-a40735d3-2e9c-40dd-bec7-5d48f01e7d1a - - - - -] vault.certfile = None log_opt_values /usr/lib/python3/dist-packages/oslo_config/cfg.py:2609
2025-08-25 00:38:33.960 140213 DEBUG oslo_service.service [req-a40735d3-2e9c-40dd-bec7-5d48f01e7d1a - - - - -] vault.collect_timing = False log_opt_values /usr/lib/python3/dist-packages/oslo_config/cfg.py:2609
2025-08-25 00:38:33.960 140213 DEBUG oslo_service.service [req-a40735d3-2e9c-40dd-bec7-5d48f01e7d1a - - - - -] vault.insecure = False log_opt_values /usr/lib/python3/dist-packages/oslo_config/cfg.py:2609
2025-08-25 00:38:33.961 140213 DEBUG oslo_service.service [req-a40735d3-2e9c-40dd-bec7-5d48f01e7d1a - - - - -] vault.keyfile = None log_opt_values /usr/lib/python3/dist-packages/oslo_config/cfg.py:2609
2025-08-25 00:38:33.961 140213 DEBUG oslo_service.service [req-a40735d3-2e9c-40dd-bec7-5d48f01e7d1a - - - - -] vault.kv_mountpoint = secret log_opt_values /usr/lib/python3/dist-packages/oslo_config/cfg.py:2609
2025-08-25 00:38:33.961 140213 DEBUG oslo_service.service [req-a40735d3-2e9c-40dd-bec7-5d48f01e7d1a - - - - -] vault.kv_version = 2 log_opt_values /usr/lib/python3/dist-packages/oslo_config/cfg.py:2609
2025-08-25 00:38:33.961 140213 DEBUG oslo_service.service [req-a40735d3-2e9c-40dd-bec7-5d48f01e7d1a - - - - -] vault.namespace = None log_opt_values /usr/lib/python3/dist-packages/oslo_config/cfg.py:2609
2025-08-25 00:38:33.962 140213 DEBUG oslo_service.service [req-a40735d3-2e9c-40dd-bec7-5d48f01e7d1a - - - - -] vault.root_token_id = None log_opt_values /usr/lib/python3/dist-packages/oslo_config/cfg.py:2609
2025-08-25 00:38:33.962 140213 DEBUG oslo_service.service [req-a40735d3-2e9c-40dd-bec7-5d48f01e7d1a - - - - -] vault.split_loggers = False log_opt_values /usr/lib/python3/dist-packages/oslo_config/cfg.py:2609
2025-08-25 00:38:33.962 140213 DEBUG oslo_service.service [req-a40735d3-2e9c-40dd-bec7-5d48f01e7d1a - - - - -] vault.ssl_ca_crt_file = None log_opt_values /usr/lib/python3/dist-packages/oslo_config/cfg.py:2609
2025-08-25 00:38:33.962 140213 DEBUG oslo_service.service [req-a40735d3-2e9c-40dd-bec7-5d48f01e7d1a - - - - -] vault.timeout = None log_opt_values /usr/lib/python3/dist-packages/oslo_config/cfg.py:2609
2025-08-25 00:38:33.962 140213 DEBUG oslo_service.service [req-a40735d3-2e9c-40dd-bec7-5d48f01e7d1a - - - - -] vault.use_ssl = False log_opt_values /usr/lib/python3/dist-packages/oslo_config/cfg.py:2609
2025-08-25 00:38:33.963 140213 DEBUG oslo_service.service [req-a40735d3-2e9c-40dd-bec7-5d48f01e7d1a - - - - -] vault.vault_url = http://127.0.0.1:8200 log_opt_values /usr/lib/python3/dist-packages/oslo_config/cfg.py:2609
2025-08-25 00:38:33.963 140213 DEBUG oslo_service.service [req-a40735d3-2e9c-40dd-bec7-5d48f01e7d1a - - - - -] keystone.cafile = None log_opt_values /usr/lib/python3/dist-packages/oslo_config/cfg.py:2609
2025-08-25 00:38:33.963 140213 DEBUG oslo_service.service [req-a40735d3-2e9c-40dd-bec7-5d48f01e7d1a - - - - -] keystone.certfile = None log_opt_values /usr/lib/python3/dist-packages/oslo_config/cfg.py:2609
2025-08-25 00:38:33.963 140213 DEBUG oslo_service.service [req-a40735d3-2e9c-40dd-bec7-5d48f01e7d1a - - - - -] keystone.collect_timing = False log_opt_values /usr/lib/python3/dist-packages/oslo_config/cfg.py:2609
2025-08-25 00:38:33.964 140213 DEBUG oslo_service.service [req-a40735d3-2e9c-40dd-bec7-5d48f01e7d1a - - - - -] keystone.connect_retries = None log_opt_values /usr/lib/python3/dist-packages/oslo_config/cfg.py:2609
2025-08-25 00:38:33.964 140213 DEBUG oslo_service.service [req-a40735d3-2e9c-40dd-bec7-5d48f01e7d1a - - - - -] keystone.connect_retry_delay = None log_opt_values /usr/lib/python3/dist-packages/oslo_config/cfg.py:2609
2025-08-25 00:38:33.964 140213 DEBUG oslo_service.service [req-a40735d3-2e9c-40dd-bec7-5d48f01e7d1a - - - - -] keystone.endpoint_override = None log_opt_values /usr/lib/python3/dist-packages/oslo_config/cfg.py:2609
2025-08-25 00:38:33.964 140213 DEBUG oslo_service.service [req-a40735d3-2e9c-40dd-bec7-5d48f01e7d1a - - - - -] keystone.insecure = False log_opt_values /usr/lib/python3/dist-packages/oslo_config/cfg.py:2609
2025-08-25 00:38:33.965 140213 DEBUG oslo_service.service [req-a40735d3-2e9c-40dd-bec7-5d48f01e7d1a - - - - -] keystone.keyfile = None log_opt_values /usr/lib/python3/dist-packages/oslo_config/cfg.py:2609
2025-08-25 00:38:33.965 140213 DEBUG oslo_service.service [req-a40735d3-2e9c-40dd-bec7-5d48f01e7d1a - - - - -] keystone.max_version = None log_opt_values /usr/lib/python3/dist-packages/oslo_config/cfg.py:2609
2025-08-25 00:38:33.965 140213 DEBUG oslo_service.service [req-a40735d3-2e9c-40dd-bec7-5d48f01e7d1a - - - - -] keystone.min_version = None log_opt_values /usr/lib/python3/dist-packages/oslo_config/cfg.py:2609
2025-08-25 00:38:33.965 140213 DEBUG oslo_service.service [req-a40735d3-2e9c-40dd-bec7-5d48f01e7d1a - - - - -] keystone.region_name = None log_opt_values /usr/lib/python3/dist-packages/oslo_config/cfg.py:2609
2025-08-25 00:38:33.965 140213 DEBUG oslo_service.service [req-a40735d3-2e9c-40dd-bec7-5d48f01e7d1a - - - - -] keystone.service_name = None log_opt_values /usr/lib/python3/dist-packages/oslo_config/cfg.py:2609
2025-08-25 00:38:33.966 140213 DEBUG oslo_service.service [req-a40735d3-2e9c-40dd-bec7-5d48f01e7d1a - - - - -] keystone.service_type = identity log_opt_values /usr/lib/python3/dist-packages/oslo_config/cfg.py:2609
2025-08-25 00:38:33.966 140213 DEBUG oslo_service.service [req-a40735d3-2e9c-40dd-bec7-5d48f01e7d1a - - - - -] keystone.split_loggers = False log_opt_values /usr/lib/python3/dist-packages/oslo_config/cfg.py:2609
2025-08-25 00:38:33.966 140213 DEBUG oslo_service.service [req-a40735d3-2e9c-40dd-bec7-5d48f01e7d1a - - - - -] keystone.status_code_retries = None log_opt_values /usr/lib/python3/dist-packages/oslo_config/cfg.py:2609
2025-08-25 00:38:33.967 140213 DEBUG oslo_service.service [req-a40735d3-2e9c-40dd-bec7-5d48f01e7d1a - - - - -] keystone.status_code_retry_delay = None log_opt_values /usr/lib/python3/dist-packages/oslo_config/cfg.py:2609
2025-08-25 00:38:33.967 140213 DEBUG oslo_service.service [req-a40735d3-2e9c-40dd-bec7-5d48f01e7d1a - - - - -] keystone.timeout = None log_opt_values /usr/lib/python3/dist-packages/oslo_config/cfg.py:2609
2025-08-25 00:38:33.967 140213 DEBUG oslo_service.service [req-a40735d3-2e9c-40dd-bec7-5d48f01e7d1a - - - - -] keystone.valid_interfaces = ['internal', 'public'] log_opt_values /usr/lib/python3/dist-packages/oslo_config/cfg.py:2609
2025-08-25 00:38:33.967 140213 DEBUG oslo_service.service [req-a40735d3-2e9c-40dd-bec7-5d48f01e7d1a - - - - -] keystone.version = None log_opt_values /usr/lib/python3/dist-packages/oslo_config/cfg.py:2609
2025-08-25 00:38:33.967 140213 DEBUG oslo_service.service [req-a40735d3-2e9c-40dd-bec7-5d48f01e7d1a - - - - -] libvirt.connection_uri = log_opt_values /usr/lib/python3/dist-packages/oslo_config/cfg.py:2609
2025-08-25 00:38:33.968 140213 DEBUG oslo_service.service [req-a40735d3-2e9c-40dd-bec7-5d48f01e7d1a - - - - -] libvirt.cpu_mode = None log_opt_values /usr/lib/python3/dist-packages/oslo_config/cfg.py:2609
2025-08-25 00:38:33.968 140213 DEBUG oslo_service.service [req-a40735d3-2e9c-40dd-bec7-5d48f01e7d1a - - - - -] libvirt.cpu_model_extra_flags = [] log_opt_values /usr/lib/python3/dist-packages/oslo_config/cfg.py:2609
2025-08-25 00:38:33.968 140213 DEBUG oslo_service.service [req-a40735d3-2e9c-40dd-bec7-5d48f01e7d1a - - - - -] libvirt.cpu_models = [] log_opt_values /usr/lib/python3/dist-packages/oslo_config/cfg.py:2609
2025-08-25 00:38:33.968 140213 DEBUG oslo_service.service [req-a40735d3-2e9c-40dd-bec7-5d48f01e7d1a - - - - -] libvirt.device_detach_attempts = 8 log_opt_values /usr/lib/python3/dist-packages/oslo_config/cfg.py:2609
2025-08-25 00:38:33.969 140213 DEBUG oslo_service.service [req-a40735d3-2e9c-40dd-bec7-5d48f01e7d1a - - - - -] libvirt.device_detach_timeout = 20 log_opt_values /usr/lib/python3/dist-packages/oslo_config/cfg.py:2609
2025-08-25 00:38:33.969 140213 DEBUG oslo_service.service [req-a40735d3-2e9c-40dd-bec7-5d48f01e7d1a - - - - -] libvirt.disk_cachemodes = [] log_opt_values /usr/lib/python3/dist-packages/oslo_config/cfg.py:2609
2025-08-25 00:38:33.969 140213 DEBUG oslo_service.service [req-a40735d3-2e9c-40dd-bec7-5d48f01e7d1a - - - - -] libvirt.disk_prefix = None log_opt_values /usr/lib/python3/dist-packages/oslo_config/cfg.py:2609
2025-08-25 00:38:33.970 140213 DEBUG oslo_service.service [req-a40735d3-2e9c-40dd-bec7-5d48f01e7d1a - - - - -] libvirt.enabled_perf_events = [] log_opt_values /usr/lib/python3/dist-packages/oslo_config/cfg.py:2609
2025-08-25 00:38:33.970 140213 DEBUG oslo_service.service [req-a40735d3-2e9c-40dd-bec7-5d48f01e7d1a - - - - -] libvirt.file_backed_memory = 0 log_opt_values /usr/lib/python3/dist-packages/oslo_config/cfg.py:2609
2025-08-25 00:38:33.970 140213 DEBUG oslo_service.service [req-a40735d3-2e9c-40dd-bec7-5d48f01e7d1a - - - - -] libvirt.gid_maps = [] log_opt_values /usr/lib/python3/dist-packages/oslo_config/cfg.py:2609
2025-08-25 00:38:33.970 140213 DEBUG oslo_service.service [req-a40735d3-2e9c-40dd-bec7-5d48f01e7d1a - - - - -] libvirt.hw_disk_discard = None log_opt_values /usr/lib/python3/dist-packages/oslo_config/cfg.py:2609
2025-08-25 00:38:33.971 140213 DEBUG oslo_service.service [req-a40735d3-2e9c-40dd-bec7-5d48f01e7d1a - - - - -] libvirt.hw_machine_type = None log_opt_values /usr/lib/python3/dist-packages/oslo_config/cfg.py:2609
2025-08-25 00:38:33.971 140213 DEBUG oslo_service.service [req-a40735d3-2e9c-40dd-bec7-5d48f01e7d1a - - - - -] libvirt.images_rbd_ceph_conf = log_opt_values /usr/lib/python3/dist-packages/oslo_config/cfg.py:2609
2025-08-25 00:38:33.971 140213 DEBUG oslo_service.service [req-a40735d3-2e9c-40dd-bec7-5d48f01e7d1a - - - - -] libvirt.images_rbd_glance_copy_poll_interval = 15 log_opt_values /usr/lib/python3/dist-packages/oslo_config/cfg.py:2609
2025-08-25 00:38:33.971 140213 DEBUG oslo_service.service [req-a40735d3-2e9c-40dd-bec7-5d48f01e7d1a - - - - -] libvirt.images_rbd_glance_copy_timeout = 600 log_opt_values /usr/lib/python3/dist-packages/oslo_config/cfg.py:2609
2025-08-25 00:38:33.972 140213 DEBUG oslo_service.service [req-a40735d3-2e9c-40dd-bec7-5d48f01e7d1a - - - - -] libvirt.images_rbd_glance_store_name = log_opt_values /usr/lib/python3/dist-packages/oslo_config/cfg.py:2609
2025-08-25 00:38:33.972 140213 DEBUG oslo_service.service [req-a40735d3-2e9c-40dd-bec7-5d48f01e7d1a - - - - -] libvirt.images_rbd_pool = rbd log_opt_values /usr/lib/python3/dist-packages/oslo_config/cfg.py:2609
2025-08-25 00:38:33.972 140213 DEBUG oslo_service.service [req-a40735d3-2e9c-40dd-bec7-5d48f01e7d1a - - - - -] libvirt.images_type = default log_opt_values /usr/lib/python3/dist-packages/oslo_config/cfg.py:2609
2025-08-25 00:38:33.972 140213 DEBUG oslo_service.service [req-a40735d3-2e9c-40dd-bec7-5d48f01e7d1a - - - - -] libvirt.images_volume_group = None log_opt_values /usr/lib/python3/dist-packages/oslo_config/cfg.py:2609
2025-08-25 00:38:33.972 140213 DEBUG oslo_service.service [req-a40735d3-2e9c-40dd-bec7-5d48f01e7d1a - - - - -] libvirt.inject_key = False log_opt_values /usr/lib/python3/dist-packages/oslo_config/cfg.py:2609
2025-08-25 00:38:33.973 140213 DEBUG oslo_service.service [req-a40735d3-2e9c-40dd-bec7-5d48f01e7d1a - - - - -] libvirt.inject_partition = -2 log_opt_values /usr/lib/python3/dist-packages/oslo_config/cfg.py:2609
2025-08-25 00:38:33.973 140213 DEBUG oslo_service.service [req-a40735d3-2e9c-40dd-bec7-5d48f01e7d1a - - - - -] libvirt.inject_password = False log_opt_values /usr/lib/python3/dist-packages/oslo_config/cfg.py:2609
2025-08-25 00:38:33.973 140213 DEBUG oslo_service.service [req-a40735d3-2e9c-40dd-bec7-5d48f01e7d1a - - - - -] libvirt.iscsi_iface = None log_opt_values /usr/lib/python3/dist-packages/oslo_config/cfg.py:2609
2025-08-25 00:38:33.973 140213 DEBUG oslo_service.service [req-a40735d3-2e9c-40dd-bec7-5d48f01e7d1a - - - - -] libvirt.iser_use_multipath = False log_opt_values /usr/lib/python3/dist-packages/oslo_config/cfg.py:2609
2025-08-25 00:38:33.974 140213 DEBUG oslo_service.service [req-a40735d3-2e9c-40dd-bec7-5d48f01e7d1a - - - - -] libvirt.live_migration_bandwidth = 0 log_opt_values /usr/lib/python3/dist-packages/oslo_config/cfg.py:2609
2025-08-25 00:38:33.974 140213 DEBUG oslo_service.service [req-a40735d3-2e9c-40dd-bec7-5d48f01e7d1a - - - - -] libvirt.live_migration_completion_timeout = 800 log_opt_values /usr/lib/python3/dist-packages/oslo_config/cfg.py:2609
2025-08-25 00:38:33.974 140213 DEBUG oslo_service.service [req-a40735d3-2e9c-40dd-bec7-5d48f01e7d1a - - - - -] libvirt.live_migration_downtime = 500 log_opt_values /usr/lib/python3/dist-packages/oslo_config/cfg.py:2609
2025-08-25 00:38:33.974 140213 DEBUG oslo_service.service [req-a40735d3-2e9c-40dd-bec7-5d48f01e7d1a - - - - -] libvirt.live_migration_downtime_delay = 75 log_opt_values /usr/lib/python3/dist-packages/oslo_config/cfg.py:2609
2025-08-25 00:38:33.975 140213 DEBUG oslo_service.service [req-a40735d3-2e9c-40dd-bec7-5d48f01e7d1a - - - - -] libvirt.live_migration_downtime_steps = 10 log_opt_values /usr/lib/python3/dist-packages/oslo_config/cfg.py:2609
2025-08-25 00:38:33.975 140213 DEBUG oslo_service.service [req-a40735d3-2e9c-40dd-bec7-5d48f01e7d1a - - - - -] libvirt.live_migration_inbound_addr = None log_opt_values /usr/lib/python3/dist-packages/oslo_config/cfg.py:2609
2025-08-25 00:38:33.975 140213 DEBUG oslo_service.service [req-a40735d3-2e9c-40dd-bec7-5d48f01e7d1a - - - - -] libvirt.live_migration_permit_auto_converge = False log_opt_values /usr/lib/python3/dist-packages/oslo_config/cfg.py:2609
2025-08-25 00:38:33.975 140213 DEBUG oslo_service.service [req-a40735d3-2e9c-40dd-bec7-5d48f01e7d1a - - - - -] libvirt.live_migration_permit_post_copy = False log_opt_values /usr/lib/python3/dist-packages/oslo_config/cfg.py:2609
2025-08-25 00:38:33.976 140213 DEBUG oslo_service.service [req-a40735d3-2e9c-40dd-bec7-5d48f01e7d1a - - - - -] libvirt.live_migration_scheme = None log_opt_values /usr/lib/python3/dist-packages/oslo_config/cfg.py:2609
2025-08-25 00:38:33.976 140213 DEBUG oslo_service.service [req-a40735d3-2e9c-40dd-bec7-5d48f01e7d1a - - - - -] libvirt.live_migration_timeout_action = abort log_opt_values /usr/lib/python3/dist-packages/oslo_config/cfg.py:2609
2025-08-25 00:38:33.976 140213 DEBUG oslo_service.service [req-a40735d3-2e9c-40dd-bec7-5d48f01e7d1a - - - - -] libvirt.live_migration_tunnelled = False log_opt_values /usr/lib/python3/dist-packages/oslo_config/cfg.py:2609
2025-08-25 00:38:33.976 140213 DEBUG oslo_service.service [req-a40735d3-2e9c-40dd-bec7-5d48f01e7d1a - - - - -] libvirt.live_migration_uri = None log_opt_values /usr/lib/python3/dist-packages/oslo_config/cfg.py:2609
2025-08-25 00:38:33.977 140213 DEBUG oslo_service.service [req-a40735d3-2e9c-40dd-bec7-5d48f01e7d1a - - - - -] libvirt.live_migration_with_native_tls = False log_opt_values /usr/lib/python3/dist-packages/oslo_config/cfg.py:2609
2025-08-25 00:38:33.977 140213 DEBUG oslo_service.service [req-a40735d3-2e9c-40dd-bec7-5d48f01e7d1a - - - - -] libvirt.max_queues = None log_opt_values /usr/lib/python3/dist-packages/oslo_config/cfg.py:2609
2025-08-25 00:38:33.977 140213 DEBUG oslo_service.service [req-a40735d3-2e9c-40dd-bec7-5d48f01e7d1a - - - - -] libvirt.mem_stats_period_seconds = 10 log_opt_values /usr/lib/python3/dist-packages/oslo_config/cfg.py:2609
2025-08-25 00:38:33.977 140213 DEBUG oslo_service.service [req-a40735d3-2e9c-40dd-bec7-5d48f01e7d1a - - - - -] libvirt.nfs_mount_options = None log_opt_values /usr/lib/python3/dist-packages/oslo_config/cfg.py:2609
2025-08-25 00:38:33.978 140213 DEBUG oslo_service.service [req-a40735d3-2e9c-40dd-bec7-5d48f01e7d1a - - - - -] libvirt.nfs_mount_point_base = /var/lib/nova/mnt log_opt_values /usr/lib/python3/dist-packages/oslo_config/cfg.py:2609
2025-08-25 00:38:33.978 140213 DEBUG oslo_service.service [req-a40735d3-2e9c-40dd-bec7-5d48f01e7d1a - - - - -] libvirt.num_aoe_discover_tries = 3 log_opt_values /usr/lib/python3/dist-packages/oslo_config/cfg.py:2609
2025-08-25 00:38:33.978 140213 DEBUG oslo_service.service [req-a40735d3-2e9c-40dd-bec7-5d48f01e7d1a - - - - -] libvirt.num_iser_scan_tries = 5 log_opt_values /usr/lib/python3/dist-packages/oslo_config/cfg.py:2609
2025-08-25 00:38:33.978 140213 DEBUG oslo_service.service [req-a40735d3-2e9c-40dd-bec7-5d48f01e7d1a - - - - -] libvirt.num_memory_encrypted_guests = None log_opt_values /usr/lib/python3/dist-packages/oslo_config/cfg.py:2609
2025-08-25 00:38:33.979 140213 DEBUG oslo_service.service [req-a40735d3-2e9c-40dd-bec7-5d48f01e7d1a - - - - -] libvirt.num_nvme_discover_tries = 5 log_opt_values /usr/lib/python3/dist-packages/oslo_config/cfg.py:2609
2025-08-25 00:38:33.979 140213 DEBUG oslo_service.service [req-a40735d3-2e9c-40dd-bec7-5d48f01e7d1a - - - - -] libvirt.num_pcie_ports = 0 log_opt_values /usr/lib/python3/dist-packages/oslo_config/cfg.py:2609
2025-08-25 00:38:33.979 140213 DEBUG oslo_service.service [req-a40735d3-2e9c-40dd-bec7-5d48f01e7d1a - - - - -] libvirt.num_volume_scan_tries = 5 log_opt_values /usr/lib/python3/dist-packages/oslo_config/cfg.py:2609
2025-08-25 00:38:33.979 140213 DEBUG oslo_service.service [req-a40735d3-2e9c-40dd-bec7-5d48f01e7d1a - - - - -] libvirt.pmem_namespaces = [] log_opt_values /usr/lib/python3/dist-packages/oslo_config/cfg.py:2609
2025-08-25 00:38:33.980 140213 DEBUG oslo_service.service [req-a40735d3-2e9c-40dd-bec7-5d48f01e7d1a - - - - -] libvirt.quobyte_client_cfg = None log_opt_values /usr/lib/python3/dist-packages/oslo_config/cfg.py:2609
2025-08-25 00:38:33.980 140213 DEBUG oslo_service.service [req-a40735d3-2e9c-40dd-bec7-5d48f01e7d1a - - - - -] libvirt.quobyte_mount_point_base = /var/lib/nova/mnt log_opt_values /usr/lib/python3/dist-packages/oslo_config/cfg.py:2609
2025-08-25 00:38:33.980 140213 DEBUG oslo_service.service [req-a40735d3-2e9c-40dd-bec7-5d48f01e7d1a - - - - -] libvirt.rbd_connect_timeout = 5 log_opt_values /usr/lib/python3/dist-packages/oslo_config/cfg.py:2609
2025-08-25 00:38:33.980 140213 DEBUG oslo_service.service [req-a40735d3-2e9c-40dd-bec7-5d48f01e7d1a - - - - -] libvirt.rbd_destroy_volume_retries = 12 log_opt_values /usr/lib/python3/dist-packages/oslo_config/cfg.py:2609
2025-08-25 00:38:33.981 140213 DEBUG oslo_service.service [req-a40735d3-2e9c-40dd-bec7-5d48f01e7d1a - - - - -] libvirt.rbd_destroy_volume_retry_interval = 5 log_opt_values /usr/lib/python3/dist-packages/oslo_config/cfg.py:2609
2025-08-25 00:38:33.981 140213 DEBUG oslo_service.service [req-a40735d3-2e9c-40dd-bec7-5d48f01e7d1a - - - - -] libvirt.rbd_secret_uuid = None log_opt_values /usr/lib/python3/dist-packages/oslo_config/cfg.py:2609
2025-08-25 00:38:33.981 140213 DEBUG oslo_service.service [req-a40735d3-2e9c-40dd-bec7-5d48f01e7d1a - - - - -] libvirt.rbd_user = None log_opt_values /usr/lib/python3/dist-packages/oslo_config/cfg.py:2609
2025-08-25 00:38:33.981 141109 DEBUG oslo_messaging._drivers.amqpdriver [-] Listener is running poll /usr/lib/python3/dist-packages/oslo_messaging/_drivers/amqpdriver.py:343
2025-08-25 00:38:33.981 140213 DEBUG oslo_service.service [req-a40735d3-2e9c-40dd-bec7-5d48f01e7d1a - - - - -] libvirt.realtime_scheduler_priority = 1 log_opt_values /usr/lib/python3/dist-packages/oslo_config/cfg.py:2609
2025-08-25 00:38:33.981 141109 DEBUG oslo_messaging._drivers.amqpdriver [-] AMQPListener connection consume poll /usr/lib/python3/dist-packages/oslo_messaging/_drivers/amqpdriver.py:357
2025-08-25 00:38:33.981 140213 DEBUG oslo_service.service [req-a40735d3-2e9c-40dd-bec7-5d48f01e7d1a - - - - -] libvirt.remote_filesystem_transport = ssh log_opt_values /usr/lib/python3/dist-packages/oslo_config/cfg.py:2609
2025-08-25 00:38:33.982 140213 DEBUG oslo_service.service [req-a40735d3-2e9c-40dd-bec7-5d48f01e7d1a - - - - -] libvirt.rescue_image_id = None log_opt_values /usr/lib/python3/dist-packages/oslo_config/cfg.py:2609
2025-08-25 00:38:33.982 141109 DEBUG nova.service [req-8a24b67c-da4e-47aa-a0f8-282dc6383e75 - - - - -] Join ServiceGroup membership for this service conductor start /usr/lib/python3/dist-packages/nova/service.py:199
2025-08-25 00:38:33.982 140213 DEBUG oslo_service.service [req-a40735d3-2e9c-40dd-bec7-5d48f01e7d1a - - - - -] libvirt.rescue_kernel_id = None log_opt_values /usr/lib/python3/dist-packages/oslo_config/cfg.py:2609
2025-08-25 00:38:33.982 141109 DEBUG nova.servicegroup.drivers.db [req-8a24b67c-da4e-47aa-a0f8-282dc6383e75 - - - - -] DB_Driver: join new ServiceGroup member juju-fc4241-0-lxd-7 to the conductor group, service = join /usr/lib/python3/dist-packages/nova/servicegroup/drivers/db.py:44
2025-08-25 00:38:33.982 140213 DEBUG oslo_service.service [req-a40735d3-2e9c-40dd-bec7-5d48f01e7d1a - - - - -] libvirt.rescue_ramdisk_id = None log_opt_values /usr/lib/python3/dist-packages/oslo_config/cfg.py:2609
2025-08-25 00:38:33.982 140213 DEBUG oslo_service.service [req-a40735d3-2e9c-40dd-bec7-5d48f01e7d1a - - - - -] libvirt.rng_dev_path = /dev/urandom log_opt_values /usr/lib/python3/dist-packages/oslo_config/cfg.py:2609
2025-08-25 00:38:33.983 140213 DEBUG oslo_service.service [req-a40735d3-2e9c-40dd-bec7-5d48f01e7d1a - - - - -] libvirt.rx_queue_size = None log_opt_values /usr/lib/python3/dist-packages/oslo_config/cfg.py:2609
2025-08-25 00:38:33.983 140213 DEBUG oslo_service.service [req-a40735d3-2e9c-40dd-bec7-5d48f01e7d1a - - - - -] libvirt.smbfs_mount_options = log_opt_values /usr/lib/python3/dist-packages/oslo_config/cfg.py:2609
2025-08-25 00:38:33.983 140213 DEBUG oslo_service.service [req-a40735d3-2e9c-40dd-bec7-5d48f01e7d1a - - - - -] libvirt.smbfs_mount_point_base = /var/lib/nova/mnt log_opt_values /usr/lib/python3/dist-packages/oslo_config/cfg.py:2609
2025-08-25 00:38:33.983 140213 DEBUG oslo_service.service [req-a40735d3-2e9c-40dd-bec7-5d48f01e7d1a - - - - -] libvirt.snapshot_compression = False log_opt_values /usr/lib/python3/dist-packages/oslo_config/cfg.py:2609
2025-08-25 00:38:33.983 140213 DEBUG oslo_service.service [req-a40735d3-2e9c-40dd-bec7-5d48f01e7d1a - - - - -] libvirt.snapshot_image_format = None log_opt_values /usr/lib/python3/dist-packages/oslo_config/cfg.py:2609
2025-08-25 00:38:33.984 140213 DEBUG oslo_service.service [req-a40735d3-2e9c-40dd-bec7-5d48f01e7d1a - - - - -] libvirt.snapshots_directory = /var/lib/nova/instances/snapshots log_opt_values /usr/lib/python3/dist-packages/oslo_config/cfg.py:2609
2025-08-25 00:38:33.984 140213 DEBUG oslo_service.service [req-a40735d3-2e9c-40dd-bec7-5d48f01e7d1a - - - - -] libvirt.sparse_logical_volumes = False log_opt_values /usr/lib/python3/dist-packages/oslo_config/cfg.py:2609
2025-08-25 00:38:33.984 140213 DEBUG oslo_service.service [req-a40735d3-2e9c-40dd-bec7-5d48f01e7d1a - - - - -] libvirt.swtpm_enabled = False log_opt_values /usr/lib/python3/dist-packages/oslo_config/cfg.py:2609
2025-08-25 00:38:33.985 140213 DEBUG oslo_service.service [req-a40735d3-2e9c-40dd-bec7-5d48f01e7d1a - - - - -] libvirt.swtpm_group = tss log_opt_values /usr/lib/python3/dist-packages/oslo_config/cfg.py:2609
2025-08-25 00:38:33.985 140213 DEBUG oslo_service.service [req-a40735d3-2e9c-40dd-bec7-5d48f01e7d1a - - - - -] libvirt.swtpm_user = tss log_opt_values /usr/lib/python3/dist-packages/oslo_config/cfg.py:2609
2025-08-25 00:38:33.985 141109 DEBUG oslo_messaging._drivers.amqpdriver [-] AMQPListener connection timeout poll /usr/lib/python3/dist-packages/oslo_messaging/_drivers/amqpdriver.py:360
2025-08-25 00:38:33.985 140213 DEBUG oslo_service.service [req-a40735d3-2e9c-40dd-bec7-5d48f01e7d1a - - - - -] libvirt.sysinfo_serial = unique log_opt_values /usr/lib/python3/dist-packages/oslo_config/cfg.py:2609
2025-08-25 00:38:33.985 141109 DEBUG oslo_messaging._drivers.amqpdriver [-] Listener is running poll /usr/lib/python3/dist-packages/oslo_messaging/_drivers/amqpdriver.py:343
2025-08-25 00:38:33.985 140213 DEBUG oslo_service.service [req-a40735d3-2e9c-40dd-bec7-5d48f01e7d1a - - - - -] libvirt.tx_queue_size = None log_opt_values /usr/lib/python3/dist-packages/oslo_config/cfg.py:2609
2025-08-25 00:38:33.985 141109 DEBUG oslo_messaging._drivers.amqpdriver [-] AMQPListener connection consume poll /usr/lib/python3/dist-packages/oslo_messaging/_drivers/amqpdriver.py:357
2025-08-25 00:38:33.985 140213 DEBUG oslo_service.service [req-a40735d3-2e9c-40dd-bec7-5d48f01e7d1a - - - - -] libvirt.uid_maps = [] log_opt_values /usr/lib/python3/dist-packages/oslo_config/cfg.py:2609
2025-08-25 00:38:33.986 140213 DEBUG oslo_service.service [req-a40735d3-2e9c-40dd-bec7-5d48f01e7d1a - - - - -] libvirt.use_virtio_for_bridges = True log_opt_values /usr/lib/python3/dist-packages/oslo_config/cfg.py:2609
2025-08-25 00:38:33.986 140213 DEBUG oslo_service.service [req-a40735d3-2e9c-40dd-bec7-5d48f01e7d1a - - - - -] libvirt.virt_type = kvm log_opt_values /usr/lib/python3/dist-packages/oslo_config/cfg.py:2609
2025-08-25 00:38:33.986 140213 DEBUG oslo_service.service [req-a40735d3-2e9c-40dd-bec7-5d48f01e7d1a - - - - -] libvirt.volume_clear = zero log_opt_values /usr/lib/python3/dist-packages/oslo_config/cfg.py:2609
2025-08-25 00:38:33.987 140213 DEBUG oslo_service.service [req-a40735d3-2e9c-40dd-bec7-5d48f01e7d1a - - - - -] libvirt.volume_clear_size = 0 log_opt_values /usr/lib/python3/dist-packages/oslo_config/cfg.py:2609
2025-08-25 00:38:33.987 140213 DEBUG oslo_service.service [req-a40735d3-2e9c-40dd-bec7-5d48f01e7d1a - - - - -] libvirt.volume_use_multipath = False log_opt_values /usr/lib/python3/dist-packages/oslo_config/cfg.py:2609
