2025-08-21 00:35:41.745 131158 DEBUG oslo_service.service [req-b7d77c29-0c76-4e8d-a0e3-291ce181ee04 - - - - -] cache.memcache_pool_unused_timeout = 60 log_opt_values /usr/lib/python3/dist-packages/oslo_config/cfg.py:2609
2025-08-21 00:35:41.746 131158 DEBUG oslo_service.service [req-b7d77c29-0c76-4e8d-a0e3-291ce181ee04 - - - - -] cache.memcache_servers = ['localhost:11211'] log_opt_values /usr/lib/python3/dist-packages/oslo_config/cfg.py:2609
2025-08-21 00:35:41.746 131158 DEBUG oslo_service.service [req-b7d77c29-0c76-4e8d-a0e3-291ce181ee04 - - - - -] cache.memcache_socket_timeout = 1.0 log_opt_values /usr/lib/python3/dist-packages/oslo_config/cfg.py:2609
2025-08-21 00:35:41.746 131158 DEBUG oslo_service.service [req-b7d77c29-0c76-4e8d-a0e3-291ce181ee04 - - - - -] cache.proxies = [] log_opt_values /usr/lib/python3/dist-packages/oslo_config/cfg.py:2609
2025-08-21 00:35:41.747 131158 DEBUG oslo_service.service [req-b7d77c29-0c76-4e8d-a0e3-291ce181ee04 - - - - -] cache.tls_allowed_ciphers = None log_opt_values /usr/lib/python3/dist-packages/oslo_config/cfg.py:2609
2025-08-21 00:35:41.747 131158 DEBUG oslo_service.service [req-b7d77c29-0c76-4e8d-a0e3-291ce181ee04 - - - - -] cache.tls_cafile = None log_opt_values /usr/lib/python3/dist-packages/oslo_config/cfg.py:2609
2025-08-21 00:35:41.748 131158 DEBUG oslo_service.service [req-b7d77c29-0c76-4e8d-a0e3-291ce181ee04 - - - - -] cache.tls_certfile = None log_opt_values /usr/lib/python3/dist-packages/oslo_config/cfg.py:2609
2025-08-21 00:35:41.748 131158 DEBUG oslo_service.service [req-b7d77c29-0c76-4e8d-a0e3-291ce181ee04 - - - - -] cache.tls_enabled = False log_opt_values /usr/lib/python3/dist-packages/oslo_config/cfg.py:2609
2025-08-21 00:35:41.749 131158 DEBUG oslo_service.service [req-b7d77c29-0c76-4e8d-a0e3-291ce181ee04 - - - - -] cache.tls_keyfile = None log_opt_values /usr/lib/python3/dist-packages/oslo_config/cfg.py:2609
2025-08-21 00:35:41.749 131158 DEBUG oslo_service.service [req-b7d77c29-0c76-4e8d-a0e3-291ce181ee04 - - - - -] cinder.auth_section = None log_opt_values /usr/lib/python3/dist-packages/oslo_config/cfg.py:2609
2025-08-21 00:35:41.750 131158 DEBUG oslo_service.service [req-b7d77c29-0c76-4e8d-a0e3-291ce181ee04 - - - - -] cinder.auth_type = None log_opt_values /usr/lib/python3/dist-packages/oslo_config/cfg.py:2609
2025-08-21 00:35:41.750 131158 DEBUG oslo_service.service [req-b7d77c29-0c76-4e8d-a0e3-291ce181ee04 - - - - -] cinder.cafile = None log_opt_values /usr/lib/python3/dist-packages/oslo_config/cfg.py:2609
2025-08-21 00:35:41.750 131158 DEBUG oslo_service.service [req-b7d77c29-0c76-4e8d-a0e3-291ce181ee04 - - - - -] cinder.catalog_info = volumev3::publicURL log_opt_values /usr/lib/python3/dist-packages/oslo_config/cfg.py:2609
2025-08-21 00:35:41.751 131158 DEBUG oslo_service.service [req-b7d77c29-0c76-4e8d-a0e3-291ce181ee04 - - - - -] cinder.certfile = None log_opt_values /usr/lib/python3/dist-packages/oslo_config/cfg.py:2609
2025-08-21 00:35:41.751 131158 DEBUG oslo_service.service [req-b7d77c29-0c76-4e8d-a0e3-291ce181ee04 - - - - -] cinder.collect_timing = False log_opt_values /usr/lib/python3/dist-packages/oslo_config/cfg.py:2609
2025-08-21 00:35:41.752 131158 DEBUG oslo_service.service [req-b7d77c29-0c76-4e8d-a0e3-291ce181ee04 - - - - -] cinder.cross_az_attach = True log_opt_values /usr/lib/python3/dist-packages/oslo_config/cfg.py:2609
2025-08-21 00:35:41.752 131158 DEBUG oslo_service.service [req-b7d77c29-0c76-4e8d-a0e3-291ce181ee04 - - - - -] cinder.debug = False log_opt_values /usr/lib/python3/dist-packages/oslo_config/cfg.py:2609
2025-08-21 00:35:41.752 131158 DEBUG oslo_service.service [req-b7d77c29-0c76-4e8d-a0e3-291ce181ee04 - - - - -] cinder.endpoint_template = None log_opt_values /usr/lib/python3/dist-packages/oslo_config/cfg.py:2609
2025-08-21 00:35:41.752 131158 DEBUG oslo_service.service [req-b7d77c29-0c76-4e8d-a0e3-291ce181ee04 - - - - -] cinder.http_retries = 3 log_opt_values /usr/lib/python3/dist-packages/oslo_config/cfg.py:2609
2025-08-21 00:35:41.753 131158 DEBUG oslo_service.service [req-b7d77c29-0c76-4e8d-a0e3-291ce181ee04 - - - - -] cinder.insecure = False log_opt_values /usr/lib/python3/dist-packages/oslo_config/cfg.py:2609
2025-08-21 00:35:41.753 131158 DEBUG oslo_service.service [req-b7d77c29-0c76-4e8d-a0e3-291ce181ee04 - - - - -] cinder.keyfile = None log_opt_values /usr/lib/python3/dist-packages/oslo_config/cfg.py:2609
2025-08-21 00:35:41.753 131158 DEBUG oslo_service.service [req-b7d77c29-0c76-4e8d-a0e3-291ce181ee04 - - - - -] cinder.os_region_name = None log_opt_values /usr/lib/python3/dist-packages/oslo_config/cfg.py:2609
2025-08-21 00:35:41.753 131158 DEBUG oslo_service.service [req-b7d77c29-0c76-4e8d-a0e3-291ce181ee04 - - - - -] cinder.split_loggers = False log_opt_values /usr/lib/python3/dist-packages/oslo_config/cfg.py:2609
2025-08-21 00:35:41.753 131158 DEBUG oslo_service.service [req-b7d77c29-0c76-4e8d-a0e3-291ce181ee04 - - - - -] cinder.timeout = None log_opt_values /usr/lib/python3/dist-packages/oslo_config/cfg.py:2609
2025-08-21 00:35:41.753 131158 DEBUG oslo_service.service [req-b7d77c29-0c76-4e8d-a0e3-291ce181ee04 - - - - -] compute.consecutive_build_service_disable_threshold = 10 log_opt_values /usr/lib/python3/dist-packages/oslo_config/cfg.py:2609
2025-08-21 00:35:41.754 132572 DEBUG nova.service [req-6fa8f47e-5a3e-4498-ba08-80b46a6cf12a - - - - -] Creating RPC server for service conductor start /usr/lib/python3/dist-packages/nova/service.py:182
2025-08-21 00:35:41.754 131158 DEBUG oslo_service.service [req-b7d77c29-0c76-4e8d-a0e3-291ce181ee04 - - - - -] compute.cpu_dedicated_set = None log_opt_values /usr/lib/python3/dist-packages/oslo_config/cfg.py:2609
2025-08-21 00:35:41.754 131158 DEBUG oslo_service.service [req-b7d77c29-0c76-4e8d-a0e3-291ce181ee04 - - - - -] compute.cpu_shared_set = None log_opt_values /usr/lib/python3/dist-packages/oslo_config/cfg.py:2609
2025-08-21 00:35:41.755 131158 DEBUG oslo_service.service [req-b7d77c29-0c76-4e8d-a0e3-291ce181ee04 - - - - -] compute.image_type_exclude_list = [] log_opt_values /usr/lib/python3/dist-packages/oslo_config/cfg.py:2609
2025-08-21 00:35:41.755 131158 DEBUG oslo_service.service [req-b7d77c29-0c76-4e8d-a0e3-291ce181ee04 - - - - -] compute.live_migration_wait_for_vif_plug = True log_opt_values /usr/lib/python3/dist-packages/oslo_config/cfg.py:2609
2025-08-21 00:35:41.756 131158 DEBUG oslo_service.service [req-b7d77c29-0c76-4e8d-a0e3-291ce181ee04 - - - - -] compute.max_concurrent_disk_ops = 0 log_opt_values /usr/lib/python3/dist-packages/oslo_config/cfg.py:2609
2025-08-21 00:35:41.756 131158 DEBUG oslo_service.service [req-b7d77c29-0c76-4e8d-a0e3-291ce181ee04 - - - - -] compute.max_disk_devices_to_attach = -1 log_opt_values /usr/lib/python3/dist-packages/oslo_config/cfg.py:2609
2025-08-21 00:35:41.756 131158 DEBUG oslo_service.service [req-b7d77c29-0c76-4e8d-a0e3-291ce181ee04 - - - - -] compute.packing_host_numa_cells_allocation_strategy = True log_opt_values /usr/lib/python3/dist-packages/oslo_config/cfg.py:2609
2025-08-21 00:35:41.756 132574 DEBUG nova.service [req-bacc233f-b0f1-405f-bdab-f01c668b054b - - - - -] Creating RPC server for service conductor start /usr/lib/python3/dist-packages/nova/service.py:182
2025-08-21 00:35:41.756 131158 DEBUG oslo_service.service [req-b7d77c29-0c76-4e8d-a0e3-291ce181ee04 - - - - -] compute.provider_config_location = /etc/nova/provider_config/ log_opt_values /usr/lib/python3/dist-packages/oslo_config/cfg.py:2609
2025-08-21 00:35:41.756 131158 DEBUG oslo_service.service [req-b7d77c29-0c76-4e8d-a0e3-291ce181ee04 - - - - -] compute.resource_provider_association_refresh = 300 log_opt_values /usr/lib/python3/dist-packages/oslo_config/cfg.py:2609
2025-08-21 00:35:41.757 131158 DEBUG oslo_service.service [req-b7d77c29-0c76-4e8d-a0e3-291ce181ee04 - - - - -] compute.shutdown_retry_interval = 10 log_opt_values /usr/lib/python3/dist-packages/oslo_config/cfg.py:2609
2025-08-21 00:35:41.757 131158 DEBUG oslo_service.service [req-b7d77c29-0c76-4e8d-a0e3-291ce181ee04 - - - - -] compute.vmdk_allowed_types = ['streamOptimized', 'monolithicSparse'] log_opt_values /usr/lib/python3/dist-packages/oslo_config/cfg.py:2609
2025-08-21 00:35:41.758 131158 DEBUG oslo_service.service [req-b7d77c29-0c76-4e8d-a0e3-291ce181ee04 - - - - -] conductor.workers = 4 log_opt_values /usr/lib/python3/dist-packages/oslo_config/cfg.py:2609
2025-08-21 00:35:41.758 131158 DEBUG oslo_service.service [req-b7d77c29-0c76-4e8d-a0e3-291ce181ee04 - - - - -] console.allowed_origins = [] log_opt_values /usr/lib/python3/dist-packages/oslo_config/cfg.py:2609
2025-08-21 00:35:41.758 131158 DEBUG oslo_service.service [req-b7d77c29-0c76-4e8d-a0e3-291ce181ee04 - - - - -] console.ssl_ciphers = None log_opt_values /usr/lib/python3/dist-packages/oslo_config/cfg.py:2609
2025-08-21 00:35:41.759 131158 DEBUG oslo_service.service [req-b7d77c29-0c76-4e8d-a0e3-291ce181ee04 - - - - -] console.ssl_minimum_version = default log_opt_values /usr/lib/python3/dist-packages/oslo_config/cfg.py:2609
2025-08-21 00:35:41.759 131158 DEBUG oslo_service.service [req-b7d77c29-0c76-4e8d-a0e3-291ce181ee04 - - - - -] consoleauth.token_ttl = 600 log_opt_values /usr/lib/python3/dist-packages/oslo_config/cfg.py:2609
2025-08-21 00:35:41.759 131158 DEBUG oslo_service.service [req-b7d77c29-0c76-4e8d-a0e3-291ce181ee04 - - - - -] cyborg.cafile = None log_opt_values /usr/lib/python3/dist-packages/oslo_config/cfg.py:2609
2025-08-21 00:35:41.760 131158 DEBUG oslo_service.service [req-b7d77c29-0c76-4e8d-a0e3-291ce181ee04 - - - - -] cyborg.certfile = None log_opt_values /usr/lib/python3/dist-packages/oslo_config/cfg.py:2609
2025-08-21 00:35:41.760 131158 DEBUG oslo_service.service [req-b7d77c29-0c76-4e8d-a0e3-291ce181ee04 - - - - -] cyborg.collect_timing = False log_opt_values /usr/lib/python3/dist-packages/oslo_config/cfg.py:2609
2025-08-21 00:35:41.760 131158 DEBUG oslo_service.service [req-b7d77c29-0c76-4e8d-a0e3-291ce181ee04 - - - - -] cyborg.connect_retries = None log_opt_values /usr/lib/python3/dist-packages/oslo_config/cfg.py:2609
2025-08-21 00:35:41.760 131158 DEBUG oslo_service.service [req-b7d77c29-0c76-4e8d-a0e3-291ce181ee04 - - - - -] cyborg.connect_retry_delay = None log_opt_values /usr/lib/python3/dist-packages/oslo_config/cfg.py:2609
2025-08-21 00:35:41.761 131158 DEBUG oslo_service.service [req-b7d77c29-0c76-4e8d-a0e3-291ce181ee04 - - - - -] cyborg.endpoint_override = None log_opt_values /usr/lib/python3/dist-packages/oslo_config/cfg.py:2609
2025-08-21 00:35:41.762 131158 DEBUG oslo_service.service [req-b7d77c29-0c76-4e8d-a0e3-291ce181ee04 - - - - -] cyborg.insecure = False log_opt_values /usr/lib/python3/dist-packages/oslo_config/cfg.py:2609
2025-08-21 00:35:41.762 131158 DEBUG oslo_service.service [req-b7d77c29-0c76-4e8d-a0e3-291ce181ee04 - - - - -] cyborg.keyfile = None log_opt_values /usr/lib/python3/dist-packages/oslo_config/cfg.py:2609
2025-08-21 00:35:41.762 131158 DEBUG oslo_service.service [req-b7d77c29-0c76-4e8d-a0e3-291ce181ee04 - - - - -] cyborg.max_version = None log_opt_values /usr/lib/python3/dist-packages/oslo_config/cfg.py:2609
2025-08-21 00:35:41.762 131158 DEBUG oslo_service.service [req-b7d77c29-0c76-4e8d-a0e3-291ce181ee04 - - - - -] cyborg.min_version = None log_opt_values /usr/lib/python3/dist-packages/oslo_config/cfg.py:2609
2025-08-21 00:35:41.763 131158 DEBUG oslo_service.service [req-b7d77c29-0c76-4e8d-a0e3-291ce181ee04 - - - - -] cyborg.region_name = None log_opt_values /usr/lib/python3/dist-packages/oslo_config/cfg.py:2609
2025-08-21 00:35:41.763 131158 DEBUG oslo_service.service [req-b7d77c29-0c76-4e8d-a0e3-291ce181ee04 - - - - -] cyborg.service_name = None log_opt_values /usr/lib/python3/dist-packages/oslo_config/cfg.py:2609
2025-08-21 00:35:41.763 131158 DEBUG oslo_service.service [req-b7d77c29-0c76-4e8d-a0e3-291ce181ee04 - - - - -] cyborg.service_type = accelerator log_opt_values /usr/lib/python3/dist-packages/oslo_config/cfg.py:2609
2025-08-21 00:35:41.763 131158 DEBUG oslo_service.service [req-b7d77c29-0c76-4e8d-a0e3-291ce181ee04 - - - - -] cyborg.split_loggers = False log_opt_values /usr/lib/python3/dist-packages/oslo_config/cfg.py:2609
2025-08-21 00:35:41.764 131158 DEBUG oslo_service.service [req-b7d77c29-0c76-4e8d-a0e3-291ce181ee04 - - - - -] cyborg.status_code_retries = None log_opt_values /usr/lib/python3/dist-packages/oslo_config/cfg.py:2609
2025-08-21 00:35:41.764 131158 DEBUG oslo_service.service [req-b7d77c29-0c76-4e8d-a0e3-291ce181ee04 - - - - -] cyborg.status_code_retry_delay = None log_opt_values /usr/lib/python3/dist-packages/oslo_config/cfg.py:2609
2025-08-21 00:35:41.764 131158 DEBUG oslo_service.service [req-b7d77c29-0c76-4e8d-a0e3-291ce181ee04 - - - - -] cyborg.timeout = None log_opt_values /usr/lib/python3/dist-packages/oslo_config/cfg.py:2609
2025-08-21 00:35:41.764 131158 DEBUG oslo_service.service [req-b7d77c29-0c76-4e8d-a0e3-291ce181ee04 - - - - -] cyborg.valid_interfaces = ['internal', 'public'] log_opt_values /usr/lib/python3/dist-packages/oslo_config/cfg.py:2609
2025-08-21 00:35:41.764 131158 DEBUG oslo_service.service [req-b7d77c29-0c76-4e8d-a0e3-291ce181ee04 - - - - -] cyborg.version = None log_opt_values /usr/lib/python3/dist-packages/oslo_config/cfg.py:2609
2025-08-21 00:35:41.765 131158 DEBUG oslo_service.service [req-b7d77c29-0c76-4e8d-a0e3-291ce181ee04 - - - - -] database.backend = sqlalchemy log_opt_values /usr/lib/python3/dist-packages/oslo_config/cfg.py:2609
2025-08-21 00:35:41.765 131158 DEBUG oslo_service.service [req-b7d77c29-0c76-4e8d-a0e3-291ce181ee04 - - - - -] database.connection = **** log_opt_values /usr/lib/python3/dist-packages/oslo_config/cfg.py:2609
2025-08-21 00:35:41.765 131158 DEBUG oslo_service.service [req-b7d77c29-0c76-4e8d-a0e3-291ce181ee04 - - - - -] database.connection_debug = 0 log_opt_values /usr/lib/python3/dist-packages/oslo_config/cfg.py:2609
2025-08-21 00:35:41.766 131158 DEBUG oslo_service.service [req-b7d77c29-0c76-4e8d-a0e3-291ce181ee04 - - - - -] database.connection_parameters = log_opt_values /usr/lib/python3/dist-packages/oslo_config/cfg.py:2609
2025-08-21 00:35:41.766 131158 DEBUG oslo_service.service [req-b7d77c29-0c76-4e8d-a0e3-291ce181ee04 - - - - -] database.connection_recycle_time = 3600 log_opt_values /usr/lib/python3/dist-packages/oslo_config/cfg.py:2609
2025-08-21 00:35:41.766 131158 DEBUG oslo_service.service [req-b7d77c29-0c76-4e8d-a0e3-291ce181ee04 - - - - -] database.connection_trace = False log_opt_values /usr/lib/python3/dist-packages/oslo_config/cfg.py:2609
2025-08-21 00:35:41.766 131158 DEBUG oslo_service.service [req-b7d77c29-0c76-4e8d-a0e3-291ce181ee04 - - - - -] database.db_inc_retry_interval = True log_opt_values /usr/lib/python3/dist-packages/oslo_config/cfg.py:2609
2025-08-21 00:35:41.766 131158 DEBUG oslo_service.service [req-b7d77c29-0c76-4e8d-a0e3-291ce181ee04 - - - - -] database.db_max_retries = 20 log_opt_values /usr/lib/python3/dist-packages/oslo_config/cfg.py:2609
2025-08-21 00:35:41.766 131158 DEBUG oslo_service.service [req-b7d77c29-0c76-4e8d-a0e3-291ce181ee04 - - - - -] database.db_max_retry_interval = 10 log_opt_values /usr/lib/python3/dist-packages/oslo_config/cfg.py:2609
2025-08-21 00:35:41.767 131158 DEBUG oslo_service.service [req-b7d77c29-0c76-4e8d-a0e3-291ce181ee04 - - - - -] database.db_retry_interval = 1 log_opt_values /usr/lib/python3/dist-packages/oslo_config/cfg.py:2609
2025-08-21 00:35:41.767 131158 DEBUG oslo_service.service [req-b7d77c29-0c76-4e8d-a0e3-291ce181ee04 - - - - -] database.max_overflow = 50 log_opt_values /usr/lib/python3/dist-packages/oslo_config/cfg.py:2609
2025-08-21 00:35:41.768 131158 DEBUG oslo_service.service [req-b7d77c29-0c76-4e8d-a0e3-291ce181ee04 - - - - -] database.max_pool_size = 4 log_opt_values /usr/lib/python3/dist-packages/oslo_config/cfg.py:2609
2025-08-21 00:35:41.770 131158 DEBUG oslo_service.service [req-b7d77c29-0c76-4e8d-a0e3-291ce181ee04 - - - - -] database.max_retries = 10 log_opt_values /usr/lib/python3/dist-packages/oslo_config/cfg.py:2609
2025-08-21 00:35:41.771 131158 DEBUG oslo_service.service [req-b7d77c29-0c76-4e8d-a0e3-291ce181ee04 - - - - -] database.mysql_enable_ndb = False log_opt_values /usr/lib/python3/dist-packages/oslo_config/cfg.py:2609
2025-08-21 00:35:41.774 131158 DEBUG oslo_service.service [req-b7d77c29-0c76-4e8d-a0e3-291ce181ee04 - - - - -] database.mysql_sql_mode = TRADITIONAL log_opt_values /usr/lib/python3/dist-packages/oslo_config/cfg.py:2609
2025-08-21 00:35:41.774 131158 DEBUG oslo_service.service [req-b7d77c29-0c76-4e8d-a0e3-291ce181ee04 - - - - -] database.pool_timeout = None log_opt_values /usr/lib/python3/dist-packages/oslo_config/cfg.py:2609
2025-08-21 00:35:41.774 131158 DEBUG oslo_service.service [req-b7d77c29-0c76-4e8d-a0e3-291ce181ee04 - - - - -] database.retry_interval = 10 log_opt_values /usr/lib/python3/dist-packages/oslo_config/cfg.py:2609
2025-08-21 00:35:41.776 131158 DEBUG oslo_service.service [req-b7d77c29-0c76-4e8d-a0e3-291ce181ee04 - - - - -] database.slave_connection = **** log_opt_values /usr/lib/python3/dist-packages/oslo_config/cfg.py:2609
2025-08-21 00:35:41.777 131158 DEBUG oslo_service.service [req-b7d77c29-0c76-4e8d-a0e3-291ce181ee04 - - - - -] database.sqlite_synchronous = True log_opt_values /usr/lib/python3/dist-packages/oslo_config/cfg.py:2609
2025-08-21 00:35:41.777 132573 DEBUG nova.service [req-4f93a2b7-535d-468e-a89d-c2b269b69642 - - - - -] Creating RPC server for service conductor start /usr/lib/python3/dist-packages/nova/service.py:182
2025-08-21 00:35:41.777 131158 DEBUG oslo_service.service [req-b7d77c29-0c76-4e8d-a0e3-291ce181ee04 - - - - -] database.use_db_reconnect = False log_opt_values /usr/lib/python3/dist-packages/oslo_config/cfg.py:2609
2025-08-21 00:35:41.777 131158 DEBUG oslo_service.service [req-b7d77c29-0c76-4e8d-a0e3-291ce181ee04 - - - - -] api_database.backend = sqlalchemy log_opt_values /usr/lib/python3/dist-packages/oslo_config/cfg.py:2609
2025-08-21 00:35:41.777 131158 DEBUG oslo_service.service [req-b7d77c29-0c76-4e8d-a0e3-291ce181ee04 - - - - -] api_database.connection = **** log_opt_values /usr/lib/python3/dist-packages/oslo_config/cfg.py:2609
2025-08-21 00:35:41.778 131158 DEBUG oslo_service.service [req-b7d77c29-0c76-4e8d-a0e3-291ce181ee04 - - - - -] api_database.connection_debug = 0 log_opt_values /usr/lib/python3/dist-packages/oslo_config/cfg.py:2609
2025-08-21 00:35:41.778 131158 DEBUG oslo_service.service [req-b7d77c29-0c76-4e8d-a0e3-291ce181ee04 - - - - -] api_database.connection_parameters = log_opt_values /usr/lib/python3/dist-packages/oslo_config/cfg.py:2609
2025-08-21 00:35:41.778 131158 DEBUG oslo_service.service [req-b7d77c29-0c76-4e8d-a0e3-291ce181ee04 - - - - -] api_database.connection_recycle_time = 3600 log_opt_values /usr/lib/python3/dist-packages/oslo_config/cfg.py:2609
2025-08-21 00:35:41.778 131158 DEBUG oslo_service.service [req-b7d77c29-0c76-4e8d-a0e3-291ce181ee04 - - - - -] api_database.connection_trace = False log_opt_values /usr/lib/python3/dist-packages/oslo_config/cfg.py:2609
2025-08-21 00:35:41.778 131158 DEBUG oslo_service.service [req-b7d77c29-0c76-4e8d-a0e3-291ce181ee04 - - - - -] api_database.db_inc_retry_interval = True log_opt_values /usr/lib/python3/dist-packages/oslo_config/cfg.py:2609
2025-08-21 00:35:41.780 131158 DEBUG oslo_service.service [req-b7d77c29-0c76-4e8d-a0e3-291ce181ee04 - - - - -] api_database.db_max_retries = 20 log_opt_values /usr/lib/python3/dist-packages/oslo_config/cfg.py:2609
2025-08-21 00:35:41.780 131158 DEBUG oslo_service.service [req-b7d77c29-0c76-4e8d-a0e3-291ce181ee04 - - - - -] api_database.db_max_retry_interval = 10 log_opt_values /usr/lib/python3/dist-packages/oslo_config/cfg.py:2609
2025-08-21 00:35:41.781 131158 DEBUG oslo_service.service [req-b7d77c29-0c76-4e8d-a0e3-291ce181ee04 - - - - -] api_database.db_retry_interval = 1 log_opt_values /usr/lib/python3/dist-packages/oslo_config/cfg.py:2609
2025-08-21 00:35:41.781 131158 DEBUG oslo_service.service [req-b7d77c29-0c76-4e8d-a0e3-291ce181ee04 - - - - -] api_database.max_overflow = 50 log_opt_values /usr/lib/python3/dist-packages/oslo_config/cfg.py:2609
2025-08-21 00:35:41.781 132572 DEBUG oslo_messaging._drivers.amqpdriver [-] Listener is running poll /usr/lib/python3/dist-packages/oslo_messaging/_drivers/amqpdriver.py:343
2025-08-21 00:35:41.781 132572 DEBUG oslo_messaging._drivers.amqpdriver [-] AMQPListener connection consume poll /usr/lib/python3/dist-packages/oslo_messaging/_drivers/amqpdriver.py:357
2025-08-21 00:35:41.781 131158 DEBUG oslo_service.service [req-b7d77c29-0c76-4e8d-a0e3-291ce181ee04 - - - - -] api_database.max_pool_size = 4 log_opt_values /usr/lib/python3/dist-packages/oslo_config/cfg.py:2609
2025-08-21 00:35:41.782 132572 DEBUG nova.service [req-6fa8f47e-5a3e-4498-ba08-80b46a6cf12a - - - - -] Join ServiceGroup membership for this service conductor start /usr/lib/python3/dist-packages/nova/service.py:199
2025-08-21 00:35:41.782 132574 DEBUG oslo_messaging._drivers.amqpdriver [-] Listener is running poll /usr/lib/python3/dist-packages/oslo_messaging/_drivers/amqpdriver.py:343
2025-08-21 00:35:41.782 131158 DEBUG oslo_service.service [req-b7d77c29-0c76-4e8d-a0e3-291ce181ee04 - - - - -] api_database.max_retries = 10 log_opt_values /usr/lib/python3/dist-packages/oslo_config/cfg.py:2609
2025-08-21 00:35:41.783 131158 DEBUG oslo_service.service [req-b7d77c29-0c76-4e8d-a0e3-291ce181ee04 - - - - -] api_database.mysql_enable_ndb = False log_opt_values /usr/lib/python3/dist-packages/oslo_config/cfg.py:2609
2025-08-21 00:35:41.783 132572 DEBUG nova.servicegroup.drivers.db [req-6fa8f47e-5a3e-4498-ba08-80b46a6cf12a - - - - -] DB_Driver: join new ServiceGroup member juju-d10ea2-0-lxd-7 to the conductor group, service = join /usr/lib/python3/dist-packages/nova/servicegroup/drivers/db.py:44
2025-08-21 00:35:41.783 131158 DEBUG oslo_service.service [req-b7d77c29-0c76-4e8d-a0e3-291ce181ee04 - - - - -] api_database.mysql_sql_mode = TRADITIONAL log_opt_values /usr/lib/python3/dist-packages/oslo_config/cfg.py:2609
2025-08-21 00:35:41.783 132574 DEBUG oslo_messaging._drivers.amqpdriver [-] AMQPListener connection consume poll /usr/lib/python3/dist-packages/oslo_messaging/_drivers/amqpdriver.py:357
2025-08-21 00:35:41.783 131158 DEBUG oslo_service.service [req-b7d77c29-0c76-4e8d-a0e3-291ce181ee04 - - - - -] api_database.pool_timeout = None log_opt_values /usr/lib/python3/dist-packages/oslo_config/cfg.py:2609
2025-08-21 00:35:41.783 132574 DEBUG nova.service [req-bacc233f-b0f1-405f-bdab-f01c668b054b - - - - -] Join ServiceGroup membership for this service conductor start /usr/lib/python3/dist-packages/nova/service.py:199
2025-08-21 00:35:41.784 131158 DEBUG oslo_service.service [req-b7d77c29-0c76-4e8d-a0e3-291ce181ee04 - - - - -] api_database.retry_interval = 10 log_opt_values /usr/lib/python3/dist-packages/oslo_config/cfg.py:2609
2025-08-21 00:35:41.784 132574 DEBUG nova.servicegroup.drivers.db [req-bacc233f-b0f1-405f-bdab-f01c668b054b - - - - -] DB_Driver: join new ServiceGroup member juju-d10ea2-0-lxd-7 to the conductor group, service = join /usr/lib/python3/dist-packages/nova/servicegroup/drivers/db.py:44
2025-08-21 00:35:41.784 131158 DEBUG oslo_service.service [req-b7d77c29-0c76-4e8d-a0e3-291ce181ee04 - - - - -] api_database.slave_connection = **** log_opt_values /usr/lib/python3/dist-packages/oslo_config/cfg.py:2609
2025-08-21 00:35:41.784 131158 DEBUG oslo_service.service [req-b7d77c29-0c76-4e8d-a0e3-291ce181ee04 - - - - -] api_database.sqlite_synchronous = True log_opt_values /usr/lib/python3/dist-packages/oslo_config/cfg.py:2609
2025-08-21 00:35:41.784 131158 DEBUG oslo_service.service [req-b7d77c29-0c76-4e8d-a0e3-291ce181ee04 - - - - -] devices.enabled_mdev_types = [] log_opt_values /usr/lib/python3/dist-packages/oslo_config/cfg.py:2609
2025-08-21 00:35:41.785 132572 DEBUG oslo_messaging._drivers.amqpdriver [-] AMQPListener connection timeout poll /usr/lib/python3/dist-packages/oslo_messaging/_drivers/amqpdriver.py:360
2025-08-21 00:35:41.785 131158 DEBUG oslo_service.service [req-b7d77c29-0c76-4e8d-a0e3-291ce181ee04 - - - - -] ephemeral_storage_encryption.cipher = aes-xts-plain64 log_opt_values /usr/lib/python3/dist-packages/oslo_config/cfg.py:2609
2025-08-21 00:35:41.785 132572 DEBUG oslo_messaging._drivers.amqpdriver [-] Listener is running poll /usr/lib/python3/dist-packages/oslo_messaging/_drivers/amqpdriver.py:343
2025-08-21 00:35:41.785 132572 DEBUG oslo_messaging._drivers.amqpdriver [-] AMQPListener connection consume poll /usr/lib/python3/dist-packages/oslo_messaging/_drivers/amqpdriver.py:357
2025-08-21 00:35:41.785 131158 DEBUG oslo_service.service [req-b7d77c29-0c76-4e8d-a0e3-291ce181ee04 - - - - -] ephemeral_storage_encryption.enabled = False log_opt_values /usr/lib/python3/dist-packages/oslo_config/cfg.py:2609
2025-08-21 00:35:41.786 131158 DEBUG oslo_service.service [req-b7d77c29-0c76-4e8d-a0e3-291ce181ee04 - - - - -] ephemeral_storage_encryption.key_size = 512 log_opt_values /usr/lib/python3/dist-packages/oslo_config/cfg.py:2609
2025-08-21 00:35:41.786 131158 WARNING oslo_config.cfg [req-b7d77c29-0c76-4e8d-a0e3-291ce181ee04 - - - - -] Deprecated: Option "api_servers" from group "glance" is deprecated for removal ( Support for image service configuration via standard keystoneauth1 Adapter options was added in the 17.0.0 Queens release. The api_servers option was retained temporarily to allow consumers time to cut over to a real load balancing solution. ). Its value may be silently ignored in the future.
2025-08-21 00:35:41.786 132574 DEBUG oslo_messaging._drivers.amqpdriver [-] AMQPListener connection timeout poll /usr/lib/python3/dist-packages/oslo_messaging/_drivers/amqpdriver.py:360
2025-08-21 00:35:41.786 132574 DEBUG oslo_messaging._drivers.amqpdriver [-] Listener is running poll /usr/lib/python3/dist-packages/oslo_messaging/_drivers/amqpdriver.py:343
2025-08-21 00:35:41.786 131158 DEBUG oslo_service.service [req-b7d77c29-0c76-4e8d-a0e3-291ce181ee04 - - - - -] glance.api_servers = ['http://252.22.200.107:9292'] log_opt_values /usr/lib/python3/dist-packages/oslo_config/cfg.py:2609
2025-08-21 00:35:41.786 132574 DEBUG oslo_messaging._drivers.amqpdriver [-] AMQPListener connection consume poll /usr/lib/python3/dist-packages/oslo_messaging/_drivers/amqpdriver.py:357
2025-08-21 00:35:41.787 131158 DEBUG oslo_service.service [req-b7d77c29-0c76-4e8d-a0e3-291ce181ee04 - - - - -] glance.cafile = None log_opt_values /usr/lib/python3/dist-packages/oslo_config/cfg.py:2609
2025-08-21 00:35:41.787 131158 DEBUG oslo_service.service [req-b7d77c29-0c76-4e8d-a0e3-291ce181ee04 - - - - -] glance.certfile = None log_opt_values /usr/lib/python3/dist-packages/oslo_config/cfg.py:2609
2025-08-21 00:35:41.787 131158 DEBUG oslo_service.service [req-b7d77c29-0c76-4e8d-a0e3-291ce181ee04 - - - - -] glance.collect_timing = False log_opt_values /usr/lib/python3/dist-packages/oslo_config/cfg.py:2609
2025-08-21 00:35:41.787 131158 DEBUG oslo_service.service [req-b7d77c29-0c76-4e8d-a0e3-291ce181ee04 - - - - -] glance.connect_retries = None log_opt_values /usr/lib/python3/dist-packages/oslo_config/cfg.py:2609
2025-08-21 00:35:41.787 132566 DEBUG oslo_messaging._drivers.amqpdriver [-] Listener is running poll /usr/lib/python3/dist-packages/oslo_messaging/_drivers/amqpdriver.py:343
2025-08-21 00:35:41.787 131158 DEBUG oslo_service.service [req-b7d77c29-0c76-4e8d-a0e3-291ce181ee04 - - - - -] glance.connect_retry_delay = None log_opt_values /usr/lib/python3/dist-packages/oslo_config/cfg.py:2609
2025-08-21 00:35:41.787 132566 DEBUG oslo_messaging._drivers.amqpdriver [-] AMQPListener connection consume poll /usr/lib/python3/dist-packages/oslo_messaging/_drivers/amqpdriver.py:357
2025-08-21 00:35:41.787 131158 DEBUG oslo_service.service [req-b7d77c29-0c76-4e8d-a0e3-291ce181ee04 - - - - -] glance.debug = False log_opt_values /usr/lib/python3/dist-packages/oslo_config/cfg.py:2609
2025-08-21 00:35:41.788 131158 DEBUG oslo_service.service [req-b7d77c29-0c76-4e8d-a0e3-291ce181ee04 - - - - -] glance.default_trusted_certificate_ids = [] log_opt_values /usr/lib/python3/dist-packages/oslo_config/cfg.py:2609
2025-08-21 00:35:41.788 131158 DEBUG oslo_service.service [req-b7d77c29-0c76-4e8d-a0e3-291ce181ee04 - - - - -] glance.enable_certificate_validation = False log_opt_values /usr/lib/python3/dist-packages/oslo_config/cfg.py:2609
2025-08-21 00:35:41.788 131158 DEBUG oslo_service.service [req-b7d77c29-0c76-4e8d-a0e3-291ce181ee04 - - - - -] glance.enable_rbd_download = False log_opt_values /usr/lib/python3/dist-packages/oslo_config/cfg.py:2609
2025-08-21 00:35:41.788 132566 DEBUG nova.service [req-d42ae10a-23ea-42ea-82b3-729b8e7e1267 - - - - -] Join ServiceGroup membership for this service conductor start /usr/lib/python3/dist-packages/nova/service.py:199
2025-08-21 00:35:41.788 131158 DEBUG oslo_service.service [req-b7d77c29-0c76-4e8d-a0e3-291ce181ee04 - - - - -] glance.endpoint_override = None log_opt_values /usr/lib/python3/dist-packages/oslo_config/cfg.py:2609
2025-08-21 00:35:41.789 132566 DEBUG nova.servicegroup.drivers.db [req-d42ae10a-23ea-42ea-82b3-729b8e7e1267 - - - - -] DB_Driver: join new ServiceGroup member juju-d10ea2-0-lxd-7 to the conductor group, service = join /usr/lib/python3/dist-packages/nova/servicegroup/drivers/db.py:44
2025-08-21 00:35:41.789 131158 DEBUG oslo_service.service [req-b7d77c29-0c76-4e8d-a0e3-291ce181ee04 - - - - -] glance.insecure = False log_opt_values /usr/lib/python3/dist-packages/oslo_config/cfg.py:2609
2025-08-21 00:35:41.789 131158 DEBUG oslo_service.service [req-b7d77c29-0c76-4e8d-a0e3-291ce181ee04 - - - - -] glance.keyfile = None log_opt_values /usr/lib/python3/dist-packages/oslo_config/cfg.py:2609
2025-08-21 00:35:41.789 131158 DEBUG oslo_service.service [req-b7d77c29-0c76-4e8d-a0e3-291ce181ee04 - - - - -] glance.max_version = None log_opt_values /usr/lib/python3/dist-packages/oslo_config/cfg.py:2609
2025-08-21 00:35:41.789 131158 DEBUG oslo_service.service [req-b7d77c29-0c76-4e8d-a0e3-291ce181ee04 - - - - -] glance.min_version = None log_opt_values /usr/lib/python3/dist-packages/oslo_config/cfg.py:2609
2025-08-21 00:35:41.789 131158 DEBUG oslo_service.service [req-b7d77c29-0c76-4e8d-a0e3-291ce181ee04 - - - - -] glance.num_retries = 3 log_opt_values /usr/lib/python3/dist-packages/oslo_config/cfg.py:2609
2025-08-21 00:35:41.790 131158 DEBUG oslo_service.service [req-b7d77c29-0c76-4e8d-a0e3-291ce181ee04 - - - - -] glance.rbd_ceph_conf = log_opt_values /usr/lib/python3/dist-packages/oslo_config/cfg.py:2609
2025-08-21 00:35:41.790 131158 DEBUG oslo_service.service [req-b7d77c29-0c76-4e8d-a0e3-291ce181ee04 - - - - -] glance.rbd_connect_timeout = 5 log_opt_values /usr/lib/python3/dist-packages/oslo_config/cfg.py:2609
2025-08-21 00:35:41.790 131158 DEBUG oslo_service.service [req-b7d77c29-0c76-4e8d-a0e3-291ce181ee04 - - - - -] glance.rbd_pool = log_opt_values /usr/lib/python3/dist-packages/oslo_config/cfg.py:2609
2025-08-21 00:35:41.790 131158 DEBUG oslo_service.service [req-b7d77c29-0c76-4e8d-a0e3-291ce181ee04 - - - - -] glance.rbd_user = log_opt_values /usr/lib/python3/dist-packages/oslo_config/cfg.py:2609
2025-08-21 00:35:41.790 131158 DEBUG oslo_service.service [req-b7d77c29-0c76-4e8d-a0e3-291ce181ee04 - - - - -] glance.region_name = None log_opt_values /usr/lib/python3/dist-packages/oslo_config/cfg.py:2609
2025-08-21 00:35:41.790 131158 DEBUG oslo_service.service [req-b7d77c29-0c76-4e8d-a0e3-291ce181ee04 - - - - -] glance.service_name = None log_opt_values /usr/lib/python3/dist-packages/oslo_config/cfg.py:2609
2025-08-21 00:35:41.791 131158 DEBUG oslo_service.service [req-b7d77c29-0c76-4e8d-a0e3-291ce181ee04 - - - - -] glance.service_type = image log_opt_values /usr/lib/python3/dist-packages/oslo_config/cfg.py:2609
2025-08-21 00:35:41.791 132566 DEBUG oslo_messaging._drivers.amqpdriver [-] AMQPListener connection timeout poll /usr/lib/python3/dist-packages/oslo_messaging/_drivers/amqpdriver.py:360
2025-08-21 00:35:41.791 131158 DEBUG oslo_service.service [req-b7d77c29-0c76-4e8d-a0e3-291ce181ee04 - - - - -] glance.split_loggers = False log_opt_values /usr/lib/python3/dist-packages/oslo_config/cfg.py:2609
2025-08-21 00:35:41.791 132566 DEBUG oslo_messaging._drivers.amqpdriver [-] Listener is running poll /usr/lib/python3/dist-packages/oslo_messaging/_drivers/amqpdriver.py:343
2025-08-21 00:35:41.791 131158 DEBUG oslo_service.service [req-b7d77c29-0c76-4e8d-a0e3-291ce181ee04 - - - - -] glance.status_code_retries = None log_opt_values /usr/lib/python3/dist-packages/oslo_config/cfg.py:2609
2025-08-21 00:35:41.791 132566 DEBUG oslo_messaging._drivers.amqpdriver [-] AMQPListener connection consume poll /usr/lib/python3/dist-packages/oslo_messaging/_drivers/amqpdriver.py:357
2025-08-21 00:35:41.791 131158 DEBUG oslo_service.service [req-b7d77c29-0c76-4e8d-a0e3-291ce181ee04 - - - - -] glance.status_code_retry_delay = None log_opt_values /usr/lib/python3/dist-packages/oslo_config/cfg.py:2609
2025-08-21 00:35:41.791 131158 DEBUG oslo_service.service [req-b7d77c29-0c76-4e8d-a0e3-291ce181ee04 - - - - -] glance.timeout = None log_opt_values /usr/lib/python3/dist-packages/oslo_config/cfg.py:2609
2025-08-21 00:35:41.791 131158 DEBUG oslo_service.service [req-b7d77c29-0c76-4e8d-a0e3-291ce181ee04 - - - - -] glance.valid_interfaces = ['internal', 'public'] log_opt_values /usr/lib/python3/dist-packages/oslo_config/cfg.py:2609
2025-08-21 00:35:41.792 131158 DEBUG oslo_service.service [req-b7d77c29-0c76-4e8d-a0e3-291ce181ee04 - - - - -] glance.verify_glance_signatures = False log_opt_values /usr/lib/python3/dist-packages/oslo_config/cfg.py:2609
2025-08-21 00:35:41.792 131158 DEBUG oslo_service.service [req-b7d77c29-0c76-4e8d-a0e3-291ce181ee04 - - - - -] glance.version = None log_opt_values /usr/lib/python3/dist-packages/oslo_config/cfg.py:2609
2025-08-21 00:35:41.792 131158 DEBUG oslo_service.service [req-b7d77c29-0c76-4e8d-a0e3-291ce181ee04 - - - - -] guestfs.debug = False log_opt_values /usr/lib/python3/dist-packages/oslo_config/cfg.py:2609
2025-08-21 00:35:41.792 131158 DEBUG oslo_service.service [req-b7d77c29-0c76-4e8d-a0e3-291ce181ee04 - - - - -] hyperv.config_drive_cdrom = False log_opt_values /usr/lib/python3/dist-packages/oslo_config/cfg.py:2609
2025-08-21 00:35:41.793 131158 DEBUG oslo_service.service [req-b7d77c29-0c76-4e8d-a0e3-291ce181ee04 - - - - -] hyperv.config_drive_inject_password = False log_opt_values /usr/lib/python3/dist-packages/oslo_config/cfg.py:2609
2025-08-21 00:35:41.793 131158 DEBUG oslo_service.service [req-b7d77c29-0c76-4e8d-a0e3-291ce181ee04 - - - - -] hyperv.dynamic_memory_ratio = 1.0 log_opt_values /usr/lib/python3/dist-packages/oslo_config/cfg.py:2609
2025-08-21 00:35:41.794 131158 DEBUG oslo_service.service [req-b7d77c29-0c76-4e8d-a0e3-291ce181ee04 - - - - -] hyperv.enable_instance_metrics_collection = False log_opt_values /usr/lib/python3/dist-packages/oslo_config/cfg.py:2609
2025-08-21 00:35:41.794 131158 DEBUG oslo_service.service [req-b7d77c29-0c76-4e8d-a0e3-291ce181ee04 - - - - -] hyperv.enable_remotefx = False log_opt_values /usr/lib/python3/dist-packages/oslo_config/cfg.py:2609
2025-08-21 00:35:41.794 131158 DEBUG oslo_service.service [req-b7d77c29-0c76-4e8d-a0e3-291ce181ee04 - - - - -] hyperv.instances_path_share = log_opt_values /usr/lib/python3/dist-packages/oslo_config/cfg.py:2609
2025-08-21 00:35:41.794 131158 DEBUG oslo_service.service [req-b7d77c29-0c76-4e8d-a0e3-291ce181ee04 - - - - -] hyperv.iscsi_initiator_list = [] log_opt_values /usr/lib/python3/dist-packages/oslo_config/cfg.py:2609
2025-08-21 00:35:41.795 131158 DEBUG oslo_service.service [req-b7d77c29-0c76-4e8d-a0e3-291ce181ee04 - - - - -] hyperv.limit_cpu_features = False log_opt_values /usr/lib/python3/dist-packages/oslo_config/cfg.py:2609
2025-08-21 00:35:41.795 131158 DEBUG oslo_service.service [req-b7d77c29-0c76-4e8d-a0e3-291ce181ee04 - - - - -] hyperv.mounted_disk_query_retry_count = 10 log_opt_values /usr/lib/python3/dist-packages/oslo_config/cfg.py:2609
2025-08-21 00:35:41.795 131158 DEBUG oslo_service.service [req-b7d77c29-0c76-4e8d-a0e3-291ce181ee04 - - - - -] hyperv.mounted_disk_query_retry_interval = 5 log_opt_values /usr/lib/python3/dist-packages/oslo_config/cfg.py:2609
2025-08-21 00:35:41.795 131158 DEBUG oslo_service.service [req-b7d77c29-0c76-4e8d-a0e3-291ce181ee04 - - - - -] hyperv.power_state_check_timeframe = 60 log_opt_values /usr/lib/python3/dist-packages/oslo_config/cfg.py:2609
2025-08-21 00:35:41.795 131158 DEBUG oslo_service.service [req-b7d77c29-0c76-4e8d-a0e3-291ce181ee04 - - - - -] hyperv.power_state_event_polling_interval = 2 log_opt_values /usr/lib/python3/dist-packages/oslo_config/cfg.py:2609
2025-08-21 00:35:41.796 131158 DEBUG oslo_service.service [req-b7d77c29-0c76-4e8d-a0e3-291ce181ee04 - - - - -] hyperv.qemu_img_cmd = qemu-img.exe log_opt_values /usr/lib/python3/dist-packages/oslo_config/cfg.py:2609
2025-08-21 00:35:41.796 131158 DEBUG oslo_service.service [req-b7d77c29-0c76-4e8d-a0e3-291ce181ee04 - - - - -] hyperv.use_multipath_io = False log_opt_values /usr/lib/python3/dist-packages/oslo_config/cfg.py:2609
2025-08-21 00:35:41.796 131158 DEBUG oslo_service.service [req-b7d77c29-0c76-4e8d-a0e3-291ce181ee04 - - - - -] hyperv.volume_attach_retry_count = 10 log_opt_values /usr/lib/python3/dist-packages/oslo_config/cfg.py:2609
2025-08-21 00:35:41.796 131158 DEBUG oslo_service.service [req-b7d77c29-0c76-4e8d-a0e3-291ce181ee04 - - - - -] hyperv.volume_attach_retry_interval = 5 log_opt_values /usr/lib/python3/dist-packages/oslo_config/cfg.py:2609
2025-08-21 00:35:41.796 131158 DEBUG oslo_service.service [req-b7d77c29-0c76-4e8d-a0e3-291ce181ee04 - - - - -] hyperv.vswitch_name = None log_opt_values /usr/lib/python3/dist-packages/oslo_config/cfg.py:2609
2025-08-21 00:35:41.797 131158 DEBUG oslo_service.service [req-b7d77c29-0c76-4e8d-a0e3-291ce181ee04 - - - - -] hyperv.wait_soft_reboot_seconds = 60 log_opt_values /usr/lib/python3/dist-packages/oslo_config/cfg.py:2609
2025-08-21 00:35:41.797 131158 DEBUG oslo_service.service [req-b7d77c29-0c76-4e8d-a0e3-291ce181ee04 - - - - -] mks.enabled = False log_opt_values /usr/lib/python3/dist-packages/oslo_config/cfg.py:2609
2025-08-21 00:35:41.798 131158 DEBUG oslo_service.service [req-b7d77c29-0c76-4e8d-a0e3-291ce181ee04 - - - - -] mks.mksproxy_base_url = http://127.0.0.1:6090/ log_opt_values /usr/lib/python3/dist-packages/oslo_config/cfg.py:2609
2025-08-21 00:35:41.798 131158 DEBUG oslo_service.service [req-b7d77c29-0c76-4e8d-a0e3-291ce181ee04 - - - - -] image_cache.manager_interval = 2400 log_opt_values /usr/lib/python3/dist-packages/oslo_config/cfg.py:2609
2025-08-21 00:35:41.799 131158 DEBUG oslo_service.service [req-b7d77c29-0c76-4e8d-a0e3-291ce181ee04 - - - - -] image_cache.precache_concurrency = 1 log_opt_values /usr/lib/python3/dist-packages/oslo_config/cfg.py:2609
2025-08-21 00:35:41.799 131158 DEBUG oslo_service.service [req-b7d77c29-0c76-4e8d-a0e3-291ce181ee04 - - - - -] image_cache.remove_unused_base_images = True log_opt_values /usr/lib/python3/dist-packages/oslo_config/cfg.py:2609
2025-08-21 00:35:41.799 131158 DEBUG oslo_service.service [req-b7d77c29-0c76-4e8d-a0e3-291ce181ee04 - - - - -] image_cache.remove_unused_original_minimum_age_seconds = 86400 log_opt_values /usr/lib/python3/dist-packages/oslo_config/cfg.py:2609
2025-08-21 00:35:41.799 131158 DEBUG oslo_service.service [req-b7d77c29-0c76-4e8d-a0e3-291ce181ee04 - - - - -] image_cache.remove_unused_resized_minimum_age_seconds = 3600 log_opt_values /usr/lib/python3/dist-packages/oslo_config/cfg.py:2609
2025-08-21 00:35:41.799 131158 DEBUG oslo_service.service [req-b7d77c29-0c76-4e8d-a0e3-291ce181ee04 - - - - -] image_cache.subdirectory_name = _base log_opt_values /usr/lib/python3/dist-packages/oslo_config/cfg.py:2609
2025-08-21 00:35:41.800 131158 DEBUG oslo_service.service [req-b7d77c29-0c76-4e8d-a0e3-291ce181ee04 - - - - -] ironic.api_max_retries = 60 log_opt_values /usr/lib/python3/dist-packages/oslo_config/cfg.py:2609
2025-08-21 00:35:41.800 131158 DEBUG oslo_service.service [req-b7d77c29-0c76-4e8d-a0e3-291ce181ee04 - - - - -] ironic.api_retry_interval = 2 log_opt_values /usr/lib/python3/dist-packages/oslo_config/cfg.py:2609
2025-08-21 00:35:41.801 131158 DEBUG oslo_service.service [req-b7d77c29-0c76-4e8d-a0e3-291ce181ee04 - - - - -] ironic.auth_section = None log_opt_values /usr/lib/python3/dist-packages/oslo_config/cfg.py:2609
2025-08-21 00:35:41.801 131158 DEBUG oslo_service.service [req-b7d77c29-0c76-4e8d-a0e3-291ce181ee04 - - - - -] ironic.auth_type = None log_opt_values /usr/lib/python3/dist-packages/oslo_config/cfg.py:2609
2025-08-21 00:35:41.801 131158 DEBUG oslo_service.service [req-b7d77c29-0c76-4e8d-a0e3-291ce181ee04 - - - - -] ironic.cafile = None log_opt_values /usr/lib/python3/dist-packages/oslo_config/cfg.py:2609
2025-08-21 00:35:41.802 131158 DEBUG oslo_service.service [req-b7d77c29-0c76-4e8d-a0e3-291ce181ee04 - - - - -] ironic.certfile = None log_opt_values /usr/lib/python3/dist-packages/oslo_config/cfg.py:2609
2025-08-21 00:35:41.802 131158 DEBUG oslo_service.service [req-b7d77c29-0c76-4e8d-a0e3-291ce181ee04 - - - - -] ironic.collect_timing = False log_opt_values /usr/lib/python3/dist-packages/oslo_config/cfg.py:2609
2025-08-21 00:35:41.802 131158 DEBUG oslo_service.service [req-b7d77c29-0c76-4e8d-a0e3-291ce181ee04 - - - - -] ironic.connect_retries = None log_opt_values /usr/lib/python3/dist-packages/oslo_config/cfg.py:2609
2025-08-21 00:35:41.802 131158 DEBUG oslo_service.service [req-b7d77c29-0c76-4e8d-a0e3-291ce181ee04 - - - - -] ironic.connect_retry_delay = None log_opt_values /usr/lib/python3/dist-packages/oslo_config/cfg.py:2609
2025-08-21 00:35:41.803 131158 DEBUG oslo_service.service [req-b7d77c29-0c76-4e8d-a0e3-291ce181ee04 - - - - -] ironic.endpoint_override = None log_opt_values /usr/lib/python3/dist-packages/oslo_config/cfg.py:2609
2025-08-21 00:35:41.803 131158 DEBUG oslo_service.service [req-b7d77c29-0c76-4e8d-a0e3-291ce181ee04 - - - - -] ironic.insecure = False log_opt_values /usr/lib/python3/dist-packages/oslo_config/cfg.py:2609
2025-08-21 00:35:41.803 131158 DEBUG oslo_service.service [req-b7d77c29-0c76-4e8d-a0e3-291ce181ee04 - - - - -] ironic.keyfile = None log_opt_values /usr/lib/python3/dist-packages/oslo_config/cfg.py:2609
2025-08-21 00:35:41.803 132573 DEBUG oslo_messaging._drivers.amqpdriver [-] Listener is running poll /usr/lib/python3/dist-packages/oslo_messaging/_drivers/amqpdriver.py:343
2025-08-21 00:35:41.803 131158 DEBUG oslo_service.service [req-b7d77c29-0c76-4e8d-a0e3-291ce181ee04 - - - - -] ironic.max_version = None log_opt_values /usr/lib/python3/dist-packages/oslo_config/cfg.py:2609
2025-08-21 00:35:41.803 132573 DEBUG oslo_messaging._drivers.amqpdriver [-] AMQPListener connection consume poll /usr/lib/python3/dist-packages/oslo_messaging/_drivers/amqpdriver.py:357
2025-08-21 00:35:41.803 131158 DEBUG oslo_service.service [req-b7d77c29-0c76-4e8d-a0e3-291ce181ee04 - - - - -] ironic.min_version = None log_opt_values /usr/lib/python3/dist-packages/oslo_config/cfg.py:2609
2025-08-21 00:35:41.803 131158 DEBUG oslo_service.service [req-b7d77c29-0c76-4e8d-a0e3-291ce181ee04 - - - - -] ironic.partition_key = None log_opt_values /usr/lib/python3/dist-packages/oslo_config/cfg.py:2609
2025-08-21 00:35:41.804 131158 DEBUG oslo_service.service [req-b7d77c29-0c76-4e8d-a0e3-291ce181ee04 - - - - -] ironic.peer_list = [] log_opt_values /usr/lib/python3/dist-packages/oslo_config/cfg.py:2609
2025-08-21 00:35:41.804 131158 DEBUG oslo_service.service [req-b7d77c29-0c76-4e8d-a0e3-291ce181ee04 - - - - -] ironic.region_name = None log_opt_values /usr/lib/python3/dist-packages/oslo_config/cfg.py:2609
2025-08-21 00:35:41.804 132573 DEBUG nova.service [req-4f93a2b7-535d-468e-a89d-c2b269b69642 - - - - -] Join ServiceGroup membership for this service conductor start /usr/lib/python3/dist-packages/nova/service.py:199
2025-08-21 00:35:41.804 131158 DEBUG oslo_service.service [req-b7d77c29-0c76-4e8d-a0e3-291ce181ee04 - - - - -] ironic.serial_console_state_timeout = 10 log_opt_values /usr/lib/python3/dist-packages/oslo_config/cfg.py:2609
2025-08-21 00:35:41.804 132573 DEBUG nova.servicegroup.drivers.db [req-4f93a2b7-535d-468e-a89d-c2b269b69642 - - - - -] DB_Driver: join new ServiceGroup member juju-d10ea2-0-lxd-7 to the conductor group, service = join /usr/lib/python3/dist-packages/nova/servicegroup/drivers/db.py:44
2025-08-21 00:35:41.804 131158 DEBUG oslo_service.service [req-b7d77c29-0c76-4e8d-a0e3-291ce181ee04 - - - - -] ironic.service_name = None log_opt_values /usr/lib/python3/dist-packages/oslo_config/cfg.py:2609
2025-08-21 00:35:41.804 131158 DEBUG oslo_service.service [req-b7d77c29-0c76-4e8d-a0e3-291ce181ee04 - - - - -] ironic.service_type = baremetal log_opt_values /usr/lib/python3/dist-packages/oslo_config/cfg.py:2609
2025-08-21 00:35:41.805 131158 DEBUG oslo_service.service [req-b7d77c29-0c76-4e8d-a0e3-291ce181ee04 - - - - -] ironic.split_loggers = False log_opt_values /usr/lib/python3/dist-packages/oslo_config/cfg.py:2609
2025-08-21 00:35:41.805 131158 DEBUG oslo_service.service [req-b7d77c29-0c76-4e8d-a0e3-291ce181ee04 - - - - -] ironic.status_code_retries = None log_opt_values /usr/lib/python3/dist-packages/oslo_config/cfg.py:2609
2025-08-21 00:35:41.806 131158 DEBUG oslo_service.service [req-b7d77c29-0c76-4e8d-a0e3-291ce181ee04 - - - - -] ironic.status_code_retry_delay = None log_opt_values /usr/lib/python3/dist-packages/oslo_config/cfg.py:2609
2025-08-21 00:35:41.806 131158 DEBUG oslo_service.service [req-b7d77c29-0c76-4e8d-a0e3-291ce181ee04 - - - - -] ironic.timeout = None log_opt_values /usr/lib/python3/dist-packages/oslo_config/cfg.py:2609
2025-08-21 00:35:41.806 131158 DEBUG oslo_service.service [req-b7d77c29-0c76-4e8d-a0e3-291ce181ee04 - - - - -] ironic.valid_interfaces = ['internal', 'public'] log_opt_values /usr/lib/python3/dist-packages/oslo_config/cfg.py:2609
2025-08-21 00:35:41.806 131158 DEBUG oslo_service.service [req-b7d77c29-0c76-4e8d-a0e3-291ce181ee04 - - - - -] ironic.version = None log_opt_values /usr/lib/python3/dist-packages/oslo_config/cfg.py:2609
2025-08-21 00:35:41.807 131158 DEBUG oslo_service.service [req-b7d77c29-0c76-4e8d-a0e3-291ce181ee04 - - - - -] key_manager.backend = barbican log_opt_values /usr/lib/python3/dist-packages/oslo_config/cfg.py:2609
2025-08-21 00:35:41.807 131158 DEBUG oslo_service.service [req-b7d77c29-0c76-4e8d-a0e3-291ce181ee04 - - - - -] key_manager.fixed_key = **** log_opt_values /usr/lib/python3/dist-packages/oslo_config/cfg.py:2609
2025-08-21 00:35:41.807 131158 DEBUG oslo_service.service [req-b7d77c29-0c76-4e8d-a0e3-291ce181ee04 - - - - -] barbican.auth_endpoint = http://localhost/identity/v3 log_opt_values /usr/lib/python3/dist-packages/oslo_config/cfg.py:2609
2025-08-21 00:35:41.807 131158 DEBUG oslo_service.service [req-b7d77c29-0c76-4e8d-a0e3-291ce181ee04 - - - - -] barbican.barbican_api_version = None log_opt_values /usr/lib/python3/dist-packages/oslo_config/cfg.py:2609
2025-08-21 00:35:41.807 131158 DEBUG oslo_service.service [req-b7d77c29-0c76-4e8d-a0e3-291ce181ee04 - - - - -] barbican.barbican_endpoint = None log_opt_values /usr/lib/python3/dist-packages/oslo_config/cfg.py:2609
2025-08-21 00:35:41.808 131158 DEBUG oslo_service.service [req-b7d77c29-0c76-4e8d-a0e3-291ce181ee04 - - - - -] barbican.barbican_endpoint_type = public log_opt_values /usr/lib/python3/dist-packages/oslo_config/cfg.py:2609
2025-08-21 00:35:41.808 132573 DEBUG oslo_messaging._drivers.amqpdriver [-] AMQPListener connection timeout poll /usr/lib/python3/dist-packages/oslo_messaging/_drivers/amqpdriver.py:360
2025-08-21 00:35:41.808 132573 DEBUG oslo_messaging._drivers.amqpdriver [-] Listener is running poll /usr/lib/python3/dist-packages/oslo_messaging/_drivers/amqpdriver.py:343
2025-08-21 00:35:41.808 131158 DEBUG oslo_service.service [req-b7d77c29-0c76-4e8d-a0e3-291ce181ee04 - - - - -] barbican.barbican_region_name = None log_opt_values /usr/lib/python3/dist-packages/oslo_config/cfg.py:2609
2025-08-21 00:35:41.809 132573 DEBUG oslo_messaging._drivers.amqpdriver [-] AMQPListener connection consume poll /usr/lib/python3/dist-packages/oslo_messaging/_drivers/amqpdriver.py:357
2025-08-21 00:35:41.809 131158 DEBUG oslo_service.service [req-b7d77c29-0c76-4e8d-a0e3-291ce181ee04 - - - - -] barbican.cafile = None log_opt_values /usr/lib/python3/dist-packages/oslo_config/cfg.py:2609
2025-08-21 00:35:41.809 131158 DEBUG oslo_service.service [req-b7d77c29-0c76-4e8d-a0e3-291ce181ee04 - - - - -] barbican.certfile = None log_opt_values /usr/lib/python3/dist-packages/oslo_config/cfg.py:2609
2025-08-21 00:35:41.809 131158 DEBUG oslo_service.service [req-b7d77c29-0c76-4e8d-a0e3-291ce181ee04 - - - - -] barbican.collect_timing = False log_opt_values /usr/lib/python3/dist-packages/oslo_config/cfg.py:2609
2025-08-21 00:35:41.809 131158 DEBUG oslo_service.service [req-b7d77c29-0c76-4e8d-a0e3-291ce181ee04 - - - - -] barbican.insecure = False log_opt_values /usr/lib/python3/dist-packages/oslo_config/cfg.py:2609
2025-08-21 00:35:41.809 131158 DEBUG oslo_service.service [req-b7d77c29-0c76-4e8d-a0e3-291ce181ee04 - - - - -] barbican.keyfile = None log_opt_values /usr/lib/python3/dist-packages/oslo_config/cfg.py:2609
2025-08-21 00:35:41.809 131158 DEBUG oslo_service.service [req-b7d77c29-0c76-4e8d-a0e3-291ce181ee04 - - - - -] barbican.number_of_retries = 60 log_opt_values /usr/lib/python3/dist-packages/oslo_config/cfg.py:2609
2025-08-21 00:35:41.810 131158 DEBUG oslo_service.service [req-b7d77c29-0c76-4e8d-a0e3-291ce181ee04 - - - - -] barbican.retry_delay = 1 log_opt_values /usr/lib/python3/dist-packages/oslo_config/cfg.py:2609
2025-08-21 00:35:41.810 131158 DEBUG oslo_service.service [req-b7d77c29-0c76-4e8d-a0e3-291ce181ee04 - - - - -] barbican.send_service_user_token = False log_opt_values /usr/lib/python3/dist-packages/oslo_config/cfg.py:2609
2025-08-21 00:35:41.810 131158 DEBUG oslo_service.service [req-b7d77c29-0c76-4e8d-a0e3-291ce181ee04 - - - - -] barbican.split_loggers = False log_opt_values /usr/lib/python3/dist-packages/oslo_config/cfg.py:2609
