2025-08-21 00:37:37.385 157168 DEBUG oslo_service.service [req-66ed698f-8d01-4646-a704-a602d0911ef3 - - - - -] use_stderr = False log_opt_values /usr/lib/python3/dist-packages/oslo_config/cfg.py:2602
2025-08-21 00:37:37.385 157168 DEBUG oslo_service.service [req-66ed698f-8d01-4646-a704-a602d0911ef3 - - - - -] use_syslog = False log_opt_values /usr/lib/python3/dist-packages/oslo_config/cfg.py:2602
2025-08-21 00:37:37.385 157168 DEBUG oslo_service.service [req-66ed698f-8d01-4646-a704-a602d0911ef3 - - - - -] vcpu_pin_set = None log_opt_values /usr/lib/python3/dist-packages/oslo_config/cfg.py:2602
2025-08-21 00:37:37.385 157168 DEBUG oslo_service.service [req-66ed698f-8d01-4646-a704-a602d0911ef3 - - - - -] vif_plugging_is_fatal = True log_opt_values /usr/lib/python3/dist-packages/oslo_config/cfg.py:2602
2025-08-21 00:37:37.386 157168 DEBUG oslo_service.service [req-66ed698f-8d01-4646-a704-a602d0911ef3 - - - - -] vif_plugging_timeout = 300 log_opt_values /usr/lib/python3/dist-packages/oslo_config/cfg.py:2602
2025-08-21 00:37:37.386 157168 DEBUG oslo_service.service [req-66ed698f-8d01-4646-a704-a602d0911ef3 - - - - -] virt_mkfs = [] log_opt_values /usr/lib/python3/dist-packages/oslo_config/cfg.py:2602
2025-08-21 00:37:37.386 157168 DEBUG oslo_service.service [req-66ed698f-8d01-4646-a704-a602d0911ef3 - - - - -] volume_usage_poll_interval = 0 log_opt_values /usr/lib/python3/dist-packages/oslo_config/cfg.py:2602
2025-08-21 00:37:37.386 157168 DEBUG oslo_service.service [req-66ed698f-8d01-4646-a704-a602d0911ef3 - - - - -] watch_log_file = False log_opt_values /usr/lib/python3/dist-packages/oslo_config/cfg.py:2602
2025-08-21 00:37:37.386 157168 DEBUG oslo_service.service [req-66ed698f-8d01-4646-a704-a602d0911ef3 - - - - -] web = /usr/share/spice-html5 log_opt_values /usr/lib/python3/dist-packages/oslo_config/cfg.py:2602
2025-08-21 00:37:37.387 157168 DEBUG oslo_service.service [req-66ed698f-8d01-4646-a704-a602d0911ef3 - - - - -] oslo_concurrency.disable_process_locking = False log_opt_values /usr/lib/python3/dist-packages/oslo_config/cfg.py:2609
2025-08-21 00:37:37.387 157168 DEBUG oslo_service.service [req-66ed698f-8d01-4646-a704-a602d0911ef3 - - - - -] oslo_concurrency.lock_path = /var/lock/nova log_opt_values /usr/lib/python3/dist-packages/oslo_config/cfg.py:2609
2025-08-21 00:37:37.387 157168 DEBUG oslo_service.service [req-66ed698f-8d01-4646-a704-a602d0911ef3 - - - - -] oslo_messaging_metrics.metrics_buffer_size = 1000 log_opt_values /usr/lib/python3/dist-packages/oslo_config/cfg.py:2609
2025-08-21 00:37:37.387 157168 DEBUG oslo_service.service [req-66ed698f-8d01-4646-a704-a602d0911ef3 - - - - -] oslo_messaging_metrics.metrics_enabled = False log_opt_values /usr/lib/python3/dist-packages/oslo_config/cfg.py:2609
2025-08-21 00:37:37.387 157168 DEBUG oslo_service.service [req-66ed698f-8d01-4646-a704-a602d0911ef3 - - - - -] oslo_messaging_metrics.metrics_process_name = log_opt_values /usr/lib/python3/dist-packages/oslo_config/cfg.py:2609
2025-08-21 00:37:37.388 157168 DEBUG oslo_service.service [req-66ed698f-8d01-4646-a704-a602d0911ef3 - - - - -] oslo_messaging_metrics.metrics_socket_file = /var/tmp/metrics_collector.sock log_opt_values /usr/lib/python3/dist-packages/oslo_config/cfg.py:2609
2025-08-21 00:37:37.388 157168 DEBUG oslo_service.service [req-66ed698f-8d01-4646-a704-a602d0911ef3 - - - - -] oslo_messaging_metrics.metrics_thread_stop_timeout = 10 log_opt_values /usr/lib/python3/dist-packages/oslo_config/cfg.py:2609
2025-08-21 00:37:37.388 157168 WARNING oslo_config.cfg [req-66ed698f-8d01-4646-a704-a602d0911ef3 - - - - -] Deprecated: Option "auth_strategy" from group "api" is deprecated for removal ( The only non-default choice, ``noauth2``, is for internal development and testing purposes only and should not be used in deployments. This option and its middleware, NoAuthMiddleware[V2_18], will be removed in a future release. ). Its value may be silently ignored in the future.
2025-08-21 00:37:37.390 157168 DEBUG oslo_service.service [req-66ed698f-8d01-4646-a704-a602d0911ef3 - - - - -] api.auth_strategy = keystone log_opt_values /usr/lib/python3/dist-packages/oslo_config/cfg.py:2609
2025-08-21 00:37:37.391 157168 DEBUG oslo_service.service [req-66ed698f-8d01-4646-a704-a602d0911ef3 - - - - -] api.compute_link_prefix = None log_opt_values /usr/lib/python3/dist-packages/oslo_config/cfg.py:2609
2025-08-21 00:37:37.391 157168 DEBUG oslo_service.service [req-66ed698f-8d01-4646-a704-a602d0911ef3 - - - - -] api.config_drive_skip_versions = 1.0 2007-01-19 2007-03-01 2007-08-29 2007-10-10 2007-12-15 2008-02-01 2008-09-01 log_opt_values /usr/lib/python3/dist-packages/oslo_config/cfg.py:2609
2025-08-21 00:37:37.391 157301 DEBUG oslo_messaging._drivers.amqpdriver [-] Listener is running poll /usr/lib/python3/dist-packages/oslo_messaging/_drivers/amqpdriver.py:343
2025-08-21 00:37:37.392 157168 DEBUG oslo_service.service [req-66ed698f-8d01-4646-a704-a602d0911ef3 - - - - -] api.dhcp_domain = novalocal log_opt_values /usr/lib/python3/dist-packages/oslo_config/cfg.py:2609
2025-08-21 00:37:37.392 157301 DEBUG oslo_messaging._drivers.amqpdriver [-] AMQPListener connection consume poll /usr/lib/python3/dist-packages/oslo_messaging/_drivers/amqpdriver.py:357
2025-08-21 00:37:37.392 157168 DEBUG oslo_service.service [req-66ed698f-8d01-4646-a704-a602d0911ef3 - - - - -] api.enable_instance_password = True log_opt_values /usr/lib/python3/dist-packages/oslo_config/cfg.py:2609
2025-08-21 00:37:37.392 157168 DEBUG oslo_service.service [req-66ed698f-8d01-4646-a704-a602d0911ef3 - - - - -] api.glance_link_prefix = None log_opt_values /usr/lib/python3/dist-packages/oslo_config/cfg.py:2609
2025-08-21 00:37:37.393 157168 DEBUG oslo_service.service [req-66ed698f-8d01-4646-a704-a602d0911ef3 - - - - -] api.instance_list_cells_batch_fixed_size = 100 log_opt_values /usr/lib/python3/dist-packages/oslo_config/cfg.py:2609
2025-08-21 00:37:37.393 157168 DEBUG oslo_service.service [req-66ed698f-8d01-4646-a704-a602d0911ef3 - - - - -] api.instance_list_cells_batch_strategy = distributed log_opt_values /usr/lib/python3/dist-packages/oslo_config/cfg.py:2609
2025-08-21 00:37:37.393 157168 DEBUG oslo_service.service [req-66ed698f-8d01-4646-a704-a602d0911ef3 - - - - -] api.instance_list_per_project_cells = False log_opt_values /usr/lib/python3/dist-packages/oslo_config/cfg.py:2609
2025-08-21 00:37:37.393 157301 DEBUG nova.service [req-11759a44-4a8b-4b04-a636-1262882aad4d - - - - -] Join ServiceGroup membership for this service conductor start /usr/lib/python3/dist-packages/nova/service.py:199
2025-08-21 00:37:37.393 157168 DEBUG oslo_service.service [req-66ed698f-8d01-4646-a704-a602d0911ef3 - - - - -] api.list_records_by_skipping_down_cells = True log_opt_values /usr/lib/python3/dist-packages/oslo_config/cfg.py:2609
2025-08-21 00:37:37.393 157168 DEBUG oslo_service.service [req-66ed698f-8d01-4646-a704-a602d0911ef3 - - - - -] api.local_metadata_per_cell = False log_opt_values /usr/lib/python3/dist-packages/oslo_config/cfg.py:2609
2025-08-21 00:37:37.393 157301 DEBUG nova.servicegroup.drivers.db [req-11759a44-4a8b-4b04-a636-1262882aad4d - - - - -] DB_Driver: join new ServiceGroup member juju-d10ea2-0-lxd-7 to the conductor group, service = join /usr/lib/python3/dist-packages/nova/servicegroup/drivers/db.py:44
2025-08-21 00:37:37.393 157168 DEBUG oslo_service.service [req-66ed698f-8d01-4646-a704-a602d0911ef3 - - - - -] api.max_limit = 1000 log_opt_values /usr/lib/python3/dist-packages/oslo_config/cfg.py:2609
2025-08-21 00:37:37.393 157168 DEBUG oslo_service.service [req-66ed698f-8d01-4646-a704-a602d0911ef3 - - - - -] api.metadata_cache_expiration = 15 log_opt_values /usr/lib/python3/dist-packages/oslo_config/cfg.py:2609
2025-08-21 00:37:37.394 157168 DEBUG oslo_service.service [req-66ed698f-8d01-4646-a704-a602d0911ef3 - - - - -] api.neutron_default_tenant_id = default log_opt_values /usr/lib/python3/dist-packages/oslo_config/cfg.py:2609
2025-08-21 00:37:37.394 157168 DEBUG oslo_service.service [req-66ed698f-8d01-4646-a704-a602d0911ef3 - - - - -] api.use_forwarded_for = False log_opt_values /usr/lib/python3/dist-packages/oslo_config/cfg.py:2609
2025-08-21 00:37:37.396 157301 DEBUG oslo_messaging._drivers.amqpdriver [-] AMQPListener connection timeout poll /usr/lib/python3/dist-packages/oslo_messaging/_drivers/amqpdriver.py:360
2025-08-21 00:37:37.394 157168 DEBUG oslo_service.service [req-66ed698f-8d01-4646-a704-a602d0911ef3 - - - - -] api.use_neutron_default_nets = False log_opt_values /usr/lib/python3/dist-packages/oslo_config/cfg.py:2609
2025-08-21 00:37:37.397 157301 DEBUG oslo_messaging._drivers.amqpdriver [-] Listener is running poll /usr/lib/python3/dist-packages/oslo_messaging/_drivers/amqpdriver.py:343
2025-08-21 00:37:37.398 157168 DEBUG oslo_service.service [req-66ed698f-8d01-4646-a704-a602d0911ef3 - - - - -] api.vendordata_dynamic_connect_timeout = 5 log_opt_values /usr/lib/python3/dist-packages/oslo_config/cfg.py:2609
2025-08-21 00:37:37.398 157301 DEBUG oslo_messaging._drivers.amqpdriver [-] AMQPListener connection consume poll /usr/lib/python3/dist-packages/oslo_messaging/_drivers/amqpdriver.py:357
2025-08-21 00:37:37.398 157168 DEBUG oslo_service.service [req-66ed698f-8d01-4646-a704-a602d0911ef3 - - - - -] api.vendordata_dynamic_failure_fatal = False log_opt_values /usr/lib/python3/dist-packages/oslo_config/cfg.py:2609
2025-08-21 00:37:37.398 157168 DEBUG oslo_service.service [req-66ed698f-8d01-4646-a704-a602d0911ef3 - - - - -] api.vendordata_dynamic_read_timeout = 5 log_opt_values /usr/lib/python3/dist-packages/oslo_config/cfg.py:2609
2025-08-21 00:37:37.398 157168 DEBUG oslo_service.service [req-66ed698f-8d01-4646-a704-a602d0911ef3 - - - - -] api.vendordata_dynamic_ssl_certfile = log_opt_values /usr/lib/python3/dist-packages/oslo_config/cfg.py:2609
2025-08-21 00:37:37.398 157168 DEBUG oslo_service.service [req-66ed698f-8d01-4646-a704-a602d0911ef3 - - - - -] api.vendordata_dynamic_targets = [] log_opt_values /usr/lib/python3/dist-packages/oslo_config/cfg.py:2609
2025-08-21 00:37:37.400 157168 DEBUG oslo_service.service [req-66ed698f-8d01-4646-a704-a602d0911ef3 - - - - -] api.vendordata_jsonfile_path = None log_opt_values /usr/lib/python3/dist-packages/oslo_config/cfg.py:2609
2025-08-21 00:37:37.400 157168 DEBUG oslo_service.service [req-66ed698f-8d01-4646-a704-a602d0911ef3 - - - - -] api.vendordata_providers = ['StaticJSON'] log_opt_values /usr/lib/python3/dist-packages/oslo_config/cfg.py:2609
2025-08-21 00:37:37.400 157168 DEBUG oslo_service.service [req-66ed698f-8d01-4646-a704-a602d0911ef3 - - - - -] cache.backend = dogpile.cache.null log_opt_values /usr/lib/python3/dist-packages/oslo_config/cfg.py:2609
2025-08-21 00:37:37.400 157168 DEBUG oslo_service.service [req-66ed698f-8d01-4646-a704-a602d0911ef3 - - - - -] cache.backend_argument = **** log_opt_values /usr/lib/python3/dist-packages/oslo_config/cfg.py:2609
2025-08-21 00:37:37.401 157168 DEBUG oslo_service.service [req-66ed698f-8d01-4646-a704-a602d0911ef3 - - - - -] cache.config_prefix = cache.oslo log_opt_values /usr/lib/python3/dist-packages/oslo_config/cfg.py:2609
2025-08-21 00:37:37.401 157302 DEBUG oslo_messaging._drivers.amqpdriver [-] Listener is running poll /usr/lib/python3/dist-packages/oslo_messaging/_drivers/amqpdriver.py:343
2025-08-21 00:37:37.401 157168 DEBUG oslo_service.service [req-66ed698f-8d01-4646-a704-a602d0911ef3 - - - - -] cache.debug_cache_backend = False log_opt_values /usr/lib/python3/dist-packages/oslo_config/cfg.py:2609
2025-08-21 00:37:37.401 157302 DEBUG oslo_messaging._drivers.amqpdriver [-] AMQPListener connection consume poll /usr/lib/python3/dist-packages/oslo_messaging/_drivers/amqpdriver.py:357
2025-08-21 00:37:37.401 157168 DEBUG oslo_service.service [req-66ed698f-8d01-4646-a704-a602d0911ef3 - - - - -] cache.enabled = False log_opt_values /usr/lib/python3/dist-packages/oslo_config/cfg.py:2609
2025-08-21 00:37:37.401 157168 DEBUG oslo_service.service [req-66ed698f-8d01-4646-a704-a602d0911ef3 - - - - -] cache.expiration_time = 600 log_opt_values /usr/lib/python3/dist-packages/oslo_config/cfg.py:2609
2025-08-21 00:37:37.401 157168 DEBUG oslo_service.service [req-66ed698f-8d01-4646-a704-a602d0911ef3 - - - - -] cache.memcache_dead_retry = 300 log_opt_values /usr/lib/python3/dist-packages/oslo_config/cfg.py:2609
2025-08-21 00:37:37.402 157168 DEBUG oslo_service.service [req-66ed698f-8d01-4646-a704-a602d0911ef3 - - - - -] cache.memcache_pool_connection_get_timeout = 10 log_opt_values /usr/lib/python3/dist-packages/oslo_config/cfg.py:2609
2025-08-21 00:37:37.402 157302 DEBUG nova.service [req-cc88e0ba-f115-4524-90ea-23999f7859d5 - - - - -] Join ServiceGroup membership for this service conductor start /usr/lib/python3/dist-packages/nova/service.py:199
2025-08-21 00:37:37.402 157168 DEBUG oslo_service.service [req-66ed698f-8d01-4646-a704-a602d0911ef3 - - - - -] cache.memcache_pool_flush_on_reconnect = False log_opt_values /usr/lib/python3/dist-packages/oslo_config/cfg.py:2609
2025-08-21 00:37:37.402 157168 DEBUG oslo_service.service [req-66ed698f-8d01-4646-a704-a602d0911ef3 - - - - -] cache.memcache_pool_maxsize = 10 log_opt_values /usr/lib/python3/dist-packages/oslo_config/cfg.py:2609
2025-08-21 00:37:37.402 157302 DEBUG nova.servicegroup.drivers.db [req-cc88e0ba-f115-4524-90ea-23999f7859d5 - - - - -] DB_Driver: join new ServiceGroup member juju-d10ea2-0-lxd-7 to the conductor group, service = join /usr/lib/python3/dist-packages/nova/servicegroup/drivers/db.py:44
2025-08-21 00:37:37.402 157168 DEBUG oslo_service.service [req-66ed698f-8d01-4646-a704-a602d0911ef3 - - - - -] cache.memcache_pool_unused_timeout = 60 log_opt_values /usr/lib/python3/dist-packages/oslo_config/cfg.py:2609
2025-08-21 00:37:37.402 157168 DEBUG oslo_service.service [req-66ed698f-8d01-4646-a704-a602d0911ef3 - - - - -] cache.memcache_servers = ['localhost:11211'] log_opt_values /usr/lib/python3/dist-packages/oslo_config/cfg.py:2609
2025-08-21 00:37:37.404 157168 DEBUG oslo_service.service [req-66ed698f-8d01-4646-a704-a602d0911ef3 - - - - -] cache.memcache_socket_timeout = 1.0 log_opt_values /usr/lib/python3/dist-packages/oslo_config/cfg.py:2609
2025-08-21 00:37:37.404 157168 DEBUG oslo_service.service [req-66ed698f-8d01-4646-a704-a602d0911ef3 - - - - -] cache.proxies = [] log_opt_values /usr/lib/python3/dist-packages/oslo_config/cfg.py:2609
2025-08-21 00:37:37.404 157302 DEBUG oslo_messaging._drivers.amqpdriver [-] AMQPListener connection timeout poll /usr/lib/python3/dist-packages/oslo_messaging/_drivers/amqpdriver.py:360
2025-08-21 00:37:37.405 157302 DEBUG oslo_messaging._drivers.amqpdriver [-] Listener is running poll /usr/lib/python3/dist-packages/oslo_messaging/_drivers/amqpdriver.py:343
2025-08-21 00:37:37.404 157168 DEBUG oslo_service.service [req-66ed698f-8d01-4646-a704-a602d0911ef3 - - - - -] cache.tls_allowed_ciphers = None log_opt_values /usr/lib/python3/dist-packages/oslo_config/cfg.py:2609
2025-08-21 00:37:37.405 157168 DEBUG oslo_service.service [req-66ed698f-8d01-4646-a704-a602d0911ef3 - - - - -] cache.tls_cafile = None log_opt_values /usr/lib/python3/dist-packages/oslo_config/cfg.py:2609
2025-08-21 00:37:37.405 157302 DEBUG oslo_messaging._drivers.amqpdriver [-] AMQPListener connection consume poll /usr/lib/python3/dist-packages/oslo_messaging/_drivers/amqpdriver.py:357
2025-08-21 00:37:37.405 157168 DEBUG oslo_service.service [req-66ed698f-8d01-4646-a704-a602d0911ef3 - - - - -] cache.tls_certfile = None log_opt_values /usr/lib/python3/dist-packages/oslo_config/cfg.py:2609
2025-08-21 00:37:37.406 157168 DEBUG oslo_service.service [req-66ed698f-8d01-4646-a704-a602d0911ef3 - - - - -] cache.tls_enabled = False log_opt_values /usr/lib/python3/dist-packages/oslo_config/cfg.py:2609
2025-08-21 00:37:37.406 157303 DEBUG oslo_messaging._drivers.amqpdriver [-] Listener is running poll /usr/lib/python3/dist-packages/oslo_messaging/_drivers/amqpdriver.py:343
2025-08-21 00:37:37.406 157168 DEBUG oslo_service.service [req-66ed698f-8d01-4646-a704-a602d0911ef3 - - - - -] cache.tls_keyfile = None log_opt_values /usr/lib/python3/dist-packages/oslo_config/cfg.py:2609
2025-08-21 00:37:37.406 157300 DEBUG oslo_messaging._drivers.amqpdriver [-] Listener is running poll /usr/lib/python3/dist-packages/oslo_messaging/_drivers/amqpdriver.py:343
2025-08-21 00:37:37.406 157303 DEBUG oslo_messaging._drivers.amqpdriver [-] AMQPListener connection consume poll /usr/lib/python3/dist-packages/oslo_messaging/_drivers/amqpdriver.py:357
2025-08-21 00:37:37.406 157300 DEBUG oslo_messaging._drivers.amqpdriver [-] AMQPListener connection consume poll /usr/lib/python3/dist-packages/oslo_messaging/_drivers/amqpdriver.py:357
2025-08-21 00:37:37.406 157168 DEBUG oslo_service.service [req-66ed698f-8d01-4646-a704-a602d0911ef3 - - - - -] cinder.auth_section = None log_opt_values /usr/lib/python3/dist-packages/oslo_config/cfg.py:2609
2025-08-21 00:37:37.407 157168 DEBUG oslo_service.service [req-66ed698f-8d01-4646-a704-a602d0911ef3 - - - - -] cinder.auth_type = None log_opt_values /usr/lib/python3/dist-packages/oslo_config/cfg.py:2609
2025-08-21 00:37:37.407 157168 DEBUG oslo_service.service [req-66ed698f-8d01-4646-a704-a602d0911ef3 - - - - -] cinder.cafile = None log_opt_values /usr/lib/python3/dist-packages/oslo_config/cfg.py:2609
2025-08-21 00:37:37.407 157303 DEBUG nova.service [req-db33db47-6ac4-40bd-8952-e1fa26427325 - - - - -] Join ServiceGroup membership for this service conductor start /usr/lib/python3/dist-packages/nova/service.py:199
2025-08-21 00:37:37.407 157168 DEBUG oslo_service.service [req-66ed698f-8d01-4646-a704-a602d0911ef3 - - - - -] cinder.catalog_info = volumev3::publicURL log_opt_values /usr/lib/python3/dist-packages/oslo_config/cfg.py:2609
2025-08-21 00:37:37.407 157303 DEBUG nova.servicegroup.drivers.db [req-db33db47-6ac4-40bd-8952-e1fa26427325 - - - - -] DB_Driver: join new ServiceGroup member juju-d10ea2-0-lxd-7 to the conductor group, service = join /usr/lib/python3/dist-packages/nova/servicegroup/drivers/db.py:44
2025-08-21 00:37:37.407 157168 DEBUG oslo_service.service [req-66ed698f-8d01-4646-a704-a602d0911ef3 - - - - -] cinder.certfile = None log_opt_values /usr/lib/python3/dist-packages/oslo_config/cfg.py:2609
2025-08-21 00:37:37.407 157300 DEBUG nova.service [req-de719929-1fcc-463a-856f-da9da74ecdfd - - - - -] Join ServiceGroup membership for this service conductor start /usr/lib/python3/dist-packages/nova/service.py:199
2025-08-21 00:37:37.408 157168 DEBUG oslo_service.service [req-66ed698f-8d01-4646-a704-a602d0911ef3 - - - - -] cinder.collect_timing = False log_opt_values /usr/lib/python3/dist-packages/oslo_config/cfg.py:2609
2025-08-21 00:37:37.408 157168 DEBUG oslo_service.service [req-66ed698f-8d01-4646-a704-a602d0911ef3 - - - - -] cinder.cross_az_attach = True log_opt_values /usr/lib/python3/dist-packages/oslo_config/cfg.py:2609
2025-08-21 00:37:37.408 157300 DEBUG nova.servicegroup.drivers.db [req-de719929-1fcc-463a-856f-da9da74ecdfd - - - - -] DB_Driver: join new ServiceGroup member juju-d10ea2-0-lxd-7 to the conductor group, service = join /usr/lib/python3/dist-packages/nova/servicegroup/drivers/db.py:44
2025-08-21 00:37:37.408 157168 DEBUG oslo_service.service [req-66ed698f-8d01-4646-a704-a602d0911ef3 - - - - -] cinder.debug = False log_opt_values /usr/lib/python3/dist-packages/oslo_config/cfg.py:2609
2025-08-21 00:37:37.409 157168 DEBUG oslo_service.service [req-66ed698f-8d01-4646-a704-a602d0911ef3 - - - - -] cinder.endpoint_template = None log_opt_values /usr/lib/python3/dist-packages/oslo_config/cfg.py:2609
2025-08-21 00:37:37.410 157303 DEBUG oslo_messaging._drivers.amqpdriver [-] AMQPListener connection timeout poll /usr/lib/python3/dist-packages/oslo_messaging/_drivers/amqpdriver.py:360
2025-08-21 00:37:37.410 157303 DEBUG oslo_messaging._drivers.amqpdriver [-] Listener is running poll /usr/lib/python3/dist-packages/oslo_messaging/_drivers/amqpdriver.py:343
2025-08-21 00:37:37.410 157303 DEBUG oslo_messaging._drivers.amqpdriver [-] AMQPListener connection consume poll /usr/lib/python3/dist-packages/oslo_messaging/_drivers/amqpdriver.py:357
2025-08-21 00:37:37.410 157300 DEBUG oslo_messaging._drivers.amqpdriver [-] AMQPListener connection timeout poll /usr/lib/python3/dist-packages/oslo_messaging/_drivers/amqpdriver.py:360
2025-08-21 00:37:37.410 157300 DEBUG oslo_messaging._drivers.amqpdriver [-] Listener is running poll /usr/lib/python3/dist-packages/oslo_messaging/_drivers/amqpdriver.py:343
2025-08-21 00:37:37.410 157300 DEBUG oslo_messaging._drivers.amqpdriver [-] AMQPListener connection consume poll /usr/lib/python3/dist-packages/oslo_messaging/_drivers/amqpdriver.py:357
2025-08-21 00:37:37.410 157168 DEBUG oslo_service.service [req-66ed698f-8d01-4646-a704-a602d0911ef3 - - - - -] cinder.http_retries = 3 log_opt_values /usr/lib/python3/dist-packages/oslo_config/cfg.py:2609
2025-08-21 00:37:37.411 157168 DEBUG oslo_service.service [req-66ed698f-8d01-4646-a704-a602d0911ef3 - - - - -] cinder.insecure = False log_opt_values /usr/lib/python3/dist-packages/oslo_config/cfg.py:2609
2025-08-21 00:37:37.411 157168 DEBUG oslo_service.service [req-66ed698f-8d01-4646-a704-a602d0911ef3 - - - - -] cinder.keyfile = None log_opt_values /usr/lib/python3/dist-packages/oslo_config/cfg.py:2609
2025-08-21 00:37:37.411 157168 DEBUG oslo_service.service [req-66ed698f-8d01-4646-a704-a602d0911ef3 - - - - -] cinder.os_region_name = None log_opt_values /usr/lib/python3/dist-packages/oslo_config/cfg.py:2609
2025-08-21 00:37:37.411 157168 DEBUG oslo_service.service [req-66ed698f-8d01-4646-a704-a602d0911ef3 - - - - -] cinder.split_loggers = False log_opt_values /usr/lib/python3/dist-packages/oslo_config/cfg.py:2609
2025-08-21 00:37:37.412 157168 DEBUG oslo_service.service [req-66ed698f-8d01-4646-a704-a602d0911ef3 - - - - -] cinder.timeout = None log_opt_values /usr/lib/python3/dist-packages/oslo_config/cfg.py:2609
2025-08-21 00:37:37.412 157168 DEBUG oslo_service.service [req-66ed698f-8d01-4646-a704-a602d0911ef3 - - - - -] compute.consecutive_build_service_disable_threshold = 10 log_opt_values /usr/lib/python3/dist-packages/oslo_config/cfg.py:2609
2025-08-21 00:37:37.412 157168 DEBUG oslo_service.service [req-66ed698f-8d01-4646-a704-a602d0911ef3 - - - - -] compute.cpu_dedicated_set = None log_opt_values /usr/lib/python3/dist-packages/oslo_config/cfg.py:2609
2025-08-21 00:37:37.412 157168 DEBUG oslo_service.service [req-66ed698f-8d01-4646-a704-a602d0911ef3 - - - - -] compute.cpu_shared_set = None log_opt_values /usr/lib/python3/dist-packages/oslo_config/cfg.py:2609
2025-08-21 00:37:37.412 157168 DEBUG oslo_service.service [req-66ed698f-8d01-4646-a704-a602d0911ef3 - - - - -] compute.image_type_exclude_list = [] log_opt_values /usr/lib/python3/dist-packages/oslo_config/cfg.py:2609
2025-08-21 00:37:37.412 157168 DEBUG oslo_service.service [req-66ed698f-8d01-4646-a704-a602d0911ef3 - - - - -] compute.live_migration_wait_for_vif_plug = True log_opt_values /usr/lib/python3/dist-packages/oslo_config/cfg.py:2609
2025-08-21 00:37:37.412 157168 DEBUG oslo_service.service [req-66ed698f-8d01-4646-a704-a602d0911ef3 - - - - -] compute.max_concurrent_disk_ops = 0 log_opt_values /usr/lib/python3/dist-packages/oslo_config/cfg.py:2609
2025-08-21 00:37:37.413 157168 DEBUG oslo_service.service [req-66ed698f-8d01-4646-a704-a602d0911ef3 - - - - -] compute.max_disk_devices_to_attach = -1 log_opt_values /usr/lib/python3/dist-packages/oslo_config/cfg.py:2609
2025-08-21 00:37:37.413 157168 DEBUG oslo_service.service [req-66ed698f-8d01-4646-a704-a602d0911ef3 - - - - -] compute.packing_host_numa_cells_allocation_strategy = True log_opt_values /usr/lib/python3/dist-packages/oslo_config/cfg.py:2609
2025-08-21 00:37:37.413 157168 DEBUG oslo_service.service [req-66ed698f-8d01-4646-a704-a602d0911ef3 - - - - -] compute.provider_config_location = /etc/nova/provider_config/ log_opt_values /usr/lib/python3/dist-packages/oslo_config/cfg.py:2609
2025-08-21 00:37:37.413 157168 DEBUG oslo_service.service [req-66ed698f-8d01-4646-a704-a602d0911ef3 - - - - -] compute.resource_provider_association_refresh = 300 log_opt_values /usr/lib/python3/dist-packages/oslo_config/cfg.py:2609
2025-08-21 00:37:37.413 157168 DEBUG oslo_service.service [req-66ed698f-8d01-4646-a704-a602d0911ef3 - - - - -] compute.shutdown_retry_interval = 10 log_opt_values /usr/lib/python3/dist-packages/oslo_config/cfg.py:2609
2025-08-21 00:37:37.413 157168 DEBUG oslo_service.service [req-66ed698f-8d01-4646-a704-a602d0911ef3 - - - - -] compute.vmdk_allowed_types = ['streamOptimized', 'monolithicSparse'] log_opt_values /usr/lib/python3/dist-packages/oslo_config/cfg.py:2609
2025-08-21 00:37:37.414 157168 DEBUG oslo_service.service [req-66ed698f-8d01-4646-a704-a602d0911ef3 - - - - -] conductor.workers = 4 log_opt_values /usr/lib/python3/dist-packages/oslo_config/cfg.py:2609
2025-08-21 00:37:37.414 157168 DEBUG oslo_service.service [req-66ed698f-8d01-4646-a704-a602d0911ef3 - - - - -] console.allowed_origins = [] log_opt_values /usr/lib/python3/dist-packages/oslo_config/cfg.py:2609
2025-08-21 00:37:37.414 157168 DEBUG oslo_service.service [req-66ed698f-8d01-4646-a704-a602d0911ef3 - - - - -] console.ssl_ciphers = None log_opt_values /usr/lib/python3/dist-packages/oslo_config/cfg.py:2609
2025-08-21 00:37:37.414 157168 DEBUG oslo_service.service [req-66ed698f-8d01-4646-a704-a602d0911ef3 - - - - -] console.ssl_minimum_version = default log_opt_values /usr/lib/python3/dist-packages/oslo_config/cfg.py:2609
2025-08-21 00:37:37.414 157168 DEBUG oslo_service.service [req-66ed698f-8d01-4646-a704-a602d0911ef3 - - - - -] consoleauth.token_ttl = 600 log_opt_values /usr/lib/python3/dist-packages/oslo_config/cfg.py:2609
2025-08-21 00:37:37.416 157168 DEBUG oslo_service.service [req-66ed698f-8d01-4646-a704-a602d0911ef3 - - - - -] cyborg.cafile = None log_opt_values /usr/lib/python3/dist-packages/oslo_config/cfg.py:2609
2025-08-21 00:37:37.416 157168 DEBUG oslo_service.service [req-66ed698f-8d01-4646-a704-a602d0911ef3 - - - - -] cyborg.certfile = None log_opt_values /usr/lib/python3/dist-packages/oslo_config/cfg.py:2609
2025-08-21 00:37:37.417 157168 DEBUG oslo_service.service [req-66ed698f-8d01-4646-a704-a602d0911ef3 - - - - -] cyborg.collect_timing = False log_opt_values /usr/lib/python3/dist-packages/oslo_config/cfg.py:2609
2025-08-21 00:37:37.417 157168 DEBUG oslo_service.service [req-66ed698f-8d01-4646-a704-a602d0911ef3 - - - - -] cyborg.connect_retries = None log_opt_values /usr/lib/python3/dist-packages/oslo_config/cfg.py:2609
2025-08-21 00:37:37.417 157168 DEBUG oslo_service.service [req-66ed698f-8d01-4646-a704-a602d0911ef3 - - - - -] cyborg.connect_retry_delay = None log_opt_values /usr/lib/python3/dist-packages/oslo_config/cfg.py:2609
2025-08-21 00:37:37.417 157168 DEBUG oslo_service.service [req-66ed698f-8d01-4646-a704-a602d0911ef3 - - - - -] cyborg.endpoint_override = None log_opt_values /usr/lib/python3/dist-packages/oslo_config/cfg.py:2609
2025-08-21 00:37:37.417 157168 DEBUG oslo_service.service [req-66ed698f-8d01-4646-a704-a602d0911ef3 - - - - -] cyborg.insecure = False log_opt_values /usr/lib/python3/dist-packages/oslo_config/cfg.py:2609
2025-08-21 00:37:37.418 157168 DEBUG oslo_service.service [req-66ed698f-8d01-4646-a704-a602d0911ef3 - - - - -] cyborg.keyfile = None log_opt_values /usr/lib/python3/dist-packages/oslo_config/cfg.py:2609
2025-08-21 00:37:37.418 157168 DEBUG oslo_service.service [req-66ed698f-8d01-4646-a704-a602d0911ef3 - - - - -] cyborg.max_version = None log_opt_values /usr/lib/python3/dist-packages/oslo_config/cfg.py:2609
2025-08-21 00:37:37.418 157168 DEBUG oslo_service.service [req-66ed698f-8d01-4646-a704-a602d0911ef3 - - - - -] cyborg.min_version = None log_opt_values /usr/lib/python3/dist-packages/oslo_config/cfg.py:2609
2025-08-21 00:37:37.418 157168 DEBUG oslo_service.service [req-66ed698f-8d01-4646-a704-a602d0911ef3 - - - - -] cyborg.region_name = None log_opt_values /usr/lib/python3/dist-packages/oslo_config/cfg.py:2609
2025-08-21 00:37:37.418 157168 DEBUG oslo_service.service [req-66ed698f-8d01-4646-a704-a602d0911ef3 - - - - -] cyborg.service_name = None log_opt_values /usr/lib/python3/dist-packages/oslo_config/cfg.py:2609
2025-08-21 00:37:37.418 157168 DEBUG oslo_service.service [req-66ed698f-8d01-4646-a704-a602d0911ef3 - - - - -] cyborg.service_type = accelerator log_opt_values /usr/lib/python3/dist-packages/oslo_config/cfg.py:2609
2025-08-21 00:37:37.418 157168 DEBUG oslo_service.service [req-66ed698f-8d01-4646-a704-a602d0911ef3 - - - - -] cyborg.split_loggers = False log_opt_values /usr/lib/python3/dist-packages/oslo_config/cfg.py:2609
2025-08-21 00:37:37.419 157168 DEBUG oslo_service.service [req-66ed698f-8d01-4646-a704-a602d0911ef3 - - - - -] cyborg.status_code_retries = None log_opt_values /usr/lib/python3/dist-packages/oslo_config/cfg.py:2609
2025-08-21 00:37:37.419 157168 DEBUG oslo_service.service [req-66ed698f-8d01-4646-a704-a602d0911ef3 - - - - -] cyborg.status_code_retry_delay = None log_opt_values /usr/lib/python3/dist-packages/oslo_config/cfg.py:2609
2025-08-21 00:37:37.419 157168 DEBUG oslo_service.service [req-66ed698f-8d01-4646-a704-a602d0911ef3 - - - - -] cyborg.timeout = None log_opt_values /usr/lib/python3/dist-packages/oslo_config/cfg.py:2609
2025-08-21 00:37:37.419 157168 DEBUG oslo_service.service [req-66ed698f-8d01-4646-a704-a602d0911ef3 - - - - -] cyborg.valid_interfaces = ['internal', 'public'] log_opt_values /usr/lib/python3/dist-packages/oslo_config/cfg.py:2609
2025-08-21 00:37:37.419 157168 DEBUG oslo_service.service [req-66ed698f-8d01-4646-a704-a602d0911ef3 - - - - -] cyborg.version = None log_opt_values /usr/lib/python3/dist-packages/oslo_config/cfg.py:2609
2025-08-21 00:37:37.419 157168 DEBUG oslo_service.service [req-66ed698f-8d01-4646-a704-a602d0911ef3 - - - - -] database.backend = sqlalchemy log_opt_values /usr/lib/python3/dist-packages/oslo_config/cfg.py:2609
2025-08-21 00:37:37.420 157168 DEBUG oslo_service.service [req-66ed698f-8d01-4646-a704-a602d0911ef3 - - - - -] database.connection = **** log_opt_values /usr/lib/python3/dist-packages/oslo_config/cfg.py:2609
2025-08-21 00:37:37.420 157168 DEBUG oslo_service.service [req-66ed698f-8d01-4646-a704-a602d0911ef3 - - - - -] database.connection_debug = 0 log_opt_values /usr/lib/python3/dist-packages/oslo_config/cfg.py:2609
2025-08-21 00:37:37.420 157168 DEBUG oslo_service.service [req-66ed698f-8d01-4646-a704-a602d0911ef3 - - - - -] database.connection_parameters = log_opt_values /usr/lib/python3/dist-packages/oslo_config/cfg.py:2609
2025-08-21 00:37:37.420 157168 DEBUG oslo_service.service [req-66ed698f-8d01-4646-a704-a602d0911ef3 - - - - -] database.connection_recycle_time = 3600 log_opt_values /usr/lib/python3/dist-packages/oslo_config/cfg.py:2609
2025-08-21 00:37:37.420 157168 DEBUG oslo_service.service [req-66ed698f-8d01-4646-a704-a602d0911ef3 - - - - -] database.connection_trace = False log_opt_values /usr/lib/python3/dist-packages/oslo_config/cfg.py:2609
2025-08-21 00:37:37.421 157168 DEBUG oslo_service.service [req-66ed698f-8d01-4646-a704-a602d0911ef3 - - - - -] database.db_inc_retry_interval = True log_opt_values /usr/lib/python3/dist-packages/oslo_config/cfg.py:2609
2025-08-21 00:37:37.421 157168 DEBUG oslo_service.service [req-66ed698f-8d01-4646-a704-a602d0911ef3 - - - - -] database.db_max_retries = 20 log_opt_values /usr/lib/python3/dist-packages/oslo_config/cfg.py:2609
2025-08-21 00:37:37.421 157168 DEBUG oslo_service.service [req-66ed698f-8d01-4646-a704-a602d0911ef3 - - - - -] database.db_max_retry_interval = 10 log_opt_values /usr/lib/python3/dist-packages/oslo_config/cfg.py:2609
2025-08-21 00:37:37.421 157168 DEBUG oslo_service.service [req-66ed698f-8d01-4646-a704-a602d0911ef3 - - - - -] database.db_retry_interval = 1 log_opt_values /usr/lib/python3/dist-packages/oslo_config/cfg.py:2609
2025-08-21 00:37:37.421 157168 DEBUG oslo_service.service [req-66ed698f-8d01-4646-a704-a602d0911ef3 - - - - -] database.max_overflow = 50 log_opt_values /usr/lib/python3/dist-packages/oslo_config/cfg.py:2609
2025-08-21 00:37:37.422 157168 DEBUG oslo_service.service [req-66ed698f-8d01-4646-a704-a602d0911ef3 - - - - -] database.max_pool_size = 4 log_opt_values /usr/lib/python3/dist-packages/oslo_config/cfg.py:2609
2025-08-21 00:37:37.422 157168 DEBUG oslo_service.service [req-66ed698f-8d01-4646-a704-a602d0911ef3 - - - - -] database.max_retries = 10 log_opt_values /usr/lib/python3/dist-packages/oslo_config/cfg.py:2609
2025-08-21 00:37:37.422 157168 DEBUG oslo_service.service [req-66ed698f-8d01-4646-a704-a602d0911ef3 - - - - -] database.mysql_enable_ndb = False log_opt_values /usr/lib/python3/dist-packages/oslo_config/cfg.py:2609
2025-08-21 00:37:37.422 157168 DEBUG oslo_service.service [req-66ed698f-8d01-4646-a704-a602d0911ef3 - - - - -] database.mysql_sql_mode = TRADITIONAL log_opt_values /usr/lib/python3/dist-packages/oslo_config/cfg.py:2609
2025-08-21 00:37:37.422 157168 DEBUG oslo_service.service [req-66ed698f-8d01-4646-a704-a602d0911ef3 - - - - -] database.pool_timeout = None log_opt_values /usr/lib/python3/dist-packages/oslo_config/cfg.py:2609
2025-08-21 00:37:37.422 157168 DEBUG oslo_service.service [req-66ed698f-8d01-4646-a704-a602d0911ef3 - - - - -] database.retry_interval = 10 log_opt_values /usr/lib/python3/dist-packages/oslo_config/cfg.py:2609
2025-08-21 00:37:37.423 157168 DEBUG oslo_service.service [req-66ed698f-8d01-4646-a704-a602d0911ef3 - - - - -] database.slave_connection = **** log_opt_values /usr/lib/python3/dist-packages/oslo_config/cfg.py:2609
2025-08-21 00:37:37.423 157168 DEBUG oslo_service.service [req-66ed698f-8d01-4646-a704-a602d0911ef3 - - - - -] database.sqlite_synchronous = True log_opt_values /usr/lib/python3/dist-packages/oslo_config/cfg.py:2609
2025-08-21 00:37:37.423 157168 DEBUG oslo_service.service [req-66ed698f-8d01-4646-a704-a602d0911ef3 - - - - -] database.use_db_reconnect = False log_opt_values /usr/lib/python3/dist-packages/oslo_config/cfg.py:2609
2025-08-21 00:37:37.423 157168 DEBUG oslo_service.service [req-66ed698f-8d01-4646-a704-a602d0911ef3 - - - - -] api_database.backend = sqlalchemy log_opt_values /usr/lib/python3/dist-packages/oslo_config/cfg.py:2609
2025-08-21 00:37:37.423 157168 DEBUG oslo_service.service [req-66ed698f-8d01-4646-a704-a602d0911ef3 - - - - -] api_database.connection = **** log_opt_values /usr/lib/python3/dist-packages/oslo_config/cfg.py:2609
2025-08-21 00:37:37.423 157168 DEBUG oslo_service.service [req-66ed698f-8d01-4646-a704-a602d0911ef3 - - - - -] api_database.connection_debug = 0 log_opt_values /usr/lib/python3/dist-packages/oslo_config/cfg.py:2609
2025-08-21 00:37:37.423 157168 DEBUG oslo_service.service [req-66ed698f-8d01-4646-a704-a602d0911ef3 - - - - -] api_database.connection_parameters = log_opt_values /usr/lib/python3/dist-packages/oslo_config/cfg.py:2609
2025-08-21 00:37:37.424 157168 DEBUG oslo_service.service [req-66ed698f-8d01-4646-a704-a602d0911ef3 - - - - -] api_database.connection_recycle_time = 3600 log_opt_values /usr/lib/python3/dist-packages/oslo_config/cfg.py:2609
2025-08-21 00:37:37.424 157168 DEBUG oslo_service.service [req-66ed698f-8d01-4646-a704-a602d0911ef3 - - - - -] api_database.connection_trace = False log_opt_values /usr/lib/python3/dist-packages/oslo_config/cfg.py:2609
2025-08-21 00:37:37.425 157168 DEBUG oslo_service.service [req-66ed698f-8d01-4646-a704-a602d0911ef3 - - - - -] api_database.db_inc_retry_interval = True log_opt_values /usr/lib/python3/dist-packages/oslo_config/cfg.py:2609
2025-08-21 00:37:37.425 157168 DEBUG oslo_service.service [req-66ed698f-8d01-4646-a704-a602d0911ef3 - - - - -] api_database.db_max_retries = 20 log_opt_values /usr/lib/python3/dist-packages/oslo_config/cfg.py:2609
2025-08-21 00:37:37.426 157168 DEBUG oslo_service.service [req-66ed698f-8d01-4646-a704-a602d0911ef3 - - - - -] api_database.db_max_retry_interval = 10 log_opt_values /usr/lib/python3/dist-packages/oslo_config/cfg.py:2609
2025-08-21 00:37:37.426 157168 DEBUG oslo_service.service [req-66ed698f-8d01-4646-a704-a602d0911ef3 - - - - -] api_database.db_retry_interval = 1 log_opt_values /usr/lib/python3/dist-packages/oslo_config/cfg.py:2609
2025-08-21 00:37:37.426 157168 DEBUG oslo_service.service [req-66ed698f-8d01-4646-a704-a602d0911ef3 - - - - -] api_database.max_overflow = 50 log_opt_values /usr/lib/python3/dist-packages/oslo_config/cfg.py:2609
2025-08-21 00:37:37.426 157168 DEBUG oslo_service.service [req-66ed698f-8d01-4646-a704-a602d0911ef3 - - - - -] api_database.max_pool_size = 4 log_opt_values /usr/lib/python3/dist-packages/oslo_config/cfg.py:2609
2025-08-21 00:37:37.426 157168 DEBUG oslo_service.service [req-66ed698f-8d01-4646-a704-a602d0911ef3 - - - - -] api_database.max_retries = 10 log_opt_values /usr/lib/python3/dist-packages/oslo_config/cfg.py:2609
2025-08-21 00:37:37.426 157168 DEBUG oslo_service.service [req-66ed698f-8d01-4646-a704-a602d0911ef3 - - - - -] api_database.mysql_enable_ndb = False log_opt_values /usr/lib/python3/dist-packages/oslo_config/cfg.py:2609
2025-08-21 00:37:37.427 157168 DEBUG oslo_service.service [req-66ed698f-8d01-4646-a704-a602d0911ef3 - - - - -] api_database.mysql_sql_mode = TRADITIONAL log_opt_values /usr/lib/python3/dist-packages/oslo_config/cfg.py:2609
2025-08-21 00:37:37.427 157168 DEBUG oslo_service.service [req-66ed698f-8d01-4646-a704-a602d0911ef3 - - - - -] api_database.pool_timeout = None log_opt_values /usr/lib/python3/dist-packages/oslo_config/cfg.py:2609
2025-08-21 00:37:37.427 157168 DEBUG oslo_service.service [req-66ed698f-8d01-4646-a704-a602d0911ef3 - - - - -] api_database.retry_interval = 10 log_opt_values /usr/lib/python3/dist-packages/oslo_config/cfg.py:2609
2025-08-21 00:37:37.427 157168 DEBUG oslo_service.service [req-66ed698f-8d01-4646-a704-a602d0911ef3 - - - - -] api_database.slave_connection = **** log_opt_values /usr/lib/python3/dist-packages/oslo_config/cfg.py:2609
2025-08-21 00:37:37.427 157168 DEBUG oslo_service.service [req-66ed698f-8d01-4646-a704-a602d0911ef3 - - - - -] api_database.sqlite_synchronous = True log_opt_values /usr/lib/python3/dist-packages/oslo_config/cfg.py:2609
2025-08-21 00:37:37.427 157168 DEBUG oslo_service.service [req-66ed698f-8d01-4646-a704-a602d0911ef3 - - - - -] devices.enabled_mdev_types = [] log_opt_values /usr/lib/python3/dist-packages/oslo_config/cfg.py:2609
2025-08-21 00:37:37.428 157168 DEBUG oslo_service.service [req-66ed698f-8d01-4646-a704-a602d0911ef3 - - - - -] ephemeral_storage_encryption.cipher = aes-xts-plain64 log_opt_values /usr/lib/python3/dist-packages/oslo_config/cfg.py:2609
2025-08-21 00:37:37.428 157168 DEBUG oslo_service.service [req-66ed698f-8d01-4646-a704-a602d0911ef3 - - - - -] ephemeral_storage_encryption.enabled = False log_opt_values /usr/lib/python3/dist-packages/oslo_config/cfg.py:2609
2025-08-21 00:37:37.428 157168 DEBUG oslo_service.service [req-66ed698f-8d01-4646-a704-a602d0911ef3 - - - - -] ephemeral_storage_encryption.key_size = 512 log_opt_values /usr/lib/python3/dist-packages/oslo_config/cfg.py:2609
2025-08-21 00:37:37.428 157168 WARNING oslo_config.cfg [req-66ed698f-8d01-4646-a704-a602d0911ef3 - - - - -] Deprecated: Option "api_servers" from group "glance" is deprecated for removal ( Support for image service configuration via standard keystoneauth1 Adapter options was added in the 17.0.0 Queens release. The api_servers option was retained temporarily to allow consumers time to cut over to a real load balancing solution. ). Its value may be silently ignored in the future.
2025-08-21 00:37:37.429 157168 DEBUG oslo_service.service [req-66ed698f-8d01-4646-a704-a602d0911ef3 - - - - -] glance.api_servers = ['http://252.22.200.107:9292'] log_opt_values /usr/lib/python3/dist-packages/oslo_config/cfg.py:2609
2025-08-21 00:37:37.429 157168 DEBUG oslo_service.service [req-66ed698f-8d01-4646-a704-a602d0911ef3 - - - - -] glance.cafile = None log_opt_values /usr/lib/python3/dist-packages/oslo_config/cfg.py:2609
2025-08-21 00:37:37.429 157168 DEBUG oslo_service.service [req-66ed698f-8d01-4646-a704-a602d0911ef3 - - - - -] glance.certfile = None log_opt_values /usr/lib/python3/dist-packages/oslo_config/cfg.py:2609
2025-08-21 00:37:37.429 157168 DEBUG oslo_service.service [req-66ed698f-8d01-4646-a704-a602d0911ef3 - - - - -] glance.collect_timing = False log_opt_values /usr/lib/python3/dist-packages/oslo_config/cfg.py:2609
2025-08-21 00:37:37.429 157168 DEBUG oslo_service.service [req-66ed698f-8d01-4646-a704-a602d0911ef3 - - - - -] glance.connect_retries = None log_opt_values /usr/lib/python3/dist-packages/oslo_config/cfg.py:2609
2025-08-21 00:37:37.430 157168 DEBUG oslo_service.service [req-66ed698f-8d01-4646-a704-a602d0911ef3 - - - - -] glance.connect_retry_delay = None log_opt_values /usr/lib/python3/dist-packages/oslo_config/cfg.py:2609
2025-08-21 00:37:37.430 157168 DEBUG oslo_service.service [req-66ed698f-8d01-4646-a704-a602d0911ef3 - - - - -] glance.debug = False log_opt_values /usr/lib/python3/dist-packages/oslo_config/cfg.py:2609
2025-08-21 00:37:37.430 157168 DEBUG oslo_service.service [req-66ed698f-8d01-4646-a704-a602d0911ef3 - - - - -] glance.default_trusted_certificate_ids = [] log_opt_values /usr/lib/python3/dist-packages/oslo_config/cfg.py:2609
2025-08-21 00:37:37.430 157168 DEBUG oslo_service.service [req-66ed698f-8d01-4646-a704-a602d0911ef3 - - - - -] glance.enable_certificate_validation = False log_opt_values /usr/lib/python3/dist-packages/oslo_config/cfg.py:2609
2025-08-21 00:37:37.430 157168 DEBUG oslo_service.service [req-66ed698f-8d01-4646-a704-a602d0911ef3 - - - - -] glance.enable_rbd_download = False log_opt_values /usr/lib/python3/dist-packages/oslo_config/cfg.py:2609
2025-08-21 00:37:37.430 157168 DEBUG oslo_service.service [req-66ed698f-8d01-4646-a704-a602d0911ef3 - - - - -] glance.endpoint_override = None log_opt_values /usr/lib/python3/dist-packages/oslo_config/cfg.py:2609
2025-08-21 00:37:37.431 157168 DEBUG oslo_service.service [req-66ed698f-8d01-4646-a704-a602d0911ef3 - - - - -] glance.insecure = False log_opt_values /usr/lib/python3/dist-packages/oslo_config/cfg.py:2609
2025-08-21 00:37:37.431 157168 DEBUG oslo_service.service [req-66ed698f-8d01-4646-a704-a602d0911ef3 - - - - -] glance.keyfile = None log_opt_values /usr/lib/python3/dist-packages/oslo_config/cfg.py:2609
2025-08-21 00:37:37.431 157168 DEBUG oslo_service.service [req-66ed698f-8d01-4646-a704-a602d0911ef3 - - - - -] glance.max_version = None log_opt_values /usr/lib/python3/dist-packages/oslo_config/cfg.py:2609
2025-08-21 00:37:37.431 157168 DEBUG oslo_service.service [req-66ed698f-8d01-4646-a704-a602d0911ef3 - - - - -] glance.min_version = None log_opt_values /usr/lib/python3/dist-packages/oslo_config/cfg.py:2609
2025-08-21 00:37:37.432 157168 DEBUG oslo_service.service [req-66ed698f-8d01-4646-a704-a602d0911ef3 - - - - -] glance.num_retries = 3 log_opt_values /usr/lib/python3/dist-packages/oslo_config/cfg.py:2609
2025-08-21 00:37:37.432 157168 DEBUG oslo_service.service [req-66ed698f-8d01-4646-a704-a602d0911ef3 - - - - -] glance.rbd_ceph_conf = log_opt_values /usr/lib/python3/dist-packages/oslo_config/cfg.py:2609
2025-08-21 00:37:37.432 157168 DEBUG oslo_service.service [req-66ed698f-8d01-4646-a704-a602d0911ef3 - - - - -] glance.rbd_connect_timeout = 5 log_opt_values /usr/lib/python3/dist-packages/oslo_config/cfg.py:2609
2025-08-21 00:37:37.432 157168 DEBUG oslo_service.service [req-66ed698f-8d01-4646-a704-a602d0911ef3 - - - - -] glance.rbd_pool = log_opt_values /usr/lib/python3/dist-packages/oslo_config/cfg.py:2609
2025-08-21 00:37:37.432 157168 DEBUG oslo_service.service [req-66ed698f-8d01-4646-a704-a602d0911ef3 - - - - -] glance.rbd_user = log_opt_values /usr/lib/python3/dist-packages/oslo_config/cfg.py:2609
2025-08-21 00:37:37.433 157168 DEBUG oslo_service.service [req-66ed698f-8d01-4646-a704-a602d0911ef3 - - - - -] glance.region_name = None log_opt_values /usr/lib/python3/dist-packages/oslo_config/cfg.py:2609
2025-08-21 00:37:37.433 157168 DEBUG oslo_service.service [req-66ed698f-8d01-4646-a704-a602d0911ef3 - - - - -] glance.service_name = None log_opt_values /usr/lib/python3/dist-packages/oslo_config/cfg.py:2609
2025-08-21 00:37:37.433 157168 DEBUG oslo_service.service [req-66ed698f-8d01-4646-a704-a602d0911ef3 - - - - -] glance.service_type = image log_opt_values /usr/lib/python3/dist-packages/oslo_config/cfg.py:2609
2025-08-21 00:37:37.433 157168 DEBUG oslo_service.service [req-66ed698f-8d01-4646-a704-a602d0911ef3 - - - - -] glance.split_loggers = False log_opt_values /usr/lib/python3/dist-packages/oslo_config/cfg.py:2609
2025-08-21 00:37:37.433 157168 DEBUG oslo_service.service [req-66ed698f-8d01-4646-a704-a602d0911ef3 - - - - -] glance.status_code_retries = None log_opt_values /usr/lib/python3/dist-packages/oslo_config/cfg.py:2609
2025-08-21 00:37:37.433 157168 DEBUG oslo_service.service [req-66ed698f-8d01-4646-a704-a602d0911ef3 - - - - -] glance.status_code_retry_delay = None log_opt_values /usr/lib/python3/dist-packages/oslo_config/cfg.py:2609
2025-08-21 00:37:37.433 157168 DEBUG oslo_service.service [req-66ed698f-8d01-4646-a704-a602d0911ef3 - - - - -] glance.timeout = None log_opt_values /usr/lib/python3/dist-packages/oslo_config/cfg.py:2609
2025-08-21 00:37:37.434 157168 DEBUG oslo_service.service [req-66ed698f-8d01-4646-a704-a602d0911ef3 - - - - -] glance.valid_interfaces = ['internal', 'public'] log_opt_values /usr/lib/python3/dist-packages/oslo_config/cfg.py:2609
2025-08-21 00:37:37.434 157168 DEBUG oslo_service.service [req-66ed698f-8d01-4646-a704-a602d0911ef3 - - - - -] glance.verify_glance_signatures = False log_opt_values /usr/lib/python3/dist-packages/oslo_config/cfg.py:2609
2025-08-21 00:37:37.434 157168 DEBUG oslo_service.service [req-66ed698f-8d01-4646-a704-a602d0911ef3 - - - - -] glance.version = None log_opt_values /usr/lib/python3/dist-packages/oslo_config/cfg.py:2609
2025-08-21 00:37:37.434 157168 DEBUG oslo_service.service [req-66ed698f-8d01-4646-a704-a602d0911ef3 - - - - -] guestfs.debug = False log_opt_values /usr/lib/python3/dist-packages/oslo_config/cfg.py:2609
2025-08-21 00:37:37.434 157168 DEBUG oslo_service.service [req-66ed698f-8d01-4646-a704-a602d0911ef3 - - - - -] hyperv.config_drive_cdrom = False log_opt_values /usr/lib/python3/dist-packages/oslo_config/cfg.py:2609
2025-08-21 00:37:37.434 157168 DEBUG oslo_service.service [req-66ed698f-8d01-4646-a704-a602d0911ef3 - - - - -] hyperv.config_drive_inject_password = False log_opt_values /usr/lib/python3/dist-packages/oslo_config/cfg.py:2609
2025-08-21 00:37:37.435 157168 DEBUG oslo_service.service [req-66ed698f-8d01-4646-a704-a602d0911ef3 - - - - -] hyperv.dynamic_memory_ratio = 1.0 log_opt_values /usr/lib/python3/dist-packages/oslo_config/cfg.py:2609
2025-08-21 00:37:37.435 157168 DEBUG oslo_service.service [req-66ed698f-8d01-4646-a704-a602d0911ef3 - - - - -] hyperv.enable_instance_metrics_collection = False log_opt_values /usr/lib/python3/dist-packages/oslo_config/cfg.py:2609
2025-08-21 00:37:37.435 157168 DEBUG oslo_service.service [req-66ed698f-8d01-4646-a704-a602d0911ef3 - - - - -] hyperv.enable_remotefx = False log_opt_values /usr/lib/python3/dist-packages/oslo_config/cfg.py:2609
2025-08-21 00:37:37.435 157168 DEBUG oslo_service.service [req-66ed698f-8d01-4646-a704-a602d0911ef3 - - - - -] hyperv.instances_path_share = log_opt_values /usr/lib/python3/dist-packages/oslo_config/cfg.py:2609
2025-08-21 00:37:37.435 157168 DEBUG oslo_service.service [req-66ed698f-8d01-4646-a704-a602d0911ef3 - - - - -] hyperv.iscsi_initiator_list = [] log_opt_values /usr/lib/python3/dist-packages/oslo_config/cfg.py:2609
2025-08-21 00:37:37.436 157168 DEBUG oslo_service.service [req-66ed698f-8d01-4646-a704-a602d0911ef3 - - - - -] hyperv.limit_cpu_features = False log_opt_values /usr/lib/python3/dist-packages/oslo_config/cfg.py:2609
2025-08-21 00:37:37.436 157168 DEBUG oslo_service.service [req-66ed698f-8d01-4646-a704-a602d0911ef3 - - - - -] hyperv.mounted_disk_query_retry_count = 10 log_opt_values /usr/lib/python3/dist-packages/oslo_config/cfg.py:2609
2025-08-21 00:37:37.436 157168 DEBUG oslo_service.service [req-66ed698f-8d01-4646-a704-a602d0911ef3 - - - - -] hyperv.mounted_disk_query_retry_interval = 5 log_opt_values /usr/lib/python3/dist-packages/oslo_config/cfg.py:2609
2025-08-21 00:37:37.436 157168 DEBUG oslo_service.service [req-66ed698f-8d01-4646-a704-a602d0911ef3 - - - - -] hyperv.power_state_check_timeframe = 60 log_opt_values /usr/lib/python3/dist-packages/oslo_config/cfg.py:2609
2025-08-21 00:37:37.436 157168 DEBUG oslo_service.service [req-66ed698f-8d01-4646-a704-a602d0911ef3 - - - - -] hyperv.power_state_event_polling_interval = 2 log_opt_values /usr/lib/python3/dist-packages/oslo_config/cfg.py:2609
2025-08-21 00:37:37.437 157168 DEBUG oslo_service.service [req-66ed698f-8d01-4646-a704-a602d0911ef3 - - - - -] hyperv.qemu_img_cmd = qemu-img.exe log_opt_values /usr/lib/python3/dist-packages/oslo_config/cfg.py:2609
2025-08-21 00:37:37.437 157168 DEBUG oslo_service.service [req-66ed698f-8d01-4646-a704-a602d0911ef3 - - - - -] hyperv.use_multipath_io = False log_opt_values /usr/lib/python3/dist-packages/oslo_config/cfg.py:2609
2025-08-21 00:37:37.437 157168 DEBUG oslo_service.service [req-66ed698f-8d01-4646-a704-a602d0911ef3 - - - - -] hyperv.volume_attach_retry_count = 10 log_opt_values /usr/lib/python3/dist-packages/oslo_config/cfg.py:2609
2025-08-21 00:37:37.437 157168 DEBUG oslo_service.service [req-66ed698f-8d01-4646-a704-a602d0911ef3 - - - - -] hyperv.volume_attach_retry_interval = 5 log_opt_values /usr/lib/python3/dist-packages/oslo_config/cfg.py:2609
2025-08-21 00:37:37.437 157168 DEBUG oslo_service.service [req-66ed698f-8d01-4646-a704-a602d0911ef3 - - - - -] hyperv.vswitch_name = None log_opt_values /usr/lib/python3/dist-packages/oslo_config/cfg.py:2609
2025-08-21 00:37:37.437 157168 DEBUG oslo_service.service [req-66ed698f-8d01-4646-a704-a602d0911ef3 - - - - -] hyperv.wait_soft_reboot_seconds = 60 log_opt_values /usr/lib/python3/dist-packages/oslo_config/cfg.py:2609
