2025-08-21 01:57:01.337 7 DEBUG oslo_service.service [-] ml2_type_gre.tunnel_id_ranges = [] log_opt_values /var/lib/kolla/venv/lib/python3.6/site-packages/oslo_config/cfg.py:2611
2025-08-21 01:57:01.338 7 DEBUG oslo_service.service [-] ml2_type_vlan.network_vlan_ranges = [] log_opt_values /var/lib/kolla/venv/lib/python3.6/site-packages/oslo_config/cfg.py:2611
2025-08-21 01:57:01.338 7 DEBUG oslo_service.service [-] ml2_type_vxlan.vni_ranges = [] log_opt_values /var/lib/kolla/venv/lib/python3.6/site-packages/oslo_config/cfg.py:2611
2025-08-21 01:57:01.339 7 DEBUG oslo_service.service [-] ml2_type_vxlan.vxlan_group = None log_opt_values /var/lib/kolla/venv/lib/python3.6/site-packages/oslo_config/cfg.py:2611
2025-08-21 01:57:01.339 7 DEBUG oslo_service.service [-] database.backend = sqlalchemy log_opt_values /var/lib/kolla/venv/lib/python3.6/site-packages/oslo_config/cfg.py:2611
2025-08-21 01:57:01.339 7 DEBUG oslo_service.service [-] database.connection = **** log_opt_values /var/lib/kolla/venv/lib/python3.6/site-packages/oslo_config/cfg.py:2611
2025-08-21 01:57:01.339 7 DEBUG oslo_service.service [-] database.connection_debug = 0 log_opt_values /var/lib/kolla/venv/lib/python3.6/site-packages/oslo_config/cfg.py:2611
2025-08-21 01:57:01.339 7 DEBUG oslo_service.service [-] database.connection_parameters = log_opt_values /var/lib/kolla/venv/lib/python3.6/site-packages/oslo_config/cfg.py:2611
2025-08-21 01:57:01.339 7 DEBUG oslo_service.service [-] database.connection_recycle_time = 10 log_opt_values /var/lib/kolla/venv/lib/python3.6/site-packages/oslo_config/cfg.py:2611
2025-08-21 01:57:01.339 7 DEBUG oslo_service.service [-] database.connection_trace = False log_opt_values /var/lib/kolla/venv/lib/python3.6/site-packages/oslo_config/cfg.py:2611
2025-08-21 01:57:01.339 7 DEBUG oslo_service.service [-] database.db_inc_retry_interval = True log_opt_values /var/lib/kolla/venv/lib/python3.6/site-packages/oslo_config/cfg.py:2611
2025-08-21 01:57:01.339 7 DEBUG oslo_service.service [-] database.db_max_retries = 20 log_opt_values /var/lib/kolla/venv/lib/python3.6/site-packages/oslo_config/cfg.py:2611
2025-08-21 01:57:01.339 7 DEBUG oslo_service.service [-] database.db_max_retry_interval = 10 log_opt_values /var/lib/kolla/venv/lib/python3.6/site-packages/oslo_config/cfg.py:2611
2025-08-21 01:57:01.339 7 DEBUG oslo_service.service [-] database.db_retry_interval = 1 log_opt_values /var/lib/kolla/venv/lib/python3.6/site-packages/oslo_config/cfg.py:2611
2025-08-21 01:57:01.339 7 DEBUG oslo_service.service [-] database.max_overflow = 50 log_opt_values /var/lib/kolla/venv/lib/python3.6/site-packages/oslo_config/cfg.py:2611
2025-08-21 01:57:01.339 7 DEBUG oslo_service.service [-] database.max_pool_size = 1 log_opt_values /var/lib/kolla/venv/lib/python3.6/site-packages/oslo_config/cfg.py:2611
2025-08-21 01:57:01.339 7 DEBUG oslo_service.service [-] database.max_retries = -1 log_opt_values /var/lib/kolla/venv/lib/python3.6/site-packages/oslo_config/cfg.py:2611
2025-08-21 01:57:01.339 7 DEBUG oslo_service.service [-] database.mysql_enable_ndb = False log_opt_values /var/lib/kolla/venv/lib/python3.6/site-packages/oslo_config/cfg.py:2611
2025-08-21 01:57:01.339 7 DEBUG oslo_service.service [-] database.mysql_sql_mode = TRADITIONAL log_opt_values /var/lib/kolla/venv/lib/python3.6/site-packages/oslo_config/cfg.py:2611
2025-08-21 01:57:01.340 7 DEBUG oslo_service.service [-] database.pool_timeout = None log_opt_values /var/lib/kolla/venv/lib/python3.6/site-packages/oslo_config/cfg.py:2611
2025-08-21 01:57:01.340 7 DEBUG oslo_service.service [-] database.retry_interval = 10 log_opt_values /var/lib/kolla/venv/lib/python3.6/site-packages/oslo_config/cfg.py:2611
2025-08-21 01:57:01.340 7 DEBUG oslo_service.service [-] database.slave_connection = **** log_opt_values /var/lib/kolla/venv/lib/python3.6/site-packages/oslo_config/cfg.py:2611
2025-08-21 01:57:01.340 7 DEBUG oslo_service.service [-] database.sqlite_synchronous = True log_opt_values /var/lib/kolla/venv/lib/python3.6/site-packages/oslo_config/cfg.py:2611
2025-08-21 01:57:01.340 7 DEBUG oslo_service.service [-] database.use_db_reconnect = False log_opt_values /var/lib/kolla/venv/lib/python3.6/site-packages/oslo_config/cfg.py:2611
2025-08-21 01:57:01.340 7 DEBUG oslo_service.service [-] ******************************************************************************** log_opt_values /var/lib/kolla/venv/lib/python3.6/site-packages/oslo_config/cfg.py:2613
2025-08-21 01:57:03.325 22 DEBUG neutron.wsgi [-] (22) accepted ('10.0.0.23', 58082) server /var/lib/kolla/venv/lib/python3.6/site-packages/eventlet/wsgi.py:1004
2025-08-21 01:57:03.331 22 INFO neutron.wsgi [-] 10.0.0.23 "GET / HTTP/1.1" status: 200 len: 227 time: 0.0044231
2025-08-21 01:57:05.120 24 DEBUG neutron.api.rpc.handlers.dhcp_rpc [req-dd640123-f8d0-4ed1-9314-313e9eb276d5 - - - - -] get_active_networks_info from cn-jenkins-deploy-platform-ansible-os-3905-1 get_active_networks_info /var/lib/kolla/venv/lib/python3.6/site-packages/neutron/api/rpc/handlers/dhcp_rpc.py:159
2025-08-21 01:57:05.145 26 DEBUG neutron_lib.callbacks.manager [req-d4060b1d-27f6-4d08-99a8-54ea7e6c1d10 - - - - -] Publish callbacks ['neutron.services.segments.db._update_segment_host_mapping_for_agent-8764925220723', 'neutron.services.l3_router.l3_router_plugin.DVRResourceOperationHandler.create_fip_agent_gw_ports--9223372036846830332'] for agent (9887c2c5-9f36-4b5c-a748-1d62af6b3cef), after_create _notify_loop /var/lib/kolla/venv/lib/python3.6/site-packages/neutron_lib/callbacks/manager.py:177
2025-08-21 01:57:05.158 24 DEBUG neutron.scheduler.dhcp_agent_scheduler [req-dd640123-f8d0-4ed1-9314-313e9eb276d5 - - - - -] No non-hosted networks auto_schedule_networks /var/lib/kolla/venv/lib/python3.6/site-packages/neutron/scheduler/dhcp_agent_scheduler.py:60
2025-08-21 01:57:22.139 27 DEBUG neutron_lib.callbacks.manager [req-55f36796-c2df-4156-86b1-9176439a45ec - - - - -] Publish callbacks ['neutron.services.segments.db._update_segment_host_mapping_for_agent-8764925220723', 'neutron.services.l3_router.l3_router_plugin.DVRResourceOperationHandler.create_fip_agent_gw_ports--9223372036846830332'] for agent (d0a44795-53e6-411f-9a27-00433bd4ccb1), after_create _notify_loop /var/lib/kolla/venv/lib/python3.6/site-packages/neutron_lib/callbacks/manager.py:177
2025-08-21 01:57:33.370 22 DEBUG neutron.wsgi [-] (22) accepted ('10.0.0.23', 49708) server /var/lib/kolla/venv/lib/python3.6/site-packages/eventlet/wsgi.py:1004
2025-08-21 01:57:33.373 22 INFO neutron.wsgi [-] 10.0.0.23 "GET / HTTP/1.1" status: 200 len: 227 time: 0.0028684
2025-08-21 01:57:35.128 28 DEBUG neutron_lib.callbacks.manager [req-9451a307-e952-421c-8df9-d5df0f961bc0 - - - - -] Publish callbacks ['neutron.services.segments.db._update_segment_host_mapping_for_agent-8764925220723', 'neutron.plugins.ml2.plugin.Ml2Plugin._retry_binding_revived_agents--9223372036847114608'] for agent (9887c2c5-9f36-4b5c-a748-1d62af6b3cef), after_update _notify_loop /var/lib/kolla/venv/lib/python3.6/site-packages/neutron_lib/callbacks/manager.py:177
2025-08-21 01:57:52.114 25 DEBUG neutron_lib.callbacks.manager [req-55f36796-c2df-4156-86b1-9176439a45ec - - - - -] Publish callbacks ['neutron.services.segments.db._update_segment_host_mapping_for_agent-8764925220723', 'neutron.plugins.ml2.plugin.Ml2Plugin._retry_binding_revived_agents--9223372036847114608'] for agent (d0a44795-53e6-411f-9a27-00433bd4ccb1), after_update _notify_loop /var/lib/kolla/venv/lib/python3.6/site-packages/neutron_lib/callbacks/manager.py:177
2025-08-21 01:57:55.276 29 DEBUG neutron.db.agents_db [req-f60e4cff-9df3-4951-a1f6-2fcb720d9e2a - - - - -] Agent healthcheck: found 2 active agents agent_health_check /var/lib/kolla/venv/lib/python3.6/site-packages/neutron/db/agents_db.py:318
2025-08-21 01:58:03.411 22 DEBUG neutron.wsgi [-] (22) accepted ('10.0.0.23', 56814) server /var/lib/kolla/venv/lib/python3.6/site-packages/eventlet/wsgi.py:1004
2025-08-21 01:58:03.414 22 INFO neutron.wsgi [-] 10.0.0.23 "GET / HTTP/1.1" status: 200 len: 227 time: 0.0025315
2025-08-21 01:58:05.122 24 DEBUG neutron_lib.callbacks.manager [req-73c5a759-b7ca-4403-a92c-abeb217cb6e2 - - - - -] Publish callbacks ['neutron.services.segments.db._update_segment_host_mapping_for_agent-8764925220723', 'neutron.plugins.ml2.plugin.Ml2Plugin._retry_binding_revived_agents--9223372036847114608'] for agent (9887c2c5-9f36-4b5c-a748-1d62af6b3cef), after_update _notify_loop /var/lib/kolla/venv/lib/python3.6/site-packages/neutron_lib/callbacks/manager.py:177
2025-08-21 01:58:22.115 23 DEBUG neutron_lib.callbacks.manager [req-55f36796-c2df-4156-86b1-9176439a45ec - - - - -] Publish callbacks ['neutron.services.segments.db._update_segment_host_mapping_for_agent-8764925220723', 'neutron.plugins.ml2.plugin.Ml2Plugin._retry_binding_revived_agents--9223372036847114608'] for agent (d0a44795-53e6-411f-9a27-00433bd4ccb1), after_update _notify_loop /var/lib/kolla/venv/lib/python3.6/site-packages/neutron_lib/callbacks/manager.py:177
2025-08-21 01:58:32.271 29 DEBUG neutron.db.agents_db [req-f60e4cff-9df3-4951-a1f6-2fcb720d9e2a - - - - -] Agent healthcheck: found 2 active agents agent_health_check /var/lib/kolla/venv/lib/python3.6/site-packages/neutron/db/agents_db.py:318
2025-08-21 01:58:33.458 22 DEBUG neutron.wsgi [-] (22) accepted ('10.0.0.23', 53082) server /var/lib/kolla/venv/lib/python3.6/site-packages/eventlet/wsgi.py:1004
2025-08-21 01:58:33.461 22 INFO neutron.wsgi [-] 10.0.0.23 "GET / HTTP/1.1" status: 200 len: 227 time: 0.0028481
2025-08-21 01:58:35.119 26 DEBUG neutron_lib.callbacks.manager [req-7eb93348-888b-4888-afcd-f8d47e81258a - - - - -] Publish callbacks ['neutron.services.segments.db._update_segment_host_mapping_for_agent-8764925220723', 'neutron.plugins.ml2.plugin.Ml2Plugin._retry_binding_revived_agents--9223372036847114608'] for agent (9887c2c5-9f36-4b5c-a748-1d62af6b3cef), after_update _notify_loop /var/lib/kolla/venv/lib/python3.6/site-packages/neutron_lib/callbacks/manager.py:177
2025-08-21 01:58:52.105 27 DEBUG neutron_lib.callbacks.manager [req-55f36796-c2df-4156-86b1-9176439a45ec - - - - -] Publish callbacks ['neutron.services.segments.db._update_segment_host_mapping_for_agent-8764925220723', 'neutron.plugins.ml2.plugin.Ml2Plugin._retry_binding_revived_agents--9223372036847114608'] for agent (d0a44795-53e6-411f-9a27-00433bd4ccb1), after_update _notify_loop /var/lib/kolla/venv/lib/python3.6/site-packages/neutron_lib/callbacks/manager.py:177
2025-08-21 01:59:03.500 22 DEBUG neutron.wsgi [-] (22) accepted ('10.0.0.23', 51848) server /var/lib/kolla/venv/lib/python3.6/site-packages/eventlet/wsgi.py:1004
2025-08-21 01:59:03.504 22 INFO neutron.wsgi [-] 10.0.0.23 "GET / HTTP/1.1" status: 200 len: 227 time: 0.0027101
2025-08-21 01:59:05.114 28 DEBUG neutron_lib.callbacks.manager [req-8e22a193-d9c3-4fb8-922b-e3ba296cd5fa - - - - -] Publish callbacks ['neutron.services.segments.db._update_segment_host_mapping_for_agent-8764925220723', 'neutron.plugins.ml2.plugin.Ml2Plugin._retry_binding_revived_agents--9223372036847114608'] for agent (9887c2c5-9f36-4b5c-a748-1d62af6b3cef), after_update _notify_loop /var/lib/kolla/venv/lib/python3.6/site-packages/neutron_lib/callbacks/manager.py:177
2025-08-21 01:59:09.278 29 DEBUG neutron.db.agents_db [req-f60e4cff-9df3-4951-a1f6-2fcb720d9e2a - - - - -] Agent healthcheck: found 2 active agents agent_health_check /var/lib/kolla/venv/lib/python3.6/site-packages/neutron/db/agents_db.py:318
2025-08-21 01:59:22.106 25 DEBUG neutron_lib.callbacks.manager [req-55f36796-c2df-4156-86b1-9176439a45ec - - - - -] Publish callbacks ['neutron.services.segments.db._update_segment_host_mapping_for_agent-8764925220723', 'neutron.plugins.ml2.plugin.Ml2Plugin._retry_binding_revived_agents--9223372036847114608'] for agent (d0a44795-53e6-411f-9a27-00433bd4ccb1), after_update _notify_loop /var/lib/kolla/venv/lib/python3.6/site-packages/neutron_lib/callbacks/manager.py:177
2025-08-21 01:59:33.543 22 DEBUG neutron.wsgi [-] (22) accepted ('10.0.0.23', 41334) server /var/lib/kolla/venv/lib/python3.6/site-packages/eventlet/wsgi.py:1004
2025-08-21 01:59:33.547 22 INFO neutron.wsgi [-] 10.0.0.23 "GET / HTTP/1.1" status: 200 len: 227 time: 0.0027041
2025-08-21 01:59:35.119 24 DEBUG neutron_lib.callbacks.manager [req-a7a42a4f-0754-4532-8e75-da90afb07195 - - - - -] Publish callbacks ['neutron.services.segments.db._update_segment_host_mapping_for_agent-8764925220723', 'neutron.plugins.ml2.plugin.Ml2Plugin._retry_binding_revived_agents--9223372036847114608'] for agent (9887c2c5-9f36-4b5c-a748-1d62af6b3cef), after_update _notify_loop /var/lib/kolla/venv/lib/python3.6/site-packages/neutron_lib/callbacks/manager.py:177
2025-08-21 01:59:46.284 29 DEBUG neutron.db.agents_db [req-f60e4cff-9df3-4951-a1f6-2fcb720d9e2a - - - - -] Agent healthcheck: found 2 active agents agent_health_check /var/lib/kolla/venv/lib/python3.6/site-packages/neutron/db/agents_db.py:318
2025-08-21 01:59:52.108 23 DEBUG neutron_lib.callbacks.manager [req-55f36796-c2df-4156-86b1-9176439a45ec - - - - -] Publish callbacks ['neutron.services.segments.db._update_segment_host_mapping_for_agent-8764925220723', 'neutron.plugins.ml2.plugin.Ml2Plugin._retry_binding_revived_agents--9223372036847114608'] for agent (d0a44795-53e6-411f-9a27-00433bd4ccb1), after_update _notify_loop /var/lib/kolla/venv/lib/python3.6/site-packages/neutron_lib/callbacks/manager.py:177
2025-08-21 02:00:03.588 22 DEBUG neutron.wsgi [-] (22) accepted ('10.0.0.23', 60694) server /var/lib/kolla/venv/lib/python3.6/site-packages/eventlet/wsgi.py:1004
2025-08-21 02:00:03.591 22 INFO neutron.wsgi [-] 10.0.0.23 "GET / HTTP/1.1" status: 200 len: 227 time: 0.0024164
2025-08-21 02:00:05.124 26 DEBUG neutron_lib.callbacks.manager [req-3cfb8d96-2d4e-4184-b598-688841360ec0 - - - - -] Publish callbacks ['neutron.services.segments.db._update_segment_host_mapping_for_agent-8764925220723', 'neutron.plugins.ml2.plugin.Ml2Plugin._retry_binding_revived_agents--9223372036847114608'] for agent (9887c2c5-9f36-4b5c-a748-1d62af6b3cef), after_update _notify_loop /var/lib/kolla/venv/lib/python3.6/site-packages/neutron_lib/callbacks/manager.py:177
2025-08-21 02:00:22.111 27 DEBUG neutron_lib.callbacks.manager [req-55f36796-c2df-4156-86b1-9176439a45ec - - - - -] Publish callbacks ['neutron.services.segments.db._update_segment_host_mapping_for_agent-8764925220723', 'neutron.plugins.ml2.plugin.Ml2Plugin._retry_binding_revived_agents--9223372036847114608'] for agent (d0a44795-53e6-411f-9a27-00433bd4ccb1), after_update _notify_loop /var/lib/kolla/venv/lib/python3.6/site-packages/neutron_lib/callbacks/manager.py:177
2025-08-21 02:00:23.291 29 DEBUG neutron.db.agents_db [req-f60e4cff-9df3-4951-a1f6-2fcb720d9e2a - - - - -] Agent healthcheck: found 2 active agents agent_health_check /var/lib/kolla/venv/lib/python3.6/site-packages/neutron/db/agents_db.py:318
2025-08-21 02:00:33.633 22 DEBUG neutron.wsgi [-] (22) accepted ('10.0.0.23', 34146) server /var/lib/kolla/venv/lib/python3.6/site-packages/eventlet/wsgi.py:1004
2025-08-21 02:00:33.636 22 INFO neutron.wsgi [-] 10.0.0.23 "GET / HTTP/1.1" status: 200 len: 227 time: 0.0023873
2025-08-21 02:00:35.128 28 DEBUG neutron_lib.callbacks.manager [req-4986fbbb-034b-44ed-a94b-69afbe3b73da - - - - -] Publish callbacks ['neutron.services.segments.db._update_segment_host_mapping_for_agent-8764925220723', 'neutron.plugins.ml2.plugin.Ml2Plugin._retry_binding_revived_agents--9223372036847114608'] for agent (9887c2c5-9f36-4b5c-a748-1d62af6b3cef), after_update _notify_loop /var/lib/kolla/venv/lib/python3.6/site-packages/neutron_lib/callbacks/manager.py:177
2025-08-21 02:00:52.113 25 DEBUG neutron_lib.callbacks.manager [req-55f36796-c2df-4156-86b1-9176439a45ec - - - - -] Publish callbacks ['neutron.services.segments.db._update_segment_host_mapping_for_agent-8764925220723', 'neutron.plugins.ml2.plugin.Ml2Plugin._retry_binding_revived_agents--9223372036847114608'] for agent (d0a44795-53e6-411f-9a27-00433bd4ccb1), after_update _notify_loop /var/lib/kolla/venv/lib/python3.6/site-packages/neutron_lib/callbacks/manager.py:177
2025-08-21 02:01:00.300 29 DEBUG neutron.db.agents_db [req-f60e4cff-9df3-4951-a1f6-2fcb720d9e2a - - - - -] Agent healthcheck: found 2 active agents agent_health_check /var/lib/kolla/venv/lib/python3.6/site-packages/neutron/db/agents_db.py:318
2025-08-21 02:01:03.676 22 DEBUG neutron.wsgi [-] (22) accepted ('10.0.0.23', 53042) server /var/lib/kolla/venv/lib/python3.6/site-packages/eventlet/wsgi.py:1004
2025-08-21 02:01:03.682 22 INFO neutron.wsgi [-] 10.0.0.23 "GET / HTTP/1.1" status: 200 len: 227 time: 0.0024338
2025-08-21 02:01:05.133 24 DEBUG neutron_lib.callbacks.manager [req-9d735844-3aaf-41a7-816d-3567422cbb79 - - - - -] Publish callbacks ['neutron.services.segments.db._update_segment_host_mapping_for_agent-8764925220723', 'neutron.plugins.ml2.plugin.Ml2Plugin._retry_binding_revived_agents--9223372036847114608'] for agent (9887c2c5-9f36-4b5c-a748-1d62af6b3cef), after_update _notify_loop /var/lib/kolla/venv/lib/python3.6/site-packages/neutron_lib/callbacks/manager.py:177
2025-08-21 02:01:22.114 23 DEBUG neutron_lib.callbacks.manager [req-55f36796-c2df-4156-86b1-9176439a45ec - - - - -] Publish callbacks ['neutron.services.segments.db._update_segment_host_mapping_for_agent-8764925220723', 'neutron.plugins.ml2.plugin.Ml2Plugin._retry_binding_revived_agents--9223372036847114608'] for agent (d0a44795-53e6-411f-9a27-00433bd4ccb1), after_update _notify_loop /var/lib/kolla/venv/lib/python3.6/site-packages/neutron_lib/callbacks/manager.py:177
2025-08-21 02:01:33.721 22 DEBUG neutron.wsgi [-] (22) accepted ('10.0.0.23', 56944) server /var/lib/kolla/venv/lib/python3.6/site-packages/eventlet/wsgi.py:1004
2025-08-21 02:01:33.726 22 INFO neutron.wsgi [-] 10.0.0.23 "GET / HTTP/1.1" status: 200 len: 227 time: 0.0040319
2025-08-21 02:01:35.137 26 DEBUG neutron_lib.callbacks.manager [req-c852f402-9cbc-4a71-9be5-f4fa20f1427f - - - - -] Publish callbacks ['neutron.services.segments.db._update_segment_host_mapping_for_agent-8764925220723', 'neutron.plugins.ml2.plugin.Ml2Plugin._retry_binding_revived_agents--9223372036847114608'] for agent (9887c2c5-9f36-4b5c-a748-1d62af6b3cef), after_update _notify_loop /var/lib/kolla/venv/lib/python3.6/site-packages/neutron_lib/callbacks/manager.py:177
2025-08-21 02:01:37.308 29 DEBUG neutron.db.agents_db [req-f60e4cff-9df3-4951-a1f6-2fcb720d9e2a - - - - -] Agent healthcheck: found 2 active agents agent_health_check /var/lib/kolla/venv/lib/python3.6/site-packages/neutron/db/agents_db.py:318
2025-08-21 02:01:52.117 27 DEBUG neutron_lib.callbacks.manager [req-55f36796-c2df-4156-86b1-9176439a45ec - - - - -] Publish callbacks ['neutron.services.segments.db._update_segment_host_mapping_for_agent-8764925220723', 'neutron.plugins.ml2.plugin.Ml2Plugin._retry_binding_revived_agents--9223372036847114608'] for agent (d0a44795-53e6-411f-9a27-00433bd4ccb1), after_update _notify_loop /var/lib/kolla/venv/lib/python3.6/site-packages/neutron_lib/callbacks/manager.py:177
2025-08-21 02:02:03.769 22 DEBUG neutron.wsgi [-] (22) accepted ('10.0.0.23', 59912) server /var/lib/kolla/venv/lib/python3.6/site-packages/eventlet/wsgi.py:1004
2025-08-21 02:02:03.772 22 INFO neutron.wsgi [-] 10.0.0.23 "GET / HTTP/1.1" status: 200 len: 227 time: 0.0025609
2025-08-21 02:02:05.165 28 DEBUG neutron_lib.callbacks.manager [req-151e7dfd-2a91-490e-99a5-9415275ca3d5 - - - - -] Publish callbacks ['neutron.services.segments.db._update_segment_host_mapping_for_agent-8764925220723', 'neutron.plugins.ml2.plugin.Ml2Plugin._retry_binding_revived_agents--9223372036847114608'] for agent (9887c2c5-9f36-4b5c-a748-1d62af6b3cef), after_update _notify_loop /var/lib/kolla/venv/lib/python3.6/site-packages/neutron_lib/callbacks/manager.py:177
2025-08-21 02:02:14.305 29 DEBUG neutron.db.agents_db [req-f60e4cff-9df3-4951-a1f6-2fcb720d9e2a - - - - -] Agent healthcheck: found 2 active agents agent_health_check /var/lib/kolla/venv/lib/python3.6/site-packages/neutron/db/agents_db.py:318
2025-08-21 02:02:22.119 25 DEBUG neutron_lib.callbacks.manager [req-55f36796-c2df-4156-86b1-9176439a45ec - - - - -] Publish callbacks ['neutron.services.segments.db._update_segment_host_mapping_for_agent-8764925220723', 'neutron.plugins.ml2.plugin.Ml2Plugin._retry_binding_revived_agents--9223372036847114608'] for agent (d0a44795-53e6-411f-9a27-00433bd4ccb1), after_update _notify_loop /var/lib/kolla/venv/lib/python3.6/site-packages/neutron_lib/callbacks/manager.py:177
2025-08-21 02:02:33.820 22 DEBUG neutron.wsgi [-] (22) accepted ('10.0.0.23', 55576) server /var/lib/kolla/venv/lib/python3.6/site-packages/eventlet/wsgi.py:1004
2025-08-21 02:02:33.823 22 INFO neutron.wsgi [-] 10.0.0.23 "GET / HTTP/1.1" status: 200 len: 227 time: 0.0024753
2025-08-21 02:02:35.144 24 DEBUG neutron_lib.callbacks.manager [req-2a37b3c3-5ec8-4944-aedc-b05e160a7882 - - - - -] Publish callbacks ['neutron.services.segments.db._update_segment_host_mapping_for_agent-8764925220723', 'neutron.plugins.ml2.plugin.Ml2Plugin._retry_binding_revived_agents--9223372036847114608'] for agent (9887c2c5-9f36-4b5c-a748-1d62af6b3cef), after_update _notify_loop /var/lib/kolla/venv/lib/python3.6/site-packages/neutron_lib/callbacks/manager.py:177
2025-08-21 02:02:51.310 29 DEBUG neutron.db.agents_db [req-f60e4cff-9df3-4951-a1f6-2fcb720d9e2a - - - - -] Agent healthcheck: found 2 active agents agent_health_check /var/lib/kolla/venv/lib/python3.6/site-packages/neutron/db/agents_db.py:318
2025-08-21 02:02:52.123 23 DEBUG neutron_lib.callbacks.manager [req-55f36796-c2df-4156-86b1-9176439a45ec - - - - -] Publish callbacks ['neutron.services.segments.db._update_segment_host_mapping_for_agent-8764925220723', 'neutron.plugins.ml2.plugin.Ml2Plugin._retry_binding_revived_agents--9223372036847114608'] for agent (d0a44795-53e6-411f-9a27-00433bd4ccb1), after_update _notify_loop /var/lib/kolla/venv/lib/python3.6/site-packages/neutron_lib/callbacks/manager.py:177
2025-08-21 02:03:03.868 22 DEBUG neutron.wsgi [-] (22) accepted ('10.0.0.23', 60910) server /var/lib/kolla/venv/lib/python3.6/site-packages/eventlet/wsgi.py:1004
2025-08-21 02:03:03.874 22 INFO neutron.wsgi [-] 10.0.0.23 "GET / HTTP/1.1" status: 200 len: 227 time: 0.0040956
2025-08-21 02:03:05.148 26 DEBUG neutron_lib.callbacks.manager [req-3c5e6ba6-ab2f-40e4-aa2b-f69d7256832f - - - - -] Publish callbacks ['neutron.services.segments.db._update_segment_host_mapping_for_agent-8764925220723', 'neutron.plugins.ml2.plugin.Ml2Plugin._retry_binding_revived_agents--9223372036847114608'] for agent (9887c2c5-9f36-4b5c-a748-1d62af6b3cef), after_update _notify_loop /var/lib/kolla/venv/lib/python3.6/site-packages/neutron_lib/callbacks/manager.py:177
2025-08-21 02:03:22.131 27 DEBUG neutron_lib.callbacks.manager [req-55f36796-c2df-4156-86b1-9176439a45ec - - - - -] Publish callbacks ['neutron.services.segments.db._update_segment_host_mapping_for_agent-8764925220723', 'neutron.plugins.ml2.plugin.Ml2Plugin._retry_binding_revived_agents--9223372036847114608'] for agent (d0a44795-53e6-411f-9a27-00433bd4ccb1), after_update _notify_loop /var/lib/kolla/venv/lib/python3.6/site-packages/neutron_lib/callbacks/manager.py:177
2025-08-21 02:03:28.315 29 DEBUG neutron.db.agents_db [req-f60e4cff-9df3-4951-a1f6-2fcb720d9e2a - - - - -] Agent healthcheck: found 2 active agents agent_health_check /var/lib/kolla/venv/lib/python3.6/site-packages/neutron/db/agents_db.py:318
2025-08-21 02:03:33.959 22 DEBUG neutron.wsgi [-] (22) accepted ('10.0.0.23', 38714) server /var/lib/kolla/venv/lib/python3.6/site-packages/eventlet/wsgi.py:1004
2025-08-21 02:03:33.962 22 INFO neutron.wsgi [-] 10.0.0.23 "GET / HTTP/1.1" status: 200 len: 227 time: 0.0026727
2025-08-21 02:03:35.208 28 DEBUG neutron_lib.callbacks.manager [req-32935d2d-b05a-4ff2-895e-1e8456d3aeec - - - - -] Publish callbacks ['neutron.services.segments.db._update_segment_host_mapping_for_agent-8764925220723', 'neutron.plugins.ml2.plugin.Ml2Plugin._retry_binding_revived_agents--9223372036847114608'] for agent (9887c2c5-9f36-4b5c-a748-1d62af6b3cef), after_update _notify_loop /var/lib/kolla/venv/lib/python3.6/site-packages/neutron_lib/callbacks/manager.py:177
2025-08-21 02:03:52.127 25 DEBUG neutron_lib.callbacks.manager [req-55f36796-c2df-4156-86b1-9176439a45ec - - - - -] Publish callbacks ['neutron.services.segments.db._update_segment_host_mapping_for_agent-8764925220723', 'neutron.plugins.ml2.plugin.Ml2Plugin._retry_binding_revived_agents--9223372036847114608'] for agent (d0a44795-53e6-411f-9a27-00433bd4ccb1), after_update _notify_loop /var/lib/kolla/venv/lib/python3.6/site-packages/neutron_lib/callbacks/manager.py:177
2025-08-21 02:04:04.014 22 DEBUG neutron.wsgi [-] (22) accepted ('10.0.0.23', 45020) server /var/lib/kolla/venv/lib/python3.6/site-packages/eventlet/wsgi.py:1004
2025-08-21 02:04:04.018 22 INFO neutron.wsgi [-] 10.0.0.23 "GET / HTTP/1.1" status: 200 len: 227 time: 0.0027764
2025-08-21 02:04:05.144 24 DEBUG neutron_lib.callbacks.manager [req-1aabd137-0d4c-4556-8635-15d7d9b756da - - - - -] Publish callbacks ['neutron.services.segments.db._update_segment_host_mapping_for_agent-8764925220723', 'neutron.plugins.ml2.plugin.Ml2Plugin._retry_binding_revived_agents--9223372036847114608'] for agent (9887c2c5-9f36-4b5c-a748-1d62af6b3cef), after_update _notify_loop /var/lib/kolla/venv/lib/python3.6/site-packages/neutron_lib/callbacks/manager.py:177
2025-08-21 02:04:05.324 29 DEBUG neutron.db.agents_db [req-f60e4cff-9df3-4951-a1f6-2fcb720d9e2a - - - - -] Agent healthcheck: found 2 active agents agent_health_check /var/lib/kolla/venv/lib/python3.6/site-packages/neutron/db/agents_db.py:318
2025-08-21 02:04:22.128 23 DEBUG neutron_lib.callbacks.manager [req-55f36796-c2df-4156-86b1-9176439a45ec - - - - -] Publish callbacks ['neutron.services.segments.db._update_segment_host_mapping_for_agent-8764925220723', 'neutron.plugins.ml2.plugin.Ml2Plugin._retry_binding_revived_agents--9223372036847114608'] for agent (d0a44795-53e6-411f-9a27-00433bd4ccb1), after_update _notify_loop /var/lib/kolla/venv/lib/python3.6/site-packages/neutron_lib/callbacks/manager.py:177
2025-08-21 02:04:34.065 22 DEBUG neutron.wsgi [-] (22) accepted ('10.0.0.23', 49648) server /var/lib/kolla/venv/lib/python3.6/site-packages/eventlet/wsgi.py:1004
2025-08-21 02:04:34.070 22 INFO neutron.wsgi [-] 10.0.0.23 "GET / HTTP/1.1" status: 200 len: 227 time: 0.0024073
2025-08-21 02:04:35.152 26 DEBUG neutron_lib.callbacks.manager [req-9e642aa2-cc90-4194-bc45-c2711caa8641 - - - - -] Publish callbacks ['neutron.services.segments.db._update_segment_host_mapping_for_agent-8764925220723', 'neutron.plugins.ml2.plugin.Ml2Plugin._retry_binding_revived_agents--9223372036847114608'] for agent (9887c2c5-9f36-4b5c-a748-1d62af6b3cef), after_update _notify_loop /var/lib/kolla/venv/lib/python3.6/site-packages/neutron_lib/callbacks/manager.py:177
2025-08-21 02:04:42.322 29 DEBUG neutron.db.agents_db [req-f60e4cff-9df3-4951-a1f6-2fcb720d9e2a - - - - -] Agent healthcheck: found 2 active agents agent_health_check /var/lib/kolla/venv/lib/python3.6/site-packages/neutron/db/agents_db.py:318
2025-08-21 02:04:44.472 7 INFO oslo_service.service [-] Caught SIGTERM, stopping children
2025-08-21 02:04:44.473 7 DEBUG oslo_concurrency.lockutils [-] Acquired lock "singleton_lock" lock /var/lib/kolla/venv/lib/python3.6/site-packages/oslo_concurrency/lockutils.py:294
2025-08-21 02:04:44.473 7 DEBUG oslo_concurrency.lockutils [-] Releasing lock "singleton_lock" lock /var/lib/kolla/venv/lib/python3.6/site-packages/oslo_concurrency/lockutils.py:312
2025-08-21 02:04:44.473 7 DEBUG oslo_service.service [-] Stop services. stop /var/lib/kolla/venv/lib/python3.6/site-packages/oslo_service/service.py:695
2025-08-21 02:04:44.473 7 DEBUG neutron.service [-] calling RpcWorker stop() stop /var/lib/kolla/venv/lib/python3.6/site-packages/neutron/service.py:138
2025-08-21 02:04:44.473 7 DEBUG neutron.service [-] calling RpcWorker stop() stop /var/lib/kolla/venv/lib/python3.6/site-packages/neutron/service.py:138
2025-08-21 02:04:44.473 7 DEBUG oslo_service.service [-] Killing children. stop /var/lib/kolla/venv/lib/python3.6/site-packages/oslo_service/service.py:700
2025-08-21 02:04:44.473 7 INFO oslo_service.service [-] Waiting on 8 children to exit
2025-08-21 02:04:44.474 22 INFO neutron.wsgi [-] (22) wsgi exited, is_accepting=True
2025-08-21 02:04:44.475 22 DEBUG oslo_concurrency.lockutils [req-7de52d58-ab08-4b9a-9f9d-fe3c8e826c28 - - - - -] Acquired lock "singleton_lock" lock /var/lib/kolla/venv/lib/python3.6/site-packages/oslo_concurrency/lockutils.py:294
2025-08-21 02:04:44.475 22 DEBUG oslo_concurrency.lockutils [req-7de52d58-ab08-4b9a-9f9d-fe3c8e826c28 - - - - -] Releasing lock "singleton_lock" lock /var/lib/kolla/venv/lib/python3.6/site-packages/oslo_concurrency/lockutils.py:312
2025-08-21 02:04:44.478 7 INFO oslo_service.service [-] Child 22 exited with status 0
2025-08-21 02:04:44.479 29 DEBUG neutron.service [-] calling RpcWorker stop() stop /var/lib/kolla/venv/lib/python3.6/site-packages/neutron/service.py:138
2025-08-21 02:04:44.479 25 DEBUG neutron.service [-] calling RpcWorker stop() stop /var/lib/kolla/venv/lib/python3.6/site-packages/neutron/service.py:138
2025-08-21 02:04:44.480 29 DEBUG neutron.service [-] calling stop on stop /var/lib/kolla/venv/lib/python3.6/site-packages/neutron/service.py:141
2025-08-21 02:04:44.480 25 DEBUG neutron.service [-] calling stop on stop /var/lib/kolla/venv/lib/python3.6/site-packages/neutron/service.py:141
2025-08-21 02:04:44.483 23 DEBUG neutron.service [-] calling RpcWorker stop() stop /var/lib/kolla/venv/lib/python3.6/site-packages/neutron/service.py:138
2025-08-21 02:04:44.483 23 DEBUG neutron.service [-] calling stop on stop /var/lib/kolla/venv/lib/python3.6/site-packages/neutron/service.py:141
2025-08-21 02:04:44.486 24 DEBUG neutron.service [-] calling RpcWorker stop() stop /var/lib/kolla/venv/lib/python3.6/site-packages/neutron/service.py:138
2025-08-21 02:04:44.486 24 DEBUG neutron.service [-] calling stop on stop /var/lib/kolla/venv/lib/python3.6/site-packages/neutron/service.py:141
2025-08-21 02:04:44.488 26 DEBUG neutron.service [-] calling RpcWorker stop() stop /var/lib/kolla/venv/lib/python3.6/site-packages/neutron/service.py:138
2025-08-21 02:04:44.488 26 DEBUG neutron.service [-] calling stop on stop /var/lib/kolla/venv/lib/python3.6/site-packages/neutron/service.py:141
2025-08-21 02:04:44.492 28 DEBUG neutron.service [-] calling RpcWorker stop() stop /var/lib/kolla/venv/lib/python3.6/site-packages/neutron/service.py:138
2025-08-21 02:04:44.493 27 DEBUG neutron.service [-] calling RpcWorker stop() stop /var/lib/kolla/venv/lib/python3.6/site-packages/neutron/service.py:138
2025-08-21 02:04:44.493 27 DEBUG neutron.service [-] calling stop on stop /var/lib/kolla/venv/lib/python3.6/site-packages/neutron/service.py:141
2025-08-21 02:04:44.496 28 DEBUG neutron.service [-] calling stop on stop /var/lib/kolla/venv/lib/python3.6/site-packages/neutron/service.py:141
2025-08-21 02:04:46.245 23 DEBUG neutron.service [-] calling stop on stop /var/lib/kolla/venv/lib/python3.6/site-packages/neutron/service.py:141
2025-08-21 02:04:46.260 27 DEBUG oslo_concurrency.lockutils [req-7de52d58-ab08-4b9a-9f9d-fe3c8e826c28 - - - - -] Acquired lock "singleton_lock" lock /var/lib/kolla/venv/lib/python3.6/site-packages/oslo_concurrency/lockutils.py:294
2025-08-21 02:04:46.260 27 DEBUG oslo_concurrency.lockutils [req-7de52d58-ab08-4b9a-9f9d-fe3c8e826c28 - - - - -] Releasing lock "singleton_lock" lock /var/lib/kolla/venv/lib/python3.6/site-packages/oslo_concurrency/lockutils.py:312
2025-08-21 02:04:46.260 27 DEBUG neutron.service [req-7de52d58-ab08-4b9a-9f9d-fe3c8e826c28 - - - - -] calling RpcWorker wait() _wait /var/lib/kolla/venv/lib/python3.6/site-packages/neutron/service.py:128
2025-08-21 02:04:46.261 27 DEBUG neutron.service [req-7de52d58-ab08-4b9a-9f9d-fe3c8e826c28 - - - - -] calling wait on _wait /var/lib/kolla/venv/lib/python3.6/site-packages/neutron/service.py:131
2025-08-21 02:04:46.263 28 DEBUG oslo_concurrency.lockutils [req-7de52d58-ab08-4b9a-9f9d-fe3c8e826c28 - - - - -] Acquired lock "singleton_lock" lock /var/lib/kolla/venv/lib/python3.6/site-packages/oslo_concurrency/lockutils.py:294
2025-08-21 02:04:46.264 28 DEBUG oslo_concurrency.lockutils [req-7de52d58-ab08-4b9a-9f9d-fe3c8e826c28 - - - - -] Releasing lock "singleton_lock" lock /var/lib/kolla/venv/lib/python3.6/site-packages/oslo_concurrency/lockutils.py:312
2025-08-21 02:04:46.264 28 DEBUG neutron.service [req-7de52d58-ab08-4b9a-9f9d-fe3c8e826c28 - - - - -] calling RpcWorker wait() _wait /var/lib/kolla/venv/lib/python3.6/site-packages/neutron/service.py:128
2025-08-21 02:04:46.264 28 DEBUG neutron.service [req-7de52d58-ab08-4b9a-9f9d-fe3c8e826c28 - - - - -] calling wait on _wait /var/lib/kolla/venv/lib/python3.6/site-packages/neutron/service.py:131
2025-08-21 02:04:46.266 24 DEBUG neutron.service [-] calling stop on stop /var/lib/kolla/venv/lib/python3.6/site-packages/neutron/service.py:141
2025-08-21 02:04:46.268 23 DEBUG neutron.service [-] calling stop on stop /var/lib/kolla/venv/lib/python3.6/site-packages/neutron/service.py:141
2025-08-21 02:04:46.271 25 DEBUG neutron.service [-] calling stop on stop /var/lib/kolla/venv/lib/python3.6/site-packages/neutron/service.py:141
2025-08-21 02:04:46.272 27 WARNING amqp [req-7de52d58-ab08-4b9a-9f9d-fe3c8e826c28 - - - - -] Received method (60, 30) during closing channel 1. This method will be ignored
2025-08-21 02:04:46.280 27 DEBUG neutron.service [req-7de52d58-ab08-4b9a-9f9d-fe3c8e826c28 - - - - -] returning from RpcWorker wait() _wait /var/lib/kolla/venv/lib/python3.6/site-packages/neutron/service.py:135
2025-08-21 02:04:46.284 28 WARNING amqp [req-7de52d58-ab08-4b9a-9f9d-fe3c8e826c28 - - - - -] Received method (60, 30) during closing channel 1. This method will be ignored
2025-08-21 02:04:46.286 29 DEBUG oslo_concurrency.lockutils [req-7de52d58-ab08-4b9a-9f9d-fe3c8e826c28 - - - - -] Acquired lock "singleton_lock" lock /var/lib/kolla/venv/lib/python3.6/site-packages/oslo_concurrency/lockutils.py:294
2025-08-21 02:04:46.287 29 DEBUG oslo_concurrency.lockutils [req-7de52d58-ab08-4b9a-9f9d-fe3c8e826c28 - - - - -] Releasing lock "singleton_lock" lock /var/lib/kolla/venv/lib/python3.6/site-packages/oslo_concurrency/lockutils.py:312
2025-08-21 02:04:46.287 29 DEBUG neutron.service [req-7de52d58-ab08-4b9a-9f9d-fe3c8e826c28 - - - - -] calling RpcWorker wait() _wait /var/lib/kolla/venv/lib/python3.6/site-packages/neutron/service.py:128
2025-08-21 02:04:46.287 29 DEBUG neutron.service [req-7de52d58-ab08-4b9a-9f9d-fe3c8e826c28 - - - - -] calling wait on _wait /var/lib/kolla/venv/lib/python3.6/site-packages/neutron/service.py:131
2025-08-21 02:04:46.288 28 DEBUG neutron.service [req-7de52d58-ab08-4b9a-9f9d-fe3c8e826c28 - - - - -] returning from RpcWorker wait() _wait /var/lib/kolla/venv/lib/python3.6/site-packages/neutron/service.py:135
2025-08-21 02:04:46.293 7 INFO oslo_service.service [-] Child 28 exited with status 0
2025-08-21 02:04:46.293 7 INFO oslo_service.service [-] Child 27 exited with status 0
2025-08-21 02:04:46.298 29 WARNING amqp [req-7de52d58-ab08-4b9a-9f9d-fe3c8e826c28 - - - - -] Received method (60, 30) during closing channel 1. This method will be ignored
2025-08-21 02:04:46.300 29 DEBUG neutron.service [req-7de52d58-ab08-4b9a-9f9d-fe3c8e826c28 - - - - -] returning from RpcWorker wait() _wait /var/lib/kolla/venv/lib/python3.6/site-packages/neutron/service.py:135
2025-08-21 02:04:46.305 7 INFO oslo_service.service [-] Child 29 exited with status 0
2025-08-21 02:04:48.352 26 DEBUG oslo_concurrency.lockutils [req-7de52d58-ab08-4b9a-9f9d-fe3c8e826c28 - - - - -] Acquired lock "singleton_lock" lock /var/lib/kolla/venv/lib/python3.6/site-packages/oslo_concurrency/lockutils.py:294
2025-08-21 02:04:48.353 26 DEBUG oslo_concurrency.lockutils [req-7de52d58-ab08-4b9a-9f9d-fe3c8e826c28 - - - - -] Releasing lock "singleton_lock" lock /var/lib/kolla/venv/lib/python3.6/site-packages/oslo_concurrency/lockutils.py:312
2025-08-21 02:04:48.353 26 DEBUG neutron.service [req-7de52d58-ab08-4b9a-9f9d-fe3c8e826c28 - - - - -] calling RpcWorker wait() _wait /var/lib/kolla/venv/lib/python3.6/site-packages/neutron/service.py:128
2025-08-21 02:04:48.353 26 DEBUG neutron.service [req-7de52d58-ab08-4b9a-9f9d-fe3c8e826c28 - - - - -] calling wait on _wait /var/lib/kolla/venv/lib/python3.6/site-packages/neutron/service.py:131
2025-08-21 02:04:48.360 26 WARNING amqp [req-7de52d58-ab08-4b9a-9f9d-fe3c8e826c28 - - - - -] Received method (60, 30) during closing channel 1. This method will be ignored
2025-08-21 02:04:48.361 26 DEBUG neutron.service [req-7de52d58-ab08-4b9a-9f9d-fe3c8e826c28 - - - - -] returning from RpcWorker wait() _wait /var/lib/kolla/venv/lib/python3.6/site-packages/neutron/service.py:135
2025-08-21 02:04:48.365 7 INFO oslo_service.service [-] Child 26 exited with status 0
2025-08-21 02:04:50.357 23 DEBUG neutron.service [-] calling stop on stop /var/lib/kolla/venv/lib/python3.6/site-packages/neutron/service.py:141
2025-08-21 02:04:51.263 24 DEBUG neutron.service [-] calling stop on stop /var/lib/kolla/venv/lib/python3.6/site-packages/neutron/service.py:141
2025-08-21 02:04:51.271 25 DEBUG neutron.service [-] calling stop on stop /var/lib/kolla/venv/lib/python3.6/site-packages/neutron/service.py:141
2025-08-21 02:04:51.279 25 DEBUG neutron.service [-] calling stop on stop /var/lib/kolla/venv/lib/python3.6/site-packages/neutron/service.py:141
2025-08-21 02:04:51.296 25 DEBUG oslo_concurrency.lockutils [req-7de52d58-ab08-4b9a-9f9d-fe3c8e826c28 - - - - -] Acquired lock "singleton_lock" lock /var/lib/kolla/venv/lib/python3.6/site-packages/oslo_concurrency/lockutils.py:294
2025-08-21 02:04:51.297 25 DEBUG oslo_concurrency.lockutils [req-7de52d58-ab08-4b9a-9f9d-fe3c8e826c28 - - - - -] Releasing lock "singleton_lock" lock /var/lib/kolla/venv/lib/python3.6/site-packages/oslo_concurrency/lockutils.py:312
2025-08-21 02:04:51.297 25 DEBUG neutron.service [req-7de52d58-ab08-4b9a-9f9d-fe3c8e826c28 - - - - -] calling RpcWorker wait() _wait /var/lib/kolla/venv/lib/python3.6/site-packages/neutron/service.py:128
2025-08-21 02:04:51.297 25 DEBUG neutron.service [req-7de52d58-ab08-4b9a-9f9d-fe3c8e826c28 - - - - -] calling wait on _wait /var/lib/kolla/venv/lib/python3.6/site-packages/neutron/service.py:131
2025-08-21 02:04:51.305 25 WARNING amqp [req-7de52d58-ab08-4b9a-9f9d-fe3c8e826c28 - - - - -] Received method (60, 30) during closing channel 1. This method will be ignored
2025-08-21 02:04:51.307 23 DEBUG oslo_concurrency.lockutils [req-7de52d58-ab08-4b9a-9f9d-fe3c8e826c28 - - - - -] Acquired lock "singleton_lock" lock /var/lib/kolla/venv/lib/python3.6/site-packages/oslo_concurrency/lockutils.py:294
2025-08-21 02:04:51.308 23 DEBUG oslo_concurrency.lockutils [req-7de52d58-ab08-4b9a-9f9d-fe3c8e826c28 - - - - -] Releasing lock "singleton_lock" lock /var/lib/kolla/venv/lib/python3.6/site-packages/oslo_concurrency/lockutils.py:312
2025-08-21 02:04:51.308 23 DEBUG neutron.service [req-7de52d58-ab08-4b9a-9f9d-fe3c8e826c28 - - - - -] calling RpcWorker wait() _wait /var/lib/kolla/venv/lib/python3.6/site-packages/neutron/service.py:128
2025-08-21 02:04:51.308 23 DEBUG neutron.service [req-7de52d58-ab08-4b9a-9f9d-fe3c8e826c28 - - - - -] calling wait on _wait /var/lib/kolla/venv/lib/python3.6/site-packages/neutron/service.py:131
2025-08-21 02:04:51.310 25 DEBUG neutron.service [req-7de52d58-ab08-4b9a-9f9d-fe3c8e826c28 - - - - -] calling wait on _wait /var/lib/kolla/venv/lib/python3.6/site-packages/neutron/service.py:131
2025-08-21 02:04:51.313 23 WARNING amqp [req-7de52d58-ab08-4b9a-9f9d-fe3c8e826c28 - - - - -] Received method (60, 30) during closing channel 1. This method will be ignored
2025-08-21 02:04:51.314 23 DEBUG neutron.service [req-7de52d58-ab08-4b9a-9f9d-fe3c8e826c28 - - - - -] calling wait on _wait /var/lib/kolla/venv/lib/python3.6/site-packages/neutron/service.py:131
2025-08-21 02:04:51.317 25 WARNING amqp [req-7de52d58-ab08-4b9a-9f9d-fe3c8e826c28 - - - - -] Received method (60, 30) during closing channel 1. This method will be ignored
2025-08-21 02:04:51.318 25 DEBUG neutron.service [req-7de52d58-ab08-4b9a-9f9d-fe3c8e826c28 - - - - -] calling wait on _wait /var/lib/kolla/venv/lib/python3.6/site-packages/neutron/service.py:131
2025-08-21 02:04:51.320 23 WARNING amqp [req-7de52d58-ab08-4b9a-9f9d-fe3c8e826c28 - - - - -] Received method (60, 30) during closing channel 1. This method will be ignored
2025-08-21 02:04:51.322 23 DEBUG neutron.service [req-7de52d58-ab08-4b9a-9f9d-fe3c8e826c28 - - - - -] calling wait on _wait /var/lib/kolla/venv/lib/python3.6/site-packages/neutron/service.py:131
2025-08-21 02:04:51.323 25 WARNING amqp [req-7de52d58-ab08-4b9a-9f9d-fe3c8e826c28 - - - - -] Received method (60, 30) during closing channel 1. This method will be ignored
2025-08-21 02:04:51.324 25 DEBUG neutron.service [req-7de52d58-ab08-4b9a-9f9d-fe3c8e826c28 - - - - -] calling wait on _wait /var/lib/kolla/venv/lib/python3.6/site-packages/neutron/service.py:131
2025-08-21 02:04:51.328 23 WARNING amqp [req-7de52d58-ab08-4b9a-9f9d-fe3c8e826c28 - - - - -] Received method (60, 30) during closing channel 1. This method will be ignored
2025-08-21 02:04:51.329 23 DEBUG neutron.service [req-7de52d58-ab08-4b9a-9f9d-fe3c8e826c28 - - - - -] calling wait on _wait /var/lib/kolla/venv/lib/python3.6/site-packages/neutron/service.py:131
2025-08-21 02:04:51.330 25 WARNING amqp [req-7de52d58-ab08-4b9a-9f9d-fe3c8e826c28 - - - - -] Received method (60, 30) during closing channel 1. This method will be ignored
2025-08-21 02:04:51.331 25 DEBUG neutron.service [req-7de52d58-ab08-4b9a-9f9d-fe3c8e826c28 - - - - -] returning from RpcWorker wait() _wait /var/lib/kolla/venv/lib/python3.6/site-packages/neutron/service.py:135
2025-08-21 02:04:51.334 23 WARNING amqp [req-7de52d58-ab08-4b9a-9f9d-fe3c8e826c28 - - - - -] Received method (60, 30) during closing channel 1. This method will be ignored
2025-08-21 02:04:51.335 23 DEBUG neutron.service [req-7de52d58-ab08-4b9a-9f9d-fe3c8e826c28 - - - - -] returning from RpcWorker wait() _wait /var/lib/kolla/venv/lib/python3.6/site-packages/neutron/service.py:135
2025-08-21 02:04:51.337 7 INFO oslo_service.service [-] Child 25 exited with status 0
2025-08-21 02:04:51.340 7 INFO oslo_service.service [-] Child 23 exited with status 0
2025-08-21 02:04:52.123 24 DEBUG neutron.service [-] calling stop on stop /var/lib/kolla/venv/lib/python3.6/site-packages/neutron/service.py:141
2025-08-21 02:04:52.132 24 DEBUG neutron_lib.callbacks.manager [req-55f36796-c2df-4156-86b1-9176439a45ec - - - - -] Publish callbacks ['neutron.services.segments.db._update_segment_host_mapping_for_agent-8764925220723', 'neutron.plugins.ml2.plugin.Ml2Plugin._retry_binding_revived_agents--9223372036847114608'] for agent (d0a44795-53e6-411f-9a27-00433bd4ccb1), after_update _notify_loop /var/lib/kolla/venv/lib/python3.6/site-packages/neutron_lib/callbacks/manager.py:177
2025-08-21 02:04:57.235 7 INFO neutron.common.config [-] Logging enabled!
2025-08-21 02:04:57.236 7 INFO neutron.common.config [-] /var/lib/kolla/venv/bin/neutron-server version 20.5.1.dev23
2025-08-21 02:04:57.236 7 DEBUG neutron.common.config [-] command line: /var/lib/kolla/venv/bin/neutron-server --config-file /etc/neutron/neutron.conf --config-file /etc/neutron/ContrailPlugin.ini --config-file /etc/neutron/api-paste.ini setup_logging /var/lib/kolla/venv/lib/python3.6/site-packages/neutron/common/config.py:115
2025-08-21 02:04:57.239 7 INFO neutron.common.config [-] Logging enabled!
2025-08-21 02:04:57.240 7 INFO neutron.common.config [-] /var/lib/kolla/venv/bin/neutron-server version 20.5.1.dev23
2025-08-21 02:04:57.240 7 DEBUG neutron.common.config [-] command line: /var/lib/kolla/venv/bin/neutron-server --config-file /etc/neutron/neutron.conf --config-file /etc/neutron/ContrailPlugin.ini --config-file /etc/neutron/api-paste.ini setup_logging /var/lib/kolla/venv/lib/python3.6/site-packages/neutron/common/config.py:115
2025-08-21 02:04:57.240 7 DEBUG neutron.common.config [-] ******************************************************************************** log_opt_values /var/lib/kolla/venv/lib/python3.6/site-packages/oslo_config/cfg.py:2589
2025-08-21 02:04:57.240 7 DEBUG neutron.common.config [-] Configuration options gathered from: log_opt_values /var/lib/kolla/venv/lib/python3.6/site-packages/oslo_config/cfg.py:2590
2025-08-21 02:04:57.240 7 DEBUG neutron.common.config [-] command line args: ['--config-file', '/etc/neutron/neutron.conf', '--config-file', '/etc/neutron/ContrailPlugin.ini', '--config-file', '/etc/neutron/api-paste.ini'] log_opt_values /var/lib/kolla/venv/lib/python3.6/site-packages/oslo_config/cfg.py:2591
2025-08-21 02:04:57.241 7 DEBUG neutron.common.config [-] config files: ['/etc/neutron/neutron.conf', '/etc/neutron/ContrailPlugin.ini', '/etc/neutron/api-paste.ini'] log_opt_values /var/lib/kolla/venv/lib/python3.6/site-packages/oslo_config/cfg.py:2593
2025-08-21 02:04:57.241 7 DEBUG neutron.common.config [-] ================================================================================ log_opt_values /var/lib/kolla/venv/lib/python3.6/site-packages/oslo_config/cfg.py:2594
2025-08-21 02:04:57.241 7 DEBUG neutron.common.config [-] allow_bulk = True log_opt_values /var/lib/kolla/venv/lib/python3.6/site-packages/oslo_config/cfg.py:2603
2025-08-21 02:04:57.242 7 WARNING oslo_config.cfg [-] Deprecated: Option "allow_overlapping_ips" from group "DEFAULT" is deprecated for removal. Its value may be silently ignored in the future.
2025-08-21 02:04:57.242 7 DEBUG neutron.common.config [-] allow_overlapping_ips = True log_opt_values /var/lib/kolla/venv/lib/python3.6/site-packages/oslo_config/cfg.py:2603
2025-08-21 02:04:57.242 7 DEBUG neutron.common.config [-] api_extensions_path = /opt/plugin/site-packages/neutron_plugin_contrail/extensions:/opt/plugin/site-packages/neutron_lbaas/extensions log_opt_values /var/lib/kolla/venv/lib/python3.6/site-packages/oslo_config/cfg.py:2603
2025-08-21 02:04:57.242 7 DEBUG neutron.common.config [-] api_paste_config = /etc/neutron/api-paste.ini log_opt_values /var/lib/kolla/venv/lib/python3.6/site-packages/oslo_config/cfg.py:2603
2025-08-21 02:04:57.242 7 DEBUG neutron.common.config [-] api_workers = 1 log_opt_values /var/lib/kolla/venv/lib/python3.6/site-packages/oslo_config/cfg.py:2603
2025-08-21 02:04:57.242 7 DEBUG neutron.common.config [-] auth_strategy = keystone log_opt_values /var/lib/kolla/venv/lib/python3.6/site-packages/oslo_config/cfg.py:2603
2025-08-21 02:04:57.242 7 DEBUG neutron.common.config [-] backlog = 4096 log_opt_values /var/lib/kolla/venv/lib/python3.6/site-packages/oslo_config/cfg.py:2603
2025-08-21 02:04:57.242 7 DEBUG neutron.common.config [-] base_mac = fa:16:3e:00:00:00 log_opt_values /var/lib/kolla/venv/lib/python3.6/site-packages/oslo_config/cfg.py:2603
2025-08-21 02:04:57.242 7 DEBUG neutron.common.config [-] bind_host = 10.0.0.23 log_opt_values /var/lib/kolla/venv/lib/python3.6/site-packages/oslo_config/cfg.py:2603
2025-08-21 02:04:57.243 7 DEBUG neutron.common.config [-] bind_port = 9696 log_opt_values /var/lib/kolla/venv/lib/python3.6/site-packages/oslo_config/cfg.py:2603
2025-08-21 02:04:57.243 7 DEBUG neutron.common.config [-] client_socket_timeout = 900 log_opt_values /var/lib/kolla/venv/lib/python3.6/site-packages/oslo_config/cfg.py:2603
2025-08-21 02:04:57.243 7 DEBUG neutron.common.config [-] config_dir = [] log_opt_values /var/lib/kolla/venv/lib/python3.6/site-packages/oslo_config/cfg.py:2603
2025-08-21 02:04:57.243 7 DEBUG neutron.common.config [-] config_file = ['/etc/neutron/neutron.conf', '/etc/neutron/ContrailPlugin.ini', '/etc/neutron/api-paste.ini'] log_opt_values /var/lib/kolla/venv/lib/python3.6/site-packages/oslo_config/cfg.py:2603
2025-08-21 02:04:57.243 7 DEBUG neutron.common.config [-] config_source = [] log_opt_values /var/lib/kolla/venv/lib/python3.6/site-packages/oslo_config/cfg.py:2603
2025-08-21 02:04:57.243 7 DEBUG neutron.common.config [-] control_exchange = neutron log_opt_values /var/lib/kolla/venv/lib/python3.6/site-packages/oslo_config/cfg.py:2603
2025-08-21 02:04:57.243 7 DEBUG neutron.common.config [-] core_plugin = neutron_plugin_contrail.plugins.opencontrail.contrail_plugin.NeutronPluginContrailCoreV2 log_opt_values /var/lib/kolla/venv/lib/python3.6/site-packages/oslo_config/cfg.py:2603
2025-08-21 02:04:57.243 7 DEBUG neutron.common.config [-] debug = True log_opt_values /var/lib/kolla/venv/lib/python3.6/site-packages/oslo_config/cfg.py:2603
2025-08-21 02:04:57.244 7 DEBUG neutron.common.config [-] default_availability_zones = [] log_opt_values /var/lib/kolla/venv/lib/python3.6/site-packages/oslo_config/cfg.py:2603
2025-08-21 02:04:57.244 7 DEBUG neutron.common.config [-] default_log_levels = ['amqp=WARN', 'amqplib=WARN', 'boto=WARN', 'qpid=WARN', 'sqlalchemy=WARN', 'suds=INFO', 'oslo.messaging=INFO', 'oslo_messaging=INFO', 'iso8601=WARN', 'requests.packages.urllib3.connectionpool=WARN', 'urllib3.connectionpool=WARN', 'websocket=WARN', 'requests.packages.urllib3.util.retry=WARN', 'urllib3.util.retry=WARN', 'keystonemiddleware=WARN', 'routes.middleware=WARN', 'stevedore=WARN', 'taskflow=WARN', 'keystoneauth=WARN', 'oslo.cache=INFO', 'oslo_policy=INFO', 'dogpile.core.dogpile=INFO', 'OFPHandler=INFO', 'OfctlService=INFO', 'os_ken.base.app_manager=INFO', 'os_ken.controller.controller=INFO'] log_opt_values /var/lib/kolla/venv/lib/python3.6/site-packages/oslo_config/cfg.py:2603
2025-08-21 02:04:57.244 7 DEBUG neutron.common.config [-] dhcp_agent_notification = True log_opt_values /var/lib/kolla/venv/lib/python3.6/site-packages/oslo_config/cfg.py:2603
2025-08-21 02:04:57.244 7 DEBUG neutron.common.config [-] dhcp_lease_duration = 86400 log_opt_values /var/lib/kolla/venv/lib/python3.6/site-packages/oslo_config/cfg.py:2603
2025-08-21 02:04:57.244 7 DEBUG neutron.common.config [-] dns_domain = openstacklocal log_opt_values /var/lib/kolla/venv/lib/python3.6/site-packages/oslo_config/cfg.py:2603
