2024-09-12 02:10:12.742 7 DEBUG oslo_service.service [-] ml2_type_gre.tunnel_id_ranges = [] log_opt_values /var/lib/kolla/venv/lib/python3.6/site-packages/oslo_config/cfg.py:2611
2024-09-12 02:10:12.742 7 DEBUG oslo_service.service [-] ml2_type_vlan.network_vlan_ranges = [] log_opt_values /var/lib/kolla/venv/lib/python3.6/site-packages/oslo_config/cfg.py:2611
2024-09-12 02:10:12.742 7 DEBUG oslo_service.service [-] ml2_type_vxlan.vni_ranges = [] log_opt_values /var/lib/kolla/venv/lib/python3.6/site-packages/oslo_config/cfg.py:2611
2024-09-12 02:10:12.742 7 DEBUG oslo_service.service [-] ml2_type_vxlan.vxlan_group = None log_opt_values /var/lib/kolla/venv/lib/python3.6/site-packages/oslo_config/cfg.py:2611
2024-09-12 02:10:12.742 7 DEBUG oslo_service.service [-] database.backend = sqlalchemy log_opt_values /var/lib/kolla/venv/lib/python3.6/site-packages/oslo_config/cfg.py:2611
2024-09-12 02:10:12.742 7 DEBUG oslo_service.service [-] database.connection = **** log_opt_values /var/lib/kolla/venv/lib/python3.6/site-packages/oslo_config/cfg.py:2611
2024-09-12 02:10:12.742 7 DEBUG oslo_service.service [-] database.connection_debug = 0 log_opt_values /var/lib/kolla/venv/lib/python3.6/site-packages/oslo_config/cfg.py:2611
2024-09-12 02:10:12.742 7 DEBUG oslo_service.service [-] database.connection_parameters = log_opt_values /var/lib/kolla/venv/lib/python3.6/site-packages/oslo_config/cfg.py:2611
2024-09-12 02:10:12.742 7 DEBUG oslo_service.service [-] database.connection_recycle_time = 10 log_opt_values /var/lib/kolla/venv/lib/python3.6/site-packages/oslo_config/cfg.py:2611
2024-09-12 02:10:12.742 7 DEBUG oslo_service.service [-] database.connection_trace = False log_opt_values /var/lib/kolla/venv/lib/python3.6/site-packages/oslo_config/cfg.py:2611
2024-09-12 02:10:12.743 7 DEBUG oslo_service.service [-] database.db_inc_retry_interval = True log_opt_values /var/lib/kolla/venv/lib/python3.6/site-packages/oslo_config/cfg.py:2611
2024-09-12 02:10:12.743 7 DEBUG oslo_service.service [-] database.db_max_retries = 20 log_opt_values /var/lib/kolla/venv/lib/python3.6/site-packages/oslo_config/cfg.py:2611
2024-09-12 02:10:12.743 7 DEBUG oslo_service.service [-] database.db_max_retry_interval = 10 log_opt_values /var/lib/kolla/venv/lib/python3.6/site-packages/oslo_config/cfg.py:2611
2024-09-12 02:10:12.743 7 DEBUG oslo_service.service [-] database.db_retry_interval = 1 log_opt_values /var/lib/kolla/venv/lib/python3.6/site-packages/oslo_config/cfg.py:2611
2024-09-12 02:10:12.743 7 DEBUG oslo_service.service [-] database.max_overflow = 50 log_opt_values /var/lib/kolla/venv/lib/python3.6/site-packages/oslo_config/cfg.py:2611
2024-09-12 02:10:12.743 7 DEBUG oslo_service.service [-] database.max_pool_size = 1 log_opt_values /var/lib/kolla/venv/lib/python3.6/site-packages/oslo_config/cfg.py:2611
2024-09-12 02:10:12.743 7 DEBUG oslo_service.service [-] database.max_retries = -1 log_opt_values /var/lib/kolla/venv/lib/python3.6/site-packages/oslo_config/cfg.py:2611
2024-09-12 02:10:12.743 7 DEBUG oslo_service.service [-] database.mysql_enable_ndb = False log_opt_values /var/lib/kolla/venv/lib/python3.6/site-packages/oslo_config/cfg.py:2611
2024-09-12 02:10:12.743 7 DEBUG oslo_service.service [-] database.mysql_sql_mode = TRADITIONAL log_opt_values /var/lib/kolla/venv/lib/python3.6/site-packages/oslo_config/cfg.py:2611
2024-09-12 02:10:12.743 7 DEBUG oslo_service.service [-] database.pool_timeout = None log_opt_values /var/lib/kolla/venv/lib/python3.6/site-packages/oslo_config/cfg.py:2611
2024-09-12 02:10:12.743 7 DEBUG oslo_service.service [-] database.retry_interval = 10 log_opt_values /var/lib/kolla/venv/lib/python3.6/site-packages/oslo_config/cfg.py:2611
2024-09-12 02:10:12.743 7 DEBUG oslo_service.service [-] database.slave_connection = **** log_opt_values /var/lib/kolla/venv/lib/python3.6/site-packages/oslo_config/cfg.py:2611
2024-09-12 02:10:12.744 7 DEBUG oslo_service.service [-] database.sqlite_synchronous = True log_opt_values /var/lib/kolla/venv/lib/python3.6/site-packages/oslo_config/cfg.py:2611
2024-09-12 02:10:12.744 7 DEBUG oslo_service.service [-] database.use_db_reconnect = False log_opt_values /var/lib/kolla/venv/lib/python3.6/site-packages/oslo_config/cfg.py:2611
2024-09-12 02:10:12.744 7 DEBUG oslo_service.service [-] ******************************************************************************** log_opt_values /var/lib/kolla/venv/lib/python3.6/site-packages/oslo_config/cfg.py:2613
2024-09-12 02:10:13.255 22 DEBUG neutron.wsgi [-] (22) accepted ('10.0.0.30', 54736) server /var/lib/kolla/venv/lib/python3.6/site-packages/eventlet/wsgi.py:1004
2024-09-12 02:10:13.264 22 INFO neutron.wsgi [-] 10.0.0.30 "GET / HTTP/1.1" status: 200 len: 227 time: 0.0070670
2024-09-12 02:10:16.725 23 DEBUG neutron.api.rpc.handlers.dhcp_rpc [req-1b079c15-a0b3-4e8a-a800-9b4c6f9e4b05 - - - - -] get_active_networks_info from cn-jenkins-deploy-platform-ansible-os-1903-1 get_active_networks_info /var/lib/kolla/venv/lib/python3.6/site-packages/neutron/api/rpc/handlers/dhcp_rpc.py:159
2024-09-12 02:10:16.751 26 DEBUG neutron_lib.callbacks.manager [req-a1f57fdd-bdcf-400b-b688-ba90e15d1c1c - - - - -] Publish callbacks ['neutron.services.segments.db._update_segment_host_mapping_for_agent-8774144036467', 'neutron.services.l3_router.l3_router_plugin.DVRResourceOperationHandler.create_fip_agent_gw_ports--9223372036854182140'] for agent (7f1798a1-8045-4980-a1a4-20d4d31a5f46), after_create _notify_loop /var/lib/kolla/venv/lib/python3.6/site-packages/neutron_lib/callbacks/manager.py:177
2024-09-12 02:10:16.777 23 DEBUG neutron.scheduler.dhcp_agent_scheduler [req-1b079c15-a0b3-4e8a-a800-9b4c6f9e4b05 - - - - -] No non-hosted networks auto_schedule_networks /var/lib/kolla/venv/lib/python3.6/site-packages/neutron/scheduler/dhcp_agent_scheduler.py:60
2024-09-12 02:10:30.551 27 DEBUG neutron_lib.callbacks.manager [req-3ef7c255-9278-4194-af77-d95266470cf7 - - - - -] Publish callbacks ['neutron.services.segments.db._update_segment_host_mapping_for_agent-8774144036467', 'neutron.services.l3_router.l3_router_plugin.DVRResourceOperationHandler.create_fip_agent_gw_ports--9223372036854182140'] for agent (9227e275-56e0-4d87-88d3-8012276316df), after_create _notify_loop /var/lib/kolla/venv/lib/python3.6/site-packages/neutron_lib/callbacks/manager.py:177
2024-09-12 02:10:43.324 22 DEBUG neutron.wsgi [-] (22) accepted ('10.0.0.30', 45596) server /var/lib/kolla/venv/lib/python3.6/site-packages/eventlet/wsgi.py:1004
2024-09-12 02:10:43.330 22 INFO neutron.wsgi [-] 10.0.0.30 "GET / HTTP/1.1" status: 200 len: 227 time: 0.0039725
2024-09-12 02:10:46.748 28 DEBUG neutron_lib.callbacks.manager [req-f6bb3f52-7f42-4a1e-927e-d743f84664d9 - - - - -] Publish callbacks ['neutron.services.segments.db._update_segment_host_mapping_for_agent-8774144036467', 'neutron.plugins.ml2.plugin.Ml2Plugin._retry_binding_revived_agents--9223372036846591344'] for agent (7f1798a1-8045-4980-a1a4-20d4d31a5f46), after_update _notify_loop /var/lib/kolla/venv/lib/python3.6/site-packages/neutron_lib/callbacks/manager.py:177
2024-09-12 02:11:00.525 23 DEBUG neutron_lib.callbacks.manager [req-3ef7c255-9278-4194-af77-d95266470cf7 - - - - -] Publish callbacks ['neutron.services.segments.db._update_segment_host_mapping_for_agent-8774144036467', 'neutron.plugins.ml2.plugin.Ml2Plugin._retry_binding_revived_agents--9223372036846591344'] for agent (9227e275-56e0-4d87-88d3-8012276316df), after_update _notify_loop /var/lib/kolla/venv/lib/python3.6/site-packages/neutron_lib/callbacks/manager.py:177
2024-09-12 02:11:13.378 22 DEBUG neutron.wsgi [-] (22) accepted ('10.0.0.30', 45570) server /var/lib/kolla/venv/lib/python3.6/site-packages/eventlet/wsgi.py:1004
2024-09-12 02:11:13.383 22 INFO neutron.wsgi [-] 10.0.0.30 "GET / HTTP/1.1" status: 200 len: 227 time: 0.0033889
2024-09-12 02:11:16.745 25 DEBUG neutron_lib.callbacks.manager [req-3e988398-e7f1-4901-9d9f-2bb5ef8e1c73 - - - - -] Publish callbacks ['neutron.services.segments.db._update_segment_host_mapping_for_agent-8774144036467', 'neutron.plugins.ml2.plugin.Ml2Plugin._retry_binding_revived_agents--9223372036846591344'] for agent (7f1798a1-8045-4980-a1a4-20d4d31a5f46), after_update _notify_loop /var/lib/kolla/venv/lib/python3.6/site-packages/neutron_lib/callbacks/manager.py:177
2024-09-12 02:11:25.685 29 DEBUG neutron.db.agents_db [req-fc2c7802-1357-4a79-a426-4c019861caca - - - - -] Agent healthcheck: found 2 active agents agent_health_check /var/lib/kolla/venv/lib/python3.6/site-packages/neutron/db/agents_db.py:318
2024-09-12 02:11:30.542 24 DEBUG neutron_lib.callbacks.manager [req-3ef7c255-9278-4194-af77-d95266470cf7 - - - - -] Publish callbacks ['neutron.services.segments.db._update_segment_host_mapping_for_agent-8774144036467', 'neutron.plugins.ml2.plugin.Ml2Plugin._retry_binding_revived_agents--9223372036846591344'] for agent (9227e275-56e0-4d87-88d3-8012276316df), after_update _notify_loop /var/lib/kolla/venv/lib/python3.6/site-packages/neutron_lib/callbacks/manager.py:177
2024-09-12 02:11:43.428 22 DEBUG neutron.wsgi [-] (22) accepted ('10.0.0.30', 37132) server /var/lib/kolla/venv/lib/python3.6/site-packages/eventlet/wsgi.py:1004
2024-09-12 02:11:43.433 22 INFO neutron.wsgi [-] 10.0.0.30 "GET / HTTP/1.1" status: 200 len: 227 time: 0.0033245
2024-09-12 02:11:46.727 26 DEBUG neutron_lib.callbacks.manager [req-f3ac6b87-ac46-4ce9-8724-c7c0c553fe9f - - - - -] Publish callbacks ['neutron.services.segments.db._update_segment_host_mapping_for_agent-8774144036467', 'neutron.plugins.ml2.plugin.Ml2Plugin._retry_binding_revived_agents--9223372036846591344'] for agent (7f1798a1-8045-4980-a1a4-20d4d31a5f46), after_update _notify_loop /var/lib/kolla/venv/lib/python3.6/site-packages/neutron_lib/callbacks/manager.py:177
2024-09-12 02:12:00.524 27 DEBUG neutron_lib.callbacks.manager [req-3ef7c255-9278-4194-af77-d95266470cf7 - - - - -] Publish callbacks ['neutron.services.segments.db._update_segment_host_mapping_for_agent-8774144036467', 'neutron.plugins.ml2.plugin.Ml2Plugin._retry_binding_revived_agents--9223372036846591344'] for agent (9227e275-56e0-4d87-88d3-8012276316df), after_update _notify_loop /var/lib/kolla/venv/lib/python3.6/site-packages/neutron_lib/callbacks/manager.py:177
2024-09-12 02:12:02.687 29 DEBUG neutron.db.agents_db [req-fc2c7802-1357-4a79-a426-4c019861caca - - - - -] Agent healthcheck: found 2 active agents agent_health_check /var/lib/kolla/venv/lib/python3.6/site-packages/neutron/db/agents_db.py:318
2024-09-12 02:12:13.489 22 DEBUG neutron.wsgi [-] (22) accepted ('10.0.0.30', 36554) server /var/lib/kolla/venv/lib/python3.6/site-packages/eventlet/wsgi.py:1004
2024-09-12 02:12:13.493 22 INFO neutron.wsgi [-] 10.0.0.30 "GET / HTTP/1.1" status: 200 len: 227 time: 0.0033865
2024-09-12 02:12:16.716 28 DEBUG neutron_lib.callbacks.manager [req-a4584a7f-1e55-43d0-99bf-ff8b742b36b9 - - - - -] Publish callbacks ['neutron.services.segments.db._update_segment_host_mapping_for_agent-8774144036467', 'neutron.plugins.ml2.plugin.Ml2Plugin._retry_binding_revived_agents--9223372036846591344'] for agent (7f1798a1-8045-4980-a1a4-20d4d31a5f46), after_update _notify_loop /var/lib/kolla/venv/lib/python3.6/site-packages/neutron_lib/callbacks/manager.py:177
2024-09-12 02:12:30.526 23 DEBUG neutron_lib.callbacks.manager [req-3ef7c255-9278-4194-af77-d95266470cf7 - - - - -] Publish callbacks ['neutron.services.segments.db._update_segment_host_mapping_for_agent-8774144036467', 'neutron.plugins.ml2.plugin.Ml2Plugin._retry_binding_revived_agents--9223372036846591344'] for agent (9227e275-56e0-4d87-88d3-8012276316df), after_update _notify_loop /var/lib/kolla/venv/lib/python3.6/site-packages/neutron_lib/callbacks/manager.py:177
2024-09-12 02:12:39.686 29 DEBUG neutron.db.agents_db [req-fc2c7802-1357-4a79-a426-4c019861caca - - - - -] Agent healthcheck: found 2 active agents agent_health_check /var/lib/kolla/venv/lib/python3.6/site-packages/neutron/db/agents_db.py:318
2024-09-12 02:12:43.543 22 DEBUG neutron.wsgi [-] (22) accepted ('10.0.0.30', 42100) server /var/lib/kolla/venv/lib/python3.6/site-packages/eventlet/wsgi.py:1004
2024-09-12 02:12:43.548 22 INFO neutron.wsgi [-] 10.0.0.30 "GET / HTTP/1.1" status: 200 len: 227 time: 0.0037141
2024-09-12 02:12:46.715 25 DEBUG neutron_lib.callbacks.manager [req-1055a8fd-6922-464c-921d-2dacac25563e - - - - -] Publish callbacks ['neutron.services.segments.db._update_segment_host_mapping_for_agent-8774144036467', 'neutron.plugins.ml2.plugin.Ml2Plugin._retry_binding_revived_agents--9223372036846591344'] for agent (7f1798a1-8045-4980-a1a4-20d4d31a5f46), after_update _notify_loop /var/lib/kolla/venv/lib/python3.6/site-packages/neutron_lib/callbacks/manager.py:177
2024-09-12 02:13:00.527 24 DEBUG neutron_lib.callbacks.manager [req-3ef7c255-9278-4194-af77-d95266470cf7 - - - - -] Publish callbacks ['neutron.services.segments.db._update_segment_host_mapping_for_agent-8774144036467', 'neutron.plugins.ml2.plugin.Ml2Plugin._retry_binding_revived_agents--9223372036846591344'] for agent (9227e275-56e0-4d87-88d3-8012276316df), after_update _notify_loop /var/lib/kolla/venv/lib/python3.6/site-packages/neutron_lib/callbacks/manager.py:177
2024-09-12 02:13:13.595 22 DEBUG neutron.wsgi [-] (22) accepted ('10.0.0.30', 38136) server /var/lib/kolla/venv/lib/python3.6/site-packages/eventlet/wsgi.py:1004
2024-09-12 02:13:13.601 22 INFO neutron.wsgi [-] 10.0.0.30 "GET / HTTP/1.1" status: 200 len: 227 time: 0.0038569
2024-09-12 02:13:16.687 29 DEBUG neutron.db.agents_db [req-fc2c7802-1357-4a79-a426-4c019861caca - - - - -] Agent healthcheck: found 2 active agents agent_health_check /var/lib/kolla/venv/lib/python3.6/site-packages/neutron/db/agents_db.py:318
2024-09-12 02:13:16.713 26 DEBUG neutron_lib.callbacks.manager [req-ea7009c7-10cb-4e4d-84c8-78b6b447776d - - - - -] Publish callbacks ['neutron.services.segments.db._update_segment_host_mapping_for_agent-8774144036467', 'neutron.plugins.ml2.plugin.Ml2Plugin._retry_binding_revived_agents--9223372036846591344'] for agent (7f1798a1-8045-4980-a1a4-20d4d31a5f46), after_update _notify_loop /var/lib/kolla/venv/lib/python3.6/site-packages/neutron_lib/callbacks/manager.py:177
2024-09-12 02:13:30.529 27 DEBUG neutron_lib.callbacks.manager [req-3ef7c255-9278-4194-af77-d95266470cf7 - - - - -] Publish callbacks ['neutron.services.segments.db._update_segment_host_mapping_for_agent-8774144036467', 'neutron.plugins.ml2.plugin.Ml2Plugin._retry_binding_revived_agents--9223372036846591344'] for agent (9227e275-56e0-4d87-88d3-8012276316df), after_update _notify_loop /var/lib/kolla/venv/lib/python3.6/site-packages/neutron_lib/callbacks/manager.py:177
2024-09-12 02:13:43.656 22 DEBUG neutron.wsgi [-] (22) accepted ('10.0.0.30', 37222) server /var/lib/kolla/venv/lib/python3.6/site-packages/eventlet/wsgi.py:1004
2024-09-12 02:13:43.660 22 INFO neutron.wsgi [-] 10.0.0.30 "GET / HTTP/1.1" status: 200 len: 227 time: 0.0030534
2024-09-12 02:13:46.712 28 DEBUG neutron_lib.callbacks.manager [req-659d3ccf-6135-45cb-931f-ccf9c4be1bfc - - - - -] Publish callbacks ['neutron.services.segments.db._update_segment_host_mapping_for_agent-8774144036467', 'neutron.plugins.ml2.plugin.Ml2Plugin._retry_binding_revived_agents--9223372036846591344'] for agent (7f1798a1-8045-4980-a1a4-20d4d31a5f46), after_update _notify_loop /var/lib/kolla/venv/lib/python3.6/site-packages/neutron_lib/callbacks/manager.py:177
2024-09-12 02:13:53.685 29 DEBUG neutron.db.agents_db [req-fc2c7802-1357-4a79-a426-4c019861caca - - - - -] Agent healthcheck: found 2 active agents agent_health_check /var/lib/kolla/venv/lib/python3.6/site-packages/neutron/db/agents_db.py:318
2024-09-12 02:14:00.532 23 DEBUG neutron_lib.callbacks.manager [req-3ef7c255-9278-4194-af77-d95266470cf7 - - - - -] Publish callbacks ['neutron.services.segments.db._update_segment_host_mapping_for_agent-8774144036467', 'neutron.plugins.ml2.plugin.Ml2Plugin._retry_binding_revived_agents--9223372036846591344'] for agent (9227e275-56e0-4d87-88d3-8012276316df), after_update _notify_loop /var/lib/kolla/venv/lib/python3.6/site-packages/neutron_lib/callbacks/manager.py:177
2024-09-12 02:14:13.706 22 DEBUG neutron.wsgi [-] (22) accepted ('10.0.0.30', 51186) server /var/lib/kolla/venv/lib/python3.6/site-packages/eventlet/wsgi.py:1004
2024-09-12 02:14:13.710 22 INFO neutron.wsgi [-] 10.0.0.30 "GET / HTTP/1.1" status: 200 len: 227 time: 0.0031452
2024-09-12 02:14:16.711 25 DEBUG neutron_lib.callbacks.manager [req-7673d66b-165a-4eb7-a0ef-5ddd2a5e4de3 - - - - -] Publish callbacks ['neutron.services.segments.db._update_segment_host_mapping_for_agent-8774144036467', 'neutron.plugins.ml2.plugin.Ml2Plugin._retry_binding_revived_agents--9223372036846591344'] for agent (7f1798a1-8045-4980-a1a4-20d4d31a5f46), after_update _notify_loop /var/lib/kolla/venv/lib/python3.6/site-packages/neutron_lib/callbacks/manager.py:177
2024-09-12 02:14:30.537 24 DEBUG neutron_lib.callbacks.manager [req-3ef7c255-9278-4194-af77-d95266470cf7 - - - - -] Publish callbacks ['neutron.services.segments.db._update_segment_host_mapping_for_agent-8774144036467', 'neutron.plugins.ml2.plugin.Ml2Plugin._retry_binding_revived_agents--9223372036846591344'] for agent (9227e275-56e0-4d87-88d3-8012276316df), after_update _notify_loop /var/lib/kolla/venv/lib/python3.6/site-packages/neutron_lib/callbacks/manager.py:177
2024-09-12 02:14:30.685 29 DEBUG neutron.db.agents_db [req-fc2c7802-1357-4a79-a426-4c019861caca - - - - -] Agent healthcheck: found 2 active agents agent_health_check /var/lib/kolla/venv/lib/python3.6/site-packages/neutron/db/agents_db.py:318
2024-09-12 02:14:43.766 22 DEBUG neutron.wsgi [-] (22) accepted ('10.0.0.30', 46982) server /var/lib/kolla/venv/lib/python3.6/site-packages/eventlet/wsgi.py:1004
2024-09-12 02:14:43.772 22 INFO neutron.wsgi [-] 10.0.0.30 "GET / HTTP/1.1" status: 200 len: 227 time: 0.0058017
2024-09-12 02:14:46.711 26 DEBUG neutron_lib.callbacks.manager [req-2dc1e0ef-7054-4e80-a9c3-a13162ea4a29 - - - - -] Publish callbacks ['neutron.services.segments.db._update_segment_host_mapping_for_agent-8774144036467', 'neutron.plugins.ml2.plugin.Ml2Plugin._retry_binding_revived_agents--9223372036846591344'] for agent (7f1798a1-8045-4980-a1a4-20d4d31a5f46), after_update _notify_loop /var/lib/kolla/venv/lib/python3.6/site-packages/neutron_lib/callbacks/manager.py:177
2024-09-12 02:15:00.540 27 DEBUG neutron_lib.callbacks.manager [req-3ef7c255-9278-4194-af77-d95266470cf7 - - - - -] Publish callbacks ['neutron.services.segments.db._update_segment_host_mapping_for_agent-8774144036467', 'neutron.plugins.ml2.plugin.Ml2Plugin._retry_binding_revived_agents--9223372036846591344'] for agent (9227e275-56e0-4d87-88d3-8012276316df), after_update _notify_loop /var/lib/kolla/venv/lib/python3.6/site-packages/neutron_lib/callbacks/manager.py:177
2024-09-12 02:15:07.687 29 DEBUG neutron.db.agents_db [req-fc2c7802-1357-4a79-a426-4c019861caca - - - - -] Agent healthcheck: found 2 active agents agent_health_check /var/lib/kolla/venv/lib/python3.6/site-packages/neutron/db/agents_db.py:318
2024-09-12 02:15:13.820 22 DEBUG neutron.wsgi [-] (22) accepted ('10.0.0.30', 60560) server /var/lib/kolla/venv/lib/python3.6/site-packages/eventlet/wsgi.py:1004
2024-09-12 02:15:13.824 22 INFO neutron.wsgi [-] 10.0.0.30 "GET / HTTP/1.1" status: 200 len: 227 time: 0.0032818
2024-09-12 02:15:16.711 28 DEBUG neutron_lib.callbacks.manager [req-e04bbc67-8a11-472d-bbab-0def954c4993 - - - - -] Publish callbacks ['neutron.services.segments.db._update_segment_host_mapping_for_agent-8774144036467', 'neutron.plugins.ml2.plugin.Ml2Plugin._retry_binding_revived_agents--9223372036846591344'] for agent (7f1798a1-8045-4980-a1a4-20d4d31a5f46), after_update _notify_loop /var/lib/kolla/venv/lib/python3.6/site-packages/neutron_lib/callbacks/manager.py:177
2024-09-12 02:15:30.541 23 DEBUG neutron_lib.callbacks.manager [req-3ef7c255-9278-4194-af77-d95266470cf7 - - - - -] Publish callbacks ['neutron.services.segments.db._update_segment_host_mapping_for_agent-8774144036467', 'neutron.plugins.ml2.plugin.Ml2Plugin._retry_binding_revived_agents--9223372036846591344'] for agent (9227e275-56e0-4d87-88d3-8012276316df), after_update _notify_loop /var/lib/kolla/venv/lib/python3.6/site-packages/neutron_lib/callbacks/manager.py:177
2024-09-12 02:15:43.870 22 DEBUG neutron.wsgi [-] (22) accepted ('10.0.0.30', 50490) server /var/lib/kolla/venv/lib/python3.6/site-packages/eventlet/wsgi.py:1004
2024-09-12 02:15:43.874 22 INFO neutron.wsgi [-] 10.0.0.30 "GET / HTTP/1.1" status: 200 len: 227 time: 0.0033953
2024-09-12 02:15:44.686 29 DEBUG neutron.db.agents_db [req-fc2c7802-1357-4a79-a426-4c019861caca - - - - -] Agent healthcheck: found 2 active agents agent_health_check /var/lib/kolla/venv/lib/python3.6/site-packages/neutron/db/agents_db.py:318
2024-09-12 02:15:46.713 25 DEBUG neutron_lib.callbacks.manager [req-aa5f0cba-896f-437c-8562-a5ae6ab5784b - - - - -] Publish callbacks ['neutron.services.segments.db._update_segment_host_mapping_for_agent-8774144036467', 'neutron.plugins.ml2.plugin.Ml2Plugin._retry_binding_revived_agents--9223372036846591344'] for agent (7f1798a1-8045-4980-a1a4-20d4d31a5f46), after_update _notify_loop /var/lib/kolla/venv/lib/python3.6/site-packages/neutron_lib/callbacks/manager.py:177
2024-09-12 02:16:00.546 24 DEBUG neutron_lib.callbacks.manager [req-3ef7c255-9278-4194-af77-d95266470cf7 - - - - -] Publish callbacks ['neutron.services.segments.db._update_segment_host_mapping_for_agent-8774144036467', 'neutron.plugins.ml2.plugin.Ml2Plugin._retry_binding_revived_agents--9223372036846591344'] for agent (9227e275-56e0-4d87-88d3-8012276316df), after_update _notify_loop /var/lib/kolla/venv/lib/python3.6/site-packages/neutron_lib/callbacks/manager.py:177
2024-09-12 02:16:13.926 22 DEBUG neutron.wsgi [-] (22) accepted ('10.0.0.30', 36818) server /var/lib/kolla/venv/lib/python3.6/site-packages/eventlet/wsgi.py:1004
2024-09-12 02:16:13.930 22 INFO neutron.wsgi [-] 10.0.0.30 "GET / HTTP/1.1" status: 200 len: 227 time: 0.0034754
2024-09-12 02:16:16.728 26 DEBUG neutron_lib.callbacks.manager [req-2be8cae3-24e4-497a-ae69-3b2ab3b5c553 - - - - -] Publish callbacks ['neutron.services.segments.db._update_segment_host_mapping_for_agent-8774144036467', 'neutron.plugins.ml2.plugin.Ml2Plugin._retry_binding_revived_agents--9223372036846591344'] for agent (7f1798a1-8045-4980-a1a4-20d4d31a5f46), after_update _notify_loop /var/lib/kolla/venv/lib/python3.6/site-packages/neutron_lib/callbacks/manager.py:177
2024-09-12 02:16:21.687 29 DEBUG neutron.db.agents_db [req-fc2c7802-1357-4a79-a426-4c019861caca - - - - -] Agent healthcheck: found 2 active agents agent_health_check /var/lib/kolla/venv/lib/python3.6/site-packages/neutron/db/agents_db.py:318
2024-09-12 02:16:30.545 27 DEBUG neutron_lib.callbacks.manager [req-3ef7c255-9278-4194-af77-d95266470cf7 - - - - -] Publish callbacks ['neutron.services.segments.db._update_segment_host_mapping_for_agent-8774144036467', 'neutron.plugins.ml2.plugin.Ml2Plugin._retry_binding_revived_agents--9223372036846591344'] for agent (9227e275-56e0-4d87-88d3-8012276316df), after_update _notify_loop /var/lib/kolla/venv/lib/python3.6/site-packages/neutron_lib/callbacks/manager.py:177
2024-09-12 02:16:43.977 22 DEBUG neutron.wsgi [-] (22) accepted ('10.0.0.30', 37616) server /var/lib/kolla/venv/lib/python3.6/site-packages/eventlet/wsgi.py:1004
2024-09-12 02:16:43.981 22 INFO neutron.wsgi [-] 10.0.0.30 "GET / HTTP/1.1" status: 200 len: 227 time: 0.0032580
2024-09-12 02:16:46.718 28 DEBUG neutron_lib.callbacks.manager [req-3afe8e41-f5c1-4232-bbc9-5252534cc3ed - - - - -] Publish callbacks ['neutron.services.segments.db._update_segment_host_mapping_for_agent-8774144036467', 'neutron.plugins.ml2.plugin.Ml2Plugin._retry_binding_revived_agents--9223372036846591344'] for agent (7f1798a1-8045-4980-a1a4-20d4d31a5f46), after_update _notify_loop /var/lib/kolla/venv/lib/python3.6/site-packages/neutron_lib/callbacks/manager.py:177
2024-09-12 02:16:58.687 29 DEBUG neutron.db.agents_db [req-fc2c7802-1357-4a79-a426-4c019861caca - - - - -] Agent healthcheck: found 2 active agents agent_health_check /var/lib/kolla/venv/lib/python3.6/site-packages/neutron/db/agents_db.py:318
2024-09-12 02:17:00.554 23 DEBUG neutron_lib.callbacks.manager [req-3ef7c255-9278-4194-af77-d95266470cf7 - - - - -] Publish callbacks ['neutron.services.segments.db._update_segment_host_mapping_for_agent-8774144036467', 'neutron.plugins.ml2.plugin.Ml2Plugin._retry_binding_revived_agents--9223372036846591344'] for agent (9227e275-56e0-4d87-88d3-8012276316df), after_update _notify_loop /var/lib/kolla/venv/lib/python3.6/site-packages/neutron_lib/callbacks/manager.py:177
2024-09-12 02:17:14.031 22 DEBUG neutron.wsgi [-] (22) accepted ('10.0.0.30', 38374) server /var/lib/kolla/venv/lib/python3.6/site-packages/eventlet/wsgi.py:1004
2024-09-12 02:17:14.037 22 INFO neutron.wsgi [-] 10.0.0.30 "GET / HTTP/1.1" status: 200 len: 227 time: 0.0044024
2024-09-12 02:17:16.854 25 DEBUG neutron_lib.callbacks.manager [req-d766676e-252d-4ad8-ae7e-631b5ad41974 - - - - -] Publish callbacks ['neutron.services.segments.db._update_segment_host_mapping_for_agent-8774144036467', 'neutron.plugins.ml2.plugin.Ml2Plugin._retry_binding_revived_agents--9223372036846591344'] for agent (7f1798a1-8045-4980-a1a4-20d4d31a5f46), after_update _notify_loop /var/lib/kolla/venv/lib/python3.6/site-packages/neutron_lib/callbacks/manager.py:177
2024-09-12 02:17:30.556 24 DEBUG neutron_lib.callbacks.manager [req-3ef7c255-9278-4194-af77-d95266470cf7 - - - - -] Publish callbacks ['neutron.services.segments.db._update_segment_host_mapping_for_agent-8774144036467', 'neutron.plugins.ml2.plugin.Ml2Plugin._retry_binding_revived_agents--9223372036846591344'] for agent (9227e275-56e0-4d87-88d3-8012276316df), after_update _notify_loop /var/lib/kolla/venv/lib/python3.6/site-packages/neutron_lib/callbacks/manager.py:177
2024-09-12 02:17:35.687 29 DEBUG neutron.db.agents_db [req-fc2c7802-1357-4a79-a426-4c019861caca - - - - -] Agent healthcheck: found 2 active agents agent_health_check /var/lib/kolla/venv/lib/python3.6/site-packages/neutron/db/agents_db.py:318
2024-09-12 02:17:44.083 22 DEBUG neutron.wsgi [-] (22) accepted ('10.0.0.30', 43138) server /var/lib/kolla/venv/lib/python3.6/site-packages/eventlet/wsgi.py:1004
2024-09-12 02:17:44.087 22 INFO neutron.wsgi [-] 10.0.0.30 "GET / HTTP/1.1" status: 200 len: 227 time: 0.0032485
2024-09-12 02:17:46.724 26 DEBUG neutron_lib.callbacks.manager [req-59be1090-5ecf-4694-8aff-dc740be5bee5 - - - - -] Publish callbacks ['neutron.services.segments.db._update_segment_host_mapping_for_agent-8774144036467', 'neutron.plugins.ml2.plugin.Ml2Plugin._retry_binding_revived_agents--9223372036846591344'] for agent (7f1798a1-8045-4980-a1a4-20d4d31a5f46), after_update _notify_loop /var/lib/kolla/venv/lib/python3.6/site-packages/neutron_lib/callbacks/manager.py:177
2024-09-12 02:18:00.554 27 DEBUG neutron_lib.callbacks.manager [req-3ef7c255-9278-4194-af77-d95266470cf7 - - - - -] Publish callbacks ['neutron.services.segments.db._update_segment_host_mapping_for_agent-8774144036467', 'neutron.plugins.ml2.plugin.Ml2Plugin._retry_binding_revived_agents--9223372036846591344'] for agent (9227e275-56e0-4d87-88d3-8012276316df), after_update _notify_loop /var/lib/kolla/venv/lib/python3.6/site-packages/neutron_lib/callbacks/manager.py:177
2024-09-12 02:18:12.686 29 DEBUG neutron.db.agents_db [req-fc2c7802-1357-4a79-a426-4c019861caca - - - - -] Agent healthcheck: found 2 active agents agent_health_check /var/lib/kolla/venv/lib/python3.6/site-packages/neutron/db/agents_db.py:318
2024-09-12 02:18:14.160 22 DEBUG neutron.wsgi [-] (22) accepted ('10.0.0.30', 52388) server /var/lib/kolla/venv/lib/python3.6/site-packages/eventlet/wsgi.py:1004
2024-09-12 02:18:14.165 22 INFO neutron.wsgi [-] 10.0.0.30 "GET / HTTP/1.1" status: 200 len: 227 time: 0.0037944
2024-09-12 02:18:16.724 28 DEBUG neutron_lib.callbacks.manager [req-f7c2cdb7-6160-423a-862d-2fc5cc80b8a8 - - - - -] Publish callbacks ['neutron.services.segments.db._update_segment_host_mapping_for_agent-8774144036467', 'neutron.plugins.ml2.plugin.Ml2Plugin._retry_binding_revived_agents--9223372036846591344'] for agent (7f1798a1-8045-4980-a1a4-20d4d31a5f46), after_update _notify_loop /var/lib/kolla/venv/lib/python3.6/site-packages/neutron_lib/callbacks/manager.py:177
2024-09-12 02:18:30.601 23 DEBUG neutron_lib.callbacks.manager [req-3ef7c255-9278-4194-af77-d95266470cf7 - - - - -] Publish callbacks ['neutron.services.segments.db._update_segment_host_mapping_for_agent-8774144036467', 'neutron.plugins.ml2.plugin.Ml2Plugin._retry_binding_revived_agents--9223372036846591344'] for agent (9227e275-56e0-4d87-88d3-8012276316df), after_update _notify_loop /var/lib/kolla/venv/lib/python3.6/site-packages/neutron_lib/callbacks/manager.py:177
2024-09-12 02:18:44.213 22 DEBUG neutron.wsgi [-] (22) accepted ('10.0.0.30', 36228) server /var/lib/kolla/venv/lib/python3.6/site-packages/eventlet/wsgi.py:1004
2024-09-12 02:18:44.218 22 INFO neutron.wsgi [-] 10.0.0.30 "GET / HTTP/1.1" status: 200 len: 227 time: 0.0031090
2024-09-12 02:18:46.723 25 DEBUG neutron_lib.callbacks.manager [req-1939ab26-d08a-4a15-adf8-f1eaf0a46935 - - - - -] Publish callbacks ['neutron.services.segments.db._update_segment_host_mapping_for_agent-8774144036467', 'neutron.plugins.ml2.plugin.Ml2Plugin._retry_binding_revived_agents--9223372036846591344'] for agent (7f1798a1-8045-4980-a1a4-20d4d31a5f46), after_update _notify_loop /var/lib/kolla/venv/lib/python3.6/site-packages/neutron_lib/callbacks/manager.py:177
2024-09-12 02:18:49.685 29 DEBUG neutron.db.agents_db [req-fc2c7802-1357-4a79-a426-4c019861caca - - - - -] Agent healthcheck: found 2 active agents agent_health_check /var/lib/kolla/venv/lib/python3.6/site-packages/neutron/db/agents_db.py:318
2024-09-12 02:19:00.560 24 DEBUG neutron_lib.callbacks.manager [req-3ef7c255-9278-4194-af77-d95266470cf7 - - - - -] Publish callbacks ['neutron.services.segments.db._update_segment_host_mapping_for_agent-8774144036467', 'neutron.plugins.ml2.plugin.Ml2Plugin._retry_binding_revived_agents--9223372036846591344'] for agent (9227e275-56e0-4d87-88d3-8012276316df), after_update _notify_loop /var/lib/kolla/venv/lib/python3.6/site-packages/neutron_lib/callbacks/manager.py:177
2024-09-12 02:19:14.264 22 DEBUG neutron.wsgi [-] (22) accepted ('10.0.0.30', 37498) server /var/lib/kolla/venv/lib/python3.6/site-packages/eventlet/wsgi.py:1004
2024-09-12 02:19:14.268 22 INFO neutron.wsgi [-] 10.0.0.30 "GET / HTTP/1.1" status: 200 len: 227 time: 0.0031362
2024-09-12 02:19:16.723 26 DEBUG neutron_lib.callbacks.manager [req-8b798a8e-c1f3-4984-aab1-b87a8cb782a0 - - - - -] Publish callbacks ['neutron.services.segments.db._update_segment_host_mapping_for_agent-8774144036467', 'neutron.plugins.ml2.plugin.Ml2Plugin._retry_binding_revived_agents--9223372036846591344'] for agent (7f1798a1-8045-4980-a1a4-20d4d31a5f46), after_update _notify_loop /var/lib/kolla/venv/lib/python3.6/site-packages/neutron_lib/callbacks/manager.py:177
2024-09-12 02:19:26.685 29 DEBUG neutron.db.agents_db [req-fc2c7802-1357-4a79-a426-4c019861caca - - - - -] Agent healthcheck: found 2 active agents agent_health_check /var/lib/kolla/venv/lib/python3.6/site-packages/neutron/db/agents_db.py:318
2024-09-12 02:19:30.560 27 DEBUG neutron_lib.callbacks.manager [req-3ef7c255-9278-4194-af77-d95266470cf7 - - - - -] Publish callbacks ['neutron.services.segments.db._update_segment_host_mapping_for_agent-8774144036467', 'neutron.plugins.ml2.plugin.Ml2Plugin._retry_binding_revived_agents--9223372036846591344'] for agent (9227e275-56e0-4d87-88d3-8012276316df), after_update _notify_loop /var/lib/kolla/venv/lib/python3.6/site-packages/neutron_lib/callbacks/manager.py:177
2024-09-12 02:19:44.316 22 DEBUG neutron.wsgi [-] (22) accepted ('10.0.0.30', 41194) server /var/lib/kolla/venv/lib/python3.6/site-packages/eventlet/wsgi.py:1004
2024-09-12 02:19:44.320 22 INFO neutron.wsgi [-] 10.0.0.30 "GET / HTTP/1.1" status: 200 len: 227 time: 0.0035448
2024-09-12 02:19:46.722 28 DEBUG neutron_lib.callbacks.manager [req-60c082ab-8d2d-43b7-98d5-ad062dfa3724 - - - - -] Publish callbacks ['neutron.services.segments.db._update_segment_host_mapping_for_agent-8774144036467', 'neutron.plugins.ml2.plugin.Ml2Plugin._retry_binding_revived_agents--9223372036846591344'] for agent (7f1798a1-8045-4980-a1a4-20d4d31a5f46), after_update _notify_loop /var/lib/kolla/venv/lib/python3.6/site-packages/neutron_lib/callbacks/manager.py:177
2024-09-12 02:20:00.562 23 DEBUG neutron_lib.callbacks.manager [req-3ef7c255-9278-4194-af77-d95266470cf7 - - - - -] Publish callbacks ['neutron.services.segments.db._update_segment_host_mapping_for_agent-8774144036467', 'neutron.plugins.ml2.plugin.Ml2Plugin._retry_binding_revived_agents--9223372036846591344'] for agent (9227e275-56e0-4d87-88d3-8012276316df), after_update _notify_loop /var/lib/kolla/venv/lib/python3.6/site-packages/neutron_lib/callbacks/manager.py:177
2024-09-12 02:20:03.683 29 DEBUG neutron.db.agents_db [req-fc2c7802-1357-4a79-a426-4c019861caca - - - - -] Agent healthcheck: found 2 active agents agent_health_check /var/lib/kolla/venv/lib/python3.6/site-packages/neutron/db/agents_db.py:318
2024-09-12 02:20:14.376 22 DEBUG neutron.wsgi [-] (22) accepted ('10.0.0.30', 48900) server /var/lib/kolla/venv/lib/python3.6/site-packages/eventlet/wsgi.py:1004
2024-09-12 02:20:14.380 22 INFO neutron.wsgi [-] 10.0.0.30 "GET / HTTP/1.1" status: 200 len: 227 time: 0.0037136
2024-09-12 02:20:16.724 25 DEBUG neutron_lib.callbacks.manager [req-c87b1447-12d0-4558-b312-be1865c15eb9 - - - - -] Publish callbacks ['neutron.services.segments.db._update_segment_host_mapping_for_agent-8774144036467', 'neutron.plugins.ml2.plugin.Ml2Plugin._retry_binding_revived_agents--9223372036846591344'] for agent (7f1798a1-8045-4980-a1a4-20d4d31a5f46), after_update _notify_loop /var/lib/kolla/venv/lib/python3.6/site-packages/neutron_lib/callbacks/manager.py:177
2024-09-12 02:20:30.564 24 DEBUG neutron_lib.callbacks.manager [req-3ef7c255-9278-4194-af77-d95266470cf7 - - - - -] Publish callbacks ['neutron.services.segments.db._update_segment_host_mapping_for_agent-8774144036467', 'neutron.plugins.ml2.plugin.Ml2Plugin._retry_binding_revived_agents--9223372036846591344'] for agent (9227e275-56e0-4d87-88d3-8012276316df), after_update _notify_loop /var/lib/kolla/venv/lib/python3.6/site-packages/neutron_lib/callbacks/manager.py:177
2024-09-12 02:20:40.685 29 DEBUG neutron.db.agents_db [req-fc2c7802-1357-4a79-a426-4c019861caca - - - - -] Agent healthcheck: found 2 active agents agent_health_check /var/lib/kolla/venv/lib/python3.6/site-packages/neutron/db/agents_db.py:318
2024-09-12 02:20:44.436 22 DEBUG neutron.wsgi [-] (22) accepted ('10.0.0.30', 38234) server /var/lib/kolla/venv/lib/python3.6/site-packages/eventlet/wsgi.py:1004
2024-09-12 02:20:44.440 22 INFO neutron.wsgi [-] 10.0.0.30 "GET / HTTP/1.1" status: 200 len: 227 time: 0.0033703
2024-09-12 02:20:46.723 26 DEBUG neutron_lib.callbacks.manager [req-8a615ad3-cfa3-4db8-9101-20409e96ed73 - - - - -] Publish callbacks ['neutron.services.segments.db._update_segment_host_mapping_for_agent-8774144036467', 'neutron.plugins.ml2.plugin.Ml2Plugin._retry_binding_revived_agents--9223372036846591344'] for agent (7f1798a1-8045-4980-a1a4-20d4d31a5f46), after_update _notify_loop /var/lib/kolla/venv/lib/python3.6/site-packages/neutron_lib/callbacks/manager.py:177
2024-09-12 02:21:00.572 27 DEBUG neutron_lib.callbacks.manager [req-3ef7c255-9278-4194-af77-d95266470cf7 - - - - -] Publish callbacks ['neutron.services.segments.db._update_segment_host_mapping_for_agent-8774144036467', 'neutron.plugins.ml2.plugin.Ml2Plugin._retry_binding_revived_agents--9223372036846591344'] for agent (9227e275-56e0-4d87-88d3-8012276316df), after_update _notify_loop /var/lib/kolla/venv/lib/python3.6/site-packages/neutron_lib/callbacks/manager.py:177
2024-09-12 02:21:14.489 22 DEBUG neutron.wsgi [-] (22) accepted ('10.0.0.30', 46272) server /var/lib/kolla/venv/lib/python3.6/site-packages/eventlet/wsgi.py:1004
2024-09-12 02:21:14.493 22 INFO neutron.wsgi [-] 10.0.0.30 "GET / HTTP/1.1" status: 200 len: 227 time: 0.0036135
2024-09-12 02:21:16.723 28 DEBUG neutron_lib.callbacks.manager [req-4a0e339a-a031-4f06-b19f-6830a5a13ab5 - - - - -] Publish callbacks ['neutron.services.segments.db._update_segment_host_mapping_for_agent-8774144036467', 'neutron.plugins.ml2.plugin.Ml2Plugin._retry_binding_revived_agents--9223372036846591344'] for agent (7f1798a1-8045-4980-a1a4-20d4d31a5f46), after_update _notify_loop /var/lib/kolla/venv/lib/python3.6/site-packages/neutron_lib/callbacks/manager.py:177
2024-09-12 02:21:17.687 29 DEBUG neutron.db.agents_db [req-fc2c7802-1357-4a79-a426-4c019861caca - - - - -] Agent healthcheck: found 2 active agents agent_health_check /var/lib/kolla/venv/lib/python3.6/site-packages/neutron/db/agents_db.py:318
2024-09-12 02:21:30.571 23 DEBUG neutron_lib.callbacks.manager [req-3ef7c255-9278-4194-af77-d95266470cf7 - - - - -] Publish callbacks ['neutron.services.segments.db._update_segment_host_mapping_for_agent-8774144036467', 'neutron.plugins.ml2.plugin.Ml2Plugin._retry_binding_revived_agents--9223372036846591344'] for agent (9227e275-56e0-4d87-88d3-8012276316df), after_update _notify_loop /var/lib/kolla/venv/lib/python3.6/site-packages/neutron_lib/callbacks/manager.py:177
2024-09-12 02:21:44.550 22 DEBUG neutron.wsgi [-] (22) accepted ('10.0.0.30', 36296) server /var/lib/kolla/venv/lib/python3.6/site-packages/eventlet/wsgi.py:1004
2024-09-12 02:21:44.555 22 INFO neutron.wsgi [-] 10.0.0.30 "GET / HTTP/1.1" status: 200 len: 227 time: 0.0036094
2024-09-12 02:21:46.721 25 DEBUG neutron_lib.callbacks.manager [req-44223f15-fd25-4d0e-aa3b-1c6b7bbe7a23 - - - - -] Publish callbacks ['neutron.services.segments.db._update_segment_host_mapping_for_agent-8774144036467', 'neutron.plugins.ml2.plugin.Ml2Plugin._retry_binding_revived_agents--9223372036846591344'] for agent (7f1798a1-8045-4980-a1a4-20d4d31a5f46), after_update _notify_loop /var/lib/kolla/venv/lib/python3.6/site-packages/neutron_lib/callbacks/manager.py:177
2024-09-12 02:21:54.687 29 DEBUG neutron.db.agents_db [req-fc2c7802-1357-4a79-a426-4c019861caca - - - - -] Agent healthcheck: found 2 active agents agent_health_check /var/lib/kolla/venv/lib/python3.6/site-packages/neutron/db/agents_db.py:318
2024-09-12 02:22:00.573 24 DEBUG neutron_lib.callbacks.manager [req-3ef7c255-9278-4194-af77-d95266470cf7 - - - - -] Publish callbacks ['neutron.services.segments.db._update_segment_host_mapping_for_agent-8774144036467', 'neutron.plugins.ml2.plugin.Ml2Plugin._retry_binding_revived_agents--9223372036846591344'] for agent (9227e275-56e0-4d87-88d3-8012276316df), after_update _notify_loop /var/lib/kolla/venv/lib/python3.6/site-packages/neutron_lib/callbacks/manager.py:177
2024-09-12 02:22:14.603 22 DEBUG neutron.wsgi [-] (22) accepted ('10.0.0.30', 42372) server /var/lib/kolla/venv/lib/python3.6/site-packages/eventlet/wsgi.py:1004
2024-09-12 02:22:14.608 22 INFO neutron.wsgi [-] 10.0.0.30 "GET / HTTP/1.1" status: 200 len: 227 time: 0.0036845
2024-09-12 02:22:16.945 26 DEBUG neutron_lib.callbacks.manager [req-0062b95d-b0dd-4b34-80f8-dc9d456ff279 - - - - -] Publish callbacks ['neutron.services.segments.db._update_segment_host_mapping_for_agent-8774144036467', 'neutron.plugins.ml2.plugin.Ml2Plugin._retry_binding_revived_agents--9223372036846591344'] for agent (7f1798a1-8045-4980-a1a4-20d4d31a5f46), after_update _notify_loop /var/lib/kolla/venv/lib/python3.6/site-packages/neutron_lib/callbacks/manager.py:177
2024-09-12 02:22:30.606 27 DEBUG neutron_lib.callbacks.manager [req-3ef7c255-9278-4194-af77-d95266470cf7 - - - - -] Publish callbacks ['neutron.services.segments.db._update_segment_host_mapping_for_agent-8774144036467', 'neutron.plugins.ml2.plugin.Ml2Plugin._retry_binding_revived_agents--9223372036846591344'] for agent (9227e275-56e0-4d87-88d3-8012276316df), after_update _notify_loop /var/lib/kolla/venv/lib/python3.6/site-packages/neutron_lib/callbacks/manager.py:177
2024-09-12 02:22:31.686 29 DEBUG neutron.db.agents_db [req-fc2c7802-1357-4a79-a426-4c019861caca - - - - -] Agent healthcheck: found 2 active agents agent_health_check /var/lib/kolla/venv/lib/python3.6/site-packages/neutron/db/agents_db.py:318
2024-09-12 02:22:44.660 22 DEBUG neutron.wsgi [-] (22) accepted ('10.0.0.30', 52724) server /var/lib/kolla/venv/lib/python3.6/site-packages/eventlet/wsgi.py:1004
2024-09-12 02:22:44.664 22 INFO neutron.wsgi [-] 10.0.0.30 "GET / HTTP/1.1" status: 200 len: 227 time: 0.0029917
2024-09-12 02:22:46.724 28 DEBUG neutron_lib.callbacks.manager [req-afbb88ac-f7c8-46bc-a016-cb4b3be774ae - - - - -] Publish callbacks ['neutron.services.segments.db._update_segment_host_mapping_for_agent-8774144036467', 'neutron.plugins.ml2.plugin.Ml2Plugin._retry_binding_revived_agents--9223372036846591344'] for agent (7f1798a1-8045-4980-a1a4-20d4d31a5f46), after_update _notify_loop /var/lib/kolla/venv/lib/python3.6/site-packages/neutron_lib/callbacks/manager.py:177
2024-09-12 02:23:00.153 7 INFO oslo_service.service [-] Caught SIGTERM, stopping children
2024-09-12 02:23:00.154 7 DEBUG oslo_concurrency.lockutils [-] Acquired lock "singleton_lock" lock /var/lib/kolla/venv/lib/python3.6/site-packages/oslo_concurrency/lockutils.py:294
2024-09-12 02:23:00.154 7 DEBUG oslo_concurrency.lockutils [-] Releasing lock "singleton_lock" lock /var/lib/kolla/venv/lib/python3.6/site-packages/oslo_concurrency/lockutils.py:312
2024-09-12 02:23:00.154 7 DEBUG oslo_service.service [-] Stop services. stop /var/lib/kolla/venv/lib/python3.6/site-packages/oslo_service/service.py:695
2024-09-12 02:23:00.155 7 DEBUG neutron.service [-] calling RpcWorker stop() stop /var/lib/kolla/venv/lib/python3.6/site-packages/neutron/service.py:138
2024-09-12 02:23:00.155 7 DEBUG neutron.service [-] calling RpcWorker stop() stop /var/lib/kolla/venv/lib/python3.6/site-packages/neutron/service.py:138
2024-09-12 02:23:00.155 7 DEBUG oslo_service.service [-] Killing children. stop /var/lib/kolla/venv/lib/python3.6/site-packages/oslo_service/service.py:700
2024-09-12 02:23:00.155 7 INFO oslo_service.service [-] Waiting on 8 children to exit
2024-09-12 02:23:00.156 22 INFO neutron.wsgi [-] (22) wsgi exited, is_accepting=True
2024-09-12 02:23:00.157 22 DEBUG oslo_concurrency.lockutils [req-8ee84ba6-e88b-490e-a5c5-82a562223e56 - - - - -] Acquired lock "singleton_lock" lock /var/lib/kolla/venv/lib/python3.6/site-packages/oslo_concurrency/lockutils.py:294
2024-09-12 02:23:00.157 22 DEBUG oslo_concurrency.lockutils [req-8ee84ba6-e88b-490e-a5c5-82a562223e56 - - - - -] Releasing lock "singleton_lock" lock /var/lib/kolla/venv/lib/python3.6/site-packages/oslo_concurrency/lockutils.py:312
2024-09-12 02:23:00.161 29 DEBUG neutron.service [-] calling RpcWorker stop() stop /var/lib/kolla/venv/lib/python3.6/site-packages/neutron/service.py:138
2024-09-12 02:23:00.162 29 DEBUG neutron.service [-] calling stop on stop /var/lib/kolla/venv/lib/python3.6/site-packages/neutron/service.py:141
2024-09-12 02:23:00.163 23 DEBUG neutron.service [-] calling RpcWorker stop() stop /var/lib/kolla/venv/lib/python3.6/site-packages/neutron/service.py:138
2024-09-12 02:23:00.164 24 DEBUG neutron.service [-] calling RpcWorker stop() stop /var/lib/kolla/venv/lib/python3.6/site-packages/neutron/service.py:138
2024-09-12 02:23:00.164 23 DEBUG neutron.service [-] calling stop on stop /var/lib/kolla/venv/lib/python3.6/site-packages/neutron/service.py:141
2024-09-12 02:23:00.165 27 DEBUG neutron.service [-] calling RpcWorker stop() stop /var/lib/kolla/venv/lib/python3.6/site-packages/neutron/service.py:138
2024-09-12 02:23:00.164 24 DEBUG neutron.service [-] calling stop on stop /var/lib/kolla/venv/lib/python3.6/site-packages/neutron/service.py:141
2024-09-12 02:23:00.168 7 INFO oslo_service.service [-] Child 22 exited with status 0
2024-09-12 02:23:00.166 27 DEBUG neutron.service [-] calling stop on stop /var/lib/kolla/venv/lib/python3.6/site-packages/neutron/service.py:141
2024-09-12 02:23:00.169 25 DEBUG neutron.service [-] calling RpcWorker stop() stop /var/lib/kolla/venv/lib/python3.6/site-packages/neutron/service.py:138
2024-09-12 02:23:00.170 25 DEBUG neutron.service [-] calling stop on stop /var/lib/kolla/venv/lib/python3.6/site-packages/neutron/service.py:141
2024-09-12 02:23:00.174 26 DEBUG neutron.service [-] calling RpcWorker stop() stop /var/lib/kolla/venv/lib/python3.6/site-packages/neutron/service.py:138
2024-09-12 02:23:00.181 28 DEBUG neutron.service [-] calling RpcWorker stop() stop /var/lib/kolla/venv/lib/python3.6/site-packages/neutron/service.py:138
2024-09-12 02:23:00.174 26 DEBUG neutron.service [-] calling stop on stop /var/lib/kolla/venv/lib/python3.6/site-packages/neutron/service.py:141
2024-09-12 02:23:00.183 28 DEBUG neutron.service [-] calling stop on stop /var/lib/kolla/venv/lib/python3.6/site-packages/neutron/service.py:141
2024-09-12 02:23:00.585 23 DEBUG neutron_lib.callbacks.manager [req-3ef7c255-9278-4194-af77-d95266470cf7 - - - - -] Publish callbacks ['neutron.services.segments.db._update_segment_host_mapping_for_agent-8774144036467', 'neutron.plugins.ml2.plugin.Ml2Plugin._retry_binding_revived_agents--9223372036846591344'] for agent (9227e275-56e0-4d87-88d3-8012276316df), after_update _notify_loop /var/lib/kolla/venv/lib/python3.6/site-packages/neutron_lib/callbacks/manager.py:177
2024-09-12 02:23:02.669 23 DEBUG neutron.service [-] calling stop on stop /var/lib/kolla/venv/lib/python3.6/site-packages/neutron/service.py:141
2024-09-12 02:23:02.685 24 DEBUG neutron.service [-] calling stop on stop /var/lib/kolla/venv/lib/python3.6/site-packages/neutron/service.py:141
2024-09-12 02:23:02.687 25 DEBUG neutron.service [-] calling stop on stop /var/lib/kolla/venv/lib/python3.6/site-packages/neutron/service.py:141
2024-09-12 02:23:02.692 23 DEBUG neutron.service [-] calling stop on stop /var/lib/kolla/venv/lib/python3.6/site-packages/neutron/service.py:141
2024-09-12 02:23:02.695 24 DEBUG neutron.service [-] calling stop on stop /var/lib/kolla/venv/lib/python3.6/site-packages/neutron/service.py:141
2024-09-12 02:23:02.701 25 DEBUG neutron.service [-] calling stop on stop /var/lib/kolla/venv/lib/python3.6/site-packages/neutron/service.py:141
2024-09-12 02:23:02.714 25 DEBUG neutron.service [-] calling stop on stop /var/lib/kolla/venv/lib/python3.6/site-packages/neutron/service.py:141
2024-09-12 02:23:02.719 24 DEBUG neutron.service [-] calling stop on stop /var/lib/kolla/venv/lib/python3.6/site-packages/neutron/service.py:141
2024-09-12 02:23:02.721 29 DEBUG oslo_concurrency.lockutils [req-8ee84ba6-e88b-490e-a5c5-82a562223e56 - - - - -] Acquired lock "singleton_lock" lock /var/lib/kolla/venv/lib/python3.6/site-packages/oslo_concurrency/lockutils.py:294
2024-09-12 02:23:02.722 29 DEBUG oslo_concurrency.lockutils [req-8ee84ba6-e88b-490e-a5c5-82a562223e56 - - - - -] Releasing lock "singleton_lock" lock /var/lib/kolla/venv/lib/python3.6/site-packages/oslo_concurrency/lockutils.py:312
2024-09-12 02:23:02.722 29 DEBUG neutron.service [req-8ee84ba6-e88b-490e-a5c5-82a562223e56 - - - - -] calling RpcWorker wait() _wait /var/lib/kolla/venv/lib/python3.6/site-packages/neutron/service.py:128
2024-09-12 02:23:02.722 29 DEBUG neutron.service [req-8ee84ba6-e88b-490e-a5c5-82a562223e56 - - - - -] calling wait on _wait /var/lib/kolla/venv/lib/python3.6/site-packages/neutron/service.py:131
2024-09-12 02:23:02.730 25 DEBUG oslo_concurrency.lockutils [req-8ee84ba6-e88b-490e-a5c5-82a562223e56 - - - - -] Acquired lock "singleton_lock" lock /var/lib/kolla/venv/lib/python3.6/site-packages/oslo_concurrency/lockutils.py:294
2024-09-12 02:23:02.730 29 WARNING amqp [req-8ee84ba6-e88b-490e-a5c5-82a562223e56 - - - - -] Received method (60, 30) during closing channel 1. This method will be ignored
2024-09-12 02:23:02.730 25 DEBUG oslo_concurrency.lockutils [req-8ee84ba6-e88b-490e-a5c5-82a562223e56 - - - - -] Releasing lock "singleton_lock" lock /var/lib/kolla/venv/lib/python3.6/site-packages/oslo_concurrency/lockutils.py:312
2024-09-12 02:23:02.731 25 DEBUG neutron.service [req-8ee84ba6-e88b-490e-a5c5-82a562223e56 - - - - -] calling RpcWorker wait() _wait /var/lib/kolla/venv/lib/python3.6/site-packages/neutron/service.py:128
2024-09-12 02:23:02.731 25 DEBUG neutron.service [req-8ee84ba6-e88b-490e-a5c5-82a562223e56 - - - - -] calling wait on _wait /var/lib/kolla/venv/lib/python3.6/site-packages/neutron/service.py:131
2024-09-12 02:23:02.732 29 DEBUG neutron.service [req-8ee84ba6-e88b-490e-a5c5-82a562223e56 - - - - -] returning from RpcWorker wait() _wait /var/lib/kolla/venv/lib/python3.6/site-packages/neutron/service.py:135
2024-09-12 02:23:02.736 25 WARNING amqp [req-8ee84ba6-e88b-490e-a5c5-82a562223e56 - - - - -] Received method (60, 30) during closing channel 1. This method will be ignored
2024-09-12 02:23:02.739 7 INFO oslo_service.service [-] Child 29 exited with status 0
2024-09-12 02:23:02.740 24 DEBUG oslo_concurrency.lockutils [req-8ee84ba6-e88b-490e-a5c5-82a562223e56 - - - - -] Acquired lock "singleton_lock" lock /var/lib/kolla/venv/lib/python3.6/site-packages/oslo_concurrency/lockutils.py:294
2024-09-12 02:23:02.741 24 DEBUG oslo_concurrency.lockutils [req-8ee84ba6-e88b-490e-a5c5-82a562223e56 - - - - -] Releasing lock "singleton_lock" lock /var/lib/kolla/venv/lib/python3.6/site-packages/oslo_concurrency/lockutils.py:312
2024-09-12 02:23:02.741 24 DEBUG neutron.service [req-8ee84ba6-e88b-490e-a5c5-82a562223e56 - - - - -] calling RpcWorker wait() _wait /var/lib/kolla/venv/lib/python3.6/site-packages/neutron/service.py:128
2024-09-12 02:23:02.741 24 DEBUG neutron.service [req-8ee84ba6-e88b-490e-a5c5-82a562223e56 - - - - -] calling wait on _wait /var/lib/kolla/venv/lib/python3.6/site-packages/neutron/service.py:131
2024-09-12 02:23:02.743 25 DEBUG neutron.service [req-8ee84ba6-e88b-490e-a5c5-82a562223e56 - - - - -] calling wait on _wait /var/lib/kolla/venv/lib/python3.6/site-packages/neutron/service.py:131
