2025-08-18 00:39:18.366 130420 DEBUG oslo_service.service [req-4f122b23-93ca-414c-8191-a2d0b27b2d83 - - - - -] oslo_limit.status_code_retries = None log_opt_values /usr/lib/python3/dist-packages/oslo_config/cfg.py:2609
2025-08-18 00:39:18.366 130420 DEBUG oslo_service.service [req-4f122b23-93ca-414c-8191-a2d0b27b2d83 - - - - -] oslo_limit.status_code_retry_delay = None log_opt_values /usr/lib/python3/dist-packages/oslo_config/cfg.py:2609
2025-08-18 00:39:18.366 130420 DEBUG oslo_service.service [req-4f122b23-93ca-414c-8191-a2d0b27b2d83 - - - - -] oslo_limit.timeout = None log_opt_values /usr/lib/python3/dist-packages/oslo_config/cfg.py:2609
2025-08-18 00:39:18.366 130420 DEBUG oslo_service.service [req-4f122b23-93ca-414c-8191-a2d0b27b2d83 - - - - -] oslo_limit.valid_interfaces = None log_opt_values /usr/lib/python3/dist-packages/oslo_config/cfg.py:2609
2025-08-18 00:39:18.366 130420 DEBUG oslo_service.service [req-4f122b23-93ca-414c-8191-a2d0b27b2d83 - - - - -] oslo_limit.version = None log_opt_values /usr/lib/python3/dist-packages/oslo_config/cfg.py:2609
2025-08-18 00:39:18.367 130420 DEBUG oslo_service.service [req-4f122b23-93ca-414c-8191-a2d0b27b2d83 - - - - -] oslo_reports.file_event_handler = None log_opt_values /usr/lib/python3/dist-packages/oslo_config/cfg.py:2609
2025-08-18 00:39:18.367 130420 DEBUG oslo_service.service [req-4f122b23-93ca-414c-8191-a2d0b27b2d83 - - - - -] oslo_reports.file_event_handler_interval = 1 log_opt_values /usr/lib/python3/dist-packages/oslo_config/cfg.py:2609
2025-08-18 00:39:18.367 130420 DEBUG oslo_service.service [req-4f122b23-93ca-414c-8191-a2d0b27b2d83 - - - - -] oslo_reports.log_dir = None log_opt_values /usr/lib/python3/dist-packages/oslo_config/cfg.py:2609
2025-08-18 00:39:18.367 130420 DEBUG oslo_service.service [req-4f122b23-93ca-414c-8191-a2d0b27b2d83 - - - - -] ******************************************************************************** log_opt_values /usr/lib/python3/dist-packages/oslo_config/cfg.py:2613
2025-08-18 00:39:19.132 131362 DEBUG oslo_messaging._drivers.amqpdriver [-] AMQPListener connection timeout poll /usr/lib/python3/dist-packages/oslo_messaging/_drivers/amqpdriver.py:360
2025-08-18 00:39:19.133 131362 DEBUG oslo_messaging._drivers.amqpdriver [-] Listener is running poll /usr/lib/python3/dist-packages/oslo_messaging/_drivers/amqpdriver.py:343
2025-08-18 00:39:19.133 131362 DEBUG oslo_messaging._drivers.amqpdriver [-] AMQPListener connection consume poll /usr/lib/python3/dist-packages/oslo_messaging/_drivers/amqpdriver.py:357
2025-08-18 00:39:19.138 131356 DEBUG oslo_messaging._drivers.amqpdriver [-] AMQPListener connection timeout poll /usr/lib/python3/dist-packages/oslo_messaging/_drivers/amqpdriver.py:360
2025-08-18 00:39:19.138 131356 DEBUG oslo_messaging._drivers.amqpdriver [-] Listener is running poll /usr/lib/python3/dist-packages/oslo_messaging/_drivers/amqpdriver.py:343
2025-08-18 00:39:19.138 131356 DEBUG oslo_messaging._drivers.amqpdriver [-] AMQPListener connection consume poll /usr/lib/python3/dist-packages/oslo_messaging/_drivers/amqpdriver.py:357
2025-08-18 00:39:19.138 131349 DEBUG oslo_messaging._drivers.amqpdriver [-] AMQPListener connection timeout poll /usr/lib/python3/dist-packages/oslo_messaging/_drivers/amqpdriver.py:360
2025-08-18 00:39:19.139 131349 DEBUG oslo_messaging._drivers.amqpdriver [-] Listener is running poll /usr/lib/python3/dist-packages/oslo_messaging/_drivers/amqpdriver.py:343
2025-08-18 00:39:19.139 131349 DEBUG oslo_messaging._drivers.amqpdriver [-] AMQPListener connection consume poll /usr/lib/python3/dist-packages/oslo_messaging/_drivers/amqpdriver.py:357
2025-08-18 00:39:19.152 131355 DEBUG oslo_messaging._drivers.amqpdriver [-] AMQPListener connection timeout poll /usr/lib/python3/dist-packages/oslo_messaging/_drivers/amqpdriver.py:360
2025-08-18 00:39:19.152 131355 DEBUG oslo_messaging._drivers.amqpdriver [-] Listener is running poll /usr/lib/python3/dist-packages/oslo_messaging/_drivers/amqpdriver.py:343
2025-08-18 00:39:19.152 131355 DEBUG oslo_messaging._drivers.amqpdriver [-] AMQPListener connection consume poll /usr/lib/python3/dist-packages/oslo_messaging/_drivers/amqpdriver.py:357
2025-08-18 00:39:21.134 131362 DEBUG oslo_messaging._drivers.amqpdriver [-] AMQPListener connection timeout poll /usr/lib/python3/dist-packages/oslo_messaging/_drivers/amqpdriver.py:360
2025-08-18 00:39:21.135 131362 DEBUG oslo_messaging._drivers.amqpdriver [-] Listener is running poll /usr/lib/python3/dist-packages/oslo_messaging/_drivers/amqpdriver.py:343
2025-08-18 00:39:21.135 131362 DEBUG oslo_messaging._drivers.amqpdriver [-] AMQPListener connection consume poll /usr/lib/python3/dist-packages/oslo_messaging/_drivers/amqpdriver.py:357
2025-08-18 00:39:21.140 131356 DEBUG oslo_messaging._drivers.amqpdriver [-] AMQPListener connection timeout poll /usr/lib/python3/dist-packages/oslo_messaging/_drivers/amqpdriver.py:360
2025-08-18 00:39:21.141 131356 DEBUG oslo_messaging._drivers.amqpdriver [-] Listener is running poll /usr/lib/python3/dist-packages/oslo_messaging/_drivers/amqpdriver.py:343
2025-08-18 00:39:21.141 131356 DEBUG oslo_messaging._drivers.amqpdriver [-] AMQPListener connection consume poll /usr/lib/python3/dist-packages/oslo_messaging/_drivers/amqpdriver.py:357
2025-08-18 00:39:21.141 131349 DEBUG oslo_messaging._drivers.amqpdriver [-] AMQPListener connection timeout poll /usr/lib/python3/dist-packages/oslo_messaging/_drivers/amqpdriver.py:360
2025-08-18 00:39:21.141 131349 DEBUG oslo_messaging._drivers.amqpdriver [-] Listener is running poll /usr/lib/python3/dist-packages/oslo_messaging/_drivers/amqpdriver.py:343
2025-08-18 00:39:21.142 131349 DEBUG oslo_messaging._drivers.amqpdriver [-] AMQPListener connection consume poll /usr/lib/python3/dist-packages/oslo_messaging/_drivers/amqpdriver.py:357
2025-08-18 00:39:21.154 131355 DEBUG oslo_messaging._drivers.amqpdriver [-] AMQPListener connection timeout poll /usr/lib/python3/dist-packages/oslo_messaging/_drivers/amqpdriver.py:360
2025-08-18 00:39:21.154 131355 DEBUG oslo_messaging._drivers.amqpdriver [-] Listener is running poll /usr/lib/python3/dist-packages/oslo_messaging/_drivers/amqpdriver.py:343
2025-08-18 00:39:21.154 131355 DEBUG oslo_messaging._drivers.amqpdriver [-] AMQPListener connection consume poll /usr/lib/python3/dist-packages/oslo_messaging/_drivers/amqpdriver.py:357
2025-08-18 00:39:25.138 131362 DEBUG oslo_messaging._drivers.amqpdriver [-] AMQPListener connection timeout poll /usr/lib/python3/dist-packages/oslo_messaging/_drivers/amqpdriver.py:360
2025-08-18 00:39:25.138 131362 DEBUG oslo_messaging._drivers.amqpdriver [-] Listener is running poll /usr/lib/python3/dist-packages/oslo_messaging/_drivers/amqpdriver.py:343
2025-08-18 00:39:25.139 131362 DEBUG oslo_messaging._drivers.amqpdriver [-] AMQPListener connection consume poll /usr/lib/python3/dist-packages/oslo_messaging/_drivers/amqpdriver.py:357
2025-08-18 00:39:25.144 131356 DEBUG oslo_messaging._drivers.amqpdriver [-] AMQPListener connection timeout poll /usr/lib/python3/dist-packages/oslo_messaging/_drivers/amqpdriver.py:360
2025-08-18 00:39:25.144 131356 DEBUG oslo_messaging._drivers.amqpdriver [-] Listener is running poll /usr/lib/python3/dist-packages/oslo_messaging/_drivers/amqpdriver.py:343
2025-08-18 00:39:25.144 131356 DEBUG oslo_messaging._drivers.amqpdriver [-] AMQPListener connection consume poll /usr/lib/python3/dist-packages/oslo_messaging/_drivers/amqpdriver.py:357
2025-08-18 00:39:25.145 131349 DEBUG oslo_messaging._drivers.amqpdriver [-] AMQPListener connection timeout poll /usr/lib/python3/dist-packages/oslo_messaging/_drivers/amqpdriver.py:360
2025-08-18 00:39:25.145 131349 DEBUG oslo_messaging._drivers.amqpdriver [-] Listener is running poll /usr/lib/python3/dist-packages/oslo_messaging/_drivers/amqpdriver.py:343
2025-08-18 00:39:25.145 131349 DEBUG oslo_messaging._drivers.amqpdriver [-] AMQPListener connection consume poll /usr/lib/python3/dist-packages/oslo_messaging/_drivers/amqpdriver.py:357
2025-08-18 00:39:25.156 131355 DEBUG oslo_messaging._drivers.amqpdriver [-] AMQPListener connection timeout poll /usr/lib/python3/dist-packages/oslo_messaging/_drivers/amqpdriver.py:360
2025-08-18 00:39:25.157 131355 DEBUG oslo_messaging._drivers.amqpdriver [-] Listener is running poll /usr/lib/python3/dist-packages/oslo_messaging/_drivers/amqpdriver.py:343
2025-08-18 00:39:25.157 131355 DEBUG oslo_messaging._drivers.amqpdriver [-] AMQPListener connection consume poll /usr/lib/python3/dist-packages/oslo_messaging/_drivers/amqpdriver.py:357
2025-08-18 00:39:33.139 131362 DEBUG oslo_messaging._drivers.amqpdriver [-] AMQPListener connection timeout poll /usr/lib/python3/dist-packages/oslo_messaging/_drivers/amqpdriver.py:360
2025-08-18 00:39:33.140 131362 DEBUG oslo_messaging._drivers.amqpdriver [-] Listener is running poll /usr/lib/python3/dist-packages/oslo_messaging/_drivers/amqpdriver.py:343
2025-08-18 00:39:33.140 131362 DEBUG oslo_messaging._drivers.amqpdriver [-] AMQPListener connection consume poll /usr/lib/python3/dist-packages/oslo_messaging/_drivers/amqpdriver.py:357
2025-08-18 00:39:33.145 131356 DEBUG oslo_messaging._drivers.amqpdriver [-] AMQPListener connection timeout poll /usr/lib/python3/dist-packages/oslo_messaging/_drivers/amqpdriver.py:360
2025-08-18 00:39:33.146 131356 DEBUG oslo_messaging._drivers.amqpdriver [-] Listener is running poll /usr/lib/python3/dist-packages/oslo_messaging/_drivers/amqpdriver.py:343
2025-08-18 00:39:33.146 131356 DEBUG oslo_messaging._drivers.amqpdriver [-] AMQPListener connection consume poll /usr/lib/python3/dist-packages/oslo_messaging/_drivers/amqpdriver.py:357
2025-08-18 00:39:33.146 131349 DEBUG oslo_messaging._drivers.amqpdriver [-] AMQPListener connection timeout poll /usr/lib/python3/dist-packages/oslo_messaging/_drivers/amqpdriver.py:360
2025-08-18 00:39:33.147 131349 DEBUG oslo_messaging._drivers.amqpdriver [-] Listener is running poll /usr/lib/python3/dist-packages/oslo_messaging/_drivers/amqpdriver.py:343
2025-08-18 00:39:33.147 131349 DEBUG oslo_messaging._drivers.amqpdriver [-] AMQPListener connection consume poll /usr/lib/python3/dist-packages/oslo_messaging/_drivers/amqpdriver.py:357
2025-08-18 00:39:33.158 131355 DEBUG oslo_messaging._drivers.amqpdriver [-] AMQPListener connection timeout poll /usr/lib/python3/dist-packages/oslo_messaging/_drivers/amqpdriver.py:360
2025-08-18 00:39:33.159 131355 DEBUG oslo_messaging._drivers.amqpdriver [-] Listener is running poll /usr/lib/python3/dist-packages/oslo_messaging/_drivers/amqpdriver.py:343
2025-08-18 00:39:33.159 131355 DEBUG oslo_messaging._drivers.amqpdriver [-] AMQPListener connection consume poll /usr/lib/python3/dist-packages/oslo_messaging/_drivers/amqpdriver.py:357
2025-08-18 00:39:51.141 131349 DEBUG oslo_service.periodic_task [req-072e010f-4dd1-4287-a726-ef026cba6056 - - - - -] Running periodic task SchedulerManager._discover_hosts_in_cells run_periodic_tasks /usr/lib/python3/dist-packages/oslo_service/periodic_task.py:210
2025-08-18 00:39:51.142 131349 DEBUG oslo_db.sqlalchemy.engines [req-072e010f-4dd1-4287-a726-ef026cba6056 - - - - -] Parent process 130420 forked (131349) with an open database connection, which is being discarded and recreated. checkout /usr/lib/python3/dist-packages/oslo_db/sqlalchemy/engines.py:413
2025-08-18 00:39:51.148 131349 DEBUG oslo_concurrency.lockutils [req-072e010f-4dd1-4287-a726-ef026cba6056 - - - - -] Lock "f67490f9-4cc8-4951-a2c2-2a212f9186fd" acquired by "nova.context.set_target_cell..get_or_set_cached_cell_and_set_connections" :: waited 0.000s inner /usr/lib/python3/dist-packages/oslo_concurrency/lockutils.py:386
2025-08-18 00:39:51.149 131349 DEBUG oslo_concurrency.lockutils [req-072e010f-4dd1-4287-a726-ef026cba6056 - - - - -] Lock "f67490f9-4cc8-4951-a2c2-2a212f9186fd" "released" by "nova.context.set_target_cell..get_or_set_cached_cell_and_set_connections" :: held 0.002s inner /usr/lib/python3/dist-packages/oslo_concurrency/lockutils.py:400
2025-08-18 00:39:51.154 131349 DEBUG oslo_db.sqlalchemy.engines [req-072e010f-4dd1-4287-a726-ef026cba6056 - - - - -] MySQL server mode set to STRICT_TRANS_TABLES,STRICT_ALL_TABLES,NO_ZERO_IN_DATE,NO_ZERO_DATE,ERROR_FOR_DIVISION_BY_ZERO,TRADITIONAL,NO_ENGINE_SUBSTITUTION _check_effective_sql_mode /usr/lib/python3/dist-packages/oslo_db/sqlalchemy/engines.py:314
2025-08-18 00:39:51.200 131349 INFO nova.scheduler.manager [req-072e010f-4dd1-4287-a726-ef026cba6056 - - - - -] Discovered 1 new hosts: cell1:cn-jenkins-deploy-platform-juju-os-566-1
2025-08-18 00:39:54.128 131362 DEBUG oslo_service.periodic_task [req-aee70ed3-a918-44fc-8f22-5642e6803669 - - - - -] Running periodic task SchedulerManager._discover_hosts_in_cells run_periodic_tasks /usr/lib/python3/dist-packages/oslo_service/periodic_task.py:210
2025-08-18 00:39:54.129 131362 DEBUG oslo_db.sqlalchemy.engines [req-aee70ed3-a918-44fc-8f22-5642e6803669 - - - - -] Parent process 130420 forked (131362) with an open database connection, which is being discarded and recreated. checkout /usr/lib/python3/dist-packages/oslo_db/sqlalchemy/engines.py:413
2025-08-18 00:39:54.135 131362 DEBUG oslo_concurrency.lockutils [req-aee70ed3-a918-44fc-8f22-5642e6803669 - - - - -] Lock "f67490f9-4cc8-4951-a2c2-2a212f9186fd" acquired by "nova.context.set_target_cell..get_or_set_cached_cell_and_set_connections" :: waited 0.000s inner /usr/lib/python3/dist-packages/oslo_concurrency/lockutils.py:386
2025-08-18 00:39:54.137 131362 DEBUG oslo_concurrency.lockutils [req-aee70ed3-a918-44fc-8f22-5642e6803669 - - - - -] Lock "f67490f9-4cc8-4951-a2c2-2a212f9186fd" "released" by "nova.context.set_target_cell..get_or_set_cached_cell_and_set_connections" :: held 0.002s inner /usr/lib/python3/dist-packages/oslo_concurrency/lockutils.py:400
2025-08-18 00:39:54.142 131362 DEBUG oslo_db.sqlalchemy.engines [req-aee70ed3-a918-44fc-8f22-5642e6803669 - - - - -] MySQL server mode set to STRICT_TRANS_TABLES,STRICT_ALL_TABLES,NO_ZERO_IN_DATE,NO_ZERO_DATE,ERROR_FOR_DIVISION_BY_ZERO,TRADITIONAL,NO_ENGINE_SUBSTITUTION _check_effective_sql_mode /usr/lib/python3/dist-packages/oslo_db/sqlalchemy/engines.py:314
2025-08-18 00:40:03.116 131349 DEBUG oslo_messaging._drivers.amqpdriver [-] AMQPListener connection timeout poll /usr/lib/python3/dist-packages/oslo_messaging/_drivers/amqpdriver.py:360
2025-08-18 00:40:03.117 131349 DEBUG oslo_messaging._drivers.amqpdriver [-] Listener is running poll /usr/lib/python3/dist-packages/oslo_messaging/_drivers/amqpdriver.py:343
2025-08-18 00:40:03.117 131349 DEBUG oslo_messaging._drivers.amqpdriver [-] AMQPListener connection consume poll /usr/lib/python3/dist-packages/oslo_messaging/_drivers/amqpdriver.py:357
2025-08-18 00:40:03.119 131362 DEBUG oslo_messaging._drivers.amqpdriver [-] AMQPListener connection timeout poll /usr/lib/python3/dist-packages/oslo_messaging/_drivers/amqpdriver.py:360
2025-08-18 00:40:03.120 131362 DEBUG oslo_messaging._drivers.amqpdriver [-] Listener is running poll /usr/lib/python3/dist-packages/oslo_messaging/_drivers/amqpdriver.py:343
2025-08-18 00:40:03.120 131362 DEBUG oslo_messaging._drivers.amqpdriver [-] AMQPListener connection consume poll /usr/lib/python3/dist-packages/oslo_messaging/_drivers/amqpdriver.py:357
2025-08-18 00:40:03.129 131356 DEBUG oslo_messaging._drivers.amqpdriver [-] AMQPListener connection timeout poll /usr/lib/python3/dist-packages/oslo_messaging/_drivers/amqpdriver.py:360
2025-08-18 00:40:03.129 131356 DEBUG oslo_messaging._drivers.amqpdriver [-] Listener is running poll /usr/lib/python3/dist-packages/oslo_messaging/_drivers/amqpdriver.py:343
2025-08-18 00:40:03.129 131356 DEBUG oslo_messaging._drivers.amqpdriver [-] AMQPListener connection consume poll /usr/lib/python3/dist-packages/oslo_messaging/_drivers/amqpdriver.py:357
2025-08-18 00:40:03.133 131356 DEBUG oslo_service.periodic_task [req-148b8be7-3da4-41e3-a930-1b3b4aafb37c - - - - -] Running periodic task SchedulerManager._discover_hosts_in_cells run_periodic_tasks /usr/lib/python3/dist-packages/oslo_service/periodic_task.py:210
2025-08-18 00:40:03.134 131356 DEBUG oslo_db.sqlalchemy.engines [req-148b8be7-3da4-41e3-a930-1b3b4aafb37c - - - - -] Parent process 130420 forked (131356) with an open database connection, which is being discarded and recreated. checkout /usr/lib/python3/dist-packages/oslo_db/sqlalchemy/engines.py:413
2025-08-18 00:40:03.141 131356 DEBUG oslo_concurrency.lockutils [req-148b8be7-3da4-41e3-a930-1b3b4aafb37c - - - - -] Lock "f67490f9-4cc8-4951-a2c2-2a212f9186fd" acquired by "nova.context.set_target_cell..get_or_set_cached_cell_and_set_connections" :: waited 0.000s inner /usr/lib/python3/dist-packages/oslo_concurrency/lockutils.py:386
2025-08-18 00:40:03.143 131356 DEBUG oslo_concurrency.lockutils [req-148b8be7-3da4-41e3-a930-1b3b4aafb37c - - - - -] Lock "f67490f9-4cc8-4951-a2c2-2a212f9186fd" "released" by "nova.context.set_target_cell..get_or_set_cached_cell_and_set_connections" :: held 0.002s inner /usr/lib/python3/dist-packages/oslo_concurrency/lockutils.py:400
2025-08-18 00:40:03.148 131355 DEBUG oslo_messaging._drivers.amqpdriver [-] AMQPListener connection timeout poll /usr/lib/python3/dist-packages/oslo_messaging/_drivers/amqpdriver.py:360
2025-08-18 00:40:03.148 131355 DEBUG oslo_messaging._drivers.amqpdriver [-] Listener is running poll /usr/lib/python3/dist-packages/oslo_messaging/_drivers/amqpdriver.py:343
2025-08-18 00:40:03.148 131355 DEBUG oslo_messaging._drivers.amqpdriver [-] AMQPListener connection consume poll /usr/lib/python3/dist-packages/oslo_messaging/_drivers/amqpdriver.py:357
2025-08-18 00:40:03.157 131356 DEBUG oslo_db.sqlalchemy.engines [req-148b8be7-3da4-41e3-a930-1b3b4aafb37c - - - - -] MySQL server mode set to STRICT_TRANS_TABLES,STRICT_ALL_TABLES,NO_ZERO_IN_DATE,NO_ZERO_DATE,ERROR_FOR_DIVISION_BY_ZERO,TRADITIONAL,NO_ENGINE_SUBSTITUTION _check_effective_sql_mode /usr/lib/python3/dist-packages/oslo_db/sqlalchemy/engines.py:314
2025-08-18 00:40:04.149 131355 DEBUG oslo_service.periodic_task [req-72c2e2da-91ec-4619-b780-1fa5b1e7168e - - - - -] Running periodic task SchedulerManager._discover_hosts_in_cells run_periodic_tasks /usr/lib/python3/dist-packages/oslo_service/periodic_task.py:210
2025-08-18 00:40:04.150 131355 DEBUG oslo_db.sqlalchemy.engines [req-72c2e2da-91ec-4619-b780-1fa5b1e7168e - - - - -] Parent process 130420 forked (131355) with an open database connection, which is being discarded and recreated. checkout /usr/lib/python3/dist-packages/oslo_db/sqlalchemy/engines.py:413
2025-08-18 00:40:04.155 131355 DEBUG oslo_concurrency.lockutils [req-72c2e2da-91ec-4619-b780-1fa5b1e7168e - - - - -] Lock "f67490f9-4cc8-4951-a2c2-2a212f9186fd" acquired by "nova.context.set_target_cell..get_or_set_cached_cell_and_set_connections" :: waited 0.000s inner /usr/lib/python3/dist-packages/oslo_concurrency/lockutils.py:386
2025-08-18 00:40:04.157 131355 DEBUG oslo_concurrency.lockutils [req-72c2e2da-91ec-4619-b780-1fa5b1e7168e - - - - -] Lock "f67490f9-4cc8-4951-a2c2-2a212f9186fd" "released" by "nova.context.set_target_cell..get_or_set_cached_cell_and_set_connections" :: held 0.002s inner /usr/lib/python3/dist-packages/oslo_concurrency/lockutils.py:400
2025-08-18 00:40:04.161 131355 DEBUG oslo_db.sqlalchemy.engines [req-72c2e2da-91ec-4619-b780-1fa5b1e7168e - - - - -] MySQL server mode set to STRICT_TRANS_TABLES,STRICT_ALL_TABLES,NO_ZERO_IN_DATE,NO_ZERO_DATE,ERROR_FOR_DIVISION_BY_ZERO,TRADITIONAL,NO_ENGINE_SUBSTITUTION _check_effective_sql_mode /usr/lib/python3/dist-packages/oslo_db/sqlalchemy/engines.py:314
2025-08-18 00:40:21.204 131349 DEBUG oslo_service.periodic_task [req-072e010f-4dd1-4287-a726-ef026cba6056 - - - - -] Running periodic task SchedulerManager._discover_hosts_in_cells run_periodic_tasks /usr/lib/python3/dist-packages/oslo_service/periodic_task.py:210
2025-08-18 00:40:21.214 131349 DEBUG oslo_concurrency.lockutils [req-f6507be0-e28c-4948-86c6-72c962b027d2 - - - - -] Lock "f67490f9-4cc8-4951-a2c2-2a212f9186fd" acquired by "nova.context.set_target_cell..get_or_set_cached_cell_and_set_connections" :: waited 0.000s inner /usr/lib/python3/dist-packages/oslo_concurrency/lockutils.py:386
2025-08-18 00:40:21.215 131349 DEBUG oslo_concurrency.lockutils [req-f6507be0-e28c-4948-86c6-72c962b027d2 - - - - -] Lock "f67490f9-4cc8-4951-a2c2-2a212f9186fd" "released" by "nova.context.set_target_cell..get_or_set_cached_cell_and_set_connections" :: held 0.000s inner /usr/lib/python3/dist-packages/oslo_concurrency/lockutils.py:400
2025-08-18 00:40:24.152 131362 DEBUG oslo_service.periodic_task [req-aee70ed3-a918-44fc-8f22-5642e6803669 - - - - -] Running periodic task SchedulerManager._discover_hosts_in_cells run_periodic_tasks /usr/lib/python3/dist-packages/oslo_service/periodic_task.py:210
2025-08-18 00:40:24.156 131362 DEBUG oslo_concurrency.lockutils [req-7968086a-0e4e-40fe-a123-9544b82422a7 - - - - -] Lock "f67490f9-4cc8-4951-a2c2-2a212f9186fd" acquired by "nova.context.set_target_cell..get_or_set_cached_cell_and_set_connections" :: waited 0.000s inner /usr/lib/python3/dist-packages/oslo_concurrency/lockutils.py:386
2025-08-18 00:40:24.157 131362 DEBUG oslo_concurrency.lockutils [req-7968086a-0e4e-40fe-a123-9544b82422a7 - - - - -] Lock "f67490f9-4cc8-4951-a2c2-2a212f9186fd" "released" by "nova.context.set_target_cell..get_or_set_cached_cell_and_set_connections" :: held 0.001s inner /usr/lib/python3/dist-packages/oslo_concurrency/lockutils.py:400
2025-08-18 00:40:33.168 131356 DEBUG oslo_service.periodic_task [req-148b8be7-3da4-41e3-a930-1b3b4aafb37c - - - - -] Running periodic task SchedulerManager._discover_hosts_in_cells run_periodic_tasks /usr/lib/python3/dist-packages/oslo_service/periodic_task.py:210
2025-08-18 00:40:33.172 131356 DEBUG oslo_concurrency.lockutils [req-d8ed08fe-dc91-46b2-a906-36be400ef78e - - - - -] Lock "f67490f9-4cc8-4951-a2c2-2a212f9186fd" acquired by "nova.context.set_target_cell..get_or_set_cached_cell_and_set_connections" :: waited 0.000s inner /usr/lib/python3/dist-packages/oslo_concurrency/lockutils.py:386
2025-08-18 00:40:33.172 131356 DEBUG oslo_concurrency.lockutils [req-d8ed08fe-dc91-46b2-a906-36be400ef78e - - - - -] Lock "f67490f9-4cc8-4951-a2c2-2a212f9186fd" "released" by "nova.context.set_target_cell..get_or_set_cached_cell_and_set_connections" :: held 0.000s inner /usr/lib/python3/dist-packages/oslo_concurrency/lockutils.py:400
2025-08-18 00:40:34.172 131355 DEBUG oslo_service.periodic_task [req-72c2e2da-91ec-4619-b780-1fa5b1e7168e - - - - -] Running periodic task SchedulerManager._discover_hosts_in_cells run_periodic_tasks /usr/lib/python3/dist-packages/oslo_service/periodic_task.py:210
2025-08-18 00:40:34.177 131355 DEBUG oslo_concurrency.lockutils [req-e63f5523-7169-4074-8712-ced487affc96 - - - - -] Lock "f67490f9-4cc8-4951-a2c2-2a212f9186fd" acquired by "nova.context.set_target_cell..get_or_set_cached_cell_and_set_connections" :: waited 0.000s inner /usr/lib/python3/dist-packages/oslo_concurrency/lockutils.py:386
2025-08-18 00:40:34.177 131355 DEBUG oslo_concurrency.lockutils [req-e63f5523-7169-4074-8712-ced487affc96 - - - - -] Lock "f67490f9-4cc8-4951-a2c2-2a212f9186fd" "released" by "nova.context.set_target_cell..get_or_set_cached_cell_and_set_connections" :: held 0.000s inner /usr/lib/python3/dist-packages/oslo_concurrency/lockutils.py:400
2025-08-18 00:40:35.120 131349 DEBUG oslo_messaging._drivers.amqpdriver [-] AMQPListener connection timeout poll /usr/lib/python3/dist-packages/oslo_messaging/_drivers/amqpdriver.py:360
2025-08-18 00:40:35.120 131349 DEBUG oslo_messaging._drivers.amqpdriver [-] Listener is running poll /usr/lib/python3/dist-packages/oslo_messaging/_drivers/amqpdriver.py:343
2025-08-18 00:40:35.121 131349 DEBUG oslo_messaging._drivers.amqpdriver [-] AMQPListener connection consume poll /usr/lib/python3/dist-packages/oslo_messaging/_drivers/amqpdriver.py:357
2025-08-18 00:40:35.122 131362 DEBUG oslo_messaging._drivers.amqpdriver [-] AMQPListener connection timeout poll /usr/lib/python3/dist-packages/oslo_messaging/_drivers/amqpdriver.py:360
2025-08-18 00:40:35.122 131362 DEBUG oslo_messaging._drivers.amqpdriver [-] Listener is running poll /usr/lib/python3/dist-packages/oslo_messaging/_drivers/amqpdriver.py:343
2025-08-18 00:40:35.122 131362 DEBUG oslo_messaging._drivers.amqpdriver [-] AMQPListener connection consume poll /usr/lib/python3/dist-packages/oslo_messaging/_drivers/amqpdriver.py:357
2025-08-18 00:40:35.132 131356 DEBUG oslo_messaging._drivers.amqpdriver [-] AMQPListener connection timeout poll /usr/lib/python3/dist-packages/oslo_messaging/_drivers/amqpdriver.py:360
2025-08-18 00:40:35.133 131356 DEBUG oslo_messaging._drivers.amqpdriver [-] Listener is running poll /usr/lib/python3/dist-packages/oslo_messaging/_drivers/amqpdriver.py:343
2025-08-18 00:40:35.133 131356 DEBUG oslo_messaging._drivers.amqpdriver [-] AMQPListener connection consume poll /usr/lib/python3/dist-packages/oslo_messaging/_drivers/amqpdriver.py:357
2025-08-18 00:40:35.149 131355 DEBUG oslo_messaging._drivers.amqpdriver [-] AMQPListener connection timeout poll /usr/lib/python3/dist-packages/oslo_messaging/_drivers/amqpdriver.py:360
2025-08-18 00:40:35.149 131355 DEBUG oslo_messaging._drivers.amqpdriver [-] Listener is running poll /usr/lib/python3/dist-packages/oslo_messaging/_drivers/amqpdriver.py:343
2025-08-18 00:40:35.149 131355 DEBUG oslo_messaging._drivers.amqpdriver [-] AMQPListener connection consume poll /usr/lib/python3/dist-packages/oslo_messaging/_drivers/amqpdriver.py:357
2025-08-18 00:40:39.462 130420 INFO oslo_service.service [req-4f122b23-93ca-414c-8191-a2d0b27b2d83 - - - - -] Caught SIGTERM, stopping children
2025-08-18 00:40:39.463 130420 DEBUG oslo_concurrency.lockutils [req-4f122b23-93ca-414c-8191-a2d0b27b2d83 - - - - -] Acquired lock "singleton_lock" lock /usr/lib/python3/dist-packages/oslo_concurrency/lockutils.py:294
2025-08-18 00:40:39.463 130420 DEBUG oslo_concurrency.lockutils [req-4f122b23-93ca-414c-8191-a2d0b27b2d83 - - - - -] Releasing lock "singleton_lock" lock /usr/lib/python3/dist-packages/oslo_concurrency/lockutils.py:312
2025-08-18 00:40:39.463 130420 DEBUG oslo_service.service [req-4f122b23-93ca-414c-8191-a2d0b27b2d83 - - - - -] Stop services. stop /usr/lib/python3/dist-packages/oslo_service/service.py:695
2025-08-18 00:40:39.464 130420 DEBUG oslo_service.service [req-4f122b23-93ca-414c-8191-a2d0b27b2d83 - - - - -] Killing children. stop /usr/lib/python3/dist-packages/oslo_service/service.py:700
2025-08-18 00:40:39.464 130420 INFO oslo_service.service [req-4f122b23-93ca-414c-8191-a2d0b27b2d83 - - - - -] Waiting on 4 children to exit
2025-08-18 00:40:39.472 130420 INFO oslo_service.service [req-4f122b23-93ca-414c-8191-a2d0b27b2d83 - - - - -] Child 131356 killed by signal 15
2025-08-18 00:40:39.472 130420 INFO oslo_service.service [req-4f122b23-93ca-414c-8191-a2d0b27b2d83 - - - - -] Child 131362 killed by signal 15
2025-08-18 00:40:39.473 130420 INFO oslo_service.service [req-4f122b23-93ca-414c-8191-a2d0b27b2d83 - - - - -] Child 131355 killed by signal 15
2025-08-18 00:40:39.474 130420 INFO oslo_service.service [req-4f122b23-93ca-414c-8191-a2d0b27b2d83 - - - - -] Child 131349 killed by signal 15
2025-08-18 00:40:41.140 167495 DEBUG oslo_db.sqlalchemy.engines [req-4c26fbae-7755-45f2-b85f-70f039590897 - - - - -] MySQL server mode set to STRICT_TRANS_TABLES,STRICT_ALL_TABLES,NO_ZERO_IN_DATE,NO_ZERO_DATE,ERROR_FOR_DIVISION_BY_ZERO,TRADITIONAL,NO_ENGINE_SUBSTITUTION _check_effective_sql_mode /usr/lib/python3/dist-packages/oslo_db/sqlalchemy/engines.py:314
2025-08-18 00:40:41.170 167495 DEBUG nova.scheduler.host_manager [req-4c26fbae-7755-45f2-b85f-70f039590897 - - - - -] Found 1 cells: f67490f9-4cc8-4951-a2c2-2a212f9186fd refresh_cells_caches /usr/lib/python3/dist-packages/nova/scheduler/host_manager.py:730
2025-08-18 00:40:41.171 167495 DEBUG nova.scheduler.host_manager [req-4c26fbae-7755-45f2-b85f-70f039590897 - - - - -] Found 0 disabled cells: refresh_cells_caches /usr/lib/python3/dist-packages/nova/scheduler/host_manager.py:742
2025-08-18 00:40:41.176 167495 WARNING nova.scheduler.filters.availability_zone_filter [req-4c26fbae-7755-45f2-b85f-70f039590897 - - - - -] The 'AvailabilityZoneFilter' is deprecated since the 24.0.0 (Xena) release. Since the 18.0.0 (Rocky) release, nova has supported mapping AZs to placement aggregates. The feature is enabled by the 'query_placement_for_availability_zone' config option and is now enabled by default. As such, the 'AvailabilityZoneFilter' is no longer required. Nova is currently configured to use both placement and the AvailabilityZoneFilter for AZ enforcement.
2025-08-18 00:40:41.255 167495 DEBUG nova.scheduler.host_manager [req-4c26fbae-7755-45f2-b85f-70f039590897 - - - - -] START:_async_init_instance_info _async_init_instance_info /usr/lib/python3/dist-packages/nova/scheduler/host_manager.py:411
2025-08-18 00:40:41.257 167495 DEBUG oslo_concurrency.lockutils [req-b49c1e04-6463-4513-945e-f5fc12440880 - - - - -] Lock "f67490f9-4cc8-4951-a2c2-2a212f9186fd" acquired by "nova.context.set_target_cell..get_or_set_cached_cell_and_set_connections" :: waited 0.000s inner /usr/lib/python3/dist-packages/oslo_concurrency/lockutils.py:386
2025-08-18 00:40:41.259 167495 DEBUG oslo_concurrency.lockutils [req-b49c1e04-6463-4513-945e-f5fc12440880 - - - - -] Lock "f67490f9-4cc8-4951-a2c2-2a212f9186fd" "released" by "nova.context.set_target_cell..get_or_set_cached_cell_and_set_connections" :: held 0.001s inner /usr/lib/python3/dist-packages/oslo_concurrency/lockutils.py:400
2025-08-18 00:40:41.264 167495 DEBUG oslo_db.sqlalchemy.engines [req-b49c1e04-6463-4513-945e-f5fc12440880 - - - - -] MySQL server mode set to STRICT_TRANS_TABLES,STRICT_ALL_TABLES,NO_ZERO_IN_DATE,NO_ZERO_DATE,ERROR_FOR_DIVISION_BY_ZERO,TRADITIONAL,NO_ENGINE_SUBSTITUTION _check_effective_sql_mode /usr/lib/python3/dist-packages/oslo_db/sqlalchemy/engines.py:314
2025-08-18 00:40:41.273 167495 DEBUG nova.scheduler.host_manager [req-b49c1e04-6463-4513-945e-f5fc12440880 - - - - -] Total number of compute nodes: 1 _async_init_instance_info /usr/lib/python3/dist-packages/nova/scheduler/host_manager.py:424
2025-08-18 00:40:41.274 167495 DEBUG oslo_concurrency.lockutils [req-b49c1e04-6463-4513-945e-f5fc12440880 - - - - -] Lock "f67490f9-4cc8-4951-a2c2-2a212f9186fd" acquired by "nova.context.set_target_cell..get_or_set_cached_cell_and_set_connections" :: waited 0.000s inner /usr/lib/python3/dist-packages/oslo_concurrency/lockutils.py:386
2025-08-18 00:40:41.274 167495 DEBUG oslo_concurrency.lockutils [req-b49c1e04-6463-4513-945e-f5fc12440880 - - - - -] Lock "f67490f9-4cc8-4951-a2c2-2a212f9186fd" "released" by "nova.context.set_target_cell..get_or_set_cached_cell_and_set_connections" :: held 0.000s inner /usr/lib/python3/dist-packages/oslo_concurrency/lockutils.py:400
2025-08-18 00:40:41.344 167495 DEBUG nova.scheduler.host_manager [req-b49c1e04-6463-4513-945e-f5fc12440880 - - - - -] Adding 0 instances for hosts 10-20 _async_init_instance_info /usr/lib/python3/dist-packages/nova/scheduler/host_manager.py:443
2025-08-18 00:40:41.345 167495 DEBUG nova.scheduler.host_manager [req-b49c1e04-6463-4513-945e-f5fc12440880 - - - - -] END:_async_init_instance_info _async_init_instance_info /usr/lib/python3/dist-packages/nova/scheduler/host_manager.py:454
2025-08-18 00:40:41.650 167495 DEBUG nova.context [req-4c26fbae-7755-45f2-b85f-70f039590897 - - - - -] Found 2 cells: 00000000-0000-0000-0000-000000000000(cell0),f67490f9-4cc8-4951-a2c2-2a212f9186fd(cell1) load_cells /usr/lib/python3/dist-packages/nova/context.py:464
2025-08-18 00:40:41.651 167495 DEBUG oslo_concurrency.lockutils [req-d9bbab32-0cbd-4fad-9df4-33ed444271df - - - - -] Lock "00000000-0000-0000-0000-000000000000" acquired by "nova.context.set_target_cell..get_or_set_cached_cell_and_set_connections" :: waited 0.000s inner /usr/lib/python3/dist-packages/oslo_concurrency/lockutils.py:386
2025-08-18 00:40:41.652 167495 DEBUG oslo_concurrency.lockutils [req-d9bbab32-0cbd-4fad-9df4-33ed444271df - - - - -] Lock "00000000-0000-0000-0000-000000000000" "released" by "nova.context.set_target_cell..get_or_set_cached_cell_and_set_connections" :: held 0.001s inner /usr/lib/python3/dist-packages/oslo_concurrency/lockutils.py:400
2025-08-18 00:40:41.652 167495 DEBUG oslo_concurrency.lockutils [req-d9bbab32-0cbd-4fad-9df4-33ed444271df - - - - -] Lock "f67490f9-4cc8-4951-a2c2-2a212f9186fd" acquired by "nova.context.set_target_cell..get_or_set_cached_cell_and_set_connections" :: waited 0.000s inner /usr/lib/python3/dist-packages/oslo_concurrency/lockutils.py:386
2025-08-18 00:40:41.652 167495 DEBUG oslo_concurrency.lockutils [req-d9bbab32-0cbd-4fad-9df4-33ed444271df - - - - -] Lock "f67490f9-4cc8-4951-a2c2-2a212f9186fd" "released" by "nova.context.set_target_cell..get_or_set_cached_cell_and_set_connections" :: held 0.000s inner /usr/lib/python3/dist-packages/oslo_concurrency/lockutils.py:400
2025-08-18 00:40:41.661 167495 DEBUG oslo_db.sqlalchemy.engines [req-d9bbab32-0cbd-4fad-9df4-33ed444271df - - - - -] MySQL server mode set to STRICT_TRANS_TABLES,STRICT_ALL_TABLES,NO_ZERO_IN_DATE,NO_ZERO_DATE,ERROR_FOR_DIVISION_BY_ZERO,TRADITIONAL,NO_ENGINE_SUBSTITUTION _check_effective_sql_mode /usr/lib/python3/dist-packages/oslo_db/sqlalchemy/engines.py:314
2025-08-18 00:40:41.668 167495 DEBUG oslo_concurrency.lockutils [req-d9bbab32-0cbd-4fad-9df4-33ed444271df - - - - -] Acquired lock "singleton_lock" lock /usr/lib/python3/dist-packages/oslo_concurrency/lockutils.py:294
2025-08-18 00:40:41.668 167495 DEBUG oslo_concurrency.lockutils [req-d9bbab32-0cbd-4fad-9df4-33ed444271df - - - - -] Releasing lock "singleton_lock" lock /usr/lib/python3/dist-packages/oslo_concurrency/lockutils.py:312
2025-08-18 00:40:41.668 167495 INFO oslo_service.service [req-d9bbab32-0cbd-4fad-9df4-33ed444271df - - - - -] Starting 4 workers
2025-08-18 00:40:41.672 167495 DEBUG oslo_service.service [req-d9bbab32-0cbd-4fad-9df4-33ed444271df - - - - -] Started child 167918 _start_child /usr/lib/python3/dist-packages/oslo_service/service.py:575
2025-08-18 00:40:41.676 167918 INFO nova.service [-] Starting scheduler node (version 25.2.1)
2025-08-18 00:40:41.677 167495 DEBUG oslo_service.service [req-d9bbab32-0cbd-4fad-9df4-33ed444271df - - - - -] Started child 167919 _start_child /usr/lib/python3/dist-packages/oslo_service/service.py:575
2025-08-18 00:40:41.681 167919 INFO nova.service [-] Starting scheduler node (version 25.2.1)
2025-08-18 00:40:41.681 167495 DEBUG oslo_service.service [req-d9bbab32-0cbd-4fad-9df4-33ed444271df - - - - -] Started child 167920 _start_child /usr/lib/python3/dist-packages/oslo_service/service.py:575
2025-08-18 00:40:41.684 167920 INFO nova.service [-] Starting scheduler node (version 25.2.1)
2025-08-18 00:40:41.684 167495 DEBUG oslo_service.service [req-d9bbab32-0cbd-4fad-9df4-33ed444271df - - - - -] Started child 167921 _start_child /usr/lib/python3/dist-packages/oslo_service/service.py:575
2025-08-18 00:40:41.686 167918 DEBUG oslo_db.sqlalchemy.engines [req-4954ee5a-8c25-41b1-b0d1-081518bf7922 - - - - -] MySQL server mode set to STRICT_TRANS_TABLES,STRICT_ALL_TABLES,NO_ZERO_IN_DATE,NO_ZERO_DATE,ERROR_FOR_DIVISION_BY_ZERO,TRADITIONAL,NO_ENGINE_SUBSTITUTION _check_effective_sql_mode /usr/lib/python3/dist-packages/oslo_db/sqlalchemy/engines.py:314
2025-08-18 00:40:41.686 167495 DEBUG oslo_service.service [req-d9bbab32-0cbd-4fad-9df4-33ed444271df - - - - -] Full set of CONF: wait /usr/lib/python3/dist-packages/oslo_service/service.py:649
2025-08-18 00:40:41.686 167495 DEBUG oslo_service.service [req-d9bbab32-0cbd-4fad-9df4-33ed444271df - - - - -] ******************************************************************************** log_opt_values /usr/lib/python3/dist-packages/oslo_config/cfg.py:2589
2025-08-18 00:40:41.687 167495 DEBUG oslo_service.service [req-d9bbab32-0cbd-4fad-9df4-33ed444271df - - - - -] Configuration options gathered from: log_opt_values /usr/lib/python3/dist-packages/oslo_config/cfg.py:2590
2025-08-18 00:40:41.687 167495 DEBUG oslo_service.service [req-d9bbab32-0cbd-4fad-9df4-33ed444271df - - - - -] command line args: ['--config-file=/etc/nova/nova.conf', '--log-file=/var/log/nova/nova-scheduler.log'] log_opt_values /usr/lib/python3/dist-packages/oslo_config/cfg.py:2591
2025-08-18 00:40:41.687 167495 DEBUG oslo_service.service [req-d9bbab32-0cbd-4fad-9df4-33ed444271df - - - - -] config files: ['/etc/nova/nova.conf'] log_opt_values /usr/lib/python3/dist-packages/oslo_config/cfg.py:2592
2025-08-18 00:40:41.687 167495 DEBUG oslo_service.service [req-d9bbab32-0cbd-4fad-9df4-33ed444271df - - - - -] ================================================================================ log_opt_values /usr/lib/python3/dist-packages/oslo_config/cfg.py:2594
2025-08-18 00:40:41.687 167495 DEBUG oslo_service.service [req-d9bbab32-0cbd-4fad-9df4-33ed444271df - - - - -] allow_resize_to_same_host = False log_opt_values /usr/lib/python3/dist-packages/oslo_config/cfg.py:2602
2025-08-18 00:40:41.688 167495 DEBUG oslo_service.service [req-d9bbab32-0cbd-4fad-9df4-33ed444271df - - - - -] arq_binding_timeout = 300 log_opt_values /usr/lib/python3/dist-packages/oslo_config/cfg.py:2602
2025-08-18 00:40:41.688 167495 DEBUG oslo_service.service [req-d9bbab32-0cbd-4fad-9df4-33ed444271df - - - - -] block_device_allocate_retries = 60 log_opt_values /usr/lib/python3/dist-packages/oslo_config/cfg.py:2602
2025-08-18 00:40:41.688 167495 DEBUG oslo_service.service [req-d9bbab32-0cbd-4fad-9df4-33ed444271df - - - - -] block_device_allocate_retries_interval = 3 log_opt_values /usr/lib/python3/dist-packages/oslo_config/cfg.py:2602
2025-08-18 00:40:41.688 167495 DEBUG oslo_service.service [req-d9bbab32-0cbd-4fad-9df4-33ed444271df - - - - -] cert = self.pem log_opt_values /usr/lib/python3/dist-packages/oslo_config/cfg.py:2602
2025-08-18 00:40:41.688 167495 DEBUG oslo_service.service [req-d9bbab32-0cbd-4fad-9df4-33ed444271df - - - - -] compute_driver = libvirt.LibvirtDriver log_opt_values /usr/lib/python3/dist-packages/oslo_config/cfg.py:2602
2025-08-18 00:40:41.689 167495 DEBUG oslo_service.service [req-d9bbab32-0cbd-4fad-9df4-33ed444271df - - - - -] compute_monitors = [] log_opt_values /usr/lib/python3/dist-packages/oslo_config/cfg.py:2602
2025-08-18 00:40:41.689 167495 DEBUG oslo_service.service [req-d9bbab32-0cbd-4fad-9df4-33ed444271df - - - - -] config_dir = [] log_opt_values /usr/lib/python3/dist-packages/oslo_config/cfg.py:2602
2025-08-18 00:40:41.689 167495 DEBUG oslo_service.service [req-d9bbab32-0cbd-4fad-9df4-33ed444271df - - - - -] config_drive_format = iso9660 log_opt_values /usr/lib/python3/dist-packages/oslo_config/cfg.py:2602
2025-08-18 00:40:41.689 167921 INFO nova.service [-] Starting scheduler node (version 25.2.1)
2025-08-18 00:40:41.689 167495 DEBUG oslo_service.service [req-d9bbab32-0cbd-4fad-9df4-33ed444271df - - - - -] config_file = ['/etc/nova/nova.conf'] log_opt_values /usr/lib/python3/dist-packages/oslo_config/cfg.py:2602
2025-08-18 00:40:41.689 167495 DEBUG oslo_service.service [req-d9bbab32-0cbd-4fad-9df4-33ed444271df - - - - -] config_source = [] log_opt_values /usr/lib/python3/dist-packages/oslo_config/cfg.py:2602
2025-08-18 00:40:41.689 167495 DEBUG oslo_service.service [req-d9bbab32-0cbd-4fad-9df4-33ed444271df - - - - -] console_host = juju-59c6df-0-lxd-7 log_opt_values /usr/lib/python3/dist-packages/oslo_config/cfg.py:2602
2025-08-18 00:40:41.690 167495 DEBUG oslo_service.service [req-d9bbab32-0cbd-4fad-9df4-33ed444271df - - - - -] control_exchange = nova log_opt_values /usr/lib/python3/dist-packages/oslo_config/cfg.py:2602
2025-08-18 00:40:41.690 167495 DEBUG oslo_service.service [req-d9bbab32-0cbd-4fad-9df4-33ed444271df - - - - -] cpu_allocation_ratio = 2.0 log_opt_values /usr/lib/python3/dist-packages/oslo_config/cfg.py:2602
2025-08-18 00:40:41.690 167495 DEBUG oslo_service.service [req-d9bbab32-0cbd-4fad-9df4-33ed444271df - - - - -] daemon = False log_opt_values /usr/lib/python3/dist-packages/oslo_config/cfg.py:2602
2025-08-18 00:40:41.690 167495 DEBUG oslo_service.service [req-d9bbab32-0cbd-4fad-9df4-33ed444271df - - - - -] debug = True log_opt_values /usr/lib/python3/dist-packages/oslo_config/cfg.py:2602
2025-08-18 00:40:41.690 167495 DEBUG oslo_service.service [req-d9bbab32-0cbd-4fad-9df4-33ed444271df - - - - -] default_access_ip_network_name = None log_opt_values /usr/lib/python3/dist-packages/oslo_config/cfg.py:2602
2025-08-18 00:40:41.690 167495 DEBUG oslo_service.service [req-d9bbab32-0cbd-4fad-9df4-33ed444271df - - - - -] default_availability_zone = nova log_opt_values /usr/lib/python3/dist-packages/oslo_config/cfg.py:2602
2025-08-18 00:40:41.690 167919 DEBUG oslo_db.sqlalchemy.engines [req-0b369df7-bd1b-4221-b09f-8c2ab83604d2 - - - - -] MySQL server mode set to STRICT_TRANS_TABLES,STRICT_ALL_TABLES,NO_ZERO_IN_DATE,NO_ZERO_DATE,ERROR_FOR_DIVISION_BY_ZERO,TRADITIONAL,NO_ENGINE_SUBSTITUTION _check_effective_sql_mode /usr/lib/python3/dist-packages/oslo_db/sqlalchemy/engines.py:314
2025-08-18 00:40:41.691 167495 DEBUG oslo_service.service [req-d9bbab32-0cbd-4fad-9df4-33ed444271df - - - - -] default_ephemeral_format = None log_opt_values /usr/lib/python3/dist-packages/oslo_config/cfg.py:2602
2025-08-18 00:40:41.691 167495 DEBUG oslo_service.service [req-d9bbab32-0cbd-4fad-9df4-33ed444271df - - - - -] default_log_levels = ['amqp=WARN', 'amqplib=WARN', 'boto=WARN', 'qpid=WARN', 'sqlalchemy=WARN', 'suds=INFO', 'oslo.messaging=INFO', 'oslo_messaging=DEBUG', 'iso8601=WARN', 'requests.packages.urllib3.connectionpool=WARN', 'urllib3.connectionpool=WARN', 'websocket=WARN', 'requests.packages.urllib3.util.retry=WARN', 'urllib3.util.retry=WARN', 'keystonemiddleware=WARN', 'routes.middleware=WARN', 'stevedore=WARN', 'taskflow=WARN', 'keystoneauth=WARN', 'oslo.cache=INFO', 'dogpile.core.dogpile=INFO', 'glanceclient=WARN', 'oslo.privsep.daemon=INFO'] log_opt_values /usr/lib/python3/dist-packages/oslo_config/cfg.py:2602
2025-08-18 00:40:41.691 167495 DEBUG oslo_service.service [req-d9bbab32-0cbd-4fad-9df4-33ed444271df - - - - -] default_schedule_zone = None log_opt_values /usr/lib/python3/dist-packages/oslo_config/cfg.py:2602
2025-08-18 00:40:41.691 167495 DEBUG oslo_service.service [req-d9bbab32-0cbd-4fad-9df4-33ed444271df - - - - -] disk_allocation_ratio = 1.0 log_opt_values /usr/lib/python3/dist-packages/oslo_config/cfg.py:2602
2025-08-18 00:40:41.691 167495 DEBUG oslo_service.service [req-d9bbab32-0cbd-4fad-9df4-33ed444271df - - - - -] enable_new_services = True log_opt_values /usr/lib/python3/dist-packages/oslo_config/cfg.py:2602
2025-08-18 00:40:41.692 167495 DEBUG oslo_service.service [req-d9bbab32-0cbd-4fad-9df4-33ed444271df - - - - -] enabled_apis = ['osapi_compute', 'metadata'] log_opt_values /usr/lib/python3/dist-packages/oslo_config/cfg.py:2602
2025-08-18 00:40:41.692 167495 DEBUG oslo_service.service [req-d9bbab32-0cbd-4fad-9df4-33ed444271df - - - - -] enabled_ssl_apis = [] log_opt_values /usr/lib/python3/dist-packages/oslo_config/cfg.py:2602
2025-08-18 00:40:41.692 167495 DEBUG oslo_service.service [req-d9bbab32-0cbd-4fad-9df4-33ed444271df - - - - -] fatal_deprecations = False log_opt_values /usr/lib/python3/dist-packages/oslo_config/cfg.py:2602
2025-08-18 00:40:41.692 167495 DEBUG oslo_service.service [req-d9bbab32-0cbd-4fad-9df4-33ed444271df - - - - -] flat_injected = False log_opt_values /usr/lib/python3/dist-packages/oslo_config/cfg.py:2602
2025-08-18 00:40:41.692 167495 DEBUG oslo_service.service [req-d9bbab32-0cbd-4fad-9df4-33ed444271df - - - - -] force_config_drive = False log_opt_values /usr/lib/python3/dist-packages/oslo_config/cfg.py:2602
2025-08-18 00:40:41.692 167495 DEBUG oslo_service.service [req-d9bbab32-0cbd-4fad-9df4-33ed444271df - - - - -] force_raw_images = True log_opt_values /usr/lib/python3/dist-packages/oslo_config/cfg.py:2602
2025-08-18 00:40:41.693 167495 DEBUG oslo_service.service [req-d9bbab32-0cbd-4fad-9df4-33ed444271df - - - - -] graceful_shutdown_timeout = 60 log_opt_values /usr/lib/python3/dist-packages/oslo_config/cfg.py:2602
2025-08-18 00:40:41.693 167495 DEBUG oslo_service.service [req-d9bbab32-0cbd-4fad-9df4-33ed444271df - - - - -] heal_instance_info_cache_interval = 60 log_opt_values /usr/lib/python3/dist-packages/oslo_config/cfg.py:2602
2025-08-18 00:40:41.693 167495 DEBUG oslo_service.service [req-d9bbab32-0cbd-4fad-9df4-33ed444271df - - - - -] host = juju-59c6df-0-lxd-7 log_opt_values /usr/lib/python3/dist-packages/oslo_config/cfg.py:2602
2025-08-18 00:40:41.693 167495 DEBUG oslo_service.service [req-d9bbab32-0cbd-4fad-9df4-33ed444271df - - - - -] initial_cpu_allocation_ratio = 16.0 log_opt_values /usr/lib/python3/dist-packages/oslo_config/cfg.py:2602
2025-08-18 00:40:41.693 167495 DEBUG oslo_service.service [req-d9bbab32-0cbd-4fad-9df4-33ed444271df - - - - -] initial_disk_allocation_ratio = 1.0 log_opt_values /usr/lib/python3/dist-packages/oslo_config/cfg.py:2602
2025-08-18 00:40:41.694 167495 DEBUG oslo_service.service [req-d9bbab32-0cbd-4fad-9df4-33ed444271df - - - - -] initial_ram_allocation_ratio = 1.5 log_opt_values /usr/lib/python3/dist-packages/oslo_config/cfg.py:2602
2025-08-18 00:40:41.694 167495 DEBUG oslo_service.service [req-d9bbab32-0cbd-4fad-9df4-33ed444271df - - - - -] injected_network_template = /usr/lib/python3/dist-packages/nova/virt/interfaces.template log_opt_values /usr/lib/python3/dist-packages/oslo_config/cfg.py:2602
2025-08-18 00:40:41.694 167920 DEBUG oslo_db.sqlalchemy.engines [req-2dceb407-826c-4f9e-9572-08149ca78472 - - - - -] MySQL server mode set to STRICT_TRANS_TABLES,STRICT_ALL_TABLES,NO_ZERO_IN_DATE,NO_ZERO_DATE,ERROR_FOR_DIVISION_BY_ZERO,TRADITIONAL,NO_ENGINE_SUBSTITUTION _check_effective_sql_mode /usr/lib/python3/dist-packages/oslo_db/sqlalchemy/engines.py:314
2025-08-18 00:40:41.694 167495 DEBUG oslo_service.service [req-d9bbab32-0cbd-4fad-9df4-33ed444271df - - - - -] instance_build_timeout = 0 log_opt_values /usr/lib/python3/dist-packages/oslo_config/cfg.py:2602
2025-08-18 00:40:41.694 167495 DEBUG oslo_service.service [req-d9bbab32-0cbd-4fad-9df4-33ed444271df - - - - -] instance_delete_interval = 300 log_opt_values /usr/lib/python3/dist-packages/oslo_config/cfg.py:2602
2025-08-18 00:40:41.694 167495 DEBUG oslo_service.service [req-d9bbab32-0cbd-4fad-9df4-33ed444271df - - - - -] instance_format = [instance: %(uuid)s] log_opt_values /usr/lib/python3/dist-packages/oslo_config/cfg.py:2602
2025-08-18 00:40:41.694 167495 DEBUG oslo_service.service [req-d9bbab32-0cbd-4fad-9df4-33ed444271df - - - - -] instance_name_template = instance-%08x log_opt_values /usr/lib/python3/dist-packages/oslo_config/cfg.py:2602
2025-08-18 00:40:41.695 167495 DEBUG oslo_service.service [req-d9bbab32-0cbd-4fad-9df4-33ed444271df - - - - -] instance_usage_audit = False log_opt_values /usr/lib/python3/dist-packages/oslo_config/cfg.py:2602
2025-08-18 00:40:41.695 167495 DEBUG oslo_service.service [req-d9bbab32-0cbd-4fad-9df4-33ed444271df - - - - -] instance_usage_audit_period = month log_opt_values /usr/lib/python3/dist-packages/oslo_config/cfg.py:2602
2025-08-18 00:40:41.695 167495 DEBUG oslo_service.service [req-d9bbab32-0cbd-4fad-9df4-33ed444271df - - - - -] instance_uuid_format = [instance: %(uuid)s] log_opt_values /usr/lib/python3/dist-packages/oslo_config/cfg.py:2602
2025-08-18 00:40:41.695 167495 DEBUG oslo_service.service [req-d9bbab32-0cbd-4fad-9df4-33ed444271df - - - - -] instances_path = /var/lib/nova/instances log_opt_values /usr/lib/python3/dist-packages/oslo_config/cfg.py:2602
2025-08-18 00:40:41.695 167495 DEBUG oslo_service.service [req-d9bbab32-0cbd-4fad-9df4-33ed444271df - - - - -] internal_service_availability_zone = internal log_opt_values /usr/lib/python3/dist-packages/oslo_config/cfg.py:2602
2025-08-18 00:40:41.695 167495 DEBUG oslo_service.service [req-d9bbab32-0cbd-4fad-9df4-33ed444271df - - - - -] key = None log_opt_values /usr/lib/python3/dist-packages/oslo_config/cfg.py:2602
2025-08-18 00:40:41.696 167495 DEBUG oslo_service.service [req-d9bbab32-0cbd-4fad-9df4-33ed444271df - - - - -] live_migration_retry_count = 30 log_opt_values /usr/lib/python3/dist-packages/oslo_config/cfg.py:2602
2025-08-18 00:40:41.696 167495 DEBUG oslo_service.service [req-d9bbab32-0cbd-4fad-9df4-33ed444271df - - - - -] log_config_append = None log_opt_values /usr/lib/python3/dist-packages/oslo_config/cfg.py:2602
2025-08-18 00:40:41.696 167495 DEBUG oslo_service.service [req-d9bbab32-0cbd-4fad-9df4-33ed444271df - - - - -] log_date_format = %Y-%m-%d %H:%M:%S log_opt_values /usr/lib/python3/dist-packages/oslo_config/cfg.py:2602
2025-08-18 00:40:41.696 167495 DEBUG oslo_service.service [req-d9bbab32-0cbd-4fad-9df4-33ed444271df - - - - -] log_dir = /var/log/nova log_opt_values /usr/lib/python3/dist-packages/oslo_config/cfg.py:2602
2025-08-18 00:40:41.696 167495 DEBUG oslo_service.service [req-d9bbab32-0cbd-4fad-9df4-33ed444271df - - - - -] log_file = /var/log/nova/nova-scheduler.log log_opt_values /usr/lib/python3/dist-packages/oslo_config/cfg.py:2602
2025-08-18 00:40:41.696 167495 DEBUG oslo_service.service [req-d9bbab32-0cbd-4fad-9df4-33ed444271df - - - - -] log_options = True log_opt_values /usr/lib/python3/dist-packages/oslo_config/cfg.py:2602
2025-08-18 00:40:41.697 167495 DEBUG oslo_service.service [req-d9bbab32-0cbd-4fad-9df4-33ed444271df - - - - -] log_rotate_interval = 1 log_opt_values /usr/lib/python3/dist-packages/oslo_config/cfg.py:2602
2025-08-18 00:40:41.697 167495 DEBUG oslo_service.service [req-d9bbab32-0cbd-4fad-9df4-33ed444271df - - - - -] log_rotate_interval_type = days log_opt_values /usr/lib/python3/dist-packages/oslo_config/cfg.py:2602
2025-08-18 00:40:41.697 167495 DEBUG oslo_service.service [req-d9bbab32-0cbd-4fad-9df4-33ed444271df - - - - -] log_rotation_type = none log_opt_values /usr/lib/python3/dist-packages/oslo_config/cfg.py:2602
2025-08-18 00:40:41.697 167495 DEBUG oslo_service.service [req-d9bbab32-0cbd-4fad-9df4-33ed444271df - - - - -] logging_context_format_string = %(asctime)s.%(msecs)03d %(process)d %(levelname)s %(name)s [%(request_id)s %(user_identity)s] %(instance)s%(message)s log_opt_values /usr/lib/python3/dist-packages/oslo_config/cfg.py:2602
