2025-08-18 00:40:41.517 167489 DEBUG oslo_service.service [req-7e65f4b9-e9e0-4cf1-a60e-92b8ee385dc0 - - - - -] block_device_allocate_retries_interval = 3 log_opt_values /usr/lib/python3/dist-packages/oslo_config/cfg.py:2602
2025-08-18 00:40:41.518 167489 DEBUG oslo_service.service [req-7e65f4b9-e9e0-4cf1-a60e-92b8ee385dc0 - - - - -] cert = self.pem log_opt_values /usr/lib/python3/dist-packages/oslo_config/cfg.py:2602
2025-08-18 00:40:41.518 167489 DEBUG oslo_service.service [req-7e65f4b9-e9e0-4cf1-a60e-92b8ee385dc0 - - - - -] compute_driver = libvirt.LibvirtDriver log_opt_values /usr/lib/python3/dist-packages/oslo_config/cfg.py:2602
2025-08-18 00:40:41.518 167489 DEBUG oslo_service.service [req-7e65f4b9-e9e0-4cf1-a60e-92b8ee385dc0 - - - - -] compute_monitors = [] log_opt_values /usr/lib/python3/dist-packages/oslo_config/cfg.py:2602
2025-08-18 00:40:41.518 167489 DEBUG oslo_service.service [req-7e65f4b9-e9e0-4cf1-a60e-92b8ee385dc0 - - - - -] config_dir = [] log_opt_values /usr/lib/python3/dist-packages/oslo_config/cfg.py:2602
2025-08-18 00:40:41.518 167489 DEBUG oslo_service.service [req-7e65f4b9-e9e0-4cf1-a60e-92b8ee385dc0 - - - - -] config_drive_format = iso9660 log_opt_values /usr/lib/python3/dist-packages/oslo_config/cfg.py:2602
2025-08-18 00:40:41.519 167489 DEBUG oslo_service.service [req-7e65f4b9-e9e0-4cf1-a60e-92b8ee385dc0 - - - - -] config_file = ['/etc/nova/nova.conf'] log_opt_values /usr/lib/python3/dist-packages/oslo_config/cfg.py:2602
2025-08-18 00:40:41.519 167489 DEBUG oslo_service.service [req-7e65f4b9-e9e0-4cf1-a60e-92b8ee385dc0 - - - - -] config_source = [] log_opt_values /usr/lib/python3/dist-packages/oslo_config/cfg.py:2602
2025-08-18 00:40:41.519 167489 DEBUG oslo_service.service [req-7e65f4b9-e9e0-4cf1-a60e-92b8ee385dc0 - - - - -] console_host = juju-59c6df-0-lxd-7 log_opt_values /usr/lib/python3/dist-packages/oslo_config/cfg.py:2602
2025-08-18 00:40:41.519 167489 DEBUG oslo_service.service [req-7e65f4b9-e9e0-4cf1-a60e-92b8ee385dc0 - - - - -] control_exchange = nova log_opt_values /usr/lib/python3/dist-packages/oslo_config/cfg.py:2602
2025-08-18 00:40:41.519 167489 DEBUG oslo_service.service [req-7e65f4b9-e9e0-4cf1-a60e-92b8ee385dc0 - - - - -] cpu_allocation_ratio = 2.0 log_opt_values /usr/lib/python3/dist-packages/oslo_config/cfg.py:2602
2025-08-18 00:40:41.520 167489 DEBUG oslo_service.service [req-7e65f4b9-e9e0-4cf1-a60e-92b8ee385dc0 - - - - -] daemon = False log_opt_values /usr/lib/python3/dist-packages/oslo_config/cfg.py:2602
2025-08-18 00:40:41.520 167489 DEBUG oslo_service.service [req-7e65f4b9-e9e0-4cf1-a60e-92b8ee385dc0 - - - - -] debug = True log_opt_values /usr/lib/python3/dist-packages/oslo_config/cfg.py:2602
2025-08-18 00:40:41.520 167489 DEBUG oslo_service.service [req-7e65f4b9-e9e0-4cf1-a60e-92b8ee385dc0 - - - - -] default_access_ip_network_name = None log_opt_values /usr/lib/python3/dist-packages/oslo_config/cfg.py:2602
2025-08-18 00:40:41.520 167489 DEBUG oslo_service.service [req-7e65f4b9-e9e0-4cf1-a60e-92b8ee385dc0 - - - - -] default_availability_zone = nova log_opt_values /usr/lib/python3/dist-packages/oslo_config/cfg.py:2602
2025-08-18 00:40:41.520 167489 DEBUG oslo_service.service [req-7e65f4b9-e9e0-4cf1-a60e-92b8ee385dc0 - - - - -] default_ephemeral_format = None log_opt_values /usr/lib/python3/dist-packages/oslo_config/cfg.py:2602
2025-08-18 00:40:41.520 167489 DEBUG oslo_service.service [req-7e65f4b9-e9e0-4cf1-a60e-92b8ee385dc0 - - - - -] default_log_levels = ['amqp=WARN', 'amqplib=WARN', 'boto=WARN', 'qpid=WARN', 'sqlalchemy=WARN', 'suds=INFO', 'oslo.messaging=INFO', 'oslo_messaging=DEBUG', 'iso8601=WARN', 'requests.packages.urllib3.connectionpool=WARN', 'urllib3.connectionpool=WARN', 'websocket=WARN', 'requests.packages.urllib3.util.retry=WARN', 'urllib3.util.retry=WARN', 'keystonemiddleware=WARN', 'routes.middleware=WARN', 'stevedore=WARN', 'taskflow=WARN', 'keystoneauth=WARN', 'oslo.cache=INFO', 'dogpile.core.dogpile=INFO', 'glanceclient=WARN', 'oslo.privsep.daemon=INFO'] log_opt_values /usr/lib/python3/dist-packages/oslo_config/cfg.py:2602
2025-08-18 00:40:41.521 167489 DEBUG oslo_service.service [req-7e65f4b9-e9e0-4cf1-a60e-92b8ee385dc0 - - - - -] default_schedule_zone = None log_opt_values /usr/lib/python3/dist-packages/oslo_config/cfg.py:2602
2025-08-18 00:40:41.521 167489 DEBUG oslo_service.service [req-7e65f4b9-e9e0-4cf1-a60e-92b8ee385dc0 - - - - -] disk_allocation_ratio = 1.0 log_opt_values /usr/lib/python3/dist-packages/oslo_config/cfg.py:2602
2025-08-18 00:40:41.521 167489 DEBUG oslo_service.service [req-7e65f4b9-e9e0-4cf1-a60e-92b8ee385dc0 - - - - -] enable_new_services = True log_opt_values /usr/lib/python3/dist-packages/oslo_config/cfg.py:2602
2025-08-18 00:40:41.521 167489 DEBUG oslo_service.service [req-7e65f4b9-e9e0-4cf1-a60e-92b8ee385dc0 - - - - -] enabled_apis = ['osapi_compute', 'metadata'] log_opt_values /usr/lib/python3/dist-packages/oslo_config/cfg.py:2602
2025-08-18 00:40:41.521 167916 DEBUG oslo_db.sqlalchemy.engines [req-0650cfc8-51f0-4cb8-8c23-448f3c40b3bd - - - - -] MySQL server mode set to STRICT_TRANS_TABLES,STRICT_ALL_TABLES,NO_ZERO_IN_DATE,NO_ZERO_DATE,ERROR_FOR_DIVISION_BY_ZERO,TRADITIONAL,NO_ENGINE_SUBSTITUTION _check_effective_sql_mode /usr/lib/python3/dist-packages/oslo_db/sqlalchemy/engines.py:314
2025-08-18 00:40:41.522 167489 DEBUG oslo_service.service [req-7e65f4b9-e9e0-4cf1-a60e-92b8ee385dc0 - - - - -] enabled_ssl_apis = [] log_opt_values /usr/lib/python3/dist-packages/oslo_config/cfg.py:2602
2025-08-18 00:40:41.523 167489 DEBUG oslo_service.service [req-7e65f4b9-e9e0-4cf1-a60e-92b8ee385dc0 - - - - -] fatal_deprecations = False log_opt_values /usr/lib/python3/dist-packages/oslo_config/cfg.py:2602
2025-08-18 00:40:41.523 167489 DEBUG oslo_service.service [req-7e65f4b9-e9e0-4cf1-a60e-92b8ee385dc0 - - - - -] flat_injected = False log_opt_values /usr/lib/python3/dist-packages/oslo_config/cfg.py:2602
2025-08-18 00:40:41.523 167489 DEBUG oslo_service.service [req-7e65f4b9-e9e0-4cf1-a60e-92b8ee385dc0 - - - - -] force_config_drive = False log_opt_values /usr/lib/python3/dist-packages/oslo_config/cfg.py:2602
2025-08-18 00:40:41.523 167489 DEBUG oslo_service.service [req-7e65f4b9-e9e0-4cf1-a60e-92b8ee385dc0 - - - - -] force_raw_images = True log_opt_values /usr/lib/python3/dist-packages/oslo_config/cfg.py:2602
2025-08-18 00:40:41.523 167489 DEBUG oslo_service.service [req-7e65f4b9-e9e0-4cf1-a60e-92b8ee385dc0 - - - - -] graceful_shutdown_timeout = 60 log_opt_values /usr/lib/python3/dist-packages/oslo_config/cfg.py:2602
2025-08-18 00:40:41.523 167489 DEBUG oslo_service.service [req-7e65f4b9-e9e0-4cf1-a60e-92b8ee385dc0 - - - - -] heal_instance_info_cache_interval = 60 log_opt_values /usr/lib/python3/dist-packages/oslo_config/cfg.py:2602
2025-08-18 00:40:41.524 167489 DEBUG oslo_service.service [req-7e65f4b9-e9e0-4cf1-a60e-92b8ee385dc0 - - - - -] host = juju-59c6df-0-lxd-7 log_opt_values /usr/lib/python3/dist-packages/oslo_config/cfg.py:2602
2025-08-18 00:40:41.524 167489 DEBUG oslo_service.service [req-7e65f4b9-e9e0-4cf1-a60e-92b8ee385dc0 - - - - -] initial_cpu_allocation_ratio = 16.0 log_opt_values /usr/lib/python3/dist-packages/oslo_config/cfg.py:2602
2025-08-18 00:40:41.524 167489 DEBUG oslo_service.service [req-7e65f4b9-e9e0-4cf1-a60e-92b8ee385dc0 - - - - -] initial_disk_allocation_ratio = 1.0 log_opt_values /usr/lib/python3/dist-packages/oslo_config/cfg.py:2602
2025-08-18 00:40:41.524 167489 DEBUG oslo_service.service [req-7e65f4b9-e9e0-4cf1-a60e-92b8ee385dc0 - - - - -] initial_ram_allocation_ratio = 1.5 log_opt_values /usr/lib/python3/dist-packages/oslo_config/cfg.py:2602
2025-08-18 00:40:41.525 167489 DEBUG oslo_service.service [req-7e65f4b9-e9e0-4cf1-a60e-92b8ee385dc0 - - - - -] injected_network_template = /usr/lib/python3/dist-packages/nova/virt/interfaces.template log_opt_values /usr/lib/python3/dist-packages/oslo_config/cfg.py:2602
2025-08-18 00:40:41.525 167489 DEBUG oslo_service.service [req-7e65f4b9-e9e0-4cf1-a60e-92b8ee385dc0 - - - - -] instance_build_timeout = 0 log_opt_values /usr/lib/python3/dist-packages/oslo_config/cfg.py:2602
2025-08-18 00:40:41.525 167489 DEBUG oslo_service.service [req-7e65f4b9-e9e0-4cf1-a60e-92b8ee385dc0 - - - - -] instance_delete_interval = 300 log_opt_values /usr/lib/python3/dist-packages/oslo_config/cfg.py:2602
2025-08-18 00:40:41.525 167489 DEBUG oslo_service.service [req-7e65f4b9-e9e0-4cf1-a60e-92b8ee385dc0 - - - - -] instance_format = [instance: %(uuid)s] log_opt_values /usr/lib/python3/dist-packages/oslo_config/cfg.py:2602
2025-08-18 00:40:41.525 167489 DEBUG oslo_service.service [req-7e65f4b9-e9e0-4cf1-a60e-92b8ee385dc0 - - - - -] instance_name_template = instance-%08x log_opt_values /usr/lib/python3/dist-packages/oslo_config/cfg.py:2602
2025-08-18 00:40:41.525 167489 DEBUG oslo_service.service [req-7e65f4b9-e9e0-4cf1-a60e-92b8ee385dc0 - - - - -] instance_usage_audit = False log_opt_values /usr/lib/python3/dist-packages/oslo_config/cfg.py:2602
2025-08-18 00:40:41.526 167489 DEBUG oslo_service.service [req-7e65f4b9-e9e0-4cf1-a60e-92b8ee385dc0 - - - - -] instance_usage_audit_period = month log_opt_values /usr/lib/python3/dist-packages/oslo_config/cfg.py:2602
2025-08-18 00:40:41.526 167489 DEBUG oslo_service.service [req-7e65f4b9-e9e0-4cf1-a60e-92b8ee385dc0 - - - - -] instance_uuid_format = [instance: %(uuid)s] log_opt_values /usr/lib/python3/dist-packages/oslo_config/cfg.py:2602
2025-08-18 00:40:41.526 167917 DEBUG oslo_db.sqlalchemy.engines [req-870e7c5a-76b7-4d0b-a776-b32ee13b454d - - - - -] MySQL server mode set to STRICT_TRANS_TABLES,STRICT_ALL_TABLES,NO_ZERO_IN_DATE,NO_ZERO_DATE,ERROR_FOR_DIVISION_BY_ZERO,TRADITIONAL,NO_ENGINE_SUBSTITUTION _check_effective_sql_mode /usr/lib/python3/dist-packages/oslo_db/sqlalchemy/engines.py:314
2025-08-18 00:40:41.526 167489 DEBUG oslo_service.service [req-7e65f4b9-e9e0-4cf1-a60e-92b8ee385dc0 - - - - -] instances_path = /var/lib/nova/instances log_opt_values /usr/lib/python3/dist-packages/oslo_config/cfg.py:2602
2025-08-18 00:40:41.526 167489 DEBUG oslo_service.service [req-7e65f4b9-e9e0-4cf1-a60e-92b8ee385dc0 - - - - -] internal_service_availability_zone = internal log_opt_values /usr/lib/python3/dist-packages/oslo_config/cfg.py:2602
2025-08-18 00:40:41.526 167489 DEBUG oslo_service.service [req-7e65f4b9-e9e0-4cf1-a60e-92b8ee385dc0 - - - - -] key = None log_opt_values /usr/lib/python3/dist-packages/oslo_config/cfg.py:2602
2025-08-18 00:40:41.526 167489 DEBUG oslo_service.service [req-7e65f4b9-e9e0-4cf1-a60e-92b8ee385dc0 - - - - -] live_migration_retry_count = 30 log_opt_values /usr/lib/python3/dist-packages/oslo_config/cfg.py:2602
2025-08-18 00:40:41.527 167489 DEBUG oslo_service.service [req-7e65f4b9-e9e0-4cf1-a60e-92b8ee385dc0 - - - - -] log_config_append = None log_opt_values /usr/lib/python3/dist-packages/oslo_config/cfg.py:2602
2025-08-18 00:40:41.527 167489 DEBUG oslo_service.service [req-7e65f4b9-e9e0-4cf1-a60e-92b8ee385dc0 - - - - -] log_date_format = %Y-%m-%d %H:%M:%S log_opt_values /usr/lib/python3/dist-packages/oslo_config/cfg.py:2602
2025-08-18 00:40:41.527 167489 DEBUG oslo_service.service [req-7e65f4b9-e9e0-4cf1-a60e-92b8ee385dc0 - - - - -] log_dir = /var/log/nova log_opt_values /usr/lib/python3/dist-packages/oslo_config/cfg.py:2602
2025-08-18 00:40:41.527 167489 DEBUG oslo_service.service [req-7e65f4b9-e9e0-4cf1-a60e-92b8ee385dc0 - - - - -] log_file = /var/log/nova/nova-conductor.log log_opt_values /usr/lib/python3/dist-packages/oslo_config/cfg.py:2602
2025-08-18 00:40:41.527 167489 DEBUG oslo_service.service [req-7e65f4b9-e9e0-4cf1-a60e-92b8ee385dc0 - - - - -] log_options = True log_opt_values /usr/lib/python3/dist-packages/oslo_config/cfg.py:2602
2025-08-18 00:40:41.527 167489 DEBUG oslo_service.service [req-7e65f4b9-e9e0-4cf1-a60e-92b8ee385dc0 - - - - -] log_rotate_interval = 1 log_opt_values /usr/lib/python3/dist-packages/oslo_config/cfg.py:2602
2025-08-18 00:40:41.528 167489 DEBUG oslo_service.service [req-7e65f4b9-e9e0-4cf1-a60e-92b8ee385dc0 - - - - -] log_rotate_interval_type = days log_opt_values /usr/lib/python3/dist-packages/oslo_config/cfg.py:2602
2025-08-18 00:40:41.528 167489 DEBUG oslo_service.service [req-7e65f4b9-e9e0-4cf1-a60e-92b8ee385dc0 - - - - -] log_rotation_type = none log_opt_values /usr/lib/python3/dist-packages/oslo_config/cfg.py:2602
2025-08-18 00:40:41.528 167489 DEBUG oslo_service.service [req-7e65f4b9-e9e0-4cf1-a60e-92b8ee385dc0 - - - - -] logging_context_format_string = %(asctime)s.%(msecs)03d %(process)d %(levelname)s %(name)s [%(request_id)s %(user_identity)s] %(instance)s%(message)s log_opt_values /usr/lib/python3/dist-packages/oslo_config/cfg.py:2602
2025-08-18 00:40:41.528 167489 DEBUG oslo_service.service [req-7e65f4b9-e9e0-4cf1-a60e-92b8ee385dc0 - - - - -] logging_debug_format_suffix = %(funcName)s %(pathname)s:%(lineno)d log_opt_values /usr/lib/python3/dist-packages/oslo_config/cfg.py:2602
2025-08-18 00:40:41.528 167489 DEBUG oslo_service.service [req-7e65f4b9-e9e0-4cf1-a60e-92b8ee385dc0 - - - - -] logging_default_format_string = %(asctime)s.%(msecs)03d %(process)d %(levelname)s %(name)s [-] %(instance)s%(message)s log_opt_values /usr/lib/python3/dist-packages/oslo_config/cfg.py:2602
2025-08-18 00:40:41.528 167489 DEBUG oslo_service.service [req-7e65f4b9-e9e0-4cf1-a60e-92b8ee385dc0 - - - - -] logging_exception_prefix = %(asctime)s.%(msecs)03d %(process)d ERROR %(name)s %(instance)s log_opt_values /usr/lib/python3/dist-packages/oslo_config/cfg.py:2602
2025-08-18 00:40:41.529 167489 DEBUG oslo_service.service [req-7e65f4b9-e9e0-4cf1-a60e-92b8ee385dc0 - - - - -] logging_user_identity_format = %(user)s %(project)s %(domain)s %(user_domain)s %(project_domain)s log_opt_values /usr/lib/python3/dist-packages/oslo_config/cfg.py:2602
2025-08-18 00:40:41.529 167489 DEBUG oslo_service.service [req-7e65f4b9-e9e0-4cf1-a60e-92b8ee385dc0 - - - - -] long_rpc_timeout = 1800 log_opt_values /usr/lib/python3/dist-packages/oslo_config/cfg.py:2602
2025-08-18 00:40:41.529 167489 DEBUG oslo_service.service [req-7e65f4b9-e9e0-4cf1-a60e-92b8ee385dc0 - - - - -] max_concurrent_builds = 10 log_opt_values /usr/lib/python3/dist-packages/oslo_config/cfg.py:2602
2025-08-18 00:40:41.529 167489 DEBUG oslo_service.service [req-7e65f4b9-e9e0-4cf1-a60e-92b8ee385dc0 - - - - -] max_concurrent_live_migrations = 1 log_opt_values /usr/lib/python3/dist-packages/oslo_config/cfg.py:2602
2025-08-18 00:40:41.529 167489 DEBUG oslo_service.service [req-7e65f4b9-e9e0-4cf1-a60e-92b8ee385dc0 - - - - -] max_concurrent_snapshots = 5 log_opt_values /usr/lib/python3/dist-packages/oslo_config/cfg.py:2602
2025-08-18 00:40:41.529 167489 DEBUG oslo_service.service [req-7e65f4b9-e9e0-4cf1-a60e-92b8ee385dc0 - - - - -] max_local_block_devices = 3 log_opt_values /usr/lib/python3/dist-packages/oslo_config/cfg.py:2602
2025-08-18 00:40:41.530 167489 DEBUG oslo_service.service [req-7e65f4b9-e9e0-4cf1-a60e-92b8ee385dc0 - - - - -] max_logfile_count = 30 log_opt_values /usr/lib/python3/dist-packages/oslo_config/cfg.py:2602
2025-08-18 00:40:41.530 167489 DEBUG oslo_service.service [req-7e65f4b9-e9e0-4cf1-a60e-92b8ee385dc0 - - - - -] max_logfile_size_mb = 200 log_opt_values /usr/lib/python3/dist-packages/oslo_config/cfg.py:2602
2025-08-18 00:40:41.530 167489 DEBUG oslo_service.service [req-7e65f4b9-e9e0-4cf1-a60e-92b8ee385dc0 - - - - -] maximum_instance_delete_attempts = 5 log_opt_values /usr/lib/python3/dist-packages/oslo_config/cfg.py:2602
2025-08-18 00:40:41.530 167489 DEBUG oslo_service.service [req-7e65f4b9-e9e0-4cf1-a60e-92b8ee385dc0 - - - - -] metadata_listen = 0.0.0.0 log_opt_values /usr/lib/python3/dist-packages/oslo_config/cfg.py:2602
2025-08-18 00:40:41.530 167489 DEBUG oslo_service.service [req-7e65f4b9-e9e0-4cf1-a60e-92b8ee385dc0 - - - - -] metadata_listen_port = 8765 log_opt_values /usr/lib/python3/dist-packages/oslo_config/cfg.py:2602
2025-08-18 00:40:41.530 167489 DEBUG oslo_service.service [req-7e65f4b9-e9e0-4cf1-a60e-92b8ee385dc0 - - - - -] metadata_workers = None log_opt_values /usr/lib/python3/dist-packages/oslo_config/cfg.py:2602
2025-08-18 00:40:41.530 167914 DEBUG oslo_db.sqlalchemy.engines [req-393d57fe-efe8-4ba6-a784-dfbabfa53dc8 - - - - -] MySQL server mode set to STRICT_TRANS_TABLES,STRICT_ALL_TABLES,NO_ZERO_IN_DATE,NO_ZERO_DATE,ERROR_FOR_DIVISION_BY_ZERO,TRADITIONAL,NO_ENGINE_SUBSTITUTION _check_effective_sql_mode /usr/lib/python3/dist-packages/oslo_db/sqlalchemy/engines.py:314
2025-08-18 00:40:41.530 167489 DEBUG oslo_service.service [req-7e65f4b9-e9e0-4cf1-a60e-92b8ee385dc0 - - - - -] migrate_max_retries = -1 log_opt_values /usr/lib/python3/dist-packages/oslo_config/cfg.py:2602
2025-08-18 00:40:41.531 167489 DEBUG oslo_service.service [req-7e65f4b9-e9e0-4cf1-a60e-92b8ee385dc0 - - - - -] mkisofs_cmd = genisoimage log_opt_values /usr/lib/python3/dist-packages/oslo_config/cfg.py:2602
2025-08-18 00:40:41.531 167489 DEBUG oslo_service.service [req-7e65f4b9-e9e0-4cf1-a60e-92b8ee385dc0 - - - - -] my_block_storage_ip = 252.129.2.176 log_opt_values /usr/lib/python3/dist-packages/oslo_config/cfg.py:2602
2025-08-18 00:40:41.531 167489 DEBUG oslo_service.service [req-7e65f4b9-e9e0-4cf1-a60e-92b8ee385dc0 - - - - -] my_ip = 252.129.2.176 log_opt_values /usr/lib/python3/dist-packages/oslo_config/cfg.py:2602
2025-08-18 00:40:41.531 167489 DEBUG oslo_service.service [req-7e65f4b9-e9e0-4cf1-a60e-92b8ee385dc0 - - - - -] network_allocate_retries = 0 log_opt_values /usr/lib/python3/dist-packages/oslo_config/cfg.py:2602
2025-08-18 00:40:41.531 167489 DEBUG oslo_service.service [req-7e65f4b9-e9e0-4cf1-a60e-92b8ee385dc0 - - - - -] non_inheritable_image_properties = ['cache_in_nova', 'bittorrent'] log_opt_values /usr/lib/python3/dist-packages/oslo_config/cfg.py:2602
2025-08-18 00:40:41.532 167489 DEBUG oslo_service.service [req-7e65f4b9-e9e0-4cf1-a60e-92b8ee385dc0 - - - - -] osapi_compute_listen = 0.0.0.0 log_opt_values /usr/lib/python3/dist-packages/oslo_config/cfg.py:2602
2025-08-18 00:40:41.532 167489 DEBUG oslo_service.service [req-7e65f4b9-e9e0-4cf1-a60e-92b8ee385dc0 - - - - -] osapi_compute_listen_port = 8764 log_opt_values /usr/lib/python3/dist-packages/oslo_config/cfg.py:2602
2025-08-18 00:40:41.532 167489 DEBUG oslo_service.service [req-7e65f4b9-e9e0-4cf1-a60e-92b8ee385dc0 - - - - -] osapi_compute_unique_server_name_scope = log_opt_values /usr/lib/python3/dist-packages/oslo_config/cfg.py:2602
2025-08-18 00:40:41.532 167489 DEBUG oslo_service.service [req-7e65f4b9-e9e0-4cf1-a60e-92b8ee385dc0 - - - - -] osapi_compute_workers = 4 log_opt_values /usr/lib/python3/dist-packages/oslo_config/cfg.py:2602
2025-08-18 00:40:41.532 167489 DEBUG oslo_service.service [req-7e65f4b9-e9e0-4cf1-a60e-92b8ee385dc0 - - - - -] password_length = 12 log_opt_values /usr/lib/python3/dist-packages/oslo_config/cfg.py:2602
2025-08-18 00:40:41.532 167489 DEBUG oslo_service.service [req-7e65f4b9-e9e0-4cf1-a60e-92b8ee385dc0 - - - - -] periodic_enable = True log_opt_values /usr/lib/python3/dist-packages/oslo_config/cfg.py:2602
2025-08-18 00:40:41.533 167489 DEBUG oslo_service.service [req-7e65f4b9-e9e0-4cf1-a60e-92b8ee385dc0 - - - - -] periodic_fuzzy_delay = 60 log_opt_values /usr/lib/python3/dist-packages/oslo_config/cfg.py:2602
2025-08-18 00:40:41.533 167489 DEBUG oslo_service.service [req-7e65f4b9-e9e0-4cf1-a60e-92b8ee385dc0 - - - - -] pointer_model = usbtablet log_opt_values /usr/lib/python3/dist-packages/oslo_config/cfg.py:2602
2025-08-18 00:40:41.532 167915 DEBUG nova.service [req-e3f0cca4-8ab9-4386-8c28-f7af786ff5d6 - - - - -] Creating RPC server for service conductor start /usr/lib/python3/dist-packages/nova/service.py:182
2025-08-18 00:40:41.533 167489 DEBUG oslo_service.service [req-7e65f4b9-e9e0-4cf1-a60e-92b8ee385dc0 - - - - -] preallocate_images = none log_opt_values /usr/lib/python3/dist-packages/oslo_config/cfg.py:2602
2025-08-18 00:40:41.533 167489 DEBUG oslo_service.service [req-7e65f4b9-e9e0-4cf1-a60e-92b8ee385dc0 - - - - -] publish_errors = False log_opt_values /usr/lib/python3/dist-packages/oslo_config/cfg.py:2602
2025-08-18 00:40:41.533 167489 DEBUG oslo_service.service [req-7e65f4b9-e9e0-4cf1-a60e-92b8ee385dc0 - - - - -] pybasedir = /usr/lib/python3/dist-packages log_opt_values /usr/lib/python3/dist-packages/oslo_config/cfg.py:2602
2025-08-18 00:40:41.533 167489 DEBUG oslo_service.service [req-7e65f4b9-e9e0-4cf1-a60e-92b8ee385dc0 - - - - -] ram_allocation_ratio = 0.98 log_opt_values /usr/lib/python3/dist-packages/oslo_config/cfg.py:2602
2025-08-18 00:40:41.533 167489 DEBUG oslo_service.service [req-7e65f4b9-e9e0-4cf1-a60e-92b8ee385dc0 - - - - -] rate_limit_burst = 0 log_opt_values /usr/lib/python3/dist-packages/oslo_config/cfg.py:2602
2025-08-18 00:40:41.534 167489 DEBUG oslo_service.service [req-7e65f4b9-e9e0-4cf1-a60e-92b8ee385dc0 - - - - -] rate_limit_except_level = CRITICAL log_opt_values /usr/lib/python3/dist-packages/oslo_config/cfg.py:2602
2025-08-18 00:40:41.534 167489 DEBUG oslo_service.service [req-7e65f4b9-e9e0-4cf1-a60e-92b8ee385dc0 - - - - -] rate_limit_interval = 0 log_opt_values /usr/lib/python3/dist-packages/oslo_config/cfg.py:2602
2025-08-18 00:40:41.534 167489 DEBUG oslo_service.service [req-7e65f4b9-e9e0-4cf1-a60e-92b8ee385dc0 - - - - -] reboot_timeout = 0 log_opt_values /usr/lib/python3/dist-packages/oslo_config/cfg.py:2602
2025-08-18 00:40:41.534 167489 DEBUG oslo_service.service [req-7e65f4b9-e9e0-4cf1-a60e-92b8ee385dc0 - - - - -] reclaim_instance_interval = 0 log_opt_values /usr/lib/python3/dist-packages/oslo_config/cfg.py:2602
2025-08-18 00:40:41.534 167489 DEBUG oslo_service.service [req-7e65f4b9-e9e0-4cf1-a60e-92b8ee385dc0 - - - - -] record = None log_opt_values /usr/lib/python3/dist-packages/oslo_config/cfg.py:2602
2025-08-18 00:40:41.534 167489 DEBUG oslo_service.service [req-7e65f4b9-e9e0-4cf1-a60e-92b8ee385dc0 - - - - -] report_interval = 10 log_opt_values /usr/lib/python3/dist-packages/oslo_config/cfg.py:2602
2025-08-18 00:40:41.535 167489 DEBUG oslo_service.service [req-7e65f4b9-e9e0-4cf1-a60e-92b8ee385dc0 - - - - -] rescue_timeout = 0 log_opt_values /usr/lib/python3/dist-packages/oslo_config/cfg.py:2602
2025-08-18 00:40:41.535 167489 DEBUG oslo_service.service [req-7e65f4b9-e9e0-4cf1-a60e-92b8ee385dc0 - - - - -] reserved_host_cpus = 0 log_opt_values /usr/lib/python3/dist-packages/oslo_config/cfg.py:2602
2025-08-18 00:40:41.535 167489 DEBUG oslo_service.service [req-7e65f4b9-e9e0-4cf1-a60e-92b8ee385dc0 - - - - -] reserved_host_disk_mb = 0 log_opt_values /usr/lib/python3/dist-packages/oslo_config/cfg.py:2602
2025-08-18 00:40:41.535 167489 DEBUG oslo_service.service [req-7e65f4b9-e9e0-4cf1-a60e-92b8ee385dc0 - - - - -] reserved_host_memory_mb = 512 log_opt_values /usr/lib/python3/dist-packages/oslo_config/cfg.py:2602
2025-08-18 00:40:41.535 167489 DEBUG oslo_service.service [req-7e65f4b9-e9e0-4cf1-a60e-92b8ee385dc0 - - - - -] reserved_huge_pages = None log_opt_values /usr/lib/python3/dist-packages/oslo_config/cfg.py:2602
2025-08-18 00:40:41.535 167489 DEBUG oslo_service.service [req-7e65f4b9-e9e0-4cf1-a60e-92b8ee385dc0 - - - - -] resize_confirm_window = 0 log_opt_values /usr/lib/python3/dist-packages/oslo_config/cfg.py:2602
2025-08-18 00:40:41.535 167489 DEBUG oslo_service.service [req-7e65f4b9-e9e0-4cf1-a60e-92b8ee385dc0 - - - - -] resize_fs_using_block_device = False log_opt_values /usr/lib/python3/dist-packages/oslo_config/cfg.py:2602
2025-08-18 00:40:41.536 167489 DEBUG oslo_service.service [req-7e65f4b9-e9e0-4cf1-a60e-92b8ee385dc0 - - - - -] resume_guests_state_on_host_boot = False log_opt_values /usr/lib/python3/dist-packages/oslo_config/cfg.py:2602
2025-08-18 00:40:41.536 167489 DEBUG oslo_service.service [req-7e65f4b9-e9e0-4cf1-a60e-92b8ee385dc0 - - - - -] rootwrap_config = /etc/nova/rootwrap.conf log_opt_values /usr/lib/python3/dist-packages/oslo_config/cfg.py:2602
2025-08-18 00:40:41.536 167489 DEBUG oslo_service.service [req-7e65f4b9-e9e0-4cf1-a60e-92b8ee385dc0 - - - - -] rpc_response_timeout = 60 log_opt_values /usr/lib/python3/dist-packages/oslo_config/cfg.py:2602
2025-08-18 00:40:41.536 167489 DEBUG oslo_service.service [req-7e65f4b9-e9e0-4cf1-a60e-92b8ee385dc0 - - - - -] run_external_periodic_tasks = True log_opt_values /usr/lib/python3/dist-packages/oslo_config/cfg.py:2602
2025-08-18 00:40:41.536 167489 DEBUG oslo_service.service [req-7e65f4b9-e9e0-4cf1-a60e-92b8ee385dc0 - - - - -] running_deleted_instance_action = reap log_opt_values /usr/lib/python3/dist-packages/oslo_config/cfg.py:2602
2025-08-18 00:40:41.536 167489 DEBUG oslo_service.service [req-7e65f4b9-e9e0-4cf1-a60e-92b8ee385dc0 - - - - -] running_deleted_instance_poll_interval = 1800 log_opt_values /usr/lib/python3/dist-packages/oslo_config/cfg.py:2602
2025-08-18 00:40:41.537 167489 DEBUG oslo_service.service [req-7e65f4b9-e9e0-4cf1-a60e-92b8ee385dc0 - - - - -] running_deleted_instance_timeout = 0 log_opt_values /usr/lib/python3/dist-packages/oslo_config/cfg.py:2602
2025-08-18 00:40:41.537 167489 DEBUG oslo_service.service [req-7e65f4b9-e9e0-4cf1-a60e-92b8ee385dc0 - - - - -] scheduler_instance_sync_interval = 120 log_opt_values /usr/lib/python3/dist-packages/oslo_config/cfg.py:2602
2025-08-18 00:40:41.537 167489 DEBUG oslo_service.service [req-7e65f4b9-e9e0-4cf1-a60e-92b8ee385dc0 - - - - -] service_down_time = 60 log_opt_values /usr/lib/python3/dist-packages/oslo_config/cfg.py:2602
2025-08-18 00:40:41.537 167489 DEBUG oslo_service.service [req-7e65f4b9-e9e0-4cf1-a60e-92b8ee385dc0 - - - - -] servicegroup_driver = db log_opt_values /usr/lib/python3/dist-packages/oslo_config/cfg.py:2602
2025-08-18 00:40:41.537 167489 DEBUG oslo_service.service [req-7e65f4b9-e9e0-4cf1-a60e-92b8ee385dc0 - - - - -] shelved_offload_time = 0 log_opt_values /usr/lib/python3/dist-packages/oslo_config/cfg.py:2602
2025-08-18 00:40:41.538 167489 DEBUG oslo_service.service [req-7e65f4b9-e9e0-4cf1-a60e-92b8ee385dc0 - - - - -] shelved_poll_interval = 3600 log_opt_values /usr/lib/python3/dist-packages/oslo_config/cfg.py:2602
2025-08-18 00:40:41.538 167489 DEBUG oslo_service.service [req-7e65f4b9-e9e0-4cf1-a60e-92b8ee385dc0 - - - - -] shutdown_timeout = 60 log_opt_values /usr/lib/python3/dist-packages/oslo_config/cfg.py:2602
2025-08-18 00:40:41.538 167489 DEBUG oslo_service.service [req-7e65f4b9-e9e0-4cf1-a60e-92b8ee385dc0 - - - - -] source_is_ipv6 = False log_opt_values /usr/lib/python3/dist-packages/oslo_config/cfg.py:2602
2025-08-18 00:40:41.538 167917 DEBUG nova.service [req-870e7c5a-76b7-4d0b-a776-b32ee13b454d - - - - -] Creating RPC server for service conductor start /usr/lib/python3/dist-packages/nova/service.py:182
2025-08-18 00:40:41.538 167489 DEBUG oslo_service.service [req-7e65f4b9-e9e0-4cf1-a60e-92b8ee385dc0 - - - - -] ssl_only = False log_opt_values /usr/lib/python3/dist-packages/oslo_config/cfg.py:2602
2025-08-18 00:40:41.538 167489 DEBUG oslo_service.service [req-7e65f4b9-e9e0-4cf1-a60e-92b8ee385dc0 - - - - -] state_path = /var/lib/nova log_opt_values /usr/lib/python3/dist-packages/oslo_config/cfg.py:2602
2025-08-18 00:40:41.538 167489 DEBUG oslo_service.service [req-7e65f4b9-e9e0-4cf1-a60e-92b8ee385dc0 - - - - -] sync_power_state_interval = 600 log_opt_values /usr/lib/python3/dist-packages/oslo_config/cfg.py:2602
2025-08-18 00:40:41.539 167489 DEBUG oslo_service.service [req-7e65f4b9-e9e0-4cf1-a60e-92b8ee385dc0 - - - - -] sync_power_state_pool_size = 1000 log_opt_values /usr/lib/python3/dist-packages/oslo_config/cfg.py:2602
2025-08-18 00:40:41.539 167489 DEBUG oslo_service.service [req-7e65f4b9-e9e0-4cf1-a60e-92b8ee385dc0 - - - - -] syslog_log_facility = LOG_USER log_opt_values /usr/lib/python3/dist-packages/oslo_config/cfg.py:2602
2025-08-18 00:40:41.539 167489 DEBUG oslo_service.service [req-7e65f4b9-e9e0-4cf1-a60e-92b8ee385dc0 - - - - -] tempdir = None log_opt_values /usr/lib/python3/dist-packages/oslo_config/cfg.py:2602
2025-08-18 00:40:41.539 167489 DEBUG oslo_service.service [req-7e65f4b9-e9e0-4cf1-a60e-92b8ee385dc0 - - - - -] timeout_nbd = 10 log_opt_values /usr/lib/python3/dist-packages/oslo_config/cfg.py:2602
2025-08-18 00:40:41.539 167489 DEBUG oslo_service.service [req-7e65f4b9-e9e0-4cf1-a60e-92b8ee385dc0 - - - - -] transport_url = **** log_opt_values /usr/lib/python3/dist-packages/oslo_config/cfg.py:2602
2025-08-18 00:40:41.539 167489 DEBUG oslo_service.service [req-7e65f4b9-e9e0-4cf1-a60e-92b8ee385dc0 - - - - -] update_resources_interval = 0 log_opt_values /usr/lib/python3/dist-packages/oslo_config/cfg.py:2602
2025-08-18 00:40:41.540 167489 DEBUG oslo_service.service [req-7e65f4b9-e9e0-4cf1-a60e-92b8ee385dc0 - - - - -] use_cow_images = True log_opt_values /usr/lib/python3/dist-packages/oslo_config/cfg.py:2602
2025-08-18 00:40:41.540 167489 DEBUG oslo_service.service [req-7e65f4b9-e9e0-4cf1-a60e-92b8ee385dc0 - - - - -] use_eventlog = False log_opt_values /usr/lib/python3/dist-packages/oslo_config/cfg.py:2602
2025-08-18 00:40:41.540 167489 DEBUG oslo_service.service [req-7e65f4b9-e9e0-4cf1-a60e-92b8ee385dc0 - - - - -] use_journal = False log_opt_values /usr/lib/python3/dist-packages/oslo_config/cfg.py:2602
2025-08-18 00:40:41.540 167489 DEBUG oslo_service.service [req-7e65f4b9-e9e0-4cf1-a60e-92b8ee385dc0 - - - - -] use_json = False log_opt_values /usr/lib/python3/dist-packages/oslo_config/cfg.py:2602
2025-08-18 00:40:41.540 167489 DEBUG oslo_service.service [req-7e65f4b9-e9e0-4cf1-a60e-92b8ee385dc0 - - - - -] use_rootwrap_daemon = False log_opt_values /usr/lib/python3/dist-packages/oslo_config/cfg.py:2602
2025-08-18 00:40:41.540 167489 DEBUG oslo_service.service [req-7e65f4b9-e9e0-4cf1-a60e-92b8ee385dc0 - - - - -] use_stderr = False log_opt_values /usr/lib/python3/dist-packages/oslo_config/cfg.py:2602
2025-08-18 00:40:41.541 167489 DEBUG oslo_service.service [req-7e65f4b9-e9e0-4cf1-a60e-92b8ee385dc0 - - - - -] use_syslog = False log_opt_values /usr/lib/python3/dist-packages/oslo_config/cfg.py:2602
2025-08-18 00:40:41.541 167489 DEBUG oslo_service.service [req-7e65f4b9-e9e0-4cf1-a60e-92b8ee385dc0 - - - - -] vcpu_pin_set = None log_opt_values /usr/lib/python3/dist-packages/oslo_config/cfg.py:2602
2025-08-18 00:40:41.541 167489 DEBUG oslo_service.service [req-7e65f4b9-e9e0-4cf1-a60e-92b8ee385dc0 - - - - -] vif_plugging_is_fatal = True log_opt_values /usr/lib/python3/dist-packages/oslo_config/cfg.py:2602
2025-08-18 00:40:41.541 167489 DEBUG oslo_service.service [req-7e65f4b9-e9e0-4cf1-a60e-92b8ee385dc0 - - - - -] vif_plugging_timeout = 300 log_opt_values /usr/lib/python3/dist-packages/oslo_config/cfg.py:2602
2025-08-18 00:40:41.541 167489 DEBUG oslo_service.service [req-7e65f4b9-e9e0-4cf1-a60e-92b8ee385dc0 - - - - -] virt_mkfs = [] log_opt_values /usr/lib/python3/dist-packages/oslo_config/cfg.py:2602
2025-08-18 00:40:41.541 167489 DEBUG oslo_service.service [req-7e65f4b9-e9e0-4cf1-a60e-92b8ee385dc0 - - - - -] volume_usage_poll_interval = 0 log_opt_values /usr/lib/python3/dist-packages/oslo_config/cfg.py:2602
2025-08-18 00:40:41.541 167916 DEBUG nova.service [req-0650cfc8-51f0-4cb8-8c23-448f3c40b3bd - - - - -] Creating RPC server for service conductor start /usr/lib/python3/dist-packages/nova/service.py:182
2025-08-18 00:40:41.541 167489 DEBUG oslo_service.service [req-7e65f4b9-e9e0-4cf1-a60e-92b8ee385dc0 - - - - -] watch_log_file = False log_opt_values /usr/lib/python3/dist-packages/oslo_config/cfg.py:2602
2025-08-18 00:40:41.542 167489 DEBUG oslo_service.service [req-7e65f4b9-e9e0-4cf1-a60e-92b8ee385dc0 - - - - -] web = /usr/share/spice-html5 log_opt_values /usr/lib/python3/dist-packages/oslo_config/cfg.py:2602
2025-08-18 00:40:41.542 167489 DEBUG oslo_service.service [req-7e65f4b9-e9e0-4cf1-a60e-92b8ee385dc0 - - - - -] oslo_concurrency.disable_process_locking = False log_opt_values /usr/lib/python3/dist-packages/oslo_config/cfg.py:2609
2025-08-18 00:40:41.542 167489 DEBUG oslo_service.service [req-7e65f4b9-e9e0-4cf1-a60e-92b8ee385dc0 - - - - -] oslo_concurrency.lock_path = /var/lock/nova log_opt_values /usr/lib/python3/dist-packages/oslo_config/cfg.py:2609
2025-08-18 00:40:41.542 167489 DEBUG oslo_service.service [req-7e65f4b9-e9e0-4cf1-a60e-92b8ee385dc0 - - - - -] oslo_messaging_metrics.metrics_buffer_size = 1000 log_opt_values /usr/lib/python3/dist-packages/oslo_config/cfg.py:2609
2025-08-18 00:40:41.542 167489 DEBUG oslo_service.service [req-7e65f4b9-e9e0-4cf1-a60e-92b8ee385dc0 - - - - -] oslo_messaging_metrics.metrics_enabled = False log_opt_values /usr/lib/python3/dist-packages/oslo_config/cfg.py:2609
2025-08-18 00:40:41.543 167489 DEBUG oslo_service.service [req-7e65f4b9-e9e0-4cf1-a60e-92b8ee385dc0 - - - - -] oslo_messaging_metrics.metrics_process_name = log_opt_values /usr/lib/python3/dist-packages/oslo_config/cfg.py:2609
2025-08-18 00:40:41.543 167489 DEBUG oslo_service.service [req-7e65f4b9-e9e0-4cf1-a60e-92b8ee385dc0 - - - - -] oslo_messaging_metrics.metrics_socket_file = /var/tmp/metrics_collector.sock log_opt_values /usr/lib/python3/dist-packages/oslo_config/cfg.py:2609
2025-08-18 00:40:41.543 167489 DEBUG oslo_service.service [req-7e65f4b9-e9e0-4cf1-a60e-92b8ee385dc0 - - - - -] oslo_messaging_metrics.metrics_thread_stop_timeout = 10 log_opt_values /usr/lib/python3/dist-packages/oslo_config/cfg.py:2609
2025-08-18 00:40:41.543 167489 WARNING oslo_config.cfg [req-7e65f4b9-e9e0-4cf1-a60e-92b8ee385dc0 - - - - -] Deprecated: Option "auth_strategy" from group "api" is deprecated for removal ( The only non-default choice, ``noauth2``, is for internal development and testing purposes only and should not be used in deployments. This option and its middleware, NoAuthMiddleware[V2_18], will be removed in a future release. ). Its value may be silently ignored in the future.
2025-08-18 00:40:41.544 167489 DEBUG oslo_service.service [req-7e65f4b9-e9e0-4cf1-a60e-92b8ee385dc0 - - - - -] api.auth_strategy = keystone log_opt_values /usr/lib/python3/dist-packages/oslo_config/cfg.py:2609
2025-08-18 00:40:41.545 167489 DEBUG oslo_service.service [req-7e65f4b9-e9e0-4cf1-a60e-92b8ee385dc0 - - - - -] api.compute_link_prefix = None log_opt_values /usr/lib/python3/dist-packages/oslo_config/cfg.py:2609
2025-08-18 00:40:41.545 167489 DEBUG oslo_service.service [req-7e65f4b9-e9e0-4cf1-a60e-92b8ee385dc0 - - - - -] api.config_drive_skip_versions = 1.0 2007-01-19 2007-03-01 2007-08-29 2007-10-10 2007-12-15 2008-02-01 2008-09-01 log_opt_values /usr/lib/python3/dist-packages/oslo_config/cfg.py:2609
2025-08-18 00:40:41.545 167489 DEBUG oslo_service.service [req-7e65f4b9-e9e0-4cf1-a60e-92b8ee385dc0 - - - - -] api.dhcp_domain = novalocal log_opt_values /usr/lib/python3/dist-packages/oslo_config/cfg.py:2609
2025-08-18 00:40:41.545 167489 DEBUG oslo_service.service [req-7e65f4b9-e9e0-4cf1-a60e-92b8ee385dc0 - - - - -] api.enable_instance_password = True log_opt_values /usr/lib/python3/dist-packages/oslo_config/cfg.py:2609
2025-08-18 00:40:41.546 167489 DEBUG oslo_service.service [req-7e65f4b9-e9e0-4cf1-a60e-92b8ee385dc0 - - - - -] api.glance_link_prefix = None log_opt_values /usr/lib/python3/dist-packages/oslo_config/cfg.py:2609
2025-08-18 00:40:41.546 167489 DEBUG oslo_service.service [req-7e65f4b9-e9e0-4cf1-a60e-92b8ee385dc0 - - - - -] api.instance_list_cells_batch_fixed_size = 100 log_opt_values /usr/lib/python3/dist-packages/oslo_config/cfg.py:2609
2025-08-18 00:40:41.546 167489 DEBUG oslo_service.service [req-7e65f4b9-e9e0-4cf1-a60e-92b8ee385dc0 - - - - -] api.instance_list_cells_batch_strategy = distributed log_opt_values /usr/lib/python3/dist-packages/oslo_config/cfg.py:2609
2025-08-18 00:40:41.546 167489 DEBUG oslo_service.service [req-7e65f4b9-e9e0-4cf1-a60e-92b8ee385dc0 - - - - -] api.instance_list_per_project_cells = False log_opt_values /usr/lib/python3/dist-packages/oslo_config/cfg.py:2609
2025-08-18 00:40:41.546 167489 DEBUG oslo_service.service [req-7e65f4b9-e9e0-4cf1-a60e-92b8ee385dc0 - - - - -] api.list_records_by_skipping_down_cells = True log_opt_values /usr/lib/python3/dist-packages/oslo_config/cfg.py:2609
2025-08-18 00:40:41.547 167914 DEBUG nova.service [req-393d57fe-efe8-4ba6-a784-dfbabfa53dc8 - - - - -] Creating RPC server for service conductor start /usr/lib/python3/dist-packages/nova/service.py:182
2025-08-18 00:40:41.547 167489 DEBUG oslo_service.service [req-7e65f4b9-e9e0-4cf1-a60e-92b8ee385dc0 - - - - -] api.local_metadata_per_cell = False log_opt_values /usr/lib/python3/dist-packages/oslo_config/cfg.py:2609
2025-08-18 00:40:41.547 167489 DEBUG oslo_service.service [req-7e65f4b9-e9e0-4cf1-a60e-92b8ee385dc0 - - - - -] api.max_limit = 1000 log_opt_values /usr/lib/python3/dist-packages/oslo_config/cfg.py:2609
2025-08-18 00:40:41.547 167489 DEBUG oslo_service.service [req-7e65f4b9-e9e0-4cf1-a60e-92b8ee385dc0 - - - - -] api.metadata_cache_expiration = 15 log_opt_values /usr/lib/python3/dist-packages/oslo_config/cfg.py:2609
2025-08-18 00:40:41.547 167489 DEBUG oslo_service.service [req-7e65f4b9-e9e0-4cf1-a60e-92b8ee385dc0 - - - - -] api.neutron_default_tenant_id = default log_opt_values /usr/lib/python3/dist-packages/oslo_config/cfg.py:2609
2025-08-18 00:40:41.548 167489 DEBUG oslo_service.service [req-7e65f4b9-e9e0-4cf1-a60e-92b8ee385dc0 - - - - -] api.use_forwarded_for = False log_opt_values /usr/lib/python3/dist-packages/oslo_config/cfg.py:2609
2025-08-18 00:40:41.548 167489 DEBUG oslo_service.service [req-7e65f4b9-e9e0-4cf1-a60e-92b8ee385dc0 - - - - -] api.use_neutron_default_nets = False log_opt_values /usr/lib/python3/dist-packages/oslo_config/cfg.py:2609
2025-08-18 00:40:41.548 167489 DEBUG oslo_service.service [req-7e65f4b9-e9e0-4cf1-a60e-92b8ee385dc0 - - - - -] api.vendordata_dynamic_connect_timeout = 5 log_opt_values /usr/lib/python3/dist-packages/oslo_config/cfg.py:2609
2025-08-18 00:40:41.548 167489 DEBUG oslo_service.service [req-7e65f4b9-e9e0-4cf1-a60e-92b8ee385dc0 - - - - -] api.vendordata_dynamic_failure_fatal = False log_opt_values /usr/lib/python3/dist-packages/oslo_config/cfg.py:2609
2025-08-18 00:40:41.548 167489 DEBUG oslo_service.service [req-7e65f4b9-e9e0-4cf1-a60e-92b8ee385dc0 - - - - -] api.vendordata_dynamic_read_timeout = 5 log_opt_values /usr/lib/python3/dist-packages/oslo_config/cfg.py:2609
2025-08-18 00:40:41.549 167489 DEBUG oslo_service.service [req-7e65f4b9-e9e0-4cf1-a60e-92b8ee385dc0 - - - - -] api.vendordata_dynamic_ssl_certfile = log_opt_values /usr/lib/python3/dist-packages/oslo_config/cfg.py:2609
2025-08-18 00:40:41.549 167489 DEBUG oslo_service.service [req-7e65f4b9-e9e0-4cf1-a60e-92b8ee385dc0 - - - - -] api.vendordata_dynamic_targets = [] log_opt_values /usr/lib/python3/dist-packages/oslo_config/cfg.py:2609
2025-08-18 00:40:41.549 167489 DEBUG oslo_service.service [req-7e65f4b9-e9e0-4cf1-a60e-92b8ee385dc0 - - - - -] api.vendordata_jsonfile_path = None log_opt_values /usr/lib/python3/dist-packages/oslo_config/cfg.py:2609
2025-08-18 00:40:41.549 167489 DEBUG oslo_service.service [req-7e65f4b9-e9e0-4cf1-a60e-92b8ee385dc0 - - - - -] api.vendordata_providers = ['StaticJSON'] log_opt_values /usr/lib/python3/dist-packages/oslo_config/cfg.py:2609
2025-08-18 00:40:41.549 167489 DEBUG oslo_service.service [req-7e65f4b9-e9e0-4cf1-a60e-92b8ee385dc0 - - - - -] cache.backend = dogpile.cache.null log_opt_values /usr/lib/python3/dist-packages/oslo_config/cfg.py:2609
2025-08-18 00:40:41.550 167489 DEBUG oslo_service.service [req-7e65f4b9-e9e0-4cf1-a60e-92b8ee385dc0 - - - - -] cache.backend_argument = **** log_opt_values /usr/lib/python3/dist-packages/oslo_config/cfg.py:2609
2025-08-18 00:40:41.551 167489 DEBUG oslo_service.service [req-7e65f4b9-e9e0-4cf1-a60e-92b8ee385dc0 - - - - -] cache.config_prefix = cache.oslo log_opt_values /usr/lib/python3/dist-packages/oslo_config/cfg.py:2609
2025-08-18 00:40:41.552 167489 DEBUG oslo_service.service [req-7e65f4b9-e9e0-4cf1-a60e-92b8ee385dc0 - - - - -] cache.debug_cache_backend = False log_opt_values /usr/lib/python3/dist-packages/oslo_config/cfg.py:2609
2025-08-18 00:40:41.553 167489 DEBUG oslo_service.service [req-7e65f4b9-e9e0-4cf1-a60e-92b8ee385dc0 - - - - -] cache.enabled = False log_opt_values /usr/lib/python3/dist-packages/oslo_config/cfg.py:2609
2025-08-18 00:40:41.553 167489 DEBUG oslo_service.service [req-7e65f4b9-e9e0-4cf1-a60e-92b8ee385dc0 - - - - -] cache.expiration_time = 600 log_opt_values /usr/lib/python3/dist-packages/oslo_config/cfg.py:2609
2025-08-18 00:40:41.554 167489 DEBUG oslo_service.service [req-7e65f4b9-e9e0-4cf1-a60e-92b8ee385dc0 - - - - -] cache.memcache_dead_retry = 300 log_opt_values /usr/lib/python3/dist-packages/oslo_config/cfg.py:2609
2025-08-18 00:40:41.554 167489 DEBUG oslo_service.service [req-7e65f4b9-e9e0-4cf1-a60e-92b8ee385dc0 - - - - -] cache.memcache_pool_connection_get_timeout = 10 log_opt_values /usr/lib/python3/dist-packages/oslo_config/cfg.py:2609
2025-08-18 00:40:41.554 167489 DEBUG oslo_service.service [req-7e65f4b9-e9e0-4cf1-a60e-92b8ee385dc0 - - - - -] cache.memcache_pool_flush_on_reconnect = False log_opt_values /usr/lib/python3/dist-packages/oslo_config/cfg.py:2609
2025-08-18 00:40:41.555 167489 DEBUG oslo_service.service [req-7e65f4b9-e9e0-4cf1-a60e-92b8ee385dc0 - - - - -] cache.memcache_pool_maxsize = 10 log_opt_values /usr/lib/python3/dist-packages/oslo_config/cfg.py:2609
2025-08-18 00:40:41.555 167489 DEBUG oslo_service.service [req-7e65f4b9-e9e0-4cf1-a60e-92b8ee385dc0 - - - - -] cache.memcache_pool_unused_timeout = 60 log_opt_values /usr/lib/python3/dist-packages/oslo_config/cfg.py:2609
2025-08-18 00:40:41.556 167915 DEBUG oslo_messaging._drivers.amqpdriver [-] Listener is running poll /usr/lib/python3/dist-packages/oslo_messaging/_drivers/amqpdriver.py:343
2025-08-18 00:40:41.556 167489 DEBUG oslo_service.service [req-7e65f4b9-e9e0-4cf1-a60e-92b8ee385dc0 - - - - -] cache.memcache_servers = ['localhost:11211'] log_opt_values /usr/lib/python3/dist-packages/oslo_config/cfg.py:2609
2025-08-18 00:40:41.557 167915 DEBUG oslo_messaging._drivers.amqpdriver [-] AMQPListener connection consume poll /usr/lib/python3/dist-packages/oslo_messaging/_drivers/amqpdriver.py:357
2025-08-18 00:40:41.557 167489 DEBUG oslo_service.service [req-7e65f4b9-e9e0-4cf1-a60e-92b8ee385dc0 - - - - -] cache.memcache_socket_timeout = 1.0 log_opt_values /usr/lib/python3/dist-packages/oslo_config/cfg.py:2609
2025-08-18 00:40:41.557 167915 DEBUG nova.service [req-e3f0cca4-8ab9-4386-8c28-f7af786ff5d6 - - - - -] Join ServiceGroup membership for this service conductor start /usr/lib/python3/dist-packages/nova/service.py:199
2025-08-18 00:40:41.558 167915 DEBUG nova.servicegroup.drivers.db [req-e3f0cca4-8ab9-4386-8c28-f7af786ff5d6 - - - - -] DB_Driver: join new ServiceGroup member juju-59c6df-0-lxd-7 to the conductor group, service = join /usr/lib/python3/dist-packages/nova/servicegroup/drivers/db.py:44
2025-08-18 00:40:41.559 167917 DEBUG oslo_messaging._drivers.amqpdriver [-] Listener is running poll /usr/lib/python3/dist-packages/oslo_messaging/_drivers/amqpdriver.py:343
2025-08-18 00:40:41.560 167917 DEBUG oslo_messaging._drivers.amqpdriver [-] AMQPListener connection consume poll /usr/lib/python3/dist-packages/oslo_messaging/_drivers/amqpdriver.py:357
2025-08-18 00:40:41.559 167489 DEBUG oslo_service.service [req-7e65f4b9-e9e0-4cf1-a60e-92b8ee385dc0 - - - - -] cache.proxies = [] log_opt_values /usr/lib/python3/dist-packages/oslo_config/cfg.py:2609
2025-08-18 00:40:41.560 167917 DEBUG nova.service [req-870e7c5a-76b7-4d0b-a776-b32ee13b454d - - - - -] Join ServiceGroup membership for this service conductor start /usr/lib/python3/dist-packages/nova/service.py:199
2025-08-18 00:40:41.561 167915 DEBUG oslo_messaging._drivers.amqpdriver [-] AMQPListener connection timeout poll /usr/lib/python3/dist-packages/oslo_messaging/_drivers/amqpdriver.py:360
2025-08-18 00:40:41.561 167915 DEBUG oslo_messaging._drivers.amqpdriver [-] Listener is running poll /usr/lib/python3/dist-packages/oslo_messaging/_drivers/amqpdriver.py:343
2025-08-18 00:40:41.561 167917 DEBUG nova.servicegroup.drivers.db [req-870e7c5a-76b7-4d0b-a776-b32ee13b454d - - - - -] DB_Driver: join new ServiceGroup member juju-59c6df-0-lxd-7 to the conductor group, service = join /usr/lib/python3/dist-packages/nova/servicegroup/drivers/db.py:44
2025-08-18 00:40:41.561 167915 DEBUG oslo_messaging._drivers.amqpdriver [-] AMQPListener connection consume poll /usr/lib/python3/dist-packages/oslo_messaging/_drivers/amqpdriver.py:357
2025-08-18 00:40:41.562 167489 DEBUG oslo_service.service [req-7e65f4b9-e9e0-4cf1-a60e-92b8ee385dc0 - - - - -] cache.tls_allowed_ciphers = None log_opt_values /usr/lib/python3/dist-packages/oslo_config/cfg.py:2609
2025-08-18 00:40:41.562 167916 DEBUG oslo_messaging._drivers.amqpdriver [-] Listener is running poll /usr/lib/python3/dist-packages/oslo_messaging/_drivers/amqpdriver.py:343
2025-08-18 00:40:41.563 167917 DEBUG oslo_messaging._drivers.amqpdriver [-] AMQPListener connection timeout poll /usr/lib/python3/dist-packages/oslo_messaging/_drivers/amqpdriver.py:360
2025-08-18 00:40:41.563 167917 DEBUG oslo_messaging._drivers.amqpdriver [-] Listener is running poll /usr/lib/python3/dist-packages/oslo_messaging/_drivers/amqpdriver.py:343
2025-08-18 00:40:41.563 167916 DEBUG oslo_messaging._drivers.amqpdriver [-] AMQPListener connection consume poll /usr/lib/python3/dist-packages/oslo_messaging/_drivers/amqpdriver.py:357
2025-08-18 00:40:41.563 167917 DEBUG oslo_messaging._drivers.amqpdriver [-] AMQPListener connection consume poll /usr/lib/python3/dist-packages/oslo_messaging/_drivers/amqpdriver.py:357
2025-08-18 00:40:41.563 167489 DEBUG oslo_service.service [req-7e65f4b9-e9e0-4cf1-a60e-92b8ee385dc0 - - - - -] cache.tls_cafile = None log_opt_values /usr/lib/python3/dist-packages/oslo_config/cfg.py:2609
2025-08-18 00:40:41.564 167916 DEBUG nova.service [req-0650cfc8-51f0-4cb8-8c23-448f3c40b3bd - - - - -] Join ServiceGroup membership for this service conductor start /usr/lib/python3/dist-packages/nova/service.py:199
2025-08-18 00:40:41.564 167489 DEBUG oslo_service.service [req-7e65f4b9-e9e0-4cf1-a60e-92b8ee385dc0 - - - - -] cache.tls_certfile = None log_opt_values /usr/lib/python3/dist-packages/oslo_config/cfg.py:2609
2025-08-18 00:40:41.564 167916 DEBUG nova.servicegroup.drivers.db [req-0650cfc8-51f0-4cb8-8c23-448f3c40b3bd - - - - -] DB_Driver: join new ServiceGroup member juju-59c6df-0-lxd-7 to the conductor group, service = join /usr/lib/python3/dist-packages/nova/servicegroup/drivers/db.py:44
2025-08-18 00:40:41.564 167489 DEBUG oslo_service.service [req-7e65f4b9-e9e0-4cf1-a60e-92b8ee385dc0 - - - - -] cache.tls_enabled = False log_opt_values /usr/lib/python3/dist-packages/oslo_config/cfg.py:2609
2025-08-18 00:40:41.564 167489 DEBUG oslo_service.service [req-7e65f4b9-e9e0-4cf1-a60e-92b8ee385dc0 - - - - -] cache.tls_keyfile = None log_opt_values /usr/lib/python3/dist-packages/oslo_config/cfg.py:2609
2025-08-18 00:40:41.565 167489 DEBUG oslo_service.service [req-7e65f4b9-e9e0-4cf1-a60e-92b8ee385dc0 - - - - -] cinder.auth_section = None log_opt_values /usr/lib/python3/dist-packages/oslo_config/cfg.py:2609
2025-08-18 00:40:41.565 167489 DEBUG oslo_service.service [req-7e65f4b9-e9e0-4cf1-a60e-92b8ee385dc0 - - - - -] cinder.auth_type = None log_opt_values /usr/lib/python3/dist-packages/oslo_config/cfg.py:2609
2025-08-18 00:40:41.567 167489 DEBUG oslo_service.service [req-7e65f4b9-e9e0-4cf1-a60e-92b8ee385dc0 - - - - -] cinder.cafile = None log_opt_values /usr/lib/python3/dist-packages/oslo_config/cfg.py:2609
2025-08-18 00:40:41.567 167916 DEBUG oslo_messaging._drivers.amqpdriver [-] AMQPListener connection timeout poll /usr/lib/python3/dist-packages/oslo_messaging/_drivers/amqpdriver.py:360
2025-08-18 00:40:41.567 167916 DEBUG oslo_messaging._drivers.amqpdriver [-] Listener is running poll /usr/lib/python3/dist-packages/oslo_messaging/_drivers/amqpdriver.py:343
2025-08-18 00:40:41.567 167916 DEBUG oslo_messaging._drivers.amqpdriver [-] AMQPListener connection consume poll /usr/lib/python3/dist-packages/oslo_messaging/_drivers/amqpdriver.py:357
2025-08-18 00:40:41.567 167489 DEBUG oslo_service.service [req-7e65f4b9-e9e0-4cf1-a60e-92b8ee385dc0 - - - - -] cinder.catalog_info = volumev3::publicURL log_opt_values /usr/lib/python3/dist-packages/oslo_config/cfg.py:2609
2025-08-18 00:40:41.568 167489 DEBUG oslo_service.service [req-7e65f4b9-e9e0-4cf1-a60e-92b8ee385dc0 - - - - -] cinder.certfile = None log_opt_values /usr/lib/python3/dist-packages/oslo_config/cfg.py:2609
2025-08-18 00:40:41.568 167489 DEBUG oslo_service.service [req-7e65f4b9-e9e0-4cf1-a60e-92b8ee385dc0 - - - - -] cinder.collect_timing = False log_opt_values /usr/lib/python3/dist-packages/oslo_config/cfg.py:2609
2025-08-18 00:40:41.568 167489 DEBUG oslo_service.service [req-7e65f4b9-e9e0-4cf1-a60e-92b8ee385dc0 - - - - -] cinder.cross_az_attach = True log_opt_values /usr/lib/python3/dist-packages/oslo_config/cfg.py:2609
2025-08-18 00:40:41.568 167914 DEBUG oslo_messaging._drivers.amqpdriver [-] Listener is running poll /usr/lib/python3/dist-packages/oslo_messaging/_drivers/amqpdriver.py:343
2025-08-18 00:40:41.569 167489 DEBUG oslo_service.service [req-7e65f4b9-e9e0-4cf1-a60e-92b8ee385dc0 - - - - -] cinder.debug = False log_opt_values /usr/lib/python3/dist-packages/oslo_config/cfg.py:2609
2025-08-18 00:40:41.569 167914 DEBUG oslo_messaging._drivers.amqpdriver [-] AMQPListener connection consume poll /usr/lib/python3/dist-packages/oslo_messaging/_drivers/amqpdriver.py:357
2025-08-18 00:40:41.569 167489 DEBUG oslo_service.service [req-7e65f4b9-e9e0-4cf1-a60e-92b8ee385dc0 - - - - -] cinder.endpoint_template = None log_opt_values /usr/lib/python3/dist-packages/oslo_config/cfg.py:2609
2025-08-18 00:40:41.569 167489 DEBUG oslo_service.service [req-7e65f4b9-e9e0-4cf1-a60e-92b8ee385dc0 - - - - -] cinder.http_retries = 3 log_opt_values /usr/lib/python3/dist-packages/oslo_config/cfg.py:2609
2025-08-18 00:40:41.569 167489 DEBUG oslo_service.service [req-7e65f4b9-e9e0-4cf1-a60e-92b8ee385dc0 - - - - -] cinder.insecure = False log_opt_values /usr/lib/python3/dist-packages/oslo_config/cfg.py:2609
2025-08-18 00:40:41.569 167914 DEBUG nova.service [req-393d57fe-efe8-4ba6-a784-dfbabfa53dc8 - - - - -] Join ServiceGroup membership for this service conductor start /usr/lib/python3/dist-packages/nova/service.py:199
