2025-08-18 00:37:51.954 38256 DEBUG oslo_service.service [-] heat_api_cloudwatch.max_header_line = 16384 log_opt_values /usr/lib/python3/dist-packages/oslo_config/cfg.py:2609
2025-08-18 00:37:51.954 38256 DEBUG oslo_service.service [-] heat_api_cloudwatch.tcp_keepidle = 600 log_opt_values /usr/lib/python3/dist-packages/oslo_config/cfg.py:2609
2025-08-18 00:37:51.954 38256 DEBUG oslo_service.service [-] heat_api_cloudwatch.workers = 1 log_opt_values /usr/lib/python3/dist-packages/oslo_config/cfg.py:2609
2025-08-18 00:37:51.954 38256 DEBUG oslo_service.service [-] eventlet_opts.client_socket_timeout = 900 log_opt_values /usr/lib/python3/dist-packages/oslo_config/cfg.py:2609
2025-08-18 00:37:51.954 38256 DEBUG oslo_service.service [-] eventlet_opts.wsgi_keep_alive = True log_opt_values /usr/lib/python3/dist-packages/oslo_config/cfg.py:2609
2025-08-18 00:37:51.954 38256 DEBUG oslo_service.service [-] paste_deploy.api_paste_config = /etc/heat/api-paste.ini log_opt_values /usr/lib/python3/dist-packages/oslo_config/cfg.py:2609
2025-08-18 00:37:51.955 38256 DEBUG oslo_service.service [-] paste_deploy.flavor = None log_opt_values /usr/lib/python3/dist-packages/oslo_config/cfg.py:2609
2025-08-18 00:37:51.955 38256 DEBUG oslo_service.service [-] auth_password.allowed_auth_uris = [] log_opt_values /usr/lib/python3/dist-packages/oslo_config/cfg.py:2609
2025-08-18 00:37:51.955 38256 DEBUG oslo_service.service [-] auth_password.multi_cloud = False log_opt_values /usr/lib/python3/dist-packages/oslo_config/cfg.py:2609
2025-08-18 00:37:51.955 38256 DEBUG oslo_service.service [-] revision.heat_revision = unknown log_opt_values /usr/lib/python3/dist-packages/oslo_config/cfg.py:2609
2025-08-18 00:37:51.955 38256 DEBUG oslo_service.service [-] volumes.backups_enabled = True log_opt_values /usr/lib/python3/dist-packages/oslo_config/cfg.py:2609
2025-08-18 00:37:51.955 38256 DEBUG oslo_service.service [-] noauth.token_response = log_opt_values /usr/lib/python3/dist-packages/oslo_config/cfg.py:2609
2025-08-18 00:37:51.963 38256 DEBUG oslo_service.service [-] clients.ca_file = None log_opt_values /usr/lib/python3/dist-packages/oslo_config/cfg.py:2609
2025-08-18 00:37:51.963 38256 DEBUG oslo_service.service [-] clients.cert_file = None log_opt_values /usr/lib/python3/dist-packages/oslo_config/cfg.py:2609
2025-08-18 00:37:51.963 38256 DEBUG oslo_service.service [-] clients.endpoint_type = publicURL log_opt_values /usr/lib/python3/dist-packages/oslo_config/cfg.py:2609
2025-08-18 00:37:51.963 38256 DEBUG oslo_service.service [-] clients.insecure = False log_opt_values /usr/lib/python3/dist-packages/oslo_config/cfg.py:2609
2025-08-18 00:37:51.964 38256 DEBUG oslo_service.service [-] clients.key_file = None log_opt_values /usr/lib/python3/dist-packages/oslo_config/cfg.py:2609
2025-08-18 00:37:51.964 38256 DEBUG oslo_service.service [-] clients_aodh.ca_file = None log_opt_values /usr/lib/python3/dist-packages/oslo_config/cfg.py:2609
2025-08-18 00:37:51.964 38256 DEBUG oslo_service.service [-] clients_aodh.cert_file = None log_opt_values /usr/lib/python3/dist-packages/oslo_config/cfg.py:2609
2025-08-18 00:37:51.964 38256 DEBUG oslo_service.service [-] clients_aodh.endpoint_type = None log_opt_values /usr/lib/python3/dist-packages/oslo_config/cfg.py:2609
2025-08-18 00:37:51.964 38256 DEBUG oslo_service.service [-] clients_aodh.insecure = None log_opt_values /usr/lib/python3/dist-packages/oslo_config/cfg.py:2609
2025-08-18 00:37:51.964 38256 DEBUG oslo_service.service [-] clients_aodh.key_file = None log_opt_values /usr/lib/python3/dist-packages/oslo_config/cfg.py:2609
2025-08-18 00:37:51.964 38256 DEBUG oslo_service.service [-] clients_barbican.ca_file = None log_opt_values /usr/lib/python3/dist-packages/oslo_config/cfg.py:2609
2025-08-18 00:37:51.964 38256 DEBUG oslo_service.service [-] clients_barbican.cert_file = None log_opt_values /usr/lib/python3/dist-packages/oslo_config/cfg.py:2609
2025-08-18 00:37:51.964 38256 DEBUG oslo_service.service [-] clients_barbican.endpoint_type = None log_opt_values /usr/lib/python3/dist-packages/oslo_config/cfg.py:2609
2025-08-18 00:37:51.965 38256 DEBUG oslo_service.service [-] clients_barbican.insecure = None log_opt_values /usr/lib/python3/dist-packages/oslo_config/cfg.py:2609
2025-08-18 00:37:51.965 38256 DEBUG oslo_service.service [-] clients_barbican.key_file = None log_opt_values /usr/lib/python3/dist-packages/oslo_config/cfg.py:2609
2025-08-18 00:37:51.965 38256 DEBUG oslo_service.service [-] clients_cinder.ca_file = None log_opt_values /usr/lib/python3/dist-packages/oslo_config/cfg.py:2609
2025-08-18 00:37:51.965 38256 DEBUG oslo_service.service [-] clients_cinder.cert_file = None log_opt_values /usr/lib/python3/dist-packages/oslo_config/cfg.py:2609
2025-08-18 00:37:51.965 38256 DEBUG oslo_service.service [-] clients_cinder.endpoint_type = None log_opt_values /usr/lib/python3/dist-packages/oslo_config/cfg.py:2609
2025-08-18 00:37:51.965 38256 DEBUG oslo_service.service [-] clients_cinder.http_log_debug = False log_opt_values /usr/lib/python3/dist-packages/oslo_config/cfg.py:2609
2025-08-18 00:37:51.965 38256 DEBUG oslo_service.service [-] clients_cinder.insecure = None log_opt_values /usr/lib/python3/dist-packages/oslo_config/cfg.py:2609
2025-08-18 00:37:51.965 38256 DEBUG oslo_service.service [-] clients_cinder.key_file = None log_opt_values /usr/lib/python3/dist-packages/oslo_config/cfg.py:2609
2025-08-18 00:37:51.965 38256 DEBUG oslo_service.service [-] clients_designate.ca_file = None log_opt_values /usr/lib/python3/dist-packages/oslo_config/cfg.py:2609
2025-08-18 00:37:51.966 38256 DEBUG oslo_service.service [-] clients_designate.cert_file = None log_opt_values /usr/lib/python3/dist-packages/oslo_config/cfg.py:2609
2025-08-18 00:37:51.966 38256 DEBUG oslo_service.service [-] clients_designate.endpoint_type = None log_opt_values /usr/lib/python3/dist-packages/oslo_config/cfg.py:2609
2025-08-18 00:37:51.966 38256 DEBUG oslo_service.service [-] clients_designate.insecure = None log_opt_values /usr/lib/python3/dist-packages/oslo_config/cfg.py:2609
2025-08-18 00:37:51.966 38256 DEBUG oslo_service.service [-] clients_designate.key_file = None log_opt_values /usr/lib/python3/dist-packages/oslo_config/cfg.py:2609
2025-08-18 00:37:51.966 38256 DEBUG oslo_service.service [-] clients_glance.ca_file = None log_opt_values /usr/lib/python3/dist-packages/oslo_config/cfg.py:2609
2025-08-18 00:37:51.966 38256 DEBUG oslo_service.service [-] clients_glance.cert_file = None log_opt_values /usr/lib/python3/dist-packages/oslo_config/cfg.py:2609
2025-08-18 00:37:51.966 38256 DEBUG oslo_service.service [-] clients_glance.endpoint_type = None log_opt_values /usr/lib/python3/dist-packages/oslo_config/cfg.py:2609
2025-08-18 00:37:51.966 38256 DEBUG oslo_service.service [-] clients_glance.insecure = None log_opt_values /usr/lib/python3/dist-packages/oslo_config/cfg.py:2609
2025-08-18 00:37:51.966 38256 DEBUG oslo_service.service [-] clients_glance.key_file = None log_opt_values /usr/lib/python3/dist-packages/oslo_config/cfg.py:2609
2025-08-18 00:37:51.967 38256 DEBUG oslo_service.service [-] clients_heat.ca_file = None log_opt_values /usr/lib/python3/dist-packages/oslo_config/cfg.py:2609
2025-08-18 00:37:51.967 38256 DEBUG oslo_service.service [-] clients_heat.cert_file = None log_opt_values /usr/lib/python3/dist-packages/oslo_config/cfg.py:2609
2025-08-18 00:37:51.967 38256 DEBUG oslo_service.service [-] clients_heat.endpoint_type = None log_opt_values /usr/lib/python3/dist-packages/oslo_config/cfg.py:2609
2025-08-18 00:37:51.967 38256 DEBUG oslo_service.service [-] clients_heat.insecure = None log_opt_values /usr/lib/python3/dist-packages/oslo_config/cfg.py:2609
2025-08-18 00:37:51.967 38256 DEBUG oslo_service.service [-] clients_heat.key_file = None log_opt_values /usr/lib/python3/dist-packages/oslo_config/cfg.py:2609
2025-08-18 00:37:51.967 38256 DEBUG oslo_service.service [-] clients_heat.url = log_opt_values /usr/lib/python3/dist-packages/oslo_config/cfg.py:2609
2025-08-18 00:37:51.967 38256 DEBUG oslo_service.service [-] clients_keystone.auth_uri = http://252.129.149.249:5050 log_opt_values /usr/lib/python3/dist-packages/oslo_config/cfg.py:2609
2025-08-18 00:37:51.967 38256 DEBUG oslo_service.service [-] clients_keystone.ca_file = None log_opt_values /usr/lib/python3/dist-packages/oslo_config/cfg.py:2609
2025-08-18 00:37:51.970 38489 INFO heat.engine.worker [-] Starting engine_worker (1.4) in engine 1e478830-cbec-4257-b3d5-82bd3a230b5f.
2025-08-18 00:37:51.971 38492 INFO heat.engine.worker [-] Starting engine_worker (1.4) in engine 806e7e5c-0415-4a2c-84a2-cd55e57caed6.
2025-08-18 00:37:51.967 38256 DEBUG oslo_service.service [-] clients_keystone.cert_file = None log_opt_values /usr/lib/python3/dist-packages/oslo_config/cfg.py:2609
2025-08-18 00:37:51.973 38256 DEBUG oslo_service.service [-] clients_keystone.endpoint_type = None log_opt_values /usr/lib/python3/dist-packages/oslo_config/cfg.py:2609
2025-08-18 00:37:51.973 38256 DEBUG oslo_service.service [-] clients_keystone.insecure = None log_opt_values /usr/lib/python3/dist-packages/oslo_config/cfg.py:2609
2025-08-18 00:37:51.974 38256 DEBUG oslo_service.service [-] clients_keystone.key_file = None log_opt_values /usr/lib/python3/dist-packages/oslo_config/cfg.py:2609
2025-08-18 00:37:51.974 38256 DEBUG oslo_service.service [-] clients_magnum.ca_file = None log_opt_values /usr/lib/python3/dist-packages/oslo_config/cfg.py:2609
2025-08-18 00:37:51.974 38256 DEBUG oslo_service.service [-] clients_magnum.cert_file = None log_opt_values /usr/lib/python3/dist-packages/oslo_config/cfg.py:2609
2025-08-18 00:37:51.974 38256 DEBUG oslo_service.service [-] clients_magnum.endpoint_type = None log_opt_values /usr/lib/python3/dist-packages/oslo_config/cfg.py:2609
2025-08-18 00:37:51.974 38256 DEBUG oslo_service.service [-] clients_magnum.insecure = None log_opt_values /usr/lib/python3/dist-packages/oslo_config/cfg.py:2609
2025-08-18 00:37:51.974 38256 DEBUG oslo_service.service [-] clients_magnum.key_file = None log_opt_values /usr/lib/python3/dist-packages/oslo_config/cfg.py:2609
2025-08-18 00:37:51.975 38256 DEBUG oslo_service.service [-] clients_manila.ca_file = None log_opt_values /usr/lib/python3/dist-packages/oslo_config/cfg.py:2609
2025-08-18 00:37:51.975 38256 DEBUG oslo_service.service [-] clients_manila.cert_file = None log_opt_values /usr/lib/python3/dist-packages/oslo_config/cfg.py:2609
2025-08-18 00:37:51.975 38256 DEBUG oslo_service.service [-] clients_manila.endpoint_type = None log_opt_values /usr/lib/python3/dist-packages/oslo_config/cfg.py:2609
2025-08-18 00:37:51.975 38256 DEBUG oslo_service.service [-] clients_manila.insecure = None log_opt_values /usr/lib/python3/dist-packages/oslo_config/cfg.py:2609
2025-08-18 00:37:51.975 38256 DEBUG oslo_service.service [-] clients_manila.key_file = None log_opt_values /usr/lib/python3/dist-packages/oslo_config/cfg.py:2609
2025-08-18 00:37:51.975 38256 DEBUG oslo_service.service [-] clients_mistral.ca_file = None log_opt_values /usr/lib/python3/dist-packages/oslo_config/cfg.py:2609
2025-08-18 00:37:51.975 38256 DEBUG oslo_service.service [-] clients_mistral.cert_file = None log_opt_values /usr/lib/python3/dist-packages/oslo_config/cfg.py:2609
2025-08-18 00:37:51.975 38256 DEBUG oslo_service.service [-] clients_mistral.endpoint_type = None log_opt_values /usr/lib/python3/dist-packages/oslo_config/cfg.py:2609
2025-08-18 00:37:51.975 38256 DEBUG oslo_service.service [-] clients_mistral.insecure = None log_opt_values /usr/lib/python3/dist-packages/oslo_config/cfg.py:2609
2025-08-18 00:37:51.976 38256 DEBUG oslo_service.service [-] clients_mistral.key_file = None log_opt_values /usr/lib/python3/dist-packages/oslo_config/cfg.py:2609
2025-08-18 00:37:51.976 38256 DEBUG oslo_service.service [-] clients_monasca.ca_file = None log_opt_values /usr/lib/python3/dist-packages/oslo_config/cfg.py:2609
2025-08-18 00:37:51.976 38256 DEBUG oslo_service.service [-] clients_monasca.cert_file = None log_opt_values /usr/lib/python3/dist-packages/oslo_config/cfg.py:2609
2025-08-18 00:37:51.976 38256 DEBUG oslo_service.service [-] clients_monasca.endpoint_type = None log_opt_values /usr/lib/python3/dist-packages/oslo_config/cfg.py:2609
2025-08-18 00:37:51.976 38256 DEBUG oslo_service.service [-] clients_monasca.insecure = None log_opt_values /usr/lib/python3/dist-packages/oslo_config/cfg.py:2609
2025-08-18 00:37:51.976 38256 DEBUG oslo_service.service [-] clients_monasca.key_file = None log_opt_values /usr/lib/python3/dist-packages/oslo_config/cfg.py:2609
2025-08-18 00:37:51.976 38256 DEBUG oslo_service.service [-] clients_neutron.ca_file = None log_opt_values /usr/lib/python3/dist-packages/oslo_config/cfg.py:2609
2025-08-18 00:37:51.976 38256 DEBUG oslo_service.service [-] clients_neutron.cert_file = None log_opt_values /usr/lib/python3/dist-packages/oslo_config/cfg.py:2609
2025-08-18 00:37:51.976 38256 DEBUG oslo_service.service [-] clients_neutron.endpoint_type = None log_opt_values /usr/lib/python3/dist-packages/oslo_config/cfg.py:2609
2025-08-18 00:37:51.976 38491 INFO heat.engine.worker [-] Starting engine_worker (1.4) in engine 15cd151d-5443-4fe2-af0a-bf8adf97ea16.
2025-08-18 00:37:51.977 38256 DEBUG oslo_service.service [-] clients_neutron.insecure = None log_opt_values /usr/lib/python3/dist-packages/oslo_config/cfg.py:2609
2025-08-18 00:37:51.977 38256 DEBUG oslo_service.service [-] clients_neutron.key_file = None log_opt_values /usr/lib/python3/dist-packages/oslo_config/cfg.py:2609
2025-08-18 00:37:51.977 38256 DEBUG oslo_service.service [-] clients_nova.ca_file = None log_opt_values /usr/lib/python3/dist-packages/oslo_config/cfg.py:2609
2025-08-18 00:37:51.977 38256 DEBUG oslo_service.service [-] clients_nova.cert_file = None log_opt_values /usr/lib/python3/dist-packages/oslo_config/cfg.py:2609
2025-08-18 00:37:51.977 38256 DEBUG oslo_service.service [-] clients_nova.endpoint_type = None log_opt_values /usr/lib/python3/dist-packages/oslo_config/cfg.py:2609
2025-08-18 00:37:51.977 38256 DEBUG oslo_service.service [-] clients_nova.http_log_debug = False log_opt_values /usr/lib/python3/dist-packages/oslo_config/cfg.py:2609
2025-08-18 00:37:51.977 38256 DEBUG oslo_service.service [-] clients_nova.insecure = None log_opt_values /usr/lib/python3/dist-packages/oslo_config/cfg.py:2609
2025-08-18 00:37:51.977 38256 DEBUG oslo_service.service [-] clients_nova.key_file = None log_opt_values /usr/lib/python3/dist-packages/oslo_config/cfg.py:2609
2025-08-18 00:37:51.977 38256 DEBUG oslo_service.service [-] clients_octavia.ca_file = None log_opt_values /usr/lib/python3/dist-packages/oslo_config/cfg.py:2609
2025-08-18 00:37:51.977 38256 DEBUG oslo_service.service [-] clients_octavia.cert_file = None log_opt_values /usr/lib/python3/dist-packages/oslo_config/cfg.py:2609
2025-08-18 00:37:51.978 38256 DEBUG oslo_service.service [-] clients_octavia.endpoint_type = None log_opt_values /usr/lib/python3/dist-packages/oslo_config/cfg.py:2609
2025-08-18 00:37:51.978 38256 DEBUG oslo_service.service [-] clients_octavia.insecure = None log_opt_values /usr/lib/python3/dist-packages/oslo_config/cfg.py:2609
2025-08-18 00:37:51.978 38256 DEBUG oslo_service.service [-] clients_octavia.key_file = None log_opt_values /usr/lib/python3/dist-packages/oslo_config/cfg.py:2609
2025-08-18 00:37:51.979 38256 DEBUG oslo_service.service [-] clients_sahara.ca_file = None log_opt_values /usr/lib/python3/dist-packages/oslo_config/cfg.py:2609
2025-08-18 00:37:51.979 38256 DEBUG oslo_service.service [-] clients_sahara.cert_file = None log_opt_values /usr/lib/python3/dist-packages/oslo_config/cfg.py:2609
2025-08-18 00:37:51.979 38256 DEBUG oslo_service.service [-] clients_sahara.endpoint_type = None log_opt_values /usr/lib/python3/dist-packages/oslo_config/cfg.py:2609
2025-08-18 00:37:51.981 38256 DEBUG oslo_service.service [-] clients_sahara.insecure = None log_opt_values /usr/lib/python3/dist-packages/oslo_config/cfg.py:2609
2025-08-18 00:37:51.981 38256 DEBUG oslo_service.service [-] clients_sahara.key_file = None log_opt_values /usr/lib/python3/dist-packages/oslo_config/cfg.py:2609
2025-08-18 00:37:51.981 38256 DEBUG oslo_service.service [-] clients_senlin.ca_file = None log_opt_values /usr/lib/python3/dist-packages/oslo_config/cfg.py:2609
2025-08-18 00:37:51.982 38256 DEBUG oslo_service.service [-] clients_senlin.cert_file = None log_opt_values /usr/lib/python3/dist-packages/oslo_config/cfg.py:2609
2025-08-18 00:37:51.982 38256 DEBUG oslo_service.service [-] clients_senlin.endpoint_type = None log_opt_values /usr/lib/python3/dist-packages/oslo_config/cfg.py:2609
2025-08-18 00:37:51.982 38256 DEBUG oslo_service.service [-] clients_senlin.insecure = None log_opt_values /usr/lib/python3/dist-packages/oslo_config/cfg.py:2609
2025-08-18 00:37:51.982 38256 DEBUG oslo_service.service [-] clients_senlin.key_file = None log_opt_values /usr/lib/python3/dist-packages/oslo_config/cfg.py:2609
2025-08-18 00:37:51.982 38256 DEBUG oslo_service.service [-] clients_swift.ca_file = None log_opt_values /usr/lib/python3/dist-packages/oslo_config/cfg.py:2609
2025-08-18 00:37:51.982 38256 DEBUG oslo_service.service [-] clients_swift.cert_file = None log_opt_values /usr/lib/python3/dist-packages/oslo_config/cfg.py:2609
2025-08-18 00:37:51.982 38256 DEBUG oslo_service.service [-] clients_swift.endpoint_type = None log_opt_values /usr/lib/python3/dist-packages/oslo_config/cfg.py:2609
2025-08-18 00:37:51.982 38256 DEBUG oslo_service.service [-] clients_swift.insecure = None log_opt_values /usr/lib/python3/dist-packages/oslo_config/cfg.py:2609
2025-08-18 00:37:51.983 38256 DEBUG oslo_service.service [-] clients_swift.key_file = None log_opt_values /usr/lib/python3/dist-packages/oslo_config/cfg.py:2609
2025-08-18 00:37:51.983 38256 DEBUG oslo_service.service [-] clients_trove.ca_file = None log_opt_values /usr/lib/python3/dist-packages/oslo_config/cfg.py:2609
2025-08-18 00:37:51.983 38256 DEBUG oslo_service.service [-] clients_trove.cert_file = None log_opt_values /usr/lib/python3/dist-packages/oslo_config/cfg.py:2609
2025-08-18 00:37:51.983 38256 DEBUG oslo_service.service [-] clients_trove.endpoint_type = None log_opt_values /usr/lib/python3/dist-packages/oslo_config/cfg.py:2609
2025-08-18 00:37:51.983 38256 DEBUG oslo_service.service [-] clients_trove.insecure = None log_opt_values /usr/lib/python3/dist-packages/oslo_config/cfg.py:2609
2025-08-18 00:37:51.983 38256 DEBUG oslo_service.service [-] clients_trove.key_file = None log_opt_values /usr/lib/python3/dist-packages/oslo_config/cfg.py:2609
2025-08-18 00:37:51.983 38256 DEBUG oslo_service.service [-] clients_vitrage.ca_file = None log_opt_values /usr/lib/python3/dist-packages/oslo_config/cfg.py:2609
2025-08-18 00:37:51.983 38256 DEBUG oslo_service.service [-] clients_vitrage.cert_file = None log_opt_values /usr/lib/python3/dist-packages/oslo_config/cfg.py:2609
2025-08-18 00:37:51.984 38256 DEBUG oslo_service.service [-] clients_vitrage.endpoint_type = None log_opt_values /usr/lib/python3/dist-packages/oslo_config/cfg.py:2609
2025-08-18 00:37:51.984 38256 DEBUG oslo_service.service [-] clients_vitrage.insecure = None log_opt_values /usr/lib/python3/dist-packages/oslo_config/cfg.py:2609
2025-08-18 00:37:51.984 38256 DEBUG oslo_service.service [-] clients_vitrage.key_file = None log_opt_values /usr/lib/python3/dist-packages/oslo_config/cfg.py:2609
2025-08-18 00:37:51.984 38256 DEBUG oslo_service.service [-] clients_zaqar.ca_file = None log_opt_values /usr/lib/python3/dist-packages/oslo_config/cfg.py:2609
2025-08-18 00:37:51.984 38256 DEBUG oslo_service.service [-] clients_zaqar.cert_file = None log_opt_values /usr/lib/python3/dist-packages/oslo_config/cfg.py:2609
2025-08-18 00:37:51.984 38256 DEBUG oslo_service.service [-] clients_zaqar.endpoint_type = None log_opt_values /usr/lib/python3/dist-packages/oslo_config/cfg.py:2609
2025-08-18 00:37:51.984 38256 DEBUG oslo_service.service [-] clients_zaqar.insecure = None log_opt_values /usr/lib/python3/dist-packages/oslo_config/cfg.py:2609
2025-08-18 00:37:51.984 38256 DEBUG oslo_service.service [-] clients_zaqar.key_file = None log_opt_values /usr/lib/python3/dist-packages/oslo_config/cfg.py:2609
2025-08-18 00:37:51.985 38256 DEBUG oslo_service.service [-] database.backend = sqlalchemy log_opt_values /usr/lib/python3/dist-packages/oslo_config/cfg.py:2609
2025-08-18 00:37:51.985 38256 DEBUG oslo_service.service [-] database.connection = **** log_opt_values /usr/lib/python3/dist-packages/oslo_config/cfg.py:2609
2025-08-18 00:37:51.985 38256 DEBUG oslo_service.service [-] database.connection_debug = 0 log_opt_values /usr/lib/python3/dist-packages/oslo_config/cfg.py:2609
2025-08-18 00:37:51.985 38256 DEBUG oslo_service.service [-] database.connection_parameters = log_opt_values /usr/lib/python3/dist-packages/oslo_config/cfg.py:2609
2025-08-18 00:37:51.985 38256 DEBUG oslo_service.service [-] database.connection_recycle_time = 3600 log_opt_values /usr/lib/python3/dist-packages/oslo_config/cfg.py:2609
2025-08-18 00:37:51.985 38256 DEBUG oslo_service.service [-] database.connection_trace = False log_opt_values /usr/lib/python3/dist-packages/oslo_config/cfg.py:2609
2025-08-18 00:37:51.985 38256 DEBUG oslo_service.service [-] database.db_inc_retry_interval = True log_opt_values /usr/lib/python3/dist-packages/oslo_config/cfg.py:2609
2025-08-18 00:37:51.986 38256 DEBUG oslo_service.service [-] database.db_max_retries = 20 log_opt_values /usr/lib/python3/dist-packages/oslo_config/cfg.py:2609
2025-08-18 00:37:51.986 38256 DEBUG oslo_service.service [-] database.db_max_retry_interval = 10 log_opt_values /usr/lib/python3/dist-packages/oslo_config/cfg.py:2609
2025-08-18 00:37:51.986 38256 DEBUG oslo_service.service [-] database.db_retry_interval = 1 log_opt_values /usr/lib/python3/dist-packages/oslo_config/cfg.py:2609
2025-08-18 00:37:51.986 38256 DEBUG oslo_service.service [-] database.max_overflow = 50 log_opt_values /usr/lib/python3/dist-packages/oslo_config/cfg.py:2609
2025-08-18 00:37:51.986 38256 DEBUG oslo_service.service [-] database.max_pool_size = 5 log_opt_values /usr/lib/python3/dist-packages/oslo_config/cfg.py:2609
2025-08-18 00:37:51.986 38256 DEBUG oslo_service.service [-] database.max_retries = 10 log_opt_values /usr/lib/python3/dist-packages/oslo_config/cfg.py:2609
2025-08-18 00:37:51.986 38256 DEBUG oslo_service.service [-] database.mysql_enable_ndb = False log_opt_values /usr/lib/python3/dist-packages/oslo_config/cfg.py:2609
2025-08-18 00:37:51.986 38256 DEBUG oslo_service.service [-] database.mysql_sql_mode = TRADITIONAL log_opt_values /usr/lib/python3/dist-packages/oslo_config/cfg.py:2609
2025-08-18 00:37:51.986 38256 DEBUG oslo_service.service [-] database.pool_timeout = None log_opt_values /usr/lib/python3/dist-packages/oslo_config/cfg.py:2609
2025-08-18 00:37:51.987 38256 DEBUG oslo_service.service [-] database.retry_interval = 10 log_opt_values /usr/lib/python3/dist-packages/oslo_config/cfg.py:2609
2025-08-18 00:37:51.987 38256 DEBUG oslo_service.service [-] database.slave_connection = **** log_opt_values /usr/lib/python3/dist-packages/oslo_config/cfg.py:2609
2025-08-18 00:37:51.987 38256 DEBUG oslo_service.service [-] database.sqlite_synchronous = True log_opt_values /usr/lib/python3/dist-packages/oslo_config/cfg.py:2609
2025-08-18 00:37:51.987 38256 DEBUG oslo_service.service [-] database.use_db_reconnect = False log_opt_values /usr/lib/python3/dist-packages/oslo_config/cfg.py:2609
2025-08-18 00:37:51.987 38256 DEBUG oslo_service.service [-] oslo_messaging_metrics.metrics_buffer_size = 1000 log_opt_values /usr/lib/python3/dist-packages/oslo_config/cfg.py:2609
2025-08-18 00:37:51.987 38256 DEBUG oslo_service.service [-] oslo_messaging_metrics.metrics_enabled = False log_opt_values /usr/lib/python3/dist-packages/oslo_config/cfg.py:2609
2025-08-18 00:37:51.987 38256 DEBUG oslo_service.service [-] oslo_messaging_metrics.metrics_process_name = log_opt_values /usr/lib/python3/dist-packages/oslo_config/cfg.py:2609
2025-08-18 00:37:51.987 38256 DEBUG oslo_service.service [-] oslo_messaging_metrics.metrics_socket_file = /var/tmp/metrics_collector.sock log_opt_values /usr/lib/python3/dist-packages/oslo_config/cfg.py:2609
2025-08-18 00:37:51.988 38256 DEBUG oslo_service.service [-] oslo_messaging_metrics.metrics_thread_stop_timeout = 10 log_opt_values /usr/lib/python3/dist-packages/oslo_config/cfg.py:2609
2025-08-18 00:37:51.988 38256 DEBUG oslo_service.service [-] oslo_policy.enforce_new_defaults = False log_opt_values /usr/lib/python3/dist-packages/oslo_config/cfg.py:2609
2025-08-18 00:37:51.988 38256 DEBUG oslo_service.service [-] oslo_policy.enforce_scope = False log_opt_values /usr/lib/python3/dist-packages/oslo_config/cfg.py:2609
2025-08-18 00:37:51.988 38256 DEBUG oslo_service.service [-] oslo_policy.policy_default_rule = default log_opt_values /usr/lib/python3/dist-packages/oslo_config/cfg.py:2609
2025-08-18 00:37:51.989 38256 DEBUG oslo_service.service [-] oslo_policy.policy_dirs = ['policy.d'] log_opt_values /usr/lib/python3/dist-packages/oslo_config/cfg.py:2609
2025-08-18 00:37:51.989 38256 DEBUG oslo_service.service [-] oslo_policy.policy_file = policy.yaml log_opt_values /usr/lib/python3/dist-packages/oslo_config/cfg.py:2609
2025-08-18 00:37:51.990 38256 DEBUG oslo_service.service [-] oslo_policy.remote_content_type = application/x-www-form-urlencoded log_opt_values /usr/lib/python3/dist-packages/oslo_config/cfg.py:2609
2025-08-18 00:37:51.990 38256 DEBUG oslo_service.service [-] oslo_policy.remote_ssl_ca_crt_file = None log_opt_values /usr/lib/python3/dist-packages/oslo_config/cfg.py:2609
2025-08-18 00:37:51.990 38256 DEBUG oslo_service.service [-] oslo_policy.remote_ssl_client_crt_file = None log_opt_values /usr/lib/python3/dist-packages/oslo_config/cfg.py:2609
2025-08-18 00:37:51.990 38256 DEBUG oslo_service.service [-] oslo_policy.remote_ssl_client_key_file = None log_opt_values /usr/lib/python3/dist-packages/oslo_config/cfg.py:2609
2025-08-18 00:37:51.990 38256 DEBUG oslo_service.service [-] oslo_policy.remote_ssl_verify_server_crt = False log_opt_values /usr/lib/python3/dist-packages/oslo_config/cfg.py:2609
2025-08-18 00:37:51.990 38256 DEBUG oslo_service.service [-] trustee.auth_section = None log_opt_values /usr/lib/python3/dist-packages/oslo_config/cfg.py:2609
2025-08-18 00:37:51.990 38256 WARNING oslo_config.cfg [-] Deprecated: Option "auth_plugin" from group "trustee" is deprecated. Use option "auth_type" from group "trustee".
2025-08-18 00:37:51.991 38256 DEBUG oslo_service.service [-] trustee.auth_type = password log_opt_values /usr/lib/python3/dist-packages/oslo_config/cfg.py:2609
2025-08-18 00:37:51.991 38256 DEBUG oslo_service.service [-] oslo_versionedobjects.fatal_exception_format_errors = False log_opt_values /usr/lib/python3/dist-packages/oslo_config/cfg.py:2609
2025-08-18 00:37:51.991 38256 DEBUG oslo_service.service [-] oslo_messaging_rabbit.amqp_auto_delete = False log_opt_values /usr/lib/python3/dist-packages/oslo_config/cfg.py:2609
2025-08-18 00:37:51.991 38256 DEBUG oslo_service.service [-] oslo_messaging_rabbit.amqp_durable_queues = False log_opt_values /usr/lib/python3/dist-packages/oslo_config/cfg.py:2609
2025-08-18 00:37:51.991 38256 DEBUG oslo_service.service [-] oslo_messaging_rabbit.conn_pool_min_size = 2 log_opt_values /usr/lib/python3/dist-packages/oslo_config/cfg.py:2609
2025-08-18 00:37:51.991 38256 DEBUG oslo_service.service [-] oslo_messaging_rabbit.conn_pool_ttl = 1200 log_opt_values /usr/lib/python3/dist-packages/oslo_config/cfg.py:2609
2025-08-18 00:37:51.991 38256 DEBUG oslo_service.service [-] oslo_messaging_rabbit.direct_mandatory_flag = True log_opt_values /usr/lib/python3/dist-packages/oslo_config/cfg.py:2609
2025-08-18 00:37:51.992 38256 DEBUG oslo_service.service [-] oslo_messaging_rabbit.enable_cancel_on_failover = False log_opt_values /usr/lib/python3/dist-packages/oslo_config/cfg.py:2609
2025-08-18 00:37:51.992 38256 DEBUG oslo_service.service [-] oslo_messaging_rabbit.heartbeat_in_pthread = False log_opt_values /usr/lib/python3/dist-packages/oslo_config/cfg.py:2609
2025-08-18 00:37:51.992 38256 DEBUG oslo_service.service [-] oslo_messaging_rabbit.heartbeat_rate = 2 log_opt_values /usr/lib/python3/dist-packages/oslo_config/cfg.py:2609
2025-08-18 00:37:51.992 38256 DEBUG oslo_service.service [-] oslo_messaging_rabbit.heartbeat_timeout_threshold = 60 log_opt_values /usr/lib/python3/dist-packages/oslo_config/cfg.py:2609
2025-08-18 00:37:51.992 38256 DEBUG oslo_service.service [-] oslo_messaging_rabbit.kombu_compression = None log_opt_values /usr/lib/python3/dist-packages/oslo_config/cfg.py:2609
2025-08-18 00:37:51.992 38256 DEBUG oslo_service.service [-] oslo_messaging_rabbit.kombu_failover_strategy = round-robin log_opt_values /usr/lib/python3/dist-packages/oslo_config/cfg.py:2609
2025-08-18 00:37:51.992 38256 DEBUG oslo_service.service [-] oslo_messaging_rabbit.kombu_missing_consumer_retry_timeout = 60 log_opt_values /usr/lib/python3/dist-packages/oslo_config/cfg.py:2609
2025-08-18 00:37:51.992 38256 DEBUG oslo_service.service [-] oslo_messaging_rabbit.kombu_reconnect_delay = 1.0 log_opt_values /usr/lib/python3/dist-packages/oslo_config/cfg.py:2609
2025-08-18 00:37:51.992 38256 DEBUG oslo_service.service [-] oslo_messaging_rabbit.rabbit_ha_queues = False log_opt_values /usr/lib/python3/dist-packages/oslo_config/cfg.py:2609
2025-08-18 00:37:51.993 38256 DEBUG oslo_service.service [-] oslo_messaging_rabbit.rabbit_interval_max = 30 log_opt_values /usr/lib/python3/dist-packages/oslo_config/cfg.py:2609
2025-08-18 00:37:51.993 38256 DEBUG oslo_service.service [-] oslo_messaging_rabbit.rabbit_login_method = AMQPLAIN log_opt_values /usr/lib/python3/dist-packages/oslo_config/cfg.py:2609
2025-08-18 00:37:51.993 38256 DEBUG oslo_service.service [-] oslo_messaging_rabbit.rabbit_qos_prefetch_count = 0 log_opt_values /usr/lib/python3/dist-packages/oslo_config/cfg.py:2609
2025-08-18 00:37:51.993 38256 DEBUG oslo_service.service [-] oslo_messaging_rabbit.rabbit_quorum_queue = False log_opt_values /usr/lib/python3/dist-packages/oslo_config/cfg.py:2609
2025-08-18 00:37:51.993 38256 DEBUG oslo_service.service [-] oslo_messaging_rabbit.rabbit_retry_backoff = 2 log_opt_values /usr/lib/python3/dist-packages/oslo_config/cfg.py:2609
2025-08-18 00:37:51.993 38256 DEBUG oslo_service.service [-] oslo_messaging_rabbit.rabbit_retry_interval = 1 log_opt_values /usr/lib/python3/dist-packages/oslo_config/cfg.py:2609
2025-08-18 00:37:51.995 38256 DEBUG oslo_service.service [-] oslo_messaging_rabbit.rabbit_transient_queues_ttl = 1800 log_opt_values /usr/lib/python3/dist-packages/oslo_config/cfg.py:2609
2025-08-18 00:37:51.996 38256 DEBUG oslo_service.service [-] oslo_messaging_rabbit.rpc_conn_pool_size = 30 log_opt_values /usr/lib/python3/dist-packages/oslo_config/cfg.py:2609
2025-08-18 00:37:51.996 38256 DEBUG oslo_service.service [-] oslo_messaging_rabbit.ssl = False log_opt_values /usr/lib/python3/dist-packages/oslo_config/cfg.py:2609
2025-08-18 00:37:51.996 38256 DEBUG oslo_service.service [-] oslo_messaging_rabbit.ssl_ca_file = log_opt_values /usr/lib/python3/dist-packages/oslo_config/cfg.py:2609
2025-08-18 00:37:51.996 38256 DEBUG oslo_service.service [-] oslo_messaging_rabbit.ssl_cert_file = log_opt_values /usr/lib/python3/dist-packages/oslo_config/cfg.py:2609
2025-08-18 00:37:51.996 38256 DEBUG oslo_service.service [-] oslo_messaging_rabbit.ssl_key_file = log_opt_values /usr/lib/python3/dist-packages/oslo_config/cfg.py:2609
2025-08-18 00:37:51.996 38256 DEBUG oslo_service.service [-] oslo_messaging_rabbit.ssl_version = log_opt_values /usr/lib/python3/dist-packages/oslo_config/cfg.py:2609
2025-08-18 00:37:51.996 38256 DEBUG oslo_service.service [-] oslo_messaging_notifications.driver = [] log_opt_values /usr/lib/python3/dist-packages/oslo_config/cfg.py:2609
2025-08-18 00:37:51.997 38256 DEBUG oslo_service.service [-] oslo_messaging_notifications.retry = -1 log_opt_values /usr/lib/python3/dist-packages/oslo_config/cfg.py:2609
2025-08-18 00:37:51.997 38256 DEBUG oslo_service.service [-] oslo_messaging_notifications.topics = ['notifications'] log_opt_values /usr/lib/python3/dist-packages/oslo_config/cfg.py:2609
2025-08-18 00:37:51.997 38256 DEBUG oslo_service.service [-] oslo_messaging_notifications.transport_url = **** log_opt_values /usr/lib/python3/dist-packages/oslo_config/cfg.py:2609
2025-08-18 00:37:51.997 38256 DEBUG oslo_service.service [-] cache.backend = dogpile.cache.null log_opt_values /usr/lib/python3/dist-packages/oslo_config/cfg.py:2609
2025-08-18 00:37:51.997 38256 DEBUG oslo_service.service [-] cache.backend_argument = **** log_opt_values /usr/lib/python3/dist-packages/oslo_config/cfg.py:2609
2025-08-18 00:37:51.997 38256 DEBUG oslo_service.service [-] cache.config_prefix = cache.oslo log_opt_values /usr/lib/python3/dist-packages/oslo_config/cfg.py:2609
2025-08-18 00:37:51.997 38256 DEBUG oslo_service.service [-] cache.debug_cache_backend = False log_opt_values /usr/lib/python3/dist-packages/oslo_config/cfg.py:2609
2025-08-18 00:37:51.997 38256 DEBUG oslo_service.service [-] cache.enabled = False log_opt_values /usr/lib/python3/dist-packages/oslo_config/cfg.py:2609
2025-08-18 00:37:51.997 38256 DEBUG oslo_service.service [-] cache.expiration_time = 600 log_opt_values /usr/lib/python3/dist-packages/oslo_config/cfg.py:2609
2025-08-18 00:37:51.998 38256 DEBUG oslo_service.service [-] cache.memcache_dead_retry = 300 log_opt_values /usr/lib/python3/dist-packages/oslo_config/cfg.py:2609
2025-08-18 00:37:51.998 38256 DEBUG oslo_service.service [-] cache.memcache_pool_connection_get_timeout = 10 log_opt_values /usr/lib/python3/dist-packages/oslo_config/cfg.py:2609
2025-08-18 00:37:51.998 38256 DEBUG oslo_service.service [-] cache.memcache_pool_flush_on_reconnect = False log_opt_values /usr/lib/python3/dist-packages/oslo_config/cfg.py:2609
2025-08-18 00:37:51.998 38256 DEBUG oslo_service.service [-] cache.memcache_pool_maxsize = 10 log_opt_values /usr/lib/python3/dist-packages/oslo_config/cfg.py:2609
2025-08-18 00:37:51.998 38256 DEBUG oslo_service.service [-] cache.memcache_pool_unused_timeout = 60 log_opt_values /usr/lib/python3/dist-packages/oslo_config/cfg.py:2609
2025-08-18 00:37:51.998 38256 DEBUG oslo_service.service [-] cache.memcache_servers = ['localhost:11211'] log_opt_values /usr/lib/python3/dist-packages/oslo_config/cfg.py:2609
2025-08-18 00:37:51.998 38256 DEBUG oslo_service.service [-] cache.memcache_socket_timeout = 1.0 log_opt_values /usr/lib/python3/dist-packages/oslo_config/cfg.py:2609
2025-08-18 00:37:52.002 38256 DEBUG oslo_service.service [-] cache.proxies = [] log_opt_values /usr/lib/python3/dist-packages/oslo_config/cfg.py:2609
2025-08-18 00:37:52.003 38256 DEBUG oslo_service.service [-] cache.tls_allowed_ciphers = None log_opt_values /usr/lib/python3/dist-packages/oslo_config/cfg.py:2609
2025-08-18 00:37:52.003 38256 DEBUG oslo_service.service [-] cache.tls_cafile = None log_opt_values /usr/lib/python3/dist-packages/oslo_config/cfg.py:2609
2025-08-18 00:37:52.003 38256 DEBUG oslo_service.service [-] cache.tls_certfile = None log_opt_values /usr/lib/python3/dist-packages/oslo_config/cfg.py:2609
2025-08-18 00:37:52.003 38256 DEBUG oslo_service.service [-] cache.tls_enabled = False log_opt_values /usr/lib/python3/dist-packages/oslo_config/cfg.py:2609
2025-08-18 00:37:52.003 38256 DEBUG oslo_service.service [-] cache.tls_keyfile = None log_opt_values /usr/lib/python3/dist-packages/oslo_config/cfg.py:2609
2025-08-18 00:37:52.003 38256 DEBUG oslo_service.service [-] constraint_validation_cache.caching = True log_opt_values /usr/lib/python3/dist-packages/oslo_config/cfg.py:2609
2025-08-18 00:37:52.003 38256 DEBUG oslo_service.service [-] constraint_validation_cache.expiration_time = 60 log_opt_values /usr/lib/python3/dist-packages/oslo_config/cfg.py:2609
2025-08-18 00:37:52.004 38256 DEBUG oslo_service.service [-] service_extension_cache.caching = True log_opt_values /usr/lib/python3/dist-packages/oslo_config/cfg.py:2609
2025-08-18 00:37:52.004 38256 DEBUG oslo_service.service [-] service_extension_cache.expiration_time = 3600 log_opt_values /usr/lib/python3/dist-packages/oslo_config/cfg.py:2609
2025-08-18 00:37:52.004 38256 DEBUG oslo_service.service [-] resource_finder_cache.caching = True log_opt_values /usr/lib/python3/dist-packages/oslo_config/cfg.py:2609
2025-08-18 00:37:52.004 38256 DEBUG oslo_service.service [-] resource_finder_cache.expiration_time = 3600 log_opt_values /usr/lib/python3/dist-packages/oslo_config/cfg.py:2609
2025-08-18 00:37:52.004 38256 DEBUG oslo_service.service [-] yaql.limit_iterators = 200 log_opt_values /usr/lib/python3/dist-packages/oslo_config/cfg.py:2609
2025-08-18 00:37:52.004 38256 DEBUG oslo_service.service [-] yaql.memory_quota = 10000 log_opt_values /usr/lib/python3/dist-packages/oslo_config/cfg.py:2609
2025-08-18 00:37:52.004 38256 DEBUG oslo_service.service [-] ******************************************************************************** log_opt_values /usr/lib/python3/dist-packages/oslo_config/cfg.py:2613
2025-08-18 00:37:52.017 38490 INFO heat.engine.worker [-] Starting engine_worker (1.4) in engine 071351b4-0148-440f-9db7-e1d8408deaeb.
2025-08-18 00:37:52.073 38491 DEBUG oslo_db.sqlalchemy.engines [req-e56f6a0c-5deb-4adf-8a24-648010b21fd0 - - - - -] MySQL server mode set to STRICT_TRANS_TABLES,STRICT_ALL_TABLES,NO_ZERO_IN_DATE,NO_ZERO_DATE,ERROR_FOR_DIVISION_BY_ZERO,TRADITIONAL,NO_ENGINE_SUBSTITUTION _check_effective_sql_mode /usr/lib/python3/dist-packages/oslo_db/sqlalchemy/engines.py:314
2025-08-18 00:37:52.081 38489 DEBUG oslo_db.sqlalchemy.engines [req-b866bef5-ec89-43f2-bc83-fcf63ba5477a - - - - -] MySQL server mode set to STRICT_TRANS_TABLES,STRICT_ALL_TABLES,NO_ZERO_IN_DATE,NO_ZERO_DATE,ERROR_FOR_DIVISION_BY_ZERO,TRADITIONAL,NO_ENGINE_SUBSTITUTION _check_effective_sql_mode /usr/lib/python3/dist-packages/oslo_db/sqlalchemy/engines.py:314
2025-08-18 00:37:52.136 38492 DEBUG oslo_db.sqlalchemy.engines [req-4278be96-7d13-4851-ac6f-584f774ca513 - - - - -] MySQL server mode set to STRICT_TRANS_TABLES,STRICT_ALL_TABLES,NO_ZERO_IN_DATE,NO_ZERO_DATE,ERROR_FOR_DIVISION_BY_ZERO,TRADITIONAL,NO_ENGINE_SUBSTITUTION _check_effective_sql_mode /usr/lib/python3/dist-packages/oslo_db/sqlalchemy/engines.py:314
2025-08-18 00:37:52.152 38490 DEBUG oslo_db.sqlalchemy.engines [req-177e8abd-9cc7-4685-9b13-76a45c5e5947 - - - - -] MySQL server mode set to STRICT_TRANS_TABLES,STRICT_ALL_TABLES,NO_ZERO_IN_DATE,NO_ZERO_DATE,ERROR_FOR_DIVISION_BY_ZERO,TRADITIONAL,NO_ENGINE_SUBSTITUTION _check_effective_sql_mode /usr/lib/python3/dist-packages/oslo_db/sqlalchemy/engines.py:314
2025-08-18 00:37:52.155 38489 DEBUG heat.engine.service [req-8dd80cf5-0709-45d0-826b-6fd3014c92af - - - - -] Service 724610ed-feae-4aab-a31b-213918994019 is started service_manage_report /usr/lib/python3/dist-packages/heat/engine/service.py:2363
2025-08-18 00:37:52.176 38489 DEBUG heat.engine.service [req-8dd80cf5-0709-45d0-826b-6fd3014c92af - - - - -] Service 724610ed-feae-4aab-a31b-213918994019 is updated service_manage_report /usr/lib/python3/dist-packages/heat/engine/service.py:2370
2025-08-18 00:37:52.185 38491 DEBUG heat.engine.service [req-ff2ca4d8-9c53-40fa-80f6-b30023d1d1bf - - - - -] Service 0c25dea2-114a-41a6-b668-2804f1865f8f is started service_manage_report /usr/lib/python3/dist-packages/heat/engine/service.py:2363
2025-08-18 00:37:52.221 38491 DEBUG heat.engine.service [req-ff2ca4d8-9c53-40fa-80f6-b30023d1d1bf - - - - -] Service 0c25dea2-114a-41a6-b668-2804f1865f8f is updated service_manage_report /usr/lib/python3/dist-packages/heat/engine/service.py:2370
2025-08-18 00:37:52.264 38490 DEBUG heat.engine.service [req-372ca936-3ca7-43bc-89e1-f968c62a001a - - - - -] Service ef1078ad-049d-4b26-9bbb-bc53431f9d2f is started service_manage_report /usr/lib/python3/dist-packages/heat/engine/service.py:2363
2025-08-18 00:37:52.264 38492 DEBUG heat.engine.service [req-0a34c86d-8510-430e-aa93-192663db8c8c - - - - -] Service 35bc23ea-9a93-49cf-bdae-e4f6641e412e is started service_manage_report /usr/lib/python3/dist-packages/heat/engine/service.py:2363
2025-08-18 00:37:52.287 38492 DEBUG heat.engine.service [req-0a34c86d-8510-430e-aa93-192663db8c8c - - - - -] Service 35bc23ea-9a93-49cf-bdae-e4f6641e412e is updated service_manage_report /usr/lib/python3/dist-packages/heat/engine/service.py:2370
2025-08-18 00:37:52.293 38490 DEBUG heat.engine.service [req-372ca936-3ca7-43bc-89e1-f968c62a001a - - - - -] Service ef1078ad-049d-4b26-9bbb-bc53431f9d2f is updated service_manage_report /usr/lib/python3/dist-packages/heat/engine/service.py:2370
2025-08-18 00:38:52.150 38489 DEBUG heat.engine.service [req-ab4957de-1435-4ed4-8386-ad6156cd4034 - - - - -] Service 724610ed-feae-4aab-a31b-213918994019 is updated service_manage_report /usr/lib/python3/dist-packages/heat/engine/service.py:2370
2025-08-18 00:38:52.153 38491 DEBUG heat.engine.service [req-bddbb8e5-54d8-4a20-9c4b-bbb8a27166c9 - - - - -] Service 0c25dea2-114a-41a6-b668-2804f1865f8f is updated service_manage_report /usr/lib/python3/dist-packages/heat/engine/service.py:2370
2025-08-18 00:38:52.255 38490 DEBUG heat.engine.service [req-889aaaf3-187a-48c8-b5b8-8602cf7a93ca - - - - -] Service ef1078ad-049d-4b26-9bbb-bc53431f9d2f is updated service_manage_report /usr/lib/python3/dist-packages/heat/engine/service.py:2370
2025-08-18 00:38:52.259 38492 DEBUG heat.engine.service [req-cef5c308-d6f5-4eed-a7dc-b588863f3fda - - - - -] Service 35bc23ea-9a93-49cf-bdae-e4f6641e412e is updated service_manage_report /usr/lib/python3/dist-packages/heat/engine/service.py:2370
2025-08-18 00:39:52.156 38489 DEBUG heat.engine.service [req-c6109caa-36c2-4939-a419-192a9d9a9db7 - - - - -] Service 724610ed-feae-4aab-a31b-213918994019 is updated service_manage_report /usr/lib/python3/dist-packages/heat/engine/service.py:2370
2025-08-18 00:39:52.157 38491 DEBUG heat.engine.service [req-0976ba32-037c-4d8a-8eca-4a51f257b773 - - - - -] Service 0c25dea2-114a-41a6-b668-2804f1865f8f is updated service_manage_report /usr/lib/python3/dist-packages/heat/engine/service.py:2370
2025-08-18 00:39:52.263 38490 DEBUG heat.engine.service [req-2971acf0-3097-4990-b260-3df193880e67 - - - - -] Service ef1078ad-049d-4b26-9bbb-bc53431f9d2f is updated service_manage_report /usr/lib/python3/dist-packages/heat/engine/service.py:2370
2025-08-18 00:39:52.265 38492 DEBUG heat.engine.service [req-647560c8-57e7-4071-ab7a-41b3d07ca2ba - - - - -] Service 35bc23ea-9a93-49cf-bdae-e4f6641e412e is updated service_manage_report /usr/lib/python3/dist-packages/heat/engine/service.py:2370
2025-08-18 00:40:52.147 38489 DEBUG heat.engine.service [req-0e49d132-b3a8-49b9-9601-2b45cfdbfe40 - - - - -] Service 724610ed-feae-4aab-a31b-213918994019 is updated service_manage_report /usr/lib/python3/dist-packages/heat/engine/service.py:2370
2025-08-18 00:40:52.159 38491 DEBUG heat.engine.service [req-2c3f010a-4a6b-4f43-941d-8a18e5528f58 - - - - -] Service 0c25dea2-114a-41a6-b668-2804f1865f8f is updated service_manage_report /usr/lib/python3/dist-packages/heat/engine/service.py:2370
2025-08-18 00:40:52.254 38490 DEBUG heat.engine.service [req-918dd87c-12d8-4a5e-954a-4088ff5b7c57 - - - - -] Service ef1078ad-049d-4b26-9bbb-bc53431f9d2f is updated service_manage_report /usr/lib/python3/dist-packages/heat/engine/service.py:2370
2025-08-18 00:40:52.266 38492 DEBUG heat.engine.service [req-88f83f43-17ff-43d8-91ff-262b4b6ffc89 - - - - -] Service 35bc23ea-9a93-49cf-bdae-e4f6641e412e is updated service_manage_report /usr/lib/python3/dist-packages/heat/engine/service.py:2370
2025-08-18 00:41:52.149 38489 DEBUG heat.engine.service [req-4737b788-4b15-4691-b462-d52fe790f595 - - - - -] Service 724610ed-feae-4aab-a31b-213918994019 is updated service_manage_report /usr/lib/python3/dist-packages/heat/engine/service.py:2370
2025-08-18 00:41:52.162 38491 DEBUG heat.engine.service [req-56903846-4e44-401f-bdef-0b35e25918f1 - - - - -] Service 0c25dea2-114a-41a6-b668-2804f1865f8f is updated service_manage_report /usr/lib/python3/dist-packages/heat/engine/service.py:2370
2025-08-18 00:41:52.257 38490 DEBUG heat.engine.service [req-30f9c7b9-6b39-4f09-b946-65abdf43ce8f - - - - -] Service ef1078ad-049d-4b26-9bbb-bc53431f9d2f is updated service_manage_report /usr/lib/python3/dist-packages/heat/engine/service.py:2370
2025-08-18 00:41:52.271 38492 DEBUG heat.engine.service [req-01dfcf40-3525-4345-93f7-a322789e9b0e - - - - -] Service 35bc23ea-9a93-49cf-bdae-e4f6641e412e is updated service_manage_report /usr/lib/python3/dist-packages/heat/engine/service.py:2370
2025-08-18 00:42:52.152 38489 DEBUG heat.engine.service [req-9a86585d-1bf0-4a3c-a81a-8bbf371542fd - - - - -] Service 724610ed-feae-4aab-a31b-213918994019 is updated service_manage_report /usr/lib/python3/dist-packages/heat/engine/service.py:2370
2025-08-18 00:42:52.164 38491 DEBUG heat.engine.service [req-7c5ab1df-de5b-4c9b-b95d-14dbcfdccb38 - - - - -] Service 0c25dea2-114a-41a6-b668-2804f1865f8f is updated service_manage_report /usr/lib/python3/dist-packages/heat/engine/service.py:2370
2025-08-18 00:42:52.260 38490 DEBUG heat.engine.service [req-7f8b7ec9-c2c1-4e2b-98c0-9e87b6afbd50 - - - - -] Service ef1078ad-049d-4b26-9bbb-bc53431f9d2f is updated service_manage_report /usr/lib/python3/dist-packages/heat/engine/service.py:2370
2025-08-18 00:42:52.275 38492 DEBUG heat.engine.service [req-751d62a8-ed45-48ee-88e4-307696530b8b - - - - -] Service 35bc23ea-9a93-49cf-bdae-e4f6641e412e is updated service_manage_report /usr/lib/python3/dist-packages/heat/engine/service.py:2370
2025-08-18 00:43:52.155 38489 DEBUG heat.engine.service [req-1fe31fac-6c37-4104-ab3a-ed53f46b6728 - - - - -] Service 724610ed-feae-4aab-a31b-213918994019 is updated service_manage_report /usr/lib/python3/dist-packages/heat/engine/service.py:2370
2025-08-18 00:43:52.167 38491 DEBUG heat.engine.service [req-e08c22c4-ea88-4e89-abfa-814f24126e3e - - - - -] Service 0c25dea2-114a-41a6-b668-2804f1865f8f is updated service_manage_report /usr/lib/python3/dist-packages/heat/engine/service.py:2370
2025-08-18 00:43:52.263 38490 DEBUG heat.engine.service [req-5b535b09-20d4-4561-bb61-f32fcfbf8b8d - - - - -] Service ef1078ad-049d-4b26-9bbb-bc53431f9d2f is updated service_manage_report /usr/lib/python3/dist-packages/heat/engine/service.py:2370
2025-08-18 00:43:52.278 38492 DEBUG heat.engine.service [req-cb8355f8-42a7-43ff-a4c3-b1d2c3bf8fdf - - - - -] Service 35bc23ea-9a93-49cf-bdae-e4f6641e412e is updated service_manage_report /usr/lib/python3/dist-packages/heat/engine/service.py:2370
2025-08-18 00:44:52.157 38489 DEBUG heat.engine.service [req-d875eb09-8369-40bb-928d-cd69f5006dd6 - - - - -] Service 724610ed-feae-4aab-a31b-213918994019 is updated service_manage_report /usr/lib/python3/dist-packages/heat/engine/service.py:2370
2025-08-18 00:44:52.169 38491 DEBUG heat.engine.service [req-3d2ba500-3d8f-49cc-a91c-b5699753e52e - - - - -] Service 0c25dea2-114a-41a6-b668-2804f1865f8f is updated service_manage_report /usr/lib/python3/dist-packages/heat/engine/service.py:2370
2025-08-18 00:44:52.265 38490 DEBUG heat.engine.service [req-74dac5f2-e9fb-412d-b3cd-9a8be7ed3e8d - - - - -] Service ef1078ad-049d-4b26-9bbb-bc53431f9d2f is updated service_manage_report /usr/lib/python3/dist-packages/heat/engine/service.py:2370
2025-08-18 00:44:52.279 38492 DEBUG heat.engine.service [req-d727f35c-ff71-4f17-a9c4-ac1c586dba59 - - - - -] Service 35bc23ea-9a93-49cf-bdae-e4f6641e412e is updated service_manage_report /usr/lib/python3/dist-packages/heat/engine/service.py:2370
2025-08-18 00:45:52.162 38489 DEBUG heat.engine.service [req-99efe9bd-25a4-4b89-baeb-67fa0be24882 - - - - -] Service 724610ed-feae-4aab-a31b-213918994019 is updated service_manage_report /usr/lib/python3/dist-packages/heat/engine/service.py:2370
2025-08-18 00:45:52.171 38491 DEBUG heat.engine.service [req-60312587-64ad-41d8-bc70-9963e3cf7b5a - - - - -] Service 0c25dea2-114a-41a6-b668-2804f1865f8f is updated service_manage_report /usr/lib/python3/dist-packages/heat/engine/service.py:2370
2025-08-18 00:45:52.266 38490 DEBUG heat.engine.service [req-6feb1e0d-0a2b-42b7-9a1e-9985dc1f4641 - - - - -] Service ef1078ad-049d-4b26-9bbb-bc53431f9d2f is updated service_manage_report /usr/lib/python3/dist-packages/heat/engine/service.py:2370
2025-08-18 00:45:52.280 38492 DEBUG heat.engine.service [req-eaadd768-1df4-477c-ae2b-6499ba4abe9f - - - - -] Service 35bc23ea-9a93-49cf-bdae-e4f6641e412e is updated service_manage_report /usr/lib/python3/dist-packages/heat/engine/service.py:2370
2025-08-18 00:46:52.165 38489 DEBUG heat.engine.service [req-bc7d82b5-a926-4440-85a3-22a14920e3c1 - - - - -] Service 724610ed-feae-4aab-a31b-213918994019 is updated service_manage_report /usr/lib/python3/dist-packages/heat/engine/service.py:2370
2025-08-18 00:46:52.171 38491 DEBUG heat.engine.service [req-938b029f-a40d-447f-962d-030c88b9228f - - - - -] Service 0c25dea2-114a-41a6-b668-2804f1865f8f is updated service_manage_report /usr/lib/python3/dist-packages/heat/engine/service.py:2370
2025-08-18 00:46:52.270 38490 DEBUG heat.engine.service [req-2e363cb5-cc77-4353-abbf-ca3627b8063f - - - - -] Service ef1078ad-049d-4b26-9bbb-bc53431f9d2f is updated service_manage_report /usr/lib/python3/dist-packages/heat/engine/service.py:2370
2025-08-18 00:46:52.281 38492 DEBUG heat.engine.service [req-7513779e-8ecb-436c-acde-29bb8b5c26d3 - - - - -] Service 35bc23ea-9a93-49cf-bdae-e4f6641e412e is updated service_manage_report /usr/lib/python3/dist-packages/heat/engine/service.py:2370
2025-08-18 00:47:52.167 38489 DEBUG heat.engine.service [req-ab303250-ddcd-4023-b982-51f7740b2c6e - - - - -] Service 724610ed-feae-4aab-a31b-213918994019 is updated service_manage_report /usr/lib/python3/dist-packages/heat/engine/service.py:2370
2025-08-18 00:47:52.173 38491 DEBUG heat.engine.service [req-b954b8e8-4e7c-4581-b433-8fe6719ec693 - - - - -] Service 0c25dea2-114a-41a6-b668-2804f1865f8f is updated service_manage_report /usr/lib/python3/dist-packages/heat/engine/service.py:2370
