2025-08-18 01:57:42.805 7 DEBUG oslo_service.service [-] ml2_type_geneve.vni_ranges = [] log_opt_values /var/lib/kolla/venv/lib/python3.6/site-packages/oslo_config/cfg.py:2611
2025-08-18 01:57:42.805 7 DEBUG oslo_service.service [-] ml2_type_gre.tunnel_id_ranges = [] log_opt_values /var/lib/kolla/venv/lib/python3.6/site-packages/oslo_config/cfg.py:2611
2025-08-18 01:57:42.805 7 DEBUG oslo_service.service [-] ml2_type_vlan.network_vlan_ranges = [] log_opt_values /var/lib/kolla/venv/lib/python3.6/site-packages/oslo_config/cfg.py:2611
2025-08-18 01:57:42.805 7 DEBUG oslo_service.service [-] ml2_type_vxlan.vni_ranges = [] log_opt_values /var/lib/kolla/venv/lib/python3.6/site-packages/oslo_config/cfg.py:2611
2025-08-18 01:57:42.805 7 DEBUG oslo_service.service [-] ml2_type_vxlan.vxlan_group = None log_opt_values /var/lib/kolla/venv/lib/python3.6/site-packages/oslo_config/cfg.py:2611
2025-08-18 01:57:42.805 7 DEBUG oslo_service.service [-] database.backend = sqlalchemy log_opt_values /var/lib/kolla/venv/lib/python3.6/site-packages/oslo_config/cfg.py:2611
2025-08-18 01:57:42.805 7 DEBUG oslo_service.service [-] database.connection = **** log_opt_values /var/lib/kolla/venv/lib/python3.6/site-packages/oslo_config/cfg.py:2611
2025-08-18 01:57:42.805 7 DEBUG oslo_service.service [-] database.connection_debug = 0 log_opt_values /var/lib/kolla/venv/lib/python3.6/site-packages/oslo_config/cfg.py:2611
2025-08-18 01:57:42.805 7 DEBUG oslo_service.service [-] database.connection_parameters = log_opt_values /var/lib/kolla/venv/lib/python3.6/site-packages/oslo_config/cfg.py:2611
2025-08-18 01:57:42.805 7 DEBUG oslo_service.service [-] database.connection_recycle_time = 10 log_opt_values /var/lib/kolla/venv/lib/python3.6/site-packages/oslo_config/cfg.py:2611
2025-08-18 01:57:42.805 7 DEBUG oslo_service.service [-] database.connection_trace = False log_opt_values /var/lib/kolla/venv/lib/python3.6/site-packages/oslo_config/cfg.py:2611
2025-08-18 01:57:42.805 7 DEBUG oslo_service.service [-] database.db_inc_retry_interval = True log_opt_values /var/lib/kolla/venv/lib/python3.6/site-packages/oslo_config/cfg.py:2611
2025-08-18 01:57:42.805 7 DEBUG oslo_service.service [-] database.db_max_retries = 20 log_opt_values /var/lib/kolla/venv/lib/python3.6/site-packages/oslo_config/cfg.py:2611
2025-08-18 01:57:42.805 7 DEBUG oslo_service.service [-] database.db_max_retry_interval = 10 log_opt_values /var/lib/kolla/venv/lib/python3.6/site-packages/oslo_config/cfg.py:2611
2025-08-18 01:57:42.805 7 DEBUG oslo_service.service [-] database.db_retry_interval = 1 log_opt_values /var/lib/kolla/venv/lib/python3.6/site-packages/oslo_config/cfg.py:2611
2025-08-18 01:57:42.805 7 DEBUG oslo_service.service [-] database.max_overflow = 50 log_opt_values /var/lib/kolla/venv/lib/python3.6/site-packages/oslo_config/cfg.py:2611
2025-08-18 01:57:42.806 7 DEBUG oslo_service.service [-] database.max_pool_size = 1 log_opt_values /var/lib/kolla/venv/lib/python3.6/site-packages/oslo_config/cfg.py:2611
2025-08-18 01:57:42.806 7 DEBUG oslo_service.service [-] database.max_retries = -1 log_opt_values /var/lib/kolla/venv/lib/python3.6/site-packages/oslo_config/cfg.py:2611
2025-08-18 01:57:42.806 7 DEBUG oslo_service.service [-] database.mysql_enable_ndb = False log_opt_values /var/lib/kolla/venv/lib/python3.6/site-packages/oslo_config/cfg.py:2611
2025-08-18 01:57:42.806 7 DEBUG oslo_service.service [-] database.mysql_sql_mode = TRADITIONAL log_opt_values /var/lib/kolla/venv/lib/python3.6/site-packages/oslo_config/cfg.py:2611
2025-08-18 01:57:42.806 7 DEBUG oslo_service.service [-] database.pool_timeout = None log_opt_values /var/lib/kolla/venv/lib/python3.6/site-packages/oslo_config/cfg.py:2611
2025-08-18 01:57:42.806 7 DEBUG oslo_service.service [-] database.retry_interval = 10 log_opt_values /var/lib/kolla/venv/lib/python3.6/site-packages/oslo_config/cfg.py:2611
2025-08-18 01:57:42.806 7 DEBUG oslo_service.service [-] database.slave_connection = **** log_opt_values /var/lib/kolla/venv/lib/python3.6/site-packages/oslo_config/cfg.py:2611
2025-08-18 01:57:42.806 7 DEBUG oslo_service.service [-] database.sqlite_synchronous = True log_opt_values /var/lib/kolla/venv/lib/python3.6/site-packages/oslo_config/cfg.py:2611
2025-08-18 01:57:42.806 7 DEBUG oslo_service.service [-] database.use_db_reconnect = False log_opt_values /var/lib/kolla/venv/lib/python3.6/site-packages/oslo_config/cfg.py:2611
2025-08-18 01:57:42.806 7 DEBUG oslo_service.service [-] ******************************************************************************** log_opt_values /var/lib/kolla/venv/lib/python3.6/site-packages/oslo_config/cfg.py:2613
2025-08-18 01:57:44.655 22 DEBUG neutron.wsgi [-] (22) accepted ('10.0.0.249', 40208) server /var/lib/kolla/venv/lib/python3.6/site-packages/eventlet/wsgi.py:1004
2025-08-18 01:57:44.661 22 INFO neutron.wsgi [-] 10.0.0.249 "GET / HTTP/1.1" status: 200 len: 228 time: 0.0044219
2025-08-18 01:57:46.701 23 DEBUG neutron.api.rpc.handlers.dhcp_rpc [req-11502421-b327-48db-b09d-6fe7d991dbaa - - - - -] get_active_networks_info from cn-jenkins-deploy-platform-ansible-os-3873-1 get_active_networks_info /var/lib/kolla/venv/lib/python3.6/site-packages/neutron/api/rpc/handlers/dhcp_rpc.py:159
2025-08-18 01:57:46.720 26 DEBUG neutron_lib.callbacks.manager [req-1132fff7-eb97-4135-ae34-00d52fe75490 - - - - -] Publish callbacks ['neutron.services.segments.db._update_segment_host_mapping_for_agent-8784982535539', 'neutron.services.l3_router.l3_router_plugin.DVRResourceOperationHandler.create_fip_agent_gw_ports-7931907'] for agent (17655794-eb42-4f8f-bd14-3852b816c8db), after_create _notify_loop /var/lib/kolla/venv/lib/python3.6/site-packages/neutron_lib/callbacks/manager.py:177
2025-08-18 01:57:46.733 23 DEBUG neutron.scheduler.dhcp_agent_scheduler [req-11502421-b327-48db-b09d-6fe7d991dbaa - - - - -] No non-hosted networks auto_schedule_networks /var/lib/kolla/venv/lib/python3.6/site-packages/neutron/scheduler/dhcp_agent_scheduler.py:60
2025-08-18 01:58:04.787 27 DEBUG neutron_lib.callbacks.manager [req-5c7e4130-53af-431f-b1d1-ada9c5432a7e - - - - -] Publish callbacks ['neutron.services.segments.db._update_segment_host_mapping_for_agent-8784982535539', 'neutron.services.l3_router.l3_router_plugin.DVRResourceOperationHandler.create_fip_agent_gw_ports-7931907'] for agent (e35beb6d-ba5f-4ca8-8af8-0ac05ccfec79), after_create _notify_loop /var/lib/kolla/venv/lib/python3.6/site-packages/neutron_lib/callbacks/manager.py:177
2025-08-18 01:58:14.703 22 DEBUG neutron.wsgi [-] (22) accepted ('10.0.0.249', 59104) server /var/lib/kolla/venv/lib/python3.6/site-packages/eventlet/wsgi.py:1004
2025-08-18 01:58:14.707 22 INFO neutron.wsgi [-] 10.0.0.249 "GET / HTTP/1.1" status: 200 len: 228 time: 0.0030413
2025-08-18 01:58:16.717 28 DEBUG neutron_lib.callbacks.manager [req-b70e54b1-2ee9-4371-b087-2a6257700a0e - - - - -] Publish callbacks ['neutron.services.segments.db._update_segment_host_mapping_for_agent-8784982535539', 'neutron.plugins.ml2.plugin.Ml2Plugin._retry_binding_revived_agents-802517'] for agent (17655794-eb42-4f8f-bd14-3852b816c8db), after_update _notify_loop /var/lib/kolla/venv/lib/python3.6/site-packages/neutron_lib/callbacks/manager.py:177
2025-08-18 01:58:34.764 24 DEBUG neutron_lib.callbacks.manager [req-5c7e4130-53af-431f-b1d1-ada9c5432a7e - - - - -] Publish callbacks ['neutron.services.segments.db._update_segment_host_mapping_for_agent-8784982535539', 'neutron.plugins.ml2.plugin.Ml2Plugin._retry_binding_revived_agents-802517'] for agent (e35beb6d-ba5f-4ca8-8af8-0ac05ccfec79), after_update _notify_loop /var/lib/kolla/venv/lib/python3.6/site-packages/neutron_lib/callbacks/manager.py:177
2025-08-18 01:58:36.761 29 DEBUG neutron.db.agents_db [req-c51ee510-ed40-471a-8644-6b94439699a9 - - - - -] Agent healthcheck: found 2 active agents agent_health_check /var/lib/kolla/venv/lib/python3.6/site-packages/neutron/db/agents_db.py:318
2025-08-18 01:58:44.751 22 DEBUG neutron.wsgi [-] (22) accepted ('10.0.0.249', 44926) server /var/lib/kolla/venv/lib/python3.6/site-packages/eventlet/wsgi.py:1004
2025-08-18 01:58:44.754 22 INFO neutron.wsgi [-] 10.0.0.249 "GET / HTTP/1.1" status: 200 len: 228 time: 0.0026722
2025-08-18 01:58:46.702 23 DEBUG neutron_lib.callbacks.manager [req-f4b9365e-e568-4d5b-974e-74d5197be1ee - - - - -] Publish callbacks ['neutron.services.segments.db._update_segment_host_mapping_for_agent-8784982535539', 'neutron.plugins.ml2.plugin.Ml2Plugin._retry_binding_revived_agents-802517'] for agent (17655794-eb42-4f8f-bd14-3852b816c8db), after_update _notify_loop /var/lib/kolla/venv/lib/python3.6/site-packages/neutron_lib/callbacks/manager.py:177
2025-08-18 01:59:04.769 25 DEBUG neutron_lib.callbacks.manager [req-5c7e4130-53af-431f-b1d1-ada9c5432a7e - - - - -] Publish callbacks ['neutron.services.segments.db._update_segment_host_mapping_for_agent-8784982535539', 'neutron.plugins.ml2.plugin.Ml2Plugin._retry_binding_revived_agents-802517'] for agent (e35beb6d-ba5f-4ca8-8af8-0ac05ccfec79), after_update _notify_loop /var/lib/kolla/venv/lib/python3.6/site-packages/neutron_lib/callbacks/manager.py:177
2025-08-18 01:59:13.758 29 DEBUG neutron.db.agents_db [req-c51ee510-ed40-471a-8644-6b94439699a9 - - - - -] Agent healthcheck: found 2 active agents agent_health_check /var/lib/kolla/venv/lib/python3.6/site-packages/neutron/db/agents_db.py:318
2025-08-18 01:59:14.795 22 DEBUG neutron.wsgi [-] (22) accepted ('10.0.0.249', 54304) server /var/lib/kolla/venv/lib/python3.6/site-packages/eventlet/wsgi.py:1004
2025-08-18 01:59:14.798 22 INFO neutron.wsgi [-] 10.0.0.249 "GET / HTTP/1.1" status: 200 len: 228 time: 0.0024712
2025-08-18 01:59:16.699 26 DEBUG neutron_lib.callbacks.manager [req-3d75d782-77d0-4b8d-a274-9a89df3bab70 - - - - -] Publish callbacks ['neutron.services.segments.db._update_segment_host_mapping_for_agent-8784982535539', 'neutron.plugins.ml2.plugin.Ml2Plugin._retry_binding_revived_agents-802517'] for agent (17655794-eb42-4f8f-bd14-3852b816c8db), after_update _notify_loop /var/lib/kolla/venv/lib/python3.6/site-packages/neutron_lib/callbacks/manager.py:177
2025-08-18 01:59:34.757 27 DEBUG neutron_lib.callbacks.manager [req-5c7e4130-53af-431f-b1d1-ada9c5432a7e - - - - -] Publish callbacks ['neutron.services.segments.db._update_segment_host_mapping_for_agent-8784982535539', 'neutron.plugins.ml2.plugin.Ml2Plugin._retry_binding_revived_agents-802517'] for agent (e35beb6d-ba5f-4ca8-8af8-0ac05ccfec79), after_update _notify_loop /var/lib/kolla/venv/lib/python3.6/site-packages/neutron_lib/callbacks/manager.py:177
2025-08-18 01:59:44.838 22 DEBUG neutron.wsgi [-] (22) accepted ('10.0.0.249', 57632) server /var/lib/kolla/venv/lib/python3.6/site-packages/eventlet/wsgi.py:1004
2025-08-18 01:59:44.841 22 INFO neutron.wsgi [-] 10.0.0.249 "GET / HTTP/1.1" status: 200 len: 228 time: 0.0024610
2025-08-18 01:59:46.693 28 DEBUG neutron_lib.callbacks.manager [req-c20523e8-fe8f-4f63-8c1b-98cca0044a7e - - - - -] Publish callbacks ['neutron.services.segments.db._update_segment_host_mapping_for_agent-8784982535539', 'neutron.plugins.ml2.plugin.Ml2Plugin._retry_binding_revived_agents-802517'] for agent (17655794-eb42-4f8f-bd14-3852b816c8db), after_update _notify_loop /var/lib/kolla/venv/lib/python3.6/site-packages/neutron_lib/callbacks/manager.py:177
2025-08-18 01:59:50.753 29 DEBUG neutron.db.agents_db [req-c51ee510-ed40-471a-8644-6b94439699a9 - - - - -] Agent healthcheck: found 2 active agents agent_health_check /var/lib/kolla/venv/lib/python3.6/site-packages/neutron/db/agents_db.py:318
2025-08-18 02:00:04.758 24 DEBUG neutron_lib.callbacks.manager [req-5c7e4130-53af-431f-b1d1-ada9c5432a7e - - - - -] Publish callbacks ['neutron.services.segments.db._update_segment_host_mapping_for_agent-8784982535539', 'neutron.plugins.ml2.plugin.Ml2Plugin._retry_binding_revived_agents-802517'] for agent (e35beb6d-ba5f-4ca8-8af8-0ac05ccfec79), after_update _notify_loop /var/lib/kolla/venv/lib/python3.6/site-packages/neutron_lib/callbacks/manager.py:177
2025-08-18 02:00:14.883 22 DEBUG neutron.wsgi [-] (22) accepted ('10.0.0.249', 40724) server /var/lib/kolla/venv/lib/python3.6/site-packages/eventlet/wsgi.py:1004
2025-08-18 02:00:14.887 22 INFO neutron.wsgi [-] 10.0.0.249 "GET / HTTP/1.1" status: 200 len: 228 time: 0.0030072
2025-08-18 02:00:16.697 23 DEBUG neutron_lib.callbacks.manager [req-a88cf159-5f23-4b2e-b55c-2c0c8865b747 - - - - -] Publish callbacks ['neutron.services.segments.db._update_segment_host_mapping_for_agent-8784982535539', 'neutron.plugins.ml2.plugin.Ml2Plugin._retry_binding_revived_agents-802517'] for agent (17655794-eb42-4f8f-bd14-3852b816c8db), after_update _notify_loop /var/lib/kolla/venv/lib/python3.6/site-packages/neutron_lib/callbacks/manager.py:177
2025-08-18 02:00:27.761 29 DEBUG neutron.db.agents_db [req-c51ee510-ed40-471a-8644-6b94439699a9 - - - - -] Agent healthcheck: found 2 active agents agent_health_check /var/lib/kolla/venv/lib/python3.6/site-packages/neutron/db/agents_db.py:318
2025-08-18 02:00:34.762 25 DEBUG neutron_lib.callbacks.manager [req-5c7e4130-53af-431f-b1d1-ada9c5432a7e - - - - -] Publish callbacks ['neutron.services.segments.db._update_segment_host_mapping_for_agent-8784982535539', 'neutron.plugins.ml2.plugin.Ml2Plugin._retry_binding_revived_agents-802517'] for agent (e35beb6d-ba5f-4ca8-8af8-0ac05ccfec79), after_update _notify_loop /var/lib/kolla/venv/lib/python3.6/site-packages/neutron_lib/callbacks/manager.py:177
2025-08-18 02:00:44.927 22 DEBUG neutron.wsgi [-] (22) accepted ('10.0.0.249', 53126) server /var/lib/kolla/venv/lib/python3.6/site-packages/eventlet/wsgi.py:1004
2025-08-18 02:00:44.930 22 INFO neutron.wsgi [-] 10.0.0.249 "GET / HTTP/1.1" status: 200 len: 228 time: 0.0025079
2025-08-18 02:00:46.704 26 DEBUG neutron_lib.callbacks.manager [req-0c3cd587-6657-444b-a22e-408b2f925f3e - - - - -] Publish callbacks ['neutron.services.segments.db._update_segment_host_mapping_for_agent-8784982535539', 'neutron.plugins.ml2.plugin.Ml2Plugin._retry_binding_revived_agents-802517'] for agent (17655794-eb42-4f8f-bd14-3852b816c8db), after_update _notify_loop /var/lib/kolla/venv/lib/python3.6/site-packages/neutron_lib/callbacks/manager.py:177
2025-08-18 02:01:04.763 27 DEBUG neutron_lib.callbacks.manager [req-5c7e4130-53af-431f-b1d1-ada9c5432a7e - - - - -] Publish callbacks ['neutron.services.segments.db._update_segment_host_mapping_for_agent-8784982535539', 'neutron.plugins.ml2.plugin.Ml2Plugin._retry_binding_revived_agents-802517'] for agent (e35beb6d-ba5f-4ca8-8af8-0ac05ccfec79), after_update _notify_loop /var/lib/kolla/venv/lib/python3.6/site-packages/neutron_lib/callbacks/manager.py:177
2025-08-18 02:01:04.768 29 DEBUG neutron.db.agents_db [req-c51ee510-ed40-471a-8644-6b94439699a9 - - - - -] Agent healthcheck: found 2 active agents agent_health_check /var/lib/kolla/venv/lib/python3.6/site-packages/neutron/db/agents_db.py:318
2025-08-18 02:01:14.977 22 DEBUG neutron.wsgi [-] (22) accepted ('10.0.0.249', 51944) server /var/lib/kolla/venv/lib/python3.6/site-packages/eventlet/wsgi.py:1004
2025-08-18 02:01:14.982 22 INFO neutron.wsgi [-] 10.0.0.249 "GET / HTTP/1.1" status: 200 len: 228 time: 0.0035958
2025-08-18 02:01:16.700 28 DEBUG neutron_lib.callbacks.manager [req-73728f12-0686-4e75-8a77-bba741166914 - - - - -] Publish callbacks ['neutron.services.segments.db._update_segment_host_mapping_for_agent-8784982535539', 'neutron.plugins.ml2.plugin.Ml2Plugin._retry_binding_revived_agents-802517'] for agent (17655794-eb42-4f8f-bd14-3852b816c8db), after_update _notify_loop /var/lib/kolla/venv/lib/python3.6/site-packages/neutron_lib/callbacks/manager.py:177
2025-08-18 02:01:34.764 24 DEBUG neutron_lib.callbacks.manager [req-5c7e4130-53af-431f-b1d1-ada9c5432a7e - - - - -] Publish callbacks ['neutron.services.segments.db._update_segment_host_mapping_for_agent-8784982535539', 'neutron.plugins.ml2.plugin.Ml2Plugin._retry_binding_revived_agents-802517'] for agent (e35beb6d-ba5f-4ca8-8af8-0ac05ccfec79), after_update _notify_loop /var/lib/kolla/venv/lib/python3.6/site-packages/neutron_lib/callbacks/manager.py:177
2025-08-18 02:01:41.777 29 DEBUG neutron.db.agents_db [req-c51ee510-ed40-471a-8644-6b94439699a9 - - - - -] Agent healthcheck: found 2 active agents agent_health_check /var/lib/kolla/venv/lib/python3.6/site-packages/neutron/db/agents_db.py:318
2025-08-18 02:01:45.024 22 DEBUG neutron.wsgi [-] (22) accepted ('10.0.0.249', 52726) server /var/lib/kolla/venv/lib/python3.6/site-packages/eventlet/wsgi.py:1004
2025-08-18 02:01:45.027 22 INFO neutron.wsgi [-] 10.0.0.249 "GET / HTTP/1.1" status: 200 len: 228 time: 0.0024424
2025-08-18 02:01:46.703 23 DEBUG neutron_lib.callbacks.manager [req-150a8286-e25f-47e2-ab17-47f1274c06ef - - - - -] Publish callbacks ['neutron.services.segments.db._update_segment_host_mapping_for_agent-8784982535539', 'neutron.plugins.ml2.plugin.Ml2Plugin._retry_binding_revived_agents-802517'] for agent (17655794-eb42-4f8f-bd14-3852b816c8db), after_update _notify_loop /var/lib/kolla/venv/lib/python3.6/site-packages/neutron_lib/callbacks/manager.py:177
2025-08-18 02:02:04.767 25 DEBUG neutron_lib.callbacks.manager [req-5c7e4130-53af-431f-b1d1-ada9c5432a7e - - - - -] Publish callbacks ['neutron.services.segments.db._update_segment_host_mapping_for_agent-8784982535539', 'neutron.plugins.ml2.plugin.Ml2Plugin._retry_binding_revived_agents-802517'] for agent (e35beb6d-ba5f-4ca8-8af8-0ac05ccfec79), after_update _notify_loop /var/lib/kolla/venv/lib/python3.6/site-packages/neutron_lib/callbacks/manager.py:177
2025-08-18 02:02:15.065 22 DEBUG neutron.wsgi [-] (22) accepted ('10.0.0.249', 49462) server /var/lib/kolla/venv/lib/python3.6/site-packages/eventlet/wsgi.py:1004
2025-08-18 02:02:15.070 22 INFO neutron.wsgi [-] 10.0.0.249 "GET / HTTP/1.1" status: 200 len: 228 time: 0.0043263
2025-08-18 02:02:16.712 26 DEBUG neutron_lib.callbacks.manager [req-720c2097-3ecd-4589-ace1-1456a687b86c - - - - -] Publish callbacks ['neutron.services.segments.db._update_segment_host_mapping_for_agent-8784982535539', 'neutron.plugins.ml2.plugin.Ml2Plugin._retry_binding_revived_agents-802517'] for agent (17655794-eb42-4f8f-bd14-3852b816c8db), after_update _notify_loop /var/lib/kolla/venv/lib/python3.6/site-packages/neutron_lib/callbacks/manager.py:177
2025-08-18 02:02:18.774 29 DEBUG neutron.db.agents_db [req-c51ee510-ed40-471a-8644-6b94439699a9 - - - - -] Agent healthcheck: found 2 active agents agent_health_check /var/lib/kolla/venv/lib/python3.6/site-packages/neutron/db/agents_db.py:318
2025-08-18 02:02:34.769 27 DEBUG neutron_lib.callbacks.manager [req-5c7e4130-53af-431f-b1d1-ada9c5432a7e - - - - -] Publish callbacks ['neutron.services.segments.db._update_segment_host_mapping_for_agent-8784982535539', 'neutron.plugins.ml2.plugin.Ml2Plugin._retry_binding_revived_agents-802517'] for agent (e35beb6d-ba5f-4ca8-8af8-0ac05ccfec79), after_update _notify_loop /var/lib/kolla/venv/lib/python3.6/site-packages/neutron_lib/callbacks/manager.py:177
2025-08-18 02:02:45.112 22 DEBUG neutron.wsgi [-] (22) accepted ('10.0.0.249', 57356) server /var/lib/kolla/venv/lib/python3.6/site-packages/eventlet/wsgi.py:1004
2025-08-18 02:02:45.115 22 INFO neutron.wsgi [-] 10.0.0.249 "GET / HTTP/1.1" status: 200 len: 228 time: 0.0024323
2025-08-18 02:02:46.707 28 DEBUG neutron_lib.callbacks.manager [req-e34c5c56-82d8-49a5-8fa0-54b1b139da9e - - - - -] Publish callbacks ['neutron.services.segments.db._update_segment_host_mapping_for_agent-8784982535539', 'neutron.plugins.ml2.plugin.Ml2Plugin._retry_binding_revived_agents-802517'] for agent (17655794-eb42-4f8f-bd14-3852b816c8db), after_update _notify_loop /var/lib/kolla/venv/lib/python3.6/site-packages/neutron_lib/callbacks/manager.py:177
2025-08-18 02:02:55.781 29 DEBUG neutron.db.agents_db [req-c51ee510-ed40-471a-8644-6b94439699a9 - - - - -] Agent healthcheck: found 2 active agents agent_health_check /var/lib/kolla/venv/lib/python3.6/site-packages/neutron/db/agents_db.py:318
2025-08-18 02:03:04.771 24 DEBUG neutron_lib.callbacks.manager [req-5c7e4130-53af-431f-b1d1-ada9c5432a7e - - - - -] Publish callbacks ['neutron.services.segments.db._update_segment_host_mapping_for_agent-8784982535539', 'neutron.plugins.ml2.plugin.Ml2Plugin._retry_binding_revived_agents-802517'] for agent (e35beb6d-ba5f-4ca8-8af8-0ac05ccfec79), after_update _notify_loop /var/lib/kolla/venv/lib/python3.6/site-packages/neutron_lib/callbacks/manager.py:177
2025-08-18 02:03:15.157 22 DEBUG neutron.wsgi [-] (22) accepted ('10.0.0.249', 40046) server /var/lib/kolla/venv/lib/python3.6/site-packages/eventlet/wsgi.py:1004
2025-08-18 02:03:15.162 22 INFO neutron.wsgi [-] 10.0.0.249 "GET / HTTP/1.1" status: 200 len: 228 time: 0.0035274
2025-08-18 02:03:16.711 23 DEBUG neutron_lib.callbacks.manager [req-b95702d5-711e-4e55-92a2-5146971a953e - - - - -] Publish callbacks ['neutron.services.segments.db._update_segment_host_mapping_for_agent-8784982535539', 'neutron.plugins.ml2.plugin.Ml2Plugin._retry_binding_revived_agents-802517'] for agent (17655794-eb42-4f8f-bd14-3852b816c8db), after_update _notify_loop /var/lib/kolla/venv/lib/python3.6/site-packages/neutron_lib/callbacks/manager.py:177
2025-08-18 02:03:32.786 29 DEBUG neutron.db.agents_db [req-c51ee510-ed40-471a-8644-6b94439699a9 - - - - -] Agent healthcheck: found 2 active agents agent_health_check /var/lib/kolla/venv/lib/python3.6/site-packages/neutron/db/agents_db.py:318
2025-08-18 02:03:34.774 25 DEBUG neutron_lib.callbacks.manager [req-5c7e4130-53af-431f-b1d1-ada9c5432a7e - - - - -] Publish callbacks ['neutron.services.segments.db._update_segment_host_mapping_for_agent-8784982535539', 'neutron.plugins.ml2.plugin.Ml2Plugin._retry_binding_revived_agents-802517'] for agent (e35beb6d-ba5f-4ca8-8af8-0ac05ccfec79), after_update _notify_loop /var/lib/kolla/venv/lib/python3.6/site-packages/neutron_lib/callbacks/manager.py:177
2025-08-18 02:03:45.203 22 DEBUG neutron.wsgi [-] (22) accepted ('10.0.0.249', 58070) server /var/lib/kolla/venv/lib/python3.6/site-packages/eventlet/wsgi.py:1004
2025-08-18 02:03:45.206 22 INFO neutron.wsgi [-] 10.0.0.249 "GET / HTTP/1.1" status: 200 len: 228 time: 0.0025637
2025-08-18 02:03:46.715 26 DEBUG neutron_lib.callbacks.manager [req-39468be9-f927-41a4-afe8-33c3615e758c - - - - -] Publish callbacks ['neutron.services.segments.db._update_segment_host_mapping_for_agent-8784982535539', 'neutron.plugins.ml2.plugin.Ml2Plugin._retry_binding_revived_agents-802517'] for agent (17655794-eb42-4f8f-bd14-3852b816c8db), after_update _notify_loop /var/lib/kolla/venv/lib/python3.6/site-packages/neutron_lib/callbacks/manager.py:177
2025-08-18 02:04:04.776 27 DEBUG neutron_lib.callbacks.manager [req-5c7e4130-53af-431f-b1d1-ada9c5432a7e - - - - -] Publish callbacks ['neutron.services.segments.db._update_segment_host_mapping_for_agent-8784982535539', 'neutron.plugins.ml2.plugin.Ml2Plugin._retry_binding_revived_agents-802517'] for agent (e35beb6d-ba5f-4ca8-8af8-0ac05ccfec79), after_update _notify_loop /var/lib/kolla/venv/lib/python3.6/site-packages/neutron_lib/callbacks/manager.py:177
2025-08-18 02:04:09.793 29 DEBUG neutron.db.agents_db [req-c51ee510-ed40-471a-8644-6b94439699a9 - - - - -] Agent healthcheck: found 2 active agents agent_health_check /var/lib/kolla/venv/lib/python3.6/site-packages/neutron/db/agents_db.py:318
2025-08-18 02:04:15.250 22 DEBUG neutron.wsgi [-] (22) accepted ('10.0.0.249', 39888) server /var/lib/kolla/venv/lib/python3.6/site-packages/eventlet/wsgi.py:1004
2025-08-18 02:04:15.253 22 INFO neutron.wsgi [-] 10.0.0.249 "GET / HTTP/1.1" status: 200 len: 228 time: 0.0023484
2025-08-18 02:04:16.720 28 DEBUG neutron_lib.callbacks.manager [req-6554626a-548f-4391-b1ad-77e5c8f1af15 - - - - -] Publish callbacks ['neutron.services.segments.db._update_segment_host_mapping_for_agent-8784982535539', 'neutron.plugins.ml2.plugin.Ml2Plugin._retry_binding_revived_agents-802517'] for agent (17655794-eb42-4f8f-bd14-3852b816c8db), after_update _notify_loop /var/lib/kolla/venv/lib/python3.6/site-packages/neutron_lib/callbacks/manager.py:177
2025-08-18 02:04:34.778 24 DEBUG neutron_lib.callbacks.manager [req-5c7e4130-53af-431f-b1d1-ada9c5432a7e - - - - -] Publish callbacks ['neutron.services.segments.db._update_segment_host_mapping_for_agent-8784982535539', 'neutron.plugins.ml2.plugin.Ml2Plugin._retry_binding_revived_agents-802517'] for agent (e35beb6d-ba5f-4ca8-8af8-0ac05ccfec79), after_update _notify_loop /var/lib/kolla/venv/lib/python3.6/site-packages/neutron_lib/callbacks/manager.py:177
2025-08-18 02:04:45.296 22 DEBUG neutron.wsgi [-] (22) accepted ('10.0.0.249', 51260) server /var/lib/kolla/venv/lib/python3.6/site-packages/eventlet/wsgi.py:1004
2025-08-18 02:04:45.299 22 INFO neutron.wsgi [-] 10.0.0.249 "GET / HTTP/1.1" status: 200 len: 228 time: 0.0027144
2025-08-18 02:04:46.725 23 DEBUG neutron_lib.callbacks.manager [req-fa2ff2cf-a4d5-40dd-9274-e665d0d4a63e - - - - -] Publish callbacks ['neutron.services.segments.db._update_segment_host_mapping_for_agent-8784982535539', 'neutron.plugins.ml2.plugin.Ml2Plugin._retry_binding_revived_agents-802517'] for agent (17655794-eb42-4f8f-bd14-3852b816c8db), after_update _notify_loop /var/lib/kolla/venv/lib/python3.6/site-packages/neutron_lib/callbacks/manager.py:177
2025-08-18 02:04:46.789 29 DEBUG neutron.db.agents_db [req-c51ee510-ed40-471a-8644-6b94439699a9 - - - - -] Agent healthcheck: found 2 active agents agent_health_check /var/lib/kolla/venv/lib/python3.6/site-packages/neutron/db/agents_db.py:318
2025-08-18 02:05:04.780 25 DEBUG neutron_lib.callbacks.manager [req-5c7e4130-53af-431f-b1d1-ada9c5432a7e - - - - -] Publish callbacks ['neutron.services.segments.db._update_segment_host_mapping_for_agent-8784982535539', 'neutron.plugins.ml2.plugin.Ml2Plugin._retry_binding_revived_agents-802517'] for agent (e35beb6d-ba5f-4ca8-8af8-0ac05ccfec79), after_update _notify_loop /var/lib/kolla/venv/lib/python3.6/site-packages/neutron_lib/callbacks/manager.py:177
2025-08-18 02:05:15.362 22 DEBUG neutron.wsgi [-] (22) accepted ('10.0.0.249', 56354) server /var/lib/kolla/venv/lib/python3.6/site-packages/eventlet/wsgi.py:1004
2025-08-18 02:05:15.365 22 INFO neutron.wsgi [-] 10.0.0.249 "GET / HTTP/1.1" status: 200 len: 228 time: 0.0028651
2025-08-18 02:05:16.729 26 DEBUG neutron_lib.callbacks.manager [req-e1f9c8d4-bc04-4696-b9e5-4700c2bd45aa - - - - -] Publish callbacks ['neutron.services.segments.db._update_segment_host_mapping_for_agent-8784982535539', 'neutron.plugins.ml2.plugin.Ml2Plugin._retry_binding_revived_agents-802517'] for agent (17655794-eb42-4f8f-bd14-3852b816c8db), after_update _notify_loop /var/lib/kolla/venv/lib/python3.6/site-packages/neutron_lib/callbacks/manager.py:177
2025-08-18 02:05:23.796 29 DEBUG neutron.db.agents_db [req-c51ee510-ed40-471a-8644-6b94439699a9 - - - - -] Agent healthcheck: found 2 active agents agent_health_check /var/lib/kolla/venv/lib/python3.6/site-packages/neutron/db/agents_db.py:318
2025-08-18 02:05:26.980 7 INFO oslo_service.service [-] Caught SIGTERM, stopping children
2025-08-18 02:05:26.981 7 DEBUG oslo_concurrency.lockutils [-] Acquired lock "singleton_lock" lock /var/lib/kolla/venv/lib/python3.6/site-packages/oslo_concurrency/lockutils.py:294
2025-08-18 02:05:26.981 7 DEBUG oslo_concurrency.lockutils [-] Releasing lock "singleton_lock" lock /var/lib/kolla/venv/lib/python3.6/site-packages/oslo_concurrency/lockutils.py:312
2025-08-18 02:05:26.981 7 DEBUG oslo_service.service [-] Stop services. stop /var/lib/kolla/venv/lib/python3.6/site-packages/oslo_service/service.py:695
2025-08-18 02:05:26.981 7 DEBUG neutron.service [-] calling RpcWorker stop() stop /var/lib/kolla/venv/lib/python3.6/site-packages/neutron/service.py:138
2025-08-18 02:05:26.981 7 DEBUG neutron.service [-] calling RpcWorker stop() stop /var/lib/kolla/venv/lib/python3.6/site-packages/neutron/service.py:138
2025-08-18 02:05:26.982 7 DEBUG oslo_service.service [-] Killing children. stop /var/lib/kolla/venv/lib/python3.6/site-packages/oslo_service/service.py:700
2025-08-18 02:05:26.982 7 INFO oslo_service.service [-] Waiting on 8 children to exit
2025-08-18 02:05:26.982 22 INFO neutron.wsgi [-] (22) wsgi exited, is_accepting=True
2025-08-18 02:05:26.982 26 DEBUG neutron.service [-] calling RpcWorker stop() stop /var/lib/kolla/venv/lib/python3.6/site-packages/neutron/service.py:138
2025-08-18 02:05:26.982 25 DEBUG neutron.service [-] calling RpcWorker stop() stop /var/lib/kolla/venv/lib/python3.6/site-packages/neutron/service.py:138
2025-08-18 02:05:26.982 24 DEBUG neutron.service [-] calling RpcWorker stop() stop /var/lib/kolla/venv/lib/python3.6/site-packages/neutron/service.py:138
2025-08-18 02:05:26.983 28 DEBUG neutron.service [-] calling RpcWorker stop() stop /var/lib/kolla/venv/lib/python3.6/site-packages/neutron/service.py:138
2025-08-18 02:05:26.983 22 DEBUG oslo_concurrency.lockutils [req-7bbf8760-ef57-4ebf-b0f9-d9fe0dac0ca8 - - - - -] Acquired lock "singleton_lock" lock /var/lib/kolla/venv/lib/python3.6/site-packages/oslo_concurrency/lockutils.py:294
2025-08-18 02:05:26.983 22 DEBUG oslo_concurrency.lockutils [req-7bbf8760-ef57-4ebf-b0f9-d9fe0dac0ca8 - - - - -] Releasing lock "singleton_lock" lock /var/lib/kolla/venv/lib/python3.6/site-packages/oslo_concurrency/lockutils.py:312
2025-08-18 02:05:26.982 25 DEBUG neutron.service [-] calling stop on stop /var/lib/kolla/venv/lib/python3.6/site-packages/neutron/service.py:141
2025-08-18 02:05:26.982 26 DEBUG neutron.service [-] calling stop on stop /var/lib/kolla/venv/lib/python3.6/site-packages/neutron/service.py:141
2025-08-18 02:05:26.983 28 DEBUG neutron.service [-] calling stop on stop /var/lib/kolla/venv/lib/python3.6/site-packages/neutron/service.py:141
2025-08-18 02:05:26.983 24 DEBUG neutron.service [-] calling stop on stop /var/lib/kolla/venv/lib/python3.6/site-packages/neutron/service.py:141
2025-08-18 02:05:26.985 27 DEBUG neutron.service [-] calling RpcWorker stop() stop /var/lib/kolla/venv/lib/python3.6/site-packages/neutron/service.py:138
2025-08-18 02:05:26.986 29 DEBUG neutron.service [-] calling RpcWorker stop() stop /var/lib/kolla/venv/lib/python3.6/site-packages/neutron/service.py:138
2025-08-18 02:05:26.987 7 INFO oslo_service.service [-] Child 22 exited with status 0
2025-08-18 02:05:26.986 29 DEBUG neutron.service [-] calling stop on stop /var/lib/kolla/venv/lib/python3.6/site-packages/neutron/service.py:141
2025-08-18 02:05:26.986 27 DEBUG neutron.service [-] calling stop on stop /var/lib/kolla/venv/lib/python3.6/site-packages/neutron/service.py:141
2025-08-18 02:05:26.989 23 DEBUG neutron.service [-] calling RpcWorker stop() stop /var/lib/kolla/venv/lib/python3.6/site-packages/neutron/service.py:138
2025-08-18 02:05:26.989 23 DEBUG neutron.service [-] calling stop on stop /var/lib/kolla/venv/lib/python3.6/site-packages/neutron/service.py:141
2025-08-18 02:05:27.738 23 DEBUG neutron.service [-] calling stop on stop /var/lib/kolla/venv/lib/python3.6/site-packages/neutron/service.py:141
2025-08-18 02:05:27.752 23 DEBUG neutron.service [-] calling stop on stop /var/lib/kolla/venv/lib/python3.6/site-packages/neutron/service.py:141
2025-08-18 02:05:27.754 24 DEBUG neutron.service [-] calling stop on stop /var/lib/kolla/venv/lib/python3.6/site-packages/neutron/service.py:141
2025-08-18 02:05:27.759 27 DEBUG oslo_concurrency.lockutils [req-7bbf8760-ef57-4ebf-b0f9-d9fe0dac0ca8 - - - - -] Acquired lock "singleton_lock" lock /var/lib/kolla/venv/lib/python3.6/site-packages/oslo_concurrency/lockutils.py:294
2025-08-18 02:05:27.759 27 DEBUG oslo_concurrency.lockutils [req-7bbf8760-ef57-4ebf-b0f9-d9fe0dac0ca8 - - - - -] Releasing lock "singleton_lock" lock /var/lib/kolla/venv/lib/python3.6/site-packages/oslo_concurrency/lockutils.py:312
2025-08-18 02:05:27.760 27 DEBUG neutron.service [req-7bbf8760-ef57-4ebf-b0f9-d9fe0dac0ca8 - - - - -] calling RpcWorker wait() _wait /var/lib/kolla/venv/lib/python3.6/site-packages/neutron/service.py:128
2025-08-18 02:05:27.760 27 DEBUG neutron.service [req-7bbf8760-ef57-4ebf-b0f9-d9fe0dac0ca8 - - - - -] calling wait on _wait /var/lib/kolla/venv/lib/python3.6/site-packages/neutron/service.py:131
2025-08-18 02:05:27.766 27 WARNING amqp [req-7bbf8760-ef57-4ebf-b0f9-d9fe0dac0ca8 - - - - -] Received method (60, 30) during closing channel 1. This method will be ignored
2025-08-18 02:05:27.766 28 DEBUG oslo_concurrency.lockutils [req-7bbf8760-ef57-4ebf-b0f9-d9fe0dac0ca8 - - - - -] Acquired lock "singleton_lock" lock /var/lib/kolla/venv/lib/python3.6/site-packages/oslo_concurrency/lockutils.py:294
2025-08-18 02:05:27.766 27 DEBUG neutron.service [req-7bbf8760-ef57-4ebf-b0f9-d9fe0dac0ca8 - - - - -] returning from RpcWorker wait() _wait /var/lib/kolla/venv/lib/python3.6/site-packages/neutron/service.py:135
2025-08-18 02:05:27.767 28 DEBUG oslo_concurrency.lockutils [req-7bbf8760-ef57-4ebf-b0f9-d9fe0dac0ca8 - - - - -] Releasing lock "singleton_lock" lock /var/lib/kolla/venv/lib/python3.6/site-packages/oslo_concurrency/lockutils.py:312
2025-08-18 02:05:27.767 25 DEBUG neutron.service [-] calling stop on stop /var/lib/kolla/venv/lib/python3.6/site-packages/neutron/service.py:141
2025-08-18 02:05:27.767 28 DEBUG neutron.service [req-7bbf8760-ef57-4ebf-b0f9-d9fe0dac0ca8 - - - - -] calling RpcWorker wait() _wait /var/lib/kolla/venv/lib/python3.6/site-packages/neutron/service.py:128
2025-08-18 02:05:27.767 28 DEBUG neutron.service [req-7bbf8760-ef57-4ebf-b0f9-d9fe0dac0ca8 - - - - -] calling wait on _wait /var/lib/kolla/venv/lib/python3.6/site-packages/neutron/service.py:131
2025-08-18 02:05:27.771 7 INFO oslo_service.service [-] Child 27 exited with status 0
2025-08-18 02:05:27.772 28 WARNING amqp [req-7bbf8760-ef57-4ebf-b0f9-d9fe0dac0ca8 - - - - -] Received method (60, 30) during closing channel 1. This method will be ignored
2025-08-18 02:05:27.773 28 DEBUG neutron.service [req-7bbf8760-ef57-4ebf-b0f9-d9fe0dac0ca8 - - - - -] returning from RpcWorker wait() _wait /var/lib/kolla/venv/lib/python3.6/site-packages/neutron/service.py:135
2025-08-18 02:05:27.774 25 DEBUG neutron.service [-] calling stop on stop /var/lib/kolla/venv/lib/python3.6/site-packages/neutron/service.py:141
2025-08-18 02:05:27.775 29 DEBUG oslo_concurrency.lockutils [req-7bbf8760-ef57-4ebf-b0f9-d9fe0dac0ca8 - - - - -] Acquired lock "singleton_lock" lock /var/lib/kolla/venv/lib/python3.6/site-packages/oslo_concurrency/lockutils.py:294
2025-08-18 02:05:27.776 29 DEBUG oslo_concurrency.lockutils [req-7bbf8760-ef57-4ebf-b0f9-d9fe0dac0ca8 - - - - -] Releasing lock "singleton_lock" lock /var/lib/kolla/venv/lib/python3.6/site-packages/oslo_concurrency/lockutils.py:312
2025-08-18 02:05:27.776 29 DEBUG neutron.service [req-7bbf8760-ef57-4ebf-b0f9-d9fe0dac0ca8 - - - - -] calling RpcWorker wait() _wait /var/lib/kolla/venv/lib/python3.6/site-packages/neutron/service.py:128
2025-08-18 02:05:27.776 29 DEBUG neutron.service [req-7bbf8760-ef57-4ebf-b0f9-d9fe0dac0ca8 - - - - -] calling wait on _wait /var/lib/kolla/venv/lib/python3.6/site-packages/neutron/service.py:131
2025-08-18 02:05:27.777 7 INFO oslo_service.service [-] Child 28 exited with status 0
2025-08-18 02:05:27.782 29 WARNING amqp [req-7bbf8760-ef57-4ebf-b0f9-d9fe0dac0ca8 - - - - -] Received method (60, 30) during closing channel 1. This method will be ignored
2025-08-18 02:05:27.782 29 DEBUG neutron.service [req-7bbf8760-ef57-4ebf-b0f9-d9fe0dac0ca8 - - - - -] returning from RpcWorker wait() _wait /var/lib/kolla/venv/lib/python3.6/site-packages/neutron/service.py:135
2025-08-18 02:05:27.787 7 INFO oslo_service.service [-] Child 29 exited with status 0
2025-08-18 02:05:27.986 25 DEBUG neutron.service [-] calling stop on stop /var/lib/kolla/venv/lib/python3.6/site-packages/neutron/service.py:141
2025-08-18 02:05:29.922 23 DEBUG neutron.service [-] calling stop on stop /var/lib/kolla/venv/lib/python3.6/site-packages/neutron/service.py:141
2025-08-18 02:05:29.925 26 DEBUG oslo_concurrency.lockutils [req-7bbf8760-ef57-4ebf-b0f9-d9fe0dac0ca8 - - - - -] Acquired lock "singleton_lock" lock /var/lib/kolla/venv/lib/python3.6/site-packages/oslo_concurrency/lockutils.py:294
2025-08-18 02:05:29.925 26 DEBUG oslo_concurrency.lockutils [req-7bbf8760-ef57-4ebf-b0f9-d9fe0dac0ca8 - - - - -] Releasing lock "singleton_lock" lock /var/lib/kolla/venv/lib/python3.6/site-packages/oslo_concurrency/lockutils.py:312
2025-08-18 02:05:29.925 26 DEBUG neutron.service [req-7bbf8760-ef57-4ebf-b0f9-d9fe0dac0ca8 - - - - -] calling RpcWorker wait() _wait /var/lib/kolla/venv/lib/python3.6/site-packages/neutron/service.py:128
2025-08-18 02:05:29.925 26 DEBUG neutron.service [req-7bbf8760-ef57-4ebf-b0f9-d9fe0dac0ca8 - - - - -] calling wait on _wait /var/lib/kolla/venv/lib/python3.6/site-packages/neutron/service.py:131
2025-08-18 02:05:29.933 26 WARNING amqp [req-7bbf8760-ef57-4ebf-b0f9-d9fe0dac0ca8 - - - - -] Received method (60, 30) during closing channel 1. This method will be ignored
2025-08-18 02:05:29.933 26 DEBUG neutron.service [req-7bbf8760-ef57-4ebf-b0f9-d9fe0dac0ca8 - - - - -] returning from RpcWorker wait() _wait /var/lib/kolla/venv/lib/python3.6/site-packages/neutron/service.py:135
2025-08-18 02:05:29.938 7 INFO oslo_service.service [-] Child 26 exited with status 0
2025-08-18 02:05:32.755 24 DEBUG neutron.service [-] calling stop on stop /var/lib/kolla/venv/lib/python3.6/site-packages/neutron/service.py:141
2025-08-18 02:05:32.770 24 DEBUG neutron.service [-] calling stop on stop /var/lib/kolla/venv/lib/python3.6/site-packages/neutron/service.py:141
2025-08-18 02:05:32.784 24 DEBUG oslo_concurrency.lockutils [req-7bbf8760-ef57-4ebf-b0f9-d9fe0dac0ca8 - - - - -] Acquired lock "singleton_lock" lock /var/lib/kolla/venv/lib/python3.6/site-packages/oslo_concurrency/lockutils.py:294
2025-08-18 02:05:32.784 24 DEBUG oslo_concurrency.lockutils [req-7bbf8760-ef57-4ebf-b0f9-d9fe0dac0ca8 - - - - -] Releasing lock "singleton_lock" lock /var/lib/kolla/venv/lib/python3.6/site-packages/oslo_concurrency/lockutils.py:312
2025-08-18 02:05:32.784 24 DEBUG neutron.service [req-7bbf8760-ef57-4ebf-b0f9-d9fe0dac0ca8 - - - - -] calling RpcWorker wait() _wait /var/lib/kolla/venv/lib/python3.6/site-packages/neutron/service.py:128
2025-08-18 02:05:32.784 24 DEBUG neutron.service [req-7bbf8760-ef57-4ebf-b0f9-d9fe0dac0ca8 - - - - -] calling wait on _wait /var/lib/kolla/venv/lib/python3.6/site-packages/neutron/service.py:131
2025-08-18 02:05:32.786 23 DEBUG oslo_concurrency.lockutils [req-7bbf8760-ef57-4ebf-b0f9-d9fe0dac0ca8 - - - - -] Acquired lock "singleton_lock" lock /var/lib/kolla/venv/lib/python3.6/site-packages/oslo_concurrency/lockutils.py:294
2025-08-18 02:05:32.786 23 DEBUG oslo_concurrency.lockutils [req-7bbf8760-ef57-4ebf-b0f9-d9fe0dac0ca8 - - - - -] Releasing lock "singleton_lock" lock /var/lib/kolla/venv/lib/python3.6/site-packages/oslo_concurrency/lockutils.py:312
2025-08-18 02:05:32.786 23 DEBUG neutron.service [req-7bbf8760-ef57-4ebf-b0f9-d9fe0dac0ca8 - - - - -] calling RpcWorker wait() _wait /var/lib/kolla/venv/lib/python3.6/site-packages/neutron/service.py:128
2025-08-18 02:05:32.786 23 DEBUG neutron.service [req-7bbf8760-ef57-4ebf-b0f9-d9fe0dac0ca8 - - - - -] calling wait on _wait /var/lib/kolla/venv/lib/python3.6/site-packages/neutron/service.py:131
2025-08-18 02:05:32.790 24 WARNING amqp [req-7bbf8760-ef57-4ebf-b0f9-d9fe0dac0ca8 - - - - -] Received method (60, 30) during closing channel 1. This method will be ignored
2025-08-18 02:05:32.791 24 DEBUG neutron.service [req-7bbf8760-ef57-4ebf-b0f9-d9fe0dac0ca8 - - - - -] calling wait on _wait /var/lib/kolla/venv/lib/python3.6/site-packages/neutron/service.py:131
2025-08-18 02:05:32.793 23 WARNING amqp [req-7bbf8760-ef57-4ebf-b0f9-d9fe0dac0ca8 - - - - -] Received method (60, 30) during closing channel 1. This method will be ignored
2025-08-18 02:05:32.793 23 DEBUG neutron.service [req-7bbf8760-ef57-4ebf-b0f9-d9fe0dac0ca8 - - - - -] calling wait on _wait /var/lib/kolla/venv/lib/python3.6/site-packages/neutron/service.py:131
2025-08-18 02:05:32.794 25 DEBUG oslo_concurrency.lockutils [req-7bbf8760-ef57-4ebf-b0f9-d9fe0dac0ca8 - - - - -] Acquired lock "singleton_lock" lock /var/lib/kolla/venv/lib/python3.6/site-packages/oslo_concurrency/lockutils.py:294
2025-08-18 02:05:32.794 25 DEBUG oslo_concurrency.lockutils [req-7bbf8760-ef57-4ebf-b0f9-d9fe0dac0ca8 - - - - -] Releasing lock "singleton_lock" lock /var/lib/kolla/venv/lib/python3.6/site-packages/oslo_concurrency/lockutils.py:312
2025-08-18 02:05:32.794 25 DEBUG neutron.service [req-7bbf8760-ef57-4ebf-b0f9-d9fe0dac0ca8 - - - - -] calling RpcWorker wait() _wait /var/lib/kolla/venv/lib/python3.6/site-packages/neutron/service.py:128
2025-08-18 02:05:32.794 25 DEBUG neutron.service [req-7bbf8760-ef57-4ebf-b0f9-d9fe0dac0ca8 - - - - -] calling wait on _wait /var/lib/kolla/venv/lib/python3.6/site-packages/neutron/service.py:131
2025-08-18 02:05:32.795 24 WARNING amqp [req-7bbf8760-ef57-4ebf-b0f9-d9fe0dac0ca8 - - - - -] Received method (60, 30) during closing channel 1. This method will be ignored
2025-08-18 02:05:32.796 24 DEBUG neutron.service [req-7bbf8760-ef57-4ebf-b0f9-d9fe0dac0ca8 - - - - -] calling wait on _wait /var/lib/kolla/venv/lib/python3.6/site-packages/neutron/service.py:131
2025-08-18 02:05:32.798 23 WARNING amqp [req-7bbf8760-ef57-4ebf-b0f9-d9fe0dac0ca8 - - - - -] Received method (60, 30) during closing channel 1. This method will be ignored
2025-08-18 02:05:32.799 23 DEBUG neutron.service [req-7bbf8760-ef57-4ebf-b0f9-d9fe0dac0ca8 - - - - -] calling wait on _wait /var/lib/kolla/venv/lib/python3.6/site-packages/neutron/service.py:131
2025-08-18 02:05:32.801 24 WARNING amqp [req-7bbf8760-ef57-4ebf-b0f9-d9fe0dac0ca8 - - - - -] Received method (60, 30) during closing channel 1. This method will be ignored
2025-08-18 02:05:32.801 25 WARNING amqp [req-7bbf8760-ef57-4ebf-b0f9-d9fe0dac0ca8 - - - - -] Received method (60, 30) during closing channel 1. This method will be ignored
2025-08-18 02:05:32.801 24 DEBUG neutron.service [req-7bbf8760-ef57-4ebf-b0f9-d9fe0dac0ca8 - - - - -] calling wait on _wait /var/lib/kolla/venv/lib/python3.6/site-packages/neutron/service.py:131
2025-08-18 02:05:32.801 25 DEBUG neutron.service [req-7bbf8760-ef57-4ebf-b0f9-d9fe0dac0ca8 - - - - -] calling wait on _wait /var/lib/kolla/venv/lib/python3.6/site-packages/neutron/service.py:131
2025-08-18 02:05:32.804 23 WARNING amqp [req-7bbf8760-ef57-4ebf-b0f9-d9fe0dac0ca8 - - - - -] Received method (60, 30) during closing channel 1. This method will be ignored
2025-08-18 02:05:32.804 23 DEBUG neutron.service [req-7bbf8760-ef57-4ebf-b0f9-d9fe0dac0ca8 - - - - -] calling wait on _wait /var/lib/kolla/venv/lib/python3.6/site-packages/neutron/service.py:131
2025-08-18 02:05:32.807 24 WARNING amqp [req-7bbf8760-ef57-4ebf-b0f9-d9fe0dac0ca8 - - - - -] Received method (60, 30) during closing channel 1. This method will be ignored
2025-08-18 02:05:32.807 25 WARNING amqp [req-7bbf8760-ef57-4ebf-b0f9-d9fe0dac0ca8 - - - - -] Received method (60, 30) during closing channel 1. This method will be ignored
2025-08-18 02:05:32.807 24 DEBUG neutron.service [req-7bbf8760-ef57-4ebf-b0f9-d9fe0dac0ca8 - - - - -] returning from RpcWorker wait() _wait /var/lib/kolla/venv/lib/python3.6/site-packages/neutron/service.py:135
2025-08-18 02:05:32.807 25 DEBUG neutron.service [req-7bbf8760-ef57-4ebf-b0f9-d9fe0dac0ca8 - - - - -] calling wait on _wait /var/lib/kolla/venv/lib/python3.6/site-packages/neutron/service.py:131
2025-08-18 02:05:32.809 23 WARNING amqp [req-7bbf8760-ef57-4ebf-b0f9-d9fe0dac0ca8 - - - - -] Received method (60, 30) during closing channel 1. This method will be ignored
2025-08-18 02:05:32.810 23 DEBUG neutron.service [req-7bbf8760-ef57-4ebf-b0f9-d9fe0dac0ca8 - - - - -] returning from RpcWorker wait() _wait /var/lib/kolla/venv/lib/python3.6/site-packages/neutron/service.py:135
2025-08-18 02:05:32.812 25 WARNING amqp [req-7bbf8760-ef57-4ebf-b0f9-d9fe0dac0ca8 - - - - -] Received method (60, 30) during closing channel 1. This method will be ignored
2025-08-18 02:05:32.813 7 INFO oslo_service.service [-] Child 24 exited with status 0
2025-08-18 02:05:32.813 25 DEBUG neutron.service [req-7bbf8760-ef57-4ebf-b0f9-d9fe0dac0ca8 - - - - -] calling wait on _wait /var/lib/kolla/venv/lib/python3.6/site-packages/neutron/service.py:131
2025-08-18 02:05:32.814 7 INFO oslo_service.service [-] Child 23 exited with status 0
2025-08-18 02:05:32.818 25 WARNING amqp [req-7bbf8760-ef57-4ebf-b0f9-d9fe0dac0ca8 - - - - -] Received method (60, 30) during closing channel 1. This method will be ignored
2025-08-18 02:05:32.819 25 DEBUG neutron.service [req-7bbf8760-ef57-4ebf-b0f9-d9fe0dac0ca8 - - - - -] returning from RpcWorker wait() _wait /var/lib/kolla/venv/lib/python3.6/site-packages/neutron/service.py:135
2025-08-18 02:05:32.822 7 INFO oslo_service.service [-] Child 25 exited with status 0
2025-08-18 02:05:32.823 7 INFO oslo_service.service [-] Wait called after thread killed. Cleaning up.
2025-08-18 02:05:32.823 7 DEBUG oslo_service.service [-] Stop services. stop /var/lib/kolla/venv/lib/python3.6/site-packages/oslo_service/service.py:695
2025-08-18 02:05:32.823 7 DEBUG oslo_service.service [-] Killing children. stop /var/lib/kolla/venv/lib/python3.6/site-packages/oslo_service/service.py:700
2025-08-18 02:05:36.353 7 INFO neutron.common.config [-] Logging enabled!
2025-08-18 02:05:36.353 7 INFO neutron.common.config [-] /var/lib/kolla/venv/bin/neutron-server version 20.5.1.dev23
2025-08-18 02:05:36.353 7 DEBUG neutron.common.config [-] command line: /var/lib/kolla/venv/bin/neutron-server --config-file /etc/neutron/neutron.conf --config-file /etc/neutron/ContrailPlugin.ini --config-file /etc/neutron/api-paste.ini setup_logging /var/lib/kolla/venv/lib/python3.6/site-packages/neutron/common/config.py:115
2025-08-18 02:05:36.356 7 INFO neutron.common.config [-] Logging enabled!
2025-08-18 02:05:36.357 7 INFO neutron.common.config [-] /var/lib/kolla/venv/bin/neutron-server version 20.5.1.dev23
2025-08-18 02:05:36.357 7 DEBUG neutron.common.config [-] command line: /var/lib/kolla/venv/bin/neutron-server --config-file /etc/neutron/neutron.conf --config-file /etc/neutron/ContrailPlugin.ini --config-file /etc/neutron/api-paste.ini setup_logging /var/lib/kolla/venv/lib/python3.6/site-packages/neutron/common/config.py:115
2025-08-18 02:05:36.357 7 DEBUG neutron.common.config [-] ******************************************************************************** log_opt_values /var/lib/kolla/venv/lib/python3.6/site-packages/oslo_config/cfg.py:2589
2025-08-18 02:05:36.357 7 DEBUG neutron.common.config [-] Configuration options gathered from: log_opt_values /var/lib/kolla/venv/lib/python3.6/site-packages/oslo_config/cfg.py:2590
2025-08-18 02:05:36.357 7 DEBUG neutron.common.config [-] command line args: ['--config-file', '/etc/neutron/neutron.conf', '--config-file', '/etc/neutron/ContrailPlugin.ini', '--config-file', '/etc/neutron/api-paste.ini'] log_opt_values /var/lib/kolla/venv/lib/python3.6/site-packages/oslo_config/cfg.py:2591
2025-08-18 02:05:36.358 7 DEBUG neutron.common.config [-] config files: ['/etc/neutron/neutron.conf', '/etc/neutron/ContrailPlugin.ini', '/etc/neutron/api-paste.ini'] log_opt_values /var/lib/kolla/venv/lib/python3.6/site-packages/oslo_config/cfg.py:2593
2025-08-18 02:05:36.358 7 DEBUG neutron.common.config [-] ================================================================================ log_opt_values /var/lib/kolla/venv/lib/python3.6/site-packages/oslo_config/cfg.py:2594
2025-08-18 02:05:36.358 7 DEBUG neutron.common.config [-] allow_bulk = True log_opt_values /var/lib/kolla/venv/lib/python3.6/site-packages/oslo_config/cfg.py:2603
2025-08-18 02:05:36.358 7 WARNING oslo_config.cfg [-] Deprecated: Option "allow_overlapping_ips" from group "DEFAULT" is deprecated for removal. Its value may be silently ignored in the future.
2025-08-18 02:05:36.358 7 DEBUG neutron.common.config [-] allow_overlapping_ips = True log_opt_values /var/lib/kolla/venv/lib/python3.6/site-packages/oslo_config/cfg.py:2603
2025-08-18 02:05:36.359 7 DEBUG neutron.common.config [-] api_extensions_path = /opt/plugin/site-packages/neutron_plugin_contrail/extensions:/opt/plugin/site-packages/neutron_lbaas/extensions log_opt_values /var/lib/kolla/venv/lib/python3.6/site-packages/oslo_config/cfg.py:2603
2025-08-18 02:05:36.359 7 DEBUG neutron.common.config [-] api_paste_config = /etc/neutron/api-paste.ini log_opt_values /var/lib/kolla/venv/lib/python3.6/site-packages/oslo_config/cfg.py:2603
2025-08-18 02:05:36.359 7 DEBUG neutron.common.config [-] api_workers = 1 log_opt_values /var/lib/kolla/venv/lib/python3.6/site-packages/oslo_config/cfg.py:2603
2025-08-18 02:05:36.359 7 DEBUG neutron.common.config [-] auth_strategy = keystone log_opt_values /var/lib/kolla/venv/lib/python3.6/site-packages/oslo_config/cfg.py:2603
2025-08-18 02:05:36.359 7 DEBUG neutron.common.config [-] backlog = 4096 log_opt_values /var/lib/kolla/venv/lib/python3.6/site-packages/oslo_config/cfg.py:2603
2025-08-18 02:05:36.359 7 DEBUG neutron.common.config [-] base_mac = fa:16:3e:00:00:00 log_opt_values /var/lib/kolla/venv/lib/python3.6/site-packages/oslo_config/cfg.py:2603
2025-08-18 02:05:36.359 7 DEBUG neutron.common.config [-] bind_host = 10.0.0.249 log_opt_values /var/lib/kolla/venv/lib/python3.6/site-packages/oslo_config/cfg.py:2603
2025-08-18 02:05:36.359 7 DEBUG neutron.common.config [-] bind_port = 9696 log_opt_values /var/lib/kolla/venv/lib/python3.6/site-packages/oslo_config/cfg.py:2603
2025-08-18 02:05:36.359 7 DEBUG neutron.common.config [-] client_socket_timeout = 900 log_opt_values /var/lib/kolla/venv/lib/python3.6/site-packages/oslo_config/cfg.py:2603
2025-08-18 02:05:36.359 7 DEBUG neutron.common.config [-] config_dir = [] log_opt_values /var/lib/kolla/venv/lib/python3.6/site-packages/oslo_config/cfg.py:2603
2025-08-18 02:05:36.360 7 DEBUG neutron.common.config [-] config_file = ['/etc/neutron/neutron.conf', '/etc/neutron/ContrailPlugin.ini', '/etc/neutron/api-paste.ini'] log_opt_values /var/lib/kolla/venv/lib/python3.6/site-packages/oslo_config/cfg.py:2603
