2025-08-14 01:52:26.875 7 DEBUG oslo_service.service [-] ml2_type_gre.tunnel_id_ranges = [] log_opt_values /var/lib/kolla/venv/lib/python3.6/site-packages/oslo_config/cfg.py:2611
2025-08-14 01:52:26.875 7 DEBUG oslo_service.service [-] ml2_type_vlan.network_vlan_ranges = [] log_opt_values /var/lib/kolla/venv/lib/python3.6/site-packages/oslo_config/cfg.py:2611
2025-08-14 01:52:26.875 7 DEBUG oslo_service.service [-] ml2_type_vxlan.vni_ranges = [] log_opt_values /var/lib/kolla/venv/lib/python3.6/site-packages/oslo_config/cfg.py:2611
2025-08-14 01:52:26.875 7 DEBUG oslo_service.service [-] ml2_type_vxlan.vxlan_group = None log_opt_values /var/lib/kolla/venv/lib/python3.6/site-packages/oslo_config/cfg.py:2611
2025-08-14 01:52:26.875 7 DEBUG oslo_service.service [-] database.backend = sqlalchemy log_opt_values /var/lib/kolla/venv/lib/python3.6/site-packages/oslo_config/cfg.py:2611
2025-08-14 01:52:26.875 7 DEBUG oslo_service.service [-] database.connection = **** log_opt_values /var/lib/kolla/venv/lib/python3.6/site-packages/oslo_config/cfg.py:2611
2025-08-14 01:52:26.875 7 DEBUG oslo_service.service [-] database.connection_debug = 0 log_opt_values /var/lib/kolla/venv/lib/python3.6/site-packages/oslo_config/cfg.py:2611
2025-08-14 01:52:26.875 7 DEBUG oslo_service.service [-] database.connection_parameters = log_opt_values /var/lib/kolla/venv/lib/python3.6/site-packages/oslo_config/cfg.py:2611
2025-08-14 01:52:26.875 7 DEBUG oslo_service.service [-] database.connection_recycle_time = 10 log_opt_values /var/lib/kolla/venv/lib/python3.6/site-packages/oslo_config/cfg.py:2611
2025-08-14 01:52:26.875 7 DEBUG oslo_service.service [-] database.connection_trace = False log_opt_values /var/lib/kolla/venv/lib/python3.6/site-packages/oslo_config/cfg.py:2611
2025-08-14 01:52:26.875 7 DEBUG oslo_service.service [-] database.db_inc_retry_interval = True log_opt_values /var/lib/kolla/venv/lib/python3.6/site-packages/oslo_config/cfg.py:2611
2025-08-14 01:52:26.875 7 DEBUG oslo_service.service [-] database.db_max_retries = 20 log_opt_values /var/lib/kolla/venv/lib/python3.6/site-packages/oslo_config/cfg.py:2611
2025-08-14 01:52:26.876 7 DEBUG oslo_service.service [-] database.db_max_retry_interval = 10 log_opt_values /var/lib/kolla/venv/lib/python3.6/site-packages/oslo_config/cfg.py:2611
2025-08-14 01:52:26.876 7 DEBUG oslo_service.service [-] database.db_retry_interval = 1 log_opt_values /var/lib/kolla/venv/lib/python3.6/site-packages/oslo_config/cfg.py:2611
2025-08-14 01:52:26.876 7 DEBUG oslo_service.service [-] database.max_overflow = 50 log_opt_values /var/lib/kolla/venv/lib/python3.6/site-packages/oslo_config/cfg.py:2611
2025-08-14 01:52:26.876 7 DEBUG oslo_service.service [-] database.max_pool_size = 1 log_opt_values /var/lib/kolla/venv/lib/python3.6/site-packages/oslo_config/cfg.py:2611
2025-08-14 01:52:26.876 7 DEBUG oslo_service.service [-] database.max_retries = -1 log_opt_values /var/lib/kolla/venv/lib/python3.6/site-packages/oslo_config/cfg.py:2611
2025-08-14 01:52:26.876 7 DEBUG oslo_service.service [-] database.mysql_enable_ndb = False log_opt_values /var/lib/kolla/venv/lib/python3.6/site-packages/oslo_config/cfg.py:2611
2025-08-14 01:52:26.876 7 DEBUG oslo_service.service [-] database.mysql_sql_mode = TRADITIONAL log_opt_values /var/lib/kolla/venv/lib/python3.6/site-packages/oslo_config/cfg.py:2611
2025-08-14 01:52:26.876 7 DEBUG oslo_service.service [-] database.pool_timeout = None log_opt_values /var/lib/kolla/venv/lib/python3.6/site-packages/oslo_config/cfg.py:2611
2025-08-14 01:52:26.876 7 DEBUG oslo_service.service [-] database.retry_interval = 10 log_opt_values /var/lib/kolla/venv/lib/python3.6/site-packages/oslo_config/cfg.py:2611
2025-08-14 01:52:26.876 7 DEBUG oslo_service.service [-] database.slave_connection = **** log_opt_values /var/lib/kolla/venv/lib/python3.6/site-packages/oslo_config/cfg.py:2611
2025-08-14 01:52:26.876 7 DEBUG oslo_service.service [-] database.sqlite_synchronous = True log_opt_values /var/lib/kolla/venv/lib/python3.6/site-packages/oslo_config/cfg.py:2611
2025-08-14 01:52:26.876 7 DEBUG oslo_service.service [-] database.use_db_reconnect = False log_opt_values /var/lib/kolla/venv/lib/python3.6/site-packages/oslo_config/cfg.py:2611
2025-08-14 01:52:26.876 7 DEBUG oslo_service.service [-] ******************************************************************************** log_opt_values /var/lib/kolla/venv/lib/python3.6/site-packages/oslo_config/cfg.py:2613
2025-08-14 01:52:28.873 22 DEBUG neutron.wsgi [-] (22) accepted ('10.0.0.50', 58614) server /var/lib/kolla/venv/lib/python3.6/site-packages/eventlet/wsgi.py:1004
2025-08-14 01:52:28.879 22 INFO neutron.wsgi [-] 10.0.0.50 "GET / HTTP/1.1" status: 200 len: 227 time: 0.0044241
2025-08-14 01:52:30.545 25 DEBUG neutron.api.rpc.handlers.dhcp_rpc [req-8d7387a5-6316-4822-af0c-4e90b2dd03de - - - - -] get_active_networks_info from cn-jenkins-deploy-platform-ansible-os-3850-1 get_active_networks_info /var/lib/kolla/venv/lib/python3.6/site-packages/neutron/api/rpc/handlers/dhcp_rpc.py:159
2025-08-14 01:52:30.564 28 DEBUG neutron_lib.callbacks.manager [req-0211a912-a96c-443b-aa1a-286998d2fb7c - - - - -] Publish callbacks ['neutron.services.segments.db._update_segment_host_mapping_for_agent-8778323534963', 'neutron.services.l3_router.l3_router_plugin.DVRResourceOperationHandler.create_fip_agent_gw_ports--9223372036854179068'] for agent (6bf2e03b-e17b-4df8-86c9-3560977cfae2), after_create _notify_loop /var/lib/kolla/venv/lib/python3.6/site-packages/neutron_lib/callbacks/manager.py:177
2025-08-14 01:52:30.583 25 DEBUG neutron.scheduler.dhcp_agent_scheduler [req-8d7387a5-6316-4822-af0c-4e90b2dd03de - - - - -] No non-hosted networks auto_schedule_networks /var/lib/kolla/venv/lib/python3.6/site-packages/neutron/scheduler/dhcp_agent_scheduler.py:60
2025-08-14 01:52:46.622 27 DEBUG neutron_lib.callbacks.manager [req-9c3ee99d-b9c5-41d3-853d-81d7b25a21f5 - - - - -] Publish callbacks ['neutron.services.segments.db._update_segment_host_mapping_for_agent-8778323534963', 'neutron.services.l3_router.l3_router_plugin.DVRResourceOperationHandler.create_fip_agent_gw_ports--9223372036854179068'] for agent (c5f1f441-a2b2-4d17-b673-4926326f4470), after_create _notify_loop /var/lib/kolla/venv/lib/python3.6/site-packages/neutron_lib/callbacks/manager.py:177
2025-08-14 01:52:58.918 22 DEBUG neutron.wsgi [-] (22) accepted ('10.0.0.50', 57556) server /var/lib/kolla/venv/lib/python3.6/site-packages/eventlet/wsgi.py:1004
2025-08-14 01:52:58.922 22 INFO neutron.wsgi [-] 10.0.0.50 "GET / HTTP/1.1" status: 200 len: 227 time: 0.0028126
2025-08-14 01:53:00.556 26 DEBUG neutron_lib.callbacks.manager [req-ca1a0dc2-d505-43f4-ae35-eb10ed7a7a2a - - - - -] Publish callbacks ['neutron.services.segments.db._update_segment_host_mapping_for_agent-8778323534963', 'neutron.plugins.ml2.plugin.Ml2Plugin._retry_binding_revived_agents-3993301'] for agent (6bf2e03b-e17b-4df8-86c9-3560977cfae2), after_update _notify_loop /var/lib/kolla/venv/lib/python3.6/site-packages/neutron_lib/callbacks/manager.py:177
2025-08-14 01:53:16.596 25 DEBUG neutron_lib.callbacks.manager [req-9c3ee99d-b9c5-41d3-853d-81d7b25a21f5 - - - - -] Publish callbacks ['neutron.services.segments.db._update_segment_host_mapping_for_agent-8778323534963', 'neutron.plugins.ml2.plugin.Ml2Plugin._retry_binding_revived_agents-3993301'] for agent (c5f1f441-a2b2-4d17-b673-4926326f4470), after_update _notify_loop /var/lib/kolla/venv/lib/python3.6/site-packages/neutron_lib/callbacks/manager.py:177
2025-08-14 01:53:28.961 22 DEBUG neutron.wsgi [-] (22) accepted ('10.0.0.50', 36968) server /var/lib/kolla/venv/lib/python3.6/site-packages/eventlet/wsgi.py:1004
2025-08-14 01:53:28.964 22 INFO neutron.wsgi [-] 10.0.0.50 "GET / HTTP/1.1" status: 200 len: 227 time: 0.0024669
2025-08-14 01:53:30.560 23 DEBUG neutron_lib.callbacks.manager [req-2d5d1bde-a00b-4cfe-babe-0f2c19f760d1 - - - - -] Publish callbacks ['neutron.services.segments.db._update_segment_host_mapping_for_agent-8778323534963', 'neutron.plugins.ml2.plugin.Ml2Plugin._retry_binding_revived_agents-3993301'] for agent (6bf2e03b-e17b-4df8-86c9-3560977cfae2), after_update _notify_loop /var/lib/kolla/venv/lib/python3.6/site-packages/neutron_lib/callbacks/manager.py:177
2025-08-14 01:53:30.844 29 DEBUG neutron.db.agents_db [req-c53c5012-f44e-4c78-9b16-0aabc118a640 - - - - -] Agent healthcheck: found 2 active agents agent_health_check /var/lib/kolla/venv/lib/python3.6/site-packages/neutron/db/agents_db.py:318
2025-08-14 01:53:46.606 24 DEBUG neutron_lib.callbacks.manager [req-9c3ee99d-b9c5-41d3-853d-81d7b25a21f5 - - - - -] Publish callbacks ['neutron.services.segments.db._update_segment_host_mapping_for_agent-8778323534963', 'neutron.plugins.ml2.plugin.Ml2Plugin._retry_binding_revived_agents-3993301'] for agent (c5f1f441-a2b2-4d17-b673-4926326f4470), after_update _notify_loop /var/lib/kolla/venv/lib/python3.6/site-packages/neutron_lib/callbacks/manager.py:177
2025-08-14 01:53:59.004 22 DEBUG neutron.wsgi [-] (22) accepted ('10.0.0.50', 41650) server /var/lib/kolla/venv/lib/python3.6/site-packages/eventlet/wsgi.py:1004
2025-08-14 01:53:59.008 22 INFO neutron.wsgi [-] 10.0.0.50 "GET / HTTP/1.1" status: 200 len: 227 time: 0.0025766
2025-08-14 01:54:00.550 28 DEBUG neutron_lib.callbacks.manager [req-4b9c88f4-25e1-4f45-a27c-1034dfefe823 - - - - -] Publish callbacks ['neutron.services.segments.db._update_segment_host_mapping_for_agent-8778323534963', 'neutron.plugins.ml2.plugin.Ml2Plugin._retry_binding_revived_agents-3993301'] for agent (6bf2e03b-e17b-4df8-86c9-3560977cfae2), after_update _notify_loop /var/lib/kolla/venv/lib/python3.6/site-packages/neutron_lib/callbacks/manager.py:177
2025-08-14 01:54:07.840 29 DEBUG neutron.db.agents_db [req-c53c5012-f44e-4c78-9b16-0aabc118a640 - - - - -] Agent healthcheck: found 2 active agents agent_health_check /var/lib/kolla/venv/lib/python3.6/site-packages/neutron/db/agents_db.py:318
2025-08-14 01:54:16.597 27 DEBUG neutron_lib.callbacks.manager [req-9c3ee99d-b9c5-41d3-853d-81d7b25a21f5 - - - - -] Publish callbacks ['neutron.services.segments.db._update_segment_host_mapping_for_agent-8778323534963', 'neutron.plugins.ml2.plugin.Ml2Plugin._retry_binding_revived_agents-3993301'] for agent (c5f1f441-a2b2-4d17-b673-4926326f4470), after_update _notify_loop /var/lib/kolla/venv/lib/python3.6/site-packages/neutron_lib/callbacks/manager.py:177
2025-08-14 01:54:29.047 22 DEBUG neutron.wsgi [-] (22) accepted ('10.0.0.50', 57342) server /var/lib/kolla/venv/lib/python3.6/site-packages/eventlet/wsgi.py:1004
2025-08-14 01:54:29.050 22 INFO neutron.wsgi [-] 10.0.0.50 "GET / HTTP/1.1" status: 200 len: 227 time: 0.0024073
2025-08-14 01:54:30.544 26 DEBUG neutron_lib.callbacks.manager [req-7afc4a2f-1eec-4ac2-9483-8d1f35e6e570 - - - - -] Publish callbacks ['neutron.services.segments.db._update_segment_host_mapping_for_agent-8778323534963', 'neutron.plugins.ml2.plugin.Ml2Plugin._retry_binding_revived_agents-3993301'] for agent (6bf2e03b-e17b-4df8-86c9-3560977cfae2), after_update _notify_loop /var/lib/kolla/venv/lib/python3.6/site-packages/neutron_lib/callbacks/manager.py:177
2025-08-14 01:54:44.848 29 DEBUG neutron.db.agents_db [req-c53c5012-f44e-4c78-9b16-0aabc118a640 - - - - -] Agent healthcheck: found 2 active agents agent_health_check /var/lib/kolla/venv/lib/python3.6/site-packages/neutron/db/agents_db.py:318
2025-08-14 01:54:46.597 25 DEBUG neutron_lib.callbacks.manager [req-9c3ee99d-b9c5-41d3-853d-81d7b25a21f5 - - - - -] Publish callbacks ['neutron.services.segments.db._update_segment_host_mapping_for_agent-8778323534963', 'neutron.plugins.ml2.plugin.Ml2Plugin._retry_binding_revived_agents-3993301'] for agent (c5f1f441-a2b2-4d17-b673-4926326f4470), after_update _notify_loop /var/lib/kolla/venv/lib/python3.6/site-packages/neutron_lib/callbacks/manager.py:177
2025-08-14 01:54:59.091 22 DEBUG neutron.wsgi [-] (22) accepted ('10.0.0.50', 46082) server /var/lib/kolla/venv/lib/python3.6/site-packages/eventlet/wsgi.py:1004
2025-08-14 01:54:59.094 22 INFO neutron.wsgi [-] 10.0.0.50 "GET / HTTP/1.1" status: 200 len: 227 time: 0.0025878
2025-08-14 01:55:00.549 23 DEBUG neutron_lib.callbacks.manager [req-ca147257-9431-497c-91e2-49e5cfba655f - - - - -] Publish callbacks ['neutron.services.segments.db._update_segment_host_mapping_for_agent-8778323534963', 'neutron.plugins.ml2.plugin.Ml2Plugin._retry_binding_revived_agents-3993301'] for agent (6bf2e03b-e17b-4df8-86c9-3560977cfae2), after_update _notify_loop /var/lib/kolla/venv/lib/python3.6/site-packages/neutron_lib/callbacks/manager.py:177
2025-08-14 01:55:16.600 24 DEBUG neutron_lib.callbacks.manager [req-9c3ee99d-b9c5-41d3-853d-81d7b25a21f5 - - - - -] Publish callbacks ['neutron.services.segments.db._update_segment_host_mapping_for_agent-8778323534963', 'neutron.plugins.ml2.plugin.Ml2Plugin._retry_binding_revived_agents-3993301'] for agent (c5f1f441-a2b2-4d17-b673-4926326f4470), after_update _notify_loop /var/lib/kolla/venv/lib/python3.6/site-packages/neutron_lib/callbacks/manager.py:177
2025-08-14 01:55:21.858 29 DEBUG neutron.db.agents_db [req-c53c5012-f44e-4c78-9b16-0aabc118a640 - - - - -] Agent healthcheck: found 2 active agents agent_health_check /var/lib/kolla/venv/lib/python3.6/site-packages/neutron/db/agents_db.py:318
2025-08-14 01:55:29.133 22 DEBUG neutron.wsgi [-] (22) accepted ('10.0.0.50', 35380) server /var/lib/kolla/venv/lib/python3.6/site-packages/eventlet/wsgi.py:1004
2025-08-14 01:55:29.136 22 INFO neutron.wsgi [-] 10.0.0.50 "GET / HTTP/1.1" status: 200 len: 227 time: 0.0024548
2025-08-14 01:55:30.558 28 DEBUG neutron_lib.callbacks.manager [req-d31da1d5-b3de-49e2-90c2-bf3b4d3f29a5 - - - - -] Publish callbacks ['neutron.services.segments.db._update_segment_host_mapping_for_agent-8778323534963', 'neutron.plugins.ml2.plugin.Ml2Plugin._retry_binding_revived_agents-3993301'] for agent (6bf2e03b-e17b-4df8-86c9-3560977cfae2), after_update _notify_loop /var/lib/kolla/venv/lib/python3.6/site-packages/neutron_lib/callbacks/manager.py:177
2025-08-14 01:55:46.602 27 DEBUG neutron_lib.callbacks.manager [req-9c3ee99d-b9c5-41d3-853d-81d7b25a21f5 - - - - -] Publish callbacks ['neutron.services.segments.db._update_segment_host_mapping_for_agent-8778323534963', 'neutron.plugins.ml2.plugin.Ml2Plugin._retry_binding_revived_agents-3993301'] for agent (c5f1f441-a2b2-4d17-b673-4926326f4470), after_update _notify_loop /var/lib/kolla/venv/lib/python3.6/site-packages/neutron_lib/callbacks/manager.py:177
2025-08-14 01:55:58.864 29 DEBUG neutron.db.agents_db [req-c53c5012-f44e-4c78-9b16-0aabc118a640 - - - - -] Agent healthcheck: found 2 active agents agent_health_check /var/lib/kolla/venv/lib/python3.6/site-packages/neutron/db/agents_db.py:318
2025-08-14 01:55:59.176 22 DEBUG neutron.wsgi [-] (22) accepted ('10.0.0.50', 36426) server /var/lib/kolla/venv/lib/python3.6/site-packages/eventlet/wsgi.py:1004
2025-08-14 01:55:59.179 22 INFO neutron.wsgi [-] 10.0.0.50 "GET / HTTP/1.1" status: 200 len: 227 time: 0.0024283
2025-08-14 01:56:00.552 26 DEBUG neutron_lib.callbacks.manager [req-e34ae7a8-9609-43af-911b-1e153c6f322c - - - - -] Publish callbacks ['neutron.services.segments.db._update_segment_host_mapping_for_agent-8778323534963', 'neutron.plugins.ml2.plugin.Ml2Plugin._retry_binding_revived_agents-3993301'] for agent (6bf2e03b-e17b-4df8-86c9-3560977cfae2), after_update _notify_loop /var/lib/kolla/venv/lib/python3.6/site-packages/neutron_lib/callbacks/manager.py:177
2025-08-14 01:56:16.604 25 DEBUG neutron_lib.callbacks.manager [req-9c3ee99d-b9c5-41d3-853d-81d7b25a21f5 - - - - -] Publish callbacks ['neutron.services.segments.db._update_segment_host_mapping_for_agent-8778323534963', 'neutron.plugins.ml2.plugin.Ml2Plugin._retry_binding_revived_agents-3993301'] for agent (c5f1f441-a2b2-4d17-b673-4926326f4470), after_update _notify_loop /var/lib/kolla/venv/lib/python3.6/site-packages/neutron_lib/callbacks/manager.py:177
2025-08-14 01:56:29.218 22 DEBUG neutron.wsgi [-] (22) accepted ('10.0.0.50', 56360) server /var/lib/kolla/venv/lib/python3.6/site-packages/eventlet/wsgi.py:1004
2025-08-14 01:56:29.221 22 INFO neutron.wsgi [-] 10.0.0.50 "GET / HTTP/1.1" status: 200 len: 227 time: 0.0025752
2025-08-14 01:56:30.556 23 DEBUG neutron_lib.callbacks.manager [req-5a508a3b-4939-4752-9eb6-99006ed07cb0 - - - - -] Publish callbacks ['neutron.services.segments.db._update_segment_host_mapping_for_agent-8778323534963', 'neutron.plugins.ml2.plugin.Ml2Plugin._retry_binding_revived_agents-3993301'] for agent (6bf2e03b-e17b-4df8-86c9-3560977cfae2), after_update _notify_loop /var/lib/kolla/venv/lib/python3.6/site-packages/neutron_lib/callbacks/manager.py:177
2025-08-14 01:56:35.870 29 DEBUG neutron.db.agents_db [req-c53c5012-f44e-4c78-9b16-0aabc118a640 - - - - -] Agent healthcheck: found 2 active agents agent_health_check /var/lib/kolla/venv/lib/python3.6/site-packages/neutron/db/agents_db.py:318
2025-08-14 01:56:46.606 24 DEBUG neutron_lib.callbacks.manager [req-9c3ee99d-b9c5-41d3-853d-81d7b25a21f5 - - - - -] Publish callbacks ['neutron.services.segments.db._update_segment_host_mapping_for_agent-8778323534963', 'neutron.plugins.ml2.plugin.Ml2Plugin._retry_binding_revived_agents-3993301'] for agent (c5f1f441-a2b2-4d17-b673-4926326f4470), after_update _notify_loop /var/lib/kolla/venv/lib/python3.6/site-packages/neutron_lib/callbacks/manager.py:177
2025-08-14 01:56:59.261 22 DEBUG neutron.wsgi [-] (22) accepted ('10.0.0.50', 54746) server /var/lib/kolla/venv/lib/python3.6/site-packages/eventlet/wsgi.py:1004
2025-08-14 01:56:59.265 22 INFO neutron.wsgi [-] 10.0.0.50 "GET / HTTP/1.1" status: 200 len: 227 time: 0.0040703
2025-08-14 01:57:00.560 28 DEBUG neutron_lib.callbacks.manager [req-bff16cb0-446f-4fa3-aed2-b635fdc1683c - - - - -] Publish callbacks ['neutron.services.segments.db._update_segment_host_mapping_for_agent-8778323534963', 'neutron.plugins.ml2.plugin.Ml2Plugin._retry_binding_revived_agents-3993301'] for agent (6bf2e03b-e17b-4df8-86c9-3560977cfae2), after_update _notify_loop /var/lib/kolla/venv/lib/python3.6/site-packages/neutron_lib/callbacks/manager.py:177
2025-08-14 01:57:12.877 29 DEBUG neutron.db.agents_db [req-c53c5012-f44e-4c78-9b16-0aabc118a640 - - - - -] Agent healthcheck: found 2 active agents agent_health_check /var/lib/kolla/venv/lib/python3.6/site-packages/neutron/db/agents_db.py:318
2025-08-14 01:57:16.609 27 DEBUG neutron_lib.callbacks.manager [req-9c3ee99d-b9c5-41d3-853d-81d7b25a21f5 - - - - -] Publish callbacks ['neutron.services.segments.db._update_segment_host_mapping_for_agent-8778323534963', 'neutron.plugins.ml2.plugin.Ml2Plugin._retry_binding_revived_agents-3993301'] for agent (c5f1f441-a2b2-4d17-b673-4926326f4470), after_update _notify_loop /var/lib/kolla/venv/lib/python3.6/site-packages/neutron_lib/callbacks/manager.py:177
2025-08-14 01:57:29.311 22 DEBUG neutron.wsgi [-] (22) accepted ('10.0.0.50', 42474) server /var/lib/kolla/venv/lib/python3.6/site-packages/eventlet/wsgi.py:1004
2025-08-14 01:57:29.315 22 INFO neutron.wsgi [-] 10.0.0.50 "GET / HTTP/1.1" status: 200 len: 227 time: 0.0037799
2025-08-14 01:57:30.565 26 DEBUG neutron_lib.callbacks.manager [req-94ce0486-e962-421f-86f7-c012c9c276d6 - - - - -] Publish callbacks ['neutron.services.segments.db._update_segment_host_mapping_for_agent-8778323534963', 'neutron.plugins.ml2.plugin.Ml2Plugin._retry_binding_revived_agents-3993301'] for agent (6bf2e03b-e17b-4df8-86c9-3560977cfae2), after_update _notify_loop /var/lib/kolla/venv/lib/python3.6/site-packages/neutron_lib/callbacks/manager.py:177
2025-08-14 01:57:46.612 25 DEBUG neutron_lib.callbacks.manager [req-9c3ee99d-b9c5-41d3-853d-81d7b25a21f5 - - - - -] Publish callbacks ['neutron.services.segments.db._update_segment_host_mapping_for_agent-8778323534963', 'neutron.plugins.ml2.plugin.Ml2Plugin._retry_binding_revived_agents-3993301'] for agent (c5f1f441-a2b2-4d17-b673-4926326f4470), after_update _notify_loop /var/lib/kolla/venv/lib/python3.6/site-packages/neutron_lib/callbacks/manager.py:177
2025-08-14 01:57:49.883 29 DEBUG neutron.db.agents_db [req-c53c5012-f44e-4c78-9b16-0aabc118a640 - - - - -] Agent healthcheck: found 2 active agents agent_health_check /var/lib/kolla/venv/lib/python3.6/site-packages/neutron/db/agents_db.py:318
2025-08-14 01:57:59.358 22 DEBUG neutron.wsgi [-] (22) accepted ('10.0.0.50', 50428) server /var/lib/kolla/venv/lib/python3.6/site-packages/eventlet/wsgi.py:1004
2025-08-14 01:57:59.361 22 INFO neutron.wsgi [-] 10.0.0.50 "GET / HTTP/1.1" status: 200 len: 227 time: 0.0023317
2025-08-14 01:58:00.570 23 DEBUG neutron_lib.callbacks.manager [req-af13ec14-e9ea-4b8f-a898-ea17770f3b31 - - - - -] Publish callbacks ['neutron.services.segments.db._update_segment_host_mapping_for_agent-8778323534963', 'neutron.plugins.ml2.plugin.Ml2Plugin._retry_binding_revived_agents-3993301'] for agent (6bf2e03b-e17b-4df8-86c9-3560977cfae2), after_update _notify_loop /var/lib/kolla/venv/lib/python3.6/site-packages/neutron_lib/callbacks/manager.py:177
2025-08-14 01:58:16.619 24 DEBUG neutron_lib.callbacks.manager [req-9c3ee99d-b9c5-41d3-853d-81d7b25a21f5 - - - - -] Publish callbacks ['neutron.services.segments.db._update_segment_host_mapping_for_agent-8778323534963', 'neutron.plugins.ml2.plugin.Ml2Plugin._retry_binding_revived_agents-3993301'] for agent (c5f1f441-a2b2-4d17-b673-4926326f4470), after_update _notify_loop /var/lib/kolla/venv/lib/python3.6/site-packages/neutron_lib/callbacks/manager.py:177
2025-08-14 01:58:26.887 29 DEBUG neutron.db.agents_db [req-c53c5012-f44e-4c78-9b16-0aabc118a640 - - - - -] Agent healthcheck: found 2 active agents agent_health_check /var/lib/kolla/venv/lib/python3.6/site-packages/neutron/db/agents_db.py:318
2025-08-14 01:58:29.401 22 DEBUG neutron.wsgi [-] (22) accepted ('10.0.0.50', 53622) server /var/lib/kolla/venv/lib/python3.6/site-packages/eventlet/wsgi.py:1004
2025-08-14 01:58:29.404 22 INFO neutron.wsgi [-] 10.0.0.50 "GET / HTTP/1.1" status: 200 len: 227 time: 0.0024161
2025-08-14 01:58:30.574 28 DEBUG neutron_lib.callbacks.manager [req-8aa89c29-01a0-4b36-879a-c7459051252a - - - - -] Publish callbacks ['neutron.services.segments.db._update_segment_host_mapping_for_agent-8778323534963', 'neutron.plugins.ml2.plugin.Ml2Plugin._retry_binding_revived_agents-3993301'] for agent (6bf2e03b-e17b-4df8-86c9-3560977cfae2), after_update _notify_loop /var/lib/kolla/venv/lib/python3.6/site-packages/neutron_lib/callbacks/manager.py:177
2025-08-14 01:58:46.618 27 DEBUG neutron_lib.callbacks.manager [req-9c3ee99d-b9c5-41d3-853d-81d7b25a21f5 - - - - -] Publish callbacks ['neutron.services.segments.db._update_segment_host_mapping_for_agent-8778323534963', 'neutron.plugins.ml2.plugin.Ml2Plugin._retry_binding_revived_agents-3993301'] for agent (c5f1f441-a2b2-4d17-b673-4926326f4470), after_update _notify_loop /var/lib/kolla/venv/lib/python3.6/site-packages/neutron_lib/callbacks/manager.py:177
2025-08-14 01:58:59.444 22 DEBUG neutron.wsgi [-] (22) accepted ('10.0.0.50', 60446) server /var/lib/kolla/venv/lib/python3.6/site-packages/eventlet/wsgi.py:1004
2025-08-14 01:58:59.447 22 INFO neutron.wsgi [-] 10.0.0.50 "GET / HTTP/1.1" status: 200 len: 227 time: 0.0024824
2025-08-14 01:59:00.580 26 DEBUG neutron_lib.callbacks.manager [req-528a8f48-ca83-4d6a-9cb8-7aa9aa7fb31f - - - - -] Publish callbacks ['neutron.services.segments.db._update_segment_host_mapping_for_agent-8778323534963', 'neutron.plugins.ml2.plugin.Ml2Plugin._retry_binding_revived_agents-3993301'] for agent (6bf2e03b-e17b-4df8-86c9-3560977cfae2), after_update _notify_loop /var/lib/kolla/venv/lib/python3.6/site-packages/neutron_lib/callbacks/manager.py:177
2025-08-14 01:59:03.896 29 DEBUG neutron.db.agents_db [req-c53c5012-f44e-4c78-9b16-0aabc118a640 - - - - -] Agent healthcheck: found 2 active agents agent_health_check /var/lib/kolla/venv/lib/python3.6/site-packages/neutron/db/agents_db.py:318
2025-08-14 01:59:16.620 25 DEBUG neutron_lib.callbacks.manager [req-9c3ee99d-b9c5-41d3-853d-81d7b25a21f5 - - - - -] Publish callbacks ['neutron.services.segments.db._update_segment_host_mapping_for_agent-8778323534963', 'neutron.plugins.ml2.plugin.Ml2Plugin._retry_binding_revived_agents-3993301'] for agent (c5f1f441-a2b2-4d17-b673-4926326f4470), after_update _notify_loop /var/lib/kolla/venv/lib/python3.6/site-packages/neutron_lib/callbacks/manager.py:177
2025-08-14 01:59:29.494 22 DEBUG neutron.wsgi [-] (22) accepted ('10.0.0.50', 41854) server /var/lib/kolla/venv/lib/python3.6/site-packages/eventlet/wsgi.py:1004
2025-08-14 01:59:29.498 22 INFO neutron.wsgi [-] 10.0.0.50 "GET / HTTP/1.1" status: 200 len: 227 time: 0.0028830
2025-08-14 01:59:30.576 23 DEBUG neutron_lib.callbacks.manager [req-4d8f5348-a2dd-4ce2-9515-475955d009f9 - - - - -] Publish callbacks ['neutron.services.segments.db._update_segment_host_mapping_for_agent-8778323534963', 'neutron.plugins.ml2.plugin.Ml2Plugin._retry_binding_revived_agents-3993301'] for agent (6bf2e03b-e17b-4df8-86c9-3560977cfae2), after_update _notify_loop /var/lib/kolla/venv/lib/python3.6/site-packages/neutron_lib/callbacks/manager.py:177
2025-08-14 01:59:40.891 29 DEBUG neutron.db.agents_db [req-c53c5012-f44e-4c78-9b16-0aabc118a640 - - - - -] Agent healthcheck: found 2 active agents agent_health_check /var/lib/kolla/venv/lib/python3.6/site-packages/neutron/db/agents_db.py:318
2025-08-14 01:59:46.622 24 DEBUG neutron_lib.callbacks.manager [req-9c3ee99d-b9c5-41d3-853d-81d7b25a21f5 - - - - -] Publish callbacks ['neutron.services.segments.db._update_segment_host_mapping_for_agent-8778323534963', 'neutron.plugins.ml2.plugin.Ml2Plugin._retry_binding_revived_agents-3993301'] for agent (c5f1f441-a2b2-4d17-b673-4926326f4470), after_update _notify_loop /var/lib/kolla/venv/lib/python3.6/site-packages/neutron_lib/callbacks/manager.py:177
2025-08-14 01:59:59.544 22 DEBUG neutron.wsgi [-] (22) accepted ('10.0.0.50', 55110) server /var/lib/kolla/venv/lib/python3.6/site-packages/eventlet/wsgi.py:1004
2025-08-14 01:59:59.548 22 INFO neutron.wsgi [-] 10.0.0.50 "GET / HTTP/1.1" status: 200 len: 227 time: 0.0024586
2025-08-14 02:00:00.654 28 DEBUG neutron_lib.callbacks.manager [req-ed03f1ea-623b-43c4-86ac-32f6ffc18f9a - - - - -] Publish callbacks ['neutron.services.segments.db._update_segment_host_mapping_for_agent-8778323534963', 'neutron.plugins.ml2.plugin.Ml2Plugin._retry_binding_revived_agents-3993301'] for agent (6bf2e03b-e17b-4df8-86c9-3560977cfae2), after_update _notify_loop /var/lib/kolla/venv/lib/python3.6/site-packages/neutron_lib/callbacks/manager.py:177
2025-08-14 02:00:16.625 27 DEBUG neutron_lib.callbacks.manager [req-9c3ee99d-b9c5-41d3-853d-81d7b25a21f5 - - - - -] Publish callbacks ['neutron.services.segments.db._update_segment_host_mapping_for_agent-8778323534963', 'neutron.plugins.ml2.plugin.Ml2Plugin._retry_binding_revived_agents-3993301'] for agent (c5f1f441-a2b2-4d17-b673-4926326f4470), after_update _notify_loop /var/lib/kolla/venv/lib/python3.6/site-packages/neutron_lib/callbacks/manager.py:177
2025-08-14 02:00:17.898 29 DEBUG neutron.db.agents_db [req-c53c5012-f44e-4c78-9b16-0aabc118a640 - - - - -] Agent healthcheck: found 2 active agents agent_health_check /var/lib/kolla/venv/lib/python3.6/site-packages/neutron/db/agents_db.py:318
2025-08-14 02:00:18.988 7 INFO oslo_service.service [-] Caught SIGTERM, stopping children
2025-08-14 02:00:18.989 7 DEBUG oslo_concurrency.lockutils [-] Acquired lock "singleton_lock" lock /var/lib/kolla/venv/lib/python3.6/site-packages/oslo_concurrency/lockutils.py:294
2025-08-14 02:00:18.989 7 DEBUG oslo_concurrency.lockutils [-] Releasing lock "singleton_lock" lock /var/lib/kolla/venv/lib/python3.6/site-packages/oslo_concurrency/lockutils.py:312
2025-08-14 02:00:18.989 7 DEBUG oslo_service.service [-] Stop services. stop /var/lib/kolla/venv/lib/python3.6/site-packages/oslo_service/service.py:695
2025-08-14 02:00:18.989 7 DEBUG neutron.service [-] calling RpcWorker stop() stop /var/lib/kolla/venv/lib/python3.6/site-packages/neutron/service.py:138
2025-08-14 02:00:18.989 7 DEBUG neutron.service [-] calling RpcWorker stop() stop /var/lib/kolla/venv/lib/python3.6/site-packages/neutron/service.py:138
2025-08-14 02:00:18.989 7 DEBUG oslo_service.service [-] Killing children. stop /var/lib/kolla/venv/lib/python3.6/site-packages/oslo_service/service.py:700
2025-08-14 02:00:18.989 7 INFO oslo_service.service [-] Waiting on 8 children to exit
2025-08-14 02:00:18.990 22 INFO neutron.wsgi [-] (22) wsgi exited, is_accepting=True
2025-08-14 02:00:18.990 27 DEBUG neutron.service [-] calling RpcWorker stop() stop /var/lib/kolla/venv/lib/python3.6/site-packages/neutron/service.py:138
2025-08-14 02:00:18.990 26 DEBUG neutron.service [-] calling RpcWorker stop() stop /var/lib/kolla/venv/lib/python3.6/site-packages/neutron/service.py:138
2025-08-14 02:00:18.990 22 DEBUG oslo_concurrency.lockutils [req-a331d1e7-3936-4d97-9521-b8177bca902b - - - - -] Acquired lock "singleton_lock" lock /var/lib/kolla/venv/lib/python3.6/site-packages/oslo_concurrency/lockutils.py:294
2025-08-14 02:00:18.991 22 DEBUG oslo_concurrency.lockutils [req-a331d1e7-3936-4d97-9521-b8177bca902b - - - - -] Releasing lock "singleton_lock" lock /var/lib/kolla/venv/lib/python3.6/site-packages/oslo_concurrency/lockutils.py:312
2025-08-14 02:00:18.990 26 DEBUG neutron.service [-] calling stop on stop /var/lib/kolla/venv/lib/python3.6/site-packages/neutron/service.py:141
2025-08-14 02:00:18.990 27 DEBUG neutron.service [-] calling stop on stop /var/lib/kolla/venv/lib/python3.6/site-packages/neutron/service.py:141
2025-08-14 02:00:18.994 7 INFO oslo_service.service [-] Child 22 exited with status 0
2025-08-14 02:00:18.994 24 DEBUG neutron.service [-] calling RpcWorker stop() stop /var/lib/kolla/venv/lib/python3.6/site-packages/neutron/service.py:138
2025-08-14 02:00:18.995 24 DEBUG neutron.service [-] calling stop on stop /var/lib/kolla/venv/lib/python3.6/site-packages/neutron/service.py:141
2025-08-14 02:00:18.997 25 DEBUG neutron.service [-] calling RpcWorker stop() stop /var/lib/kolla/venv/lib/python3.6/site-packages/neutron/service.py:138
2025-08-14 02:00:18.998 25 DEBUG neutron.service [-] calling stop on stop /var/lib/kolla/venv/lib/python3.6/site-packages/neutron/service.py:141
2025-08-14 02:00:18.999 23 DEBUG neutron.service [-] calling RpcWorker stop() stop /var/lib/kolla/venv/lib/python3.6/site-packages/neutron/service.py:138
2025-08-14 02:00:18.999 29 DEBUG neutron.service [-] calling RpcWorker stop() stop /var/lib/kolla/venv/lib/python3.6/site-packages/neutron/service.py:138
2025-08-14 02:00:19.000 29 DEBUG neutron.service [-] calling stop on stop /var/lib/kolla/venv/lib/python3.6/site-packages/neutron/service.py:141
2025-08-14 02:00:18.999 23 DEBUG neutron.service [-] calling stop on stop /var/lib/kolla/venv/lib/python3.6/site-packages/neutron/service.py:141
2025-08-14 02:00:19.015 28 DEBUG neutron.service [-] calling RpcWorker stop() stop /var/lib/kolla/venv/lib/python3.6/site-packages/neutron/service.py:138
2025-08-14 02:00:19.016 28 DEBUG neutron.service [-] calling stop on stop /var/lib/kolla/venv/lib/python3.6/site-packages/neutron/service.py:141
2025-08-14 02:00:20.721 27 DEBUG oslo_concurrency.lockutils [req-a331d1e7-3936-4d97-9521-b8177bca902b - - - - -] Acquired lock "singleton_lock" lock /var/lib/kolla/venv/lib/python3.6/site-packages/oslo_concurrency/lockutils.py:294
2025-08-14 02:00:20.721 27 DEBUG oslo_concurrency.lockutils [req-a331d1e7-3936-4d97-9521-b8177bca902b - - - - -] Releasing lock "singleton_lock" lock /var/lib/kolla/venv/lib/python3.6/site-packages/oslo_concurrency/lockutils.py:312
2025-08-14 02:00:20.721 27 DEBUG neutron.service [req-a331d1e7-3936-4d97-9521-b8177bca902b - - - - -] calling RpcWorker wait() _wait /var/lib/kolla/venv/lib/python3.6/site-packages/neutron/service.py:128
2025-08-14 02:00:20.721 27 DEBUG neutron.service [req-a331d1e7-3936-4d97-9521-b8177bca902b - - - - -] calling wait on _wait /var/lib/kolla/venv/lib/python3.6/site-packages/neutron/service.py:131
2025-08-14 02:00:20.728 27 WARNING amqp [req-a331d1e7-3936-4d97-9521-b8177bca902b - - - - -] Received method (60, 30) during closing channel 1. This method will be ignored
2025-08-14 02:00:20.728 27 DEBUG neutron.service [req-a331d1e7-3936-4d97-9521-b8177bca902b - - - - -] returning from RpcWorker wait() _wait /var/lib/kolla/venv/lib/python3.6/site-packages/neutron/service.py:135
2025-08-14 02:00:20.733 7 INFO oslo_service.service [-] Child 27 exited with status 0
2025-08-14 02:00:21.830 23 DEBUG neutron.service [-] calling stop on stop /var/lib/kolla/venv/lib/python3.6/site-packages/neutron/service.py:141
2025-08-14 02:00:21.835 25 DEBUG neutron.service [-] calling stop on stop /var/lib/kolla/venv/lib/python3.6/site-packages/neutron/service.py:141
2025-08-14 02:00:21.847 25 DEBUG neutron.service [-] calling stop on stop /var/lib/kolla/venv/lib/python3.6/site-packages/neutron/service.py:141
2025-08-14 02:00:21.847 23 DEBUG neutron.service [-] calling stop on stop /var/lib/kolla/venv/lib/python3.6/site-packages/neutron/service.py:141
2025-08-14 02:00:21.857 24 DEBUG neutron.service [-] calling stop on stop /var/lib/kolla/venv/lib/python3.6/site-packages/neutron/service.py:141
2025-08-14 02:00:21.860 29 DEBUG oslo_concurrency.lockutils [req-a331d1e7-3936-4d97-9521-b8177bca902b - - - - -] Acquired lock "singleton_lock" lock /var/lib/kolla/venv/lib/python3.6/site-packages/oslo_concurrency/lockutils.py:294
2025-08-14 02:00:21.861 29 DEBUG oslo_concurrency.lockutils [req-a331d1e7-3936-4d97-9521-b8177bca902b - - - - -] Releasing lock "singleton_lock" lock /var/lib/kolla/venv/lib/python3.6/site-packages/oslo_concurrency/lockutils.py:312
2025-08-14 02:00:21.861 29 DEBUG neutron.service [req-a331d1e7-3936-4d97-9521-b8177bca902b - - - - -] calling RpcWorker wait() _wait /var/lib/kolla/venv/lib/python3.6/site-packages/neutron/service.py:128
2025-08-14 02:00:21.861 29 DEBUG neutron.service [req-a331d1e7-3936-4d97-9521-b8177bca902b - - - - -] calling wait on _wait /var/lib/kolla/venv/lib/python3.6/site-packages/neutron/service.py:131
2025-08-14 02:00:21.864 26 DEBUG oslo_concurrency.lockutils [req-a331d1e7-3936-4d97-9521-b8177bca902b - - - - -] Acquired lock "singleton_lock" lock /var/lib/kolla/venv/lib/python3.6/site-packages/oslo_concurrency/lockutils.py:294
2025-08-14 02:00:21.865 26 DEBUG oslo_concurrency.lockutils [req-a331d1e7-3936-4d97-9521-b8177bca902b - - - - -] Releasing lock "singleton_lock" lock /var/lib/kolla/venv/lib/python3.6/site-packages/oslo_concurrency/lockutils.py:312
2025-08-14 02:00:21.865 26 DEBUG neutron.service [req-a331d1e7-3936-4d97-9521-b8177bca902b - - - - -] calling RpcWorker wait() _wait /var/lib/kolla/venv/lib/python3.6/site-packages/neutron/service.py:128
2025-08-14 02:00:21.866 26 DEBUG neutron.service [req-a331d1e7-3936-4d97-9521-b8177bca902b - - - - -] calling wait on _wait /var/lib/kolla/venv/lib/python3.6/site-packages/neutron/service.py:131
2025-08-14 02:00:21.867 29 WARNING amqp [req-a331d1e7-3936-4d97-9521-b8177bca902b - - - - -] Received method (60, 30) during closing channel 1. This method will be ignored
2025-08-14 02:00:21.867 29 DEBUG neutron.service [req-a331d1e7-3936-4d97-9521-b8177bca902b - - - - -] returning from RpcWorker wait() _wait /var/lib/kolla/venv/lib/python3.6/site-packages/neutron/service.py:135
2025-08-14 02:00:21.868 24 DEBUG neutron.service [-] calling stop on stop /var/lib/kolla/venv/lib/python3.6/site-packages/neutron/service.py:141
2025-08-14 02:00:21.868 25 DEBUG neutron.service [-] calling stop on stop /var/lib/kolla/venv/lib/python3.6/site-packages/neutron/service.py:141
2025-08-14 02:00:21.870 26 WARNING amqp [req-a331d1e7-3936-4d97-9521-b8177bca902b - - - - -] Received method (60, 30) during closing channel 1. This method will be ignored
2025-08-14 02:00:21.871 26 DEBUG neutron.service [req-a331d1e7-3936-4d97-9521-b8177bca902b - - - - -] returning from RpcWorker wait() _wait /var/lib/kolla/venv/lib/python3.6/site-packages/neutron/service.py:135
2025-08-14 02:00:21.872 7 INFO oslo_service.service [-] Child 29 exited with status 0
2025-08-14 02:00:21.875 7 INFO oslo_service.service [-] Child 26 exited with status 0
2025-08-14 02:00:21.881 25 DEBUG oslo_concurrency.lockutils [req-a331d1e7-3936-4d97-9521-b8177bca902b - - - - -] Acquired lock "singleton_lock" lock /var/lib/kolla/venv/lib/python3.6/site-packages/oslo_concurrency/lockutils.py:294
2025-08-14 02:00:21.881 25 DEBUG oslo_concurrency.lockutils [req-a331d1e7-3936-4d97-9521-b8177bca902b - - - - -] Releasing lock "singleton_lock" lock /var/lib/kolla/venv/lib/python3.6/site-packages/oslo_concurrency/lockutils.py:312
2025-08-14 02:00:21.881 25 DEBUG neutron.service [req-a331d1e7-3936-4d97-9521-b8177bca902b - - - - -] calling RpcWorker wait() _wait /var/lib/kolla/venv/lib/python3.6/site-packages/neutron/service.py:128
2025-08-14 02:00:21.882 25 DEBUG neutron.service [req-a331d1e7-3936-4d97-9521-b8177bca902b - - - - -] calling wait on _wait /var/lib/kolla/venv/lib/python3.6/site-packages/neutron/service.py:131
2025-08-14 02:00:21.886 25 WARNING amqp [req-a331d1e7-3936-4d97-9521-b8177bca902b - - - - -] Received method (60, 30) during closing channel 1. This method will be ignored
2025-08-14 02:00:21.886 25 DEBUG neutron.service [req-a331d1e7-3936-4d97-9521-b8177bca902b - - - - -] calling wait on _wait /var/lib/kolla/venv/lib/python3.6/site-packages/neutron/service.py:131
2025-08-14 02:00:21.890 25 WARNING amqp [req-a331d1e7-3936-4d97-9521-b8177bca902b - - - - -] Received method (60, 30) during closing channel 1. This method will be ignored
2025-08-14 02:00:21.891 25 DEBUG neutron.service [req-a331d1e7-3936-4d97-9521-b8177bca902b - - - - -] calling wait on _wait /var/lib/kolla/venv/lib/python3.6/site-packages/neutron/service.py:131
2025-08-14 02:00:21.894 25 WARNING amqp [req-a331d1e7-3936-4d97-9521-b8177bca902b - - - - -] Received method (60, 30) during closing channel 1. This method will be ignored
2025-08-14 02:00:21.895 25 DEBUG neutron.service [req-a331d1e7-3936-4d97-9521-b8177bca902b - - - - -] calling wait on _wait /var/lib/kolla/venv/lib/python3.6/site-packages/neutron/service.py:131
2025-08-14 02:00:21.898 25 WARNING amqp [req-a331d1e7-3936-4d97-9521-b8177bca902b - - - - -] Received method (60, 30) during closing channel 1. This method will be ignored
2025-08-14 02:00:21.898 25 DEBUG neutron.service [req-a331d1e7-3936-4d97-9521-b8177bca902b - - - - -] returning from RpcWorker wait() _wait /var/lib/kolla/venv/lib/python3.6/site-packages/neutron/service.py:135
2025-08-14 02:00:21.903 7 INFO oslo_service.service [-] Child 25 exited with status 0
2025-08-14 02:00:23.767 28 DEBUG oslo_concurrency.lockutils [req-a331d1e7-3936-4d97-9521-b8177bca902b - - - - -] Acquired lock "singleton_lock" lock /var/lib/kolla/venv/lib/python3.6/site-packages/oslo_concurrency/lockutils.py:294
2025-08-14 02:00:23.767 28 DEBUG oslo_concurrency.lockutils [req-a331d1e7-3936-4d97-9521-b8177bca902b - - - - -] Releasing lock "singleton_lock" lock /var/lib/kolla/venv/lib/python3.6/site-packages/oslo_concurrency/lockutils.py:312
2025-08-14 02:00:23.768 28 DEBUG neutron.service [req-a331d1e7-3936-4d97-9521-b8177bca902b - - - - -] calling RpcWorker wait() _wait /var/lib/kolla/venv/lib/python3.6/site-packages/neutron/service.py:128
2025-08-14 02:00:23.768 28 DEBUG neutron.service [req-a331d1e7-3936-4d97-9521-b8177bca902b - - - - -] calling wait on _wait /var/lib/kolla/venv/lib/python3.6/site-packages/neutron/service.py:131
2025-08-14 02:00:23.774 28 WARNING amqp [req-a331d1e7-3936-4d97-9521-b8177bca902b - - - - -] Received method (60, 30) during closing channel 1. This method will be ignored
2025-08-14 02:00:23.774 28 DEBUG neutron.service [req-a331d1e7-3936-4d97-9521-b8177bca902b - - - - -] returning from RpcWorker wait() _wait /var/lib/kolla/venv/lib/python3.6/site-packages/neutron/service.py:135
2025-08-14 02:00:23.777 23 DEBUG neutron.service [-] calling stop on stop /var/lib/kolla/venv/lib/python3.6/site-packages/neutron/service.py:141
2025-08-14 02:00:23.778 7 INFO oslo_service.service [-] Child 28 exited with status 0
2025-08-14 02:00:24.830 24 DEBUG neutron.service [-] calling stop on stop /var/lib/kolla/venv/lib/python3.6/site-packages/neutron/service.py:141
2025-08-14 02:00:31.704 7 INFO neutron.common.config [-] Logging enabled!
2025-08-14 02:00:31.704 7 INFO neutron.common.config [-] /var/lib/kolla/venv/bin/neutron-server version 20.5.1.dev23
2025-08-14 02:00:31.704 7 DEBUG neutron.common.config [-] command line: /var/lib/kolla/venv/bin/neutron-server --config-file /etc/neutron/neutron.conf --config-file /etc/neutron/ContrailPlugin.ini --config-file /etc/neutron/api-paste.ini setup_logging /var/lib/kolla/venv/lib/python3.6/site-packages/neutron/common/config.py:115
2025-08-14 02:00:31.707 7 INFO neutron.common.config [-] Logging enabled!
2025-08-14 02:00:31.707 7 INFO neutron.common.config [-] /var/lib/kolla/venv/bin/neutron-server version 20.5.1.dev23
2025-08-14 02:00:31.708 7 DEBUG neutron.common.config [-] command line: /var/lib/kolla/venv/bin/neutron-server --config-file /etc/neutron/neutron.conf --config-file /etc/neutron/ContrailPlugin.ini --config-file /etc/neutron/api-paste.ini setup_logging /var/lib/kolla/venv/lib/python3.6/site-packages/neutron/common/config.py:115
2025-08-14 02:00:31.708 7 DEBUG neutron.common.config [-] ******************************************************************************** log_opt_values /var/lib/kolla/venv/lib/python3.6/site-packages/oslo_config/cfg.py:2589
2025-08-14 02:00:31.708 7 DEBUG neutron.common.config [-] Configuration options gathered from: log_opt_values /var/lib/kolla/venv/lib/python3.6/site-packages/oslo_config/cfg.py:2590
2025-08-14 02:00:31.708 7 DEBUG neutron.common.config [-] command line args: ['--config-file', '/etc/neutron/neutron.conf', '--config-file', '/etc/neutron/ContrailPlugin.ini', '--config-file', '/etc/neutron/api-paste.ini'] log_opt_values /var/lib/kolla/venv/lib/python3.6/site-packages/oslo_config/cfg.py:2591
2025-08-14 02:00:31.709 7 DEBUG neutron.common.config [-] config files: ['/etc/neutron/neutron.conf', '/etc/neutron/ContrailPlugin.ini', '/etc/neutron/api-paste.ini'] log_opt_values /var/lib/kolla/venv/lib/python3.6/site-packages/oslo_config/cfg.py:2593
2025-08-14 02:00:31.709 7 DEBUG neutron.common.config [-] ================================================================================ log_opt_values /var/lib/kolla/venv/lib/python3.6/site-packages/oslo_config/cfg.py:2594
2025-08-14 02:00:31.709 7 DEBUG neutron.common.config [-] allow_bulk = True log_opt_values /var/lib/kolla/venv/lib/python3.6/site-packages/oslo_config/cfg.py:2603
2025-08-14 02:00:31.709 7 WARNING oslo_config.cfg [-] Deprecated: Option "allow_overlapping_ips" from group "DEFAULT" is deprecated for removal. Its value may be silently ignored in the future.
2025-08-14 02:00:31.709 7 DEBUG neutron.common.config [-] allow_overlapping_ips = True log_opt_values /var/lib/kolla/venv/lib/python3.6/site-packages/oslo_config/cfg.py:2603
2025-08-14 02:00:31.709 7 DEBUG neutron.common.config [-] api_extensions_path = /opt/plugin/site-packages/neutron_plugin_contrail/extensions:/opt/plugin/site-packages/neutron_lbaas/extensions log_opt_values /var/lib/kolla/venv/lib/python3.6/site-packages/oslo_config/cfg.py:2603
2025-08-14 02:00:31.710 7 DEBUG neutron.common.config [-] api_paste_config = /etc/neutron/api-paste.ini log_opt_values /var/lib/kolla/venv/lib/python3.6/site-packages/oslo_config/cfg.py:2603
2025-08-14 02:00:31.710 7 DEBUG neutron.common.config [-] api_workers = 1 log_opt_values /var/lib/kolla/venv/lib/python3.6/site-packages/oslo_config/cfg.py:2603
2025-08-14 02:00:31.710 7 DEBUG neutron.common.config [-] auth_strategy = keystone log_opt_values /var/lib/kolla/venv/lib/python3.6/site-packages/oslo_config/cfg.py:2603
2025-08-14 02:00:31.710 7 DEBUG neutron.common.config [-] backlog = 4096 log_opt_values /var/lib/kolla/venv/lib/python3.6/site-packages/oslo_config/cfg.py:2603
2025-08-14 02:00:31.710 7 DEBUG neutron.common.config [-] base_mac = fa:16:3e:00:00:00 log_opt_values /var/lib/kolla/venv/lib/python3.6/site-packages/oslo_config/cfg.py:2603
2025-08-14 02:00:31.710 7 DEBUG neutron.common.config [-] bind_host = 10.0.0.50 log_opt_values /var/lib/kolla/venv/lib/python3.6/site-packages/oslo_config/cfg.py:2603
2025-08-14 02:00:31.710 7 DEBUG neutron.common.config [-] bind_port = 9696 log_opt_values /var/lib/kolla/venv/lib/python3.6/site-packages/oslo_config/cfg.py:2603
2025-08-14 02:00:31.710 7 DEBUG neutron.common.config [-] client_socket_timeout = 900 log_opt_values /var/lib/kolla/venv/lib/python3.6/site-packages/oslo_config/cfg.py:2603
2025-08-14 02:00:31.710 7 DEBUG neutron.common.config [-] config_dir = [] log_opt_values /var/lib/kolla/venv/lib/python3.6/site-packages/oslo_config/cfg.py:2603
2025-08-14 02:00:31.711 7 DEBUG neutron.common.config [-] config_file = ['/etc/neutron/neutron.conf', '/etc/neutron/ContrailPlugin.ini', '/etc/neutron/api-paste.ini'] log_opt_values /var/lib/kolla/venv/lib/python3.6/site-packages/oslo_config/cfg.py:2603
2025-08-14 02:00:31.711 7 DEBUG neutron.common.config [-] config_source = [] log_opt_values /var/lib/kolla/venv/lib/python3.6/site-packages/oslo_config/cfg.py:2603
2025-08-14 02:00:31.711 7 DEBUG neutron.common.config [-] control_exchange = neutron log_opt_values /var/lib/kolla/venv/lib/python3.6/site-packages/oslo_config/cfg.py:2603
2025-08-14 02:00:31.711 7 DEBUG neutron.common.config [-] core_plugin = neutron_plugin_contrail.plugins.opencontrail.contrail_plugin.NeutronPluginContrailCoreV2 log_opt_values /var/lib/kolla/venv/lib/python3.6/site-packages/oslo_config/cfg.py:2603
2025-08-14 02:00:31.711 7 DEBUG neutron.common.config [-] debug = True log_opt_values /var/lib/kolla/venv/lib/python3.6/site-packages/oslo_config/cfg.py:2603
2025-08-14 02:00:31.711 7 DEBUG neutron.common.config [-] default_availability_zones = [] log_opt_values /var/lib/kolla/venv/lib/python3.6/site-packages/oslo_config/cfg.py:2603
2025-08-14 02:00:31.711 7 DEBUG neutron.common.config [-] default_log_levels = ['amqp=WARN', 'amqplib=WARN', 'boto=WARN', 'qpid=WARN', 'sqlalchemy=WARN', 'suds=INFO', 'oslo.messaging=INFO', 'oslo_messaging=INFO', 'iso8601=WARN', 'requests.packages.urllib3.connectionpool=WARN', 'urllib3.connectionpool=WARN', 'websocket=WARN', 'requests.packages.urllib3.util.retry=WARN', 'urllib3.util.retry=WARN', 'keystonemiddleware=WARN', 'routes.middleware=WARN', 'stevedore=WARN', 'taskflow=WARN', 'keystoneauth=WARN', 'oslo.cache=INFO', 'oslo_policy=INFO', 'dogpile.core.dogpile=INFO', 'OFPHandler=INFO', 'OfctlService=INFO', 'os_ken.base.app_manager=INFO', 'os_ken.controller.controller=INFO'] log_opt_values /var/lib/kolla/venv/lib/python3.6/site-packages/oslo_config/cfg.py:2603
2025-08-14 02:00:31.711 7 DEBUG neutron.common.config [-] dhcp_agent_notification = True log_opt_values /var/lib/kolla/venv/lib/python3.6/site-packages/oslo_config/cfg.py:2603
2025-08-14 02:00:31.711 7 DEBUG neutron.common.config [-] dhcp_lease_duration = 86400 log_opt_values /var/lib/kolla/venv/lib/python3.6/site-packages/oslo_config/cfg.py:2603
2025-08-14 02:00:31.712 7 DEBUG neutron.common.config [-] dns_domain = openstacklocal log_opt_values /var/lib/kolla/venv/lib/python3.6/site-packages/oslo_config/cfg.py:2603
2025-08-14 02:00:31.712 7 DEBUG neutron.common.config [-] enable_traditional_dhcp = True log_opt_values /var/lib/kolla/venv/lib/python3.6/site-packages/oslo_config/cfg.py:2603
2025-08-14 02:00:31.712 7 DEBUG neutron.common.config [-] external_dns_driver = None log_opt_values /var/lib/kolla/venv/lib/python3.6/site-packages/oslo_config/cfg.py:2603
2025-08-14 02:00:31.712 7 DEBUG neutron.common.config [-] filter_validation = True log_opt_values /var/lib/kolla/venv/lib/python3.6/site-packages/oslo_config/cfg.py:2603
2025-08-14 02:00:31.712 7 DEBUG neutron.common.config [-] global_physnet_mtu = 1500 log_opt_values /var/lib/kolla/venv/lib/python3.6/site-packages/oslo_config/cfg.py:2603
2025-08-14 02:00:31.712 7 DEBUG neutron.common.config [-] host = cn-jenkins-deploy-platform-ansible-os-3850-1 log_opt_values /var/lib/kolla/venv/lib/python3.6/site-packages/oslo_config/cfg.py:2603
2025-08-14 02:00:31.712 7 DEBUG neutron.common.config [-] http_retries = 3 log_opt_values /var/lib/kolla/venv/lib/python3.6/site-packages/oslo_config/cfg.py:2603
2025-08-14 02:00:31.712 7 DEBUG neutron.common.config [-] instance_format = [instance: %(uuid)s] log_opt_values /var/lib/kolla/venv/lib/python3.6/site-packages/oslo_config/cfg.py:2603
2025-08-14 02:00:31.712 7 DEBUG neutron.common.config [-] instance_uuid_format = [instance: %(uuid)s] log_opt_values /var/lib/kolla/venv/lib/python3.6/site-packages/oslo_config/cfg.py:2603
2025-08-14 02:00:31.713 7 DEBUG neutron.common.config [-] ipam_driver = internal log_opt_values /var/lib/kolla/venv/lib/python3.6/site-packages/oslo_config/cfg.py:2603
2025-08-14 02:00:31.713 7 DEBUG neutron.common.config [-] ipv6_pd_enabled = False log_opt_values /var/lib/kolla/venv/lib/python3.6/site-packages/oslo_config/cfg.py:2603
2025-08-14 02:00:31.713 7 DEBUG neutron.common.config [-] log_config_append = None log_opt_values /var/lib/kolla/venv/lib/python3.6/site-packages/oslo_config/cfg.py:2603
2025-08-14 02:00:31.713 7 DEBUG neutron.common.config [-] log_date_format = %Y-%m-%d %H:%M:%S log_opt_values /var/lib/kolla/venv/lib/python3.6/site-packages/oslo_config/cfg.py:2603
2025-08-14 02:00:31.713 7 DEBUG neutron.common.config [-] log_dir = /var/log/kolla/neutron log_opt_values /var/lib/kolla/venv/lib/python3.6/site-packages/oslo_config/cfg.py:2603
2025-08-14 02:00:31.713 7 DEBUG neutron.common.config [-] log_file = None log_opt_values /var/lib/kolla/venv/lib/python3.6/site-packages/oslo_config/cfg.py:2603
2025-08-14 02:00:31.713 7 DEBUG neutron.common.config [-] log_rotate_interval = 1 log_opt_values /var/lib/kolla/venv/lib/python3.6/site-packages/oslo_config/cfg.py:2603
2025-08-14 02:00:31.714 7 DEBUG neutron.common.config [-] log_rotate_interval_type = days log_opt_values /var/lib/kolla/venv/lib/python3.6/site-packages/oslo_config/cfg.py:2603
