2025-08-07 02:01:16.608 7 DEBUG oslo_service.service [-] ml2_type_geneve.vni_ranges = [] log_opt_values /var/lib/kolla/venv/lib/python3.6/site-packages/oslo_config/cfg.py:2611
2025-08-07 02:01:16.608 7 DEBUG oslo_service.service [-] ml2_type_gre.tunnel_id_ranges = [] log_opt_values /var/lib/kolla/venv/lib/python3.6/site-packages/oslo_config/cfg.py:2611
2025-08-07 02:01:16.609 7 DEBUG oslo_service.service [-] ml2_type_vlan.network_vlan_ranges = [] log_opt_values /var/lib/kolla/venv/lib/python3.6/site-packages/oslo_config/cfg.py:2611
2025-08-07 02:01:16.609 7 DEBUG oslo_service.service [-] ml2_type_vxlan.vni_ranges = [] log_opt_values /var/lib/kolla/venv/lib/python3.6/site-packages/oslo_config/cfg.py:2611
2025-08-07 02:01:16.609 7 DEBUG oslo_service.service [-] ml2_type_vxlan.vxlan_group = None log_opt_values /var/lib/kolla/venv/lib/python3.6/site-packages/oslo_config/cfg.py:2611
2025-08-07 02:01:16.609 7 DEBUG oslo_service.service [-] database.backend = sqlalchemy log_opt_values /var/lib/kolla/venv/lib/python3.6/site-packages/oslo_config/cfg.py:2611
2025-08-07 02:01:16.609 7 DEBUG oslo_service.service [-] database.connection = **** log_opt_values /var/lib/kolla/venv/lib/python3.6/site-packages/oslo_config/cfg.py:2611
2025-08-07 02:01:16.609 7 DEBUG oslo_service.service [-] database.connection_debug = 0 log_opt_values /var/lib/kolla/venv/lib/python3.6/site-packages/oslo_config/cfg.py:2611
2025-08-07 02:01:16.609 7 DEBUG oslo_service.service [-] database.connection_parameters = log_opt_values /var/lib/kolla/venv/lib/python3.6/site-packages/oslo_config/cfg.py:2611
2025-08-07 02:01:16.609 7 DEBUG oslo_service.service [-] database.connection_recycle_time = 10 log_opt_values /var/lib/kolla/venv/lib/python3.6/site-packages/oslo_config/cfg.py:2611
2025-08-07 02:01:16.609 7 DEBUG oslo_service.service [-] database.connection_trace = False log_opt_values /var/lib/kolla/venv/lib/python3.6/site-packages/oslo_config/cfg.py:2611
2025-08-07 02:01:16.609 7 DEBUG oslo_service.service [-] database.db_inc_retry_interval = True log_opt_values /var/lib/kolla/venv/lib/python3.6/site-packages/oslo_config/cfg.py:2611
2025-08-07 02:01:16.609 7 DEBUG oslo_service.service [-] database.db_max_retries = 20 log_opt_values /var/lib/kolla/venv/lib/python3.6/site-packages/oslo_config/cfg.py:2611
2025-08-07 02:01:16.609 7 DEBUG oslo_service.service [-] database.db_max_retry_interval = 10 log_opt_values /var/lib/kolla/venv/lib/python3.6/site-packages/oslo_config/cfg.py:2611
2025-08-07 02:01:16.609 7 DEBUG oslo_service.service [-] database.db_retry_interval = 1 log_opt_values /var/lib/kolla/venv/lib/python3.6/site-packages/oslo_config/cfg.py:2611
2025-08-07 02:01:16.609 7 DEBUG oslo_service.service [-] database.max_overflow = 50 log_opt_values /var/lib/kolla/venv/lib/python3.6/site-packages/oslo_config/cfg.py:2611
2025-08-07 02:01:16.609 7 DEBUG oslo_service.service [-] database.max_pool_size = 1 log_opt_values /var/lib/kolla/venv/lib/python3.6/site-packages/oslo_config/cfg.py:2611
2025-08-07 02:01:16.610 7 DEBUG oslo_service.service [-] database.max_retries = -1 log_opt_values /var/lib/kolla/venv/lib/python3.6/site-packages/oslo_config/cfg.py:2611
2025-08-07 02:01:16.610 7 DEBUG oslo_service.service [-] database.mysql_enable_ndb = False log_opt_values /var/lib/kolla/venv/lib/python3.6/site-packages/oslo_config/cfg.py:2611
2025-08-07 02:01:16.610 7 DEBUG oslo_service.service [-] database.mysql_sql_mode = TRADITIONAL log_opt_values /var/lib/kolla/venv/lib/python3.6/site-packages/oslo_config/cfg.py:2611
2025-08-07 02:01:16.610 7 DEBUG oslo_service.service [-] database.pool_timeout = None log_opt_values /var/lib/kolla/venv/lib/python3.6/site-packages/oslo_config/cfg.py:2611
2025-08-07 02:01:16.610 7 DEBUG oslo_service.service [-] database.retry_interval = 10 log_opt_values /var/lib/kolla/venv/lib/python3.6/site-packages/oslo_config/cfg.py:2611
2025-08-07 02:01:16.610 7 DEBUG oslo_service.service [-] database.slave_connection = **** log_opt_values /var/lib/kolla/venv/lib/python3.6/site-packages/oslo_config/cfg.py:2611
2025-08-07 02:01:16.610 7 DEBUG oslo_service.service [-] database.sqlite_synchronous = True log_opt_values /var/lib/kolla/venv/lib/python3.6/site-packages/oslo_config/cfg.py:2611
2025-08-07 02:01:16.610 7 DEBUG oslo_service.service [-] database.use_db_reconnect = False log_opt_values /var/lib/kolla/venv/lib/python3.6/site-packages/oslo_config/cfg.py:2611
2025-08-07 02:01:16.610 7 DEBUG oslo_service.service [-] ******************************************************************************** log_opt_values /var/lib/kolla/venv/lib/python3.6/site-packages/oslo_config/cfg.py:2613
2025-08-07 02:01:18.147 22 DEBUG neutron.wsgi [-] (22) accepted ('10.0.0.129', 57540) server /var/lib/kolla/venv/lib/python3.6/site-packages/eventlet/wsgi.py:1004
2025-08-07 02:01:18.154 22 INFO neutron.wsgi [-] 10.0.0.129 "GET / HTTP/1.1" status: 200 len: 228 time: 0.0054030
2025-08-07 02:01:24.581 25 DEBUG neutron.api.rpc.handlers.dhcp_rpc [req-b9786286-6c06-43ba-a8ae-7c91bf553a89 - - - - -] get_active_networks_info from cn-jenkins-deploy-platform-ansible-os-3766-1 get_active_networks_info /var/lib/kolla/venv/lib/python3.6/site-packages/neutron/api/rpc/handlers/dhcp_rpc.py:159
2025-08-07 02:01:24.605 27 DEBUG neutron_lib.callbacks.manager [req-2e94ecfd-02db-40bb-b483-58fe125071ab - - - - -] Publish callbacks ['neutron.services.segments.db._update_segment_host_mapping_for_agent-8777458712896', 'neutron.services.l3_router.l3_router_plugin.DVRResourceOperationHandler.create_fip_agent_gw_ports-588221'] for agent (b2941333-fed2-4929-817b-1ffa5cab7fdf), after_create _notify_loop /var/lib/kolla/venv/lib/python3.6/site-packages/neutron_lib/callbacks/manager.py:177
2025-08-07 02:01:24.618 25 DEBUG neutron.scheduler.dhcp_agent_scheduler [req-b9786286-6c06-43ba-a8ae-7c91bf553a89 - - - - -] No non-hosted networks auto_schedule_networks /var/lib/kolla/venv/lib/python3.6/site-packages/neutron/scheduler/dhcp_agent_scheduler.py:60
2025-08-07 02:01:45.077 26 DEBUG neutron_lib.callbacks.manager [req-2a540138-dfcd-437f-b024-37ead125cbee - - - - -] Publish callbacks ['neutron.services.segments.db._update_segment_host_mapping_for_agent-8777458712896', 'neutron.services.l3_router.l3_router_plugin.DVRResourceOperationHandler.create_fip_agent_gw_ports-588221'] for agent (d49c2d7b-d782-495c-9d80-a62cf5687338), after_create _notify_loop /var/lib/kolla/venv/lib/python3.6/site-packages/neutron_lib/callbacks/manager.py:177
2025-08-07 02:01:48.206 22 DEBUG neutron.wsgi [-] (22) accepted ('10.0.0.129', 37722) server /var/lib/kolla/venv/lib/python3.6/site-packages/eventlet/wsgi.py:1004
2025-08-07 02:01:48.210 22 INFO neutron.wsgi [-] 10.0.0.129 "GET / HTTP/1.1" status: 200 len: 228 time: 0.0032279
2025-08-07 02:01:54.594 28 DEBUG neutron_lib.callbacks.manager [req-62ab83b5-de40-43ce-bd24-5a04a88c1f1f - - - - -] Publish callbacks ['neutron.services.segments.db._update_segment_host_mapping_for_agent-8777458712896', 'neutron.plugins.ml2.plugin.Ml2Plugin._retry_binding_revived_agents--9223372036853442373'] for agent (b2941333-fed2-4929-817b-1ffa5cab7fdf), after_update _notify_loop /var/lib/kolla/venv/lib/python3.6/site-packages/neutron_lib/callbacks/manager.py:177
2025-08-07 02:02:15.055 24 DEBUG neutron_lib.callbacks.manager [req-2a540138-dfcd-437f-b024-37ead125cbee - - - - -] Publish callbacks ['neutron.services.segments.db._update_segment_host_mapping_for_agent-8777458712896', 'neutron.plugins.ml2.plugin.Ml2Plugin._retry_binding_revived_agents--9223372036853442373'] for agent (d49c2d7b-d782-495c-9d80-a62cf5687338), after_update _notify_loop /var/lib/kolla/venv/lib/python3.6/site-packages/neutron_lib/callbacks/manager.py:177
2025-08-07 02:02:18.256 22 DEBUG neutron.wsgi [-] (22) accepted ('10.0.0.129', 38348) server /var/lib/kolla/venv/lib/python3.6/site-packages/eventlet/wsgi.py:1004
2025-08-07 02:02:18.260 22 INFO neutron.wsgi [-] 10.0.0.129 "GET / HTTP/1.1" status: 200 len: 228 time: 0.0032208
2025-08-07 02:02:24.526 29 DEBUG neutron.db.agents_db [req-e6b769b3-5e2f-4ce3-854d-f5d5b42bb144 - - - - -] Agent healthcheck: found 2 active agents agent_health_check /var/lib/kolla/venv/lib/python3.6/site-packages/neutron/db/agents_db.py:318
2025-08-07 02:02:24.582 25 DEBUG neutron_lib.callbacks.manager [req-2a773959-19fa-4aba-96cf-da3689ddc881 - - - - -] Publish callbacks ['neutron.services.segments.db._update_segment_host_mapping_for_agent-8777458712896', 'neutron.plugins.ml2.plugin.Ml2Plugin._retry_binding_revived_agents--9223372036853442373'] for agent (b2941333-fed2-4929-817b-1ffa5cab7fdf), after_update _notify_loop /var/lib/kolla/venv/lib/python3.6/site-packages/neutron_lib/callbacks/manager.py:177
2025-08-07 02:02:45.056 23 DEBUG neutron_lib.callbacks.manager [req-2a540138-dfcd-437f-b024-37ead125cbee - - - - -] Publish callbacks ['neutron.services.segments.db._update_segment_host_mapping_for_agent-8777458712896', 'neutron.plugins.ml2.plugin.Ml2Plugin._retry_binding_revived_agents--9223372036853442373'] for agent (d49c2d7b-d782-495c-9d80-a62cf5687338), after_update _notify_loop /var/lib/kolla/venv/lib/python3.6/site-packages/neutron_lib/callbacks/manager.py:177
2025-08-07 02:02:48.333 22 DEBUG neutron.wsgi [-] (22) accepted ('10.0.0.129', 35562) server /var/lib/kolla/venv/lib/python3.6/site-packages/eventlet/wsgi.py:1004
2025-08-07 02:02:48.337 22 INFO neutron.wsgi [-] 10.0.0.129 "GET / HTTP/1.1" status: 200 len: 228 time: 0.0038040
2025-08-07 02:02:54.581 27 DEBUG neutron_lib.callbacks.manager [req-41259567-ef51-4844-8e57-79c727ec31f5 - - - - -] Publish callbacks ['neutron.services.segments.db._update_segment_host_mapping_for_agent-8777458712896', 'neutron.plugins.ml2.plugin.Ml2Plugin._retry_binding_revived_agents--9223372036853442373'] for agent (b2941333-fed2-4929-817b-1ffa5cab7fdf), after_update _notify_loop /var/lib/kolla/venv/lib/python3.6/site-packages/neutron_lib/callbacks/manager.py:177
2025-08-07 02:03:01.525 29 DEBUG neutron.db.agents_db [req-e6b769b3-5e2f-4ce3-854d-f5d5b42bb144 - - - - -] Agent healthcheck: found 2 active agents agent_health_check /var/lib/kolla/venv/lib/python3.6/site-packages/neutron/db/agents_db.py:318
2025-08-07 02:03:15.045 26 DEBUG neutron_lib.callbacks.manager [req-2a540138-dfcd-437f-b024-37ead125cbee - - - - -] Publish callbacks ['neutron.services.segments.db._update_segment_host_mapping_for_agent-8777458712896', 'neutron.plugins.ml2.plugin.Ml2Plugin._retry_binding_revived_agents--9223372036853442373'] for agent (d49c2d7b-d782-495c-9d80-a62cf5687338), after_update _notify_loop /var/lib/kolla/venv/lib/python3.6/site-packages/neutron_lib/callbacks/manager.py:177
2025-08-07 02:03:18.384 22 DEBUG neutron.wsgi [-] (22) accepted ('10.0.0.129', 47410) server /var/lib/kolla/venv/lib/python3.6/site-packages/eventlet/wsgi.py:1004
2025-08-07 02:03:18.388 22 INFO neutron.wsgi [-] 10.0.0.129 "GET / HTTP/1.1" status: 200 len: 228 time: 0.0030353
2025-08-07 02:03:24.578 28 DEBUG neutron_lib.callbacks.manager [req-d66bb5e2-cc58-483a-895b-bc27de39893b - - - - -] Publish callbacks ['neutron.services.segments.db._update_segment_host_mapping_for_agent-8777458712896', 'neutron.plugins.ml2.plugin.Ml2Plugin._retry_binding_revived_agents--9223372036853442373'] for agent (b2941333-fed2-4929-817b-1ffa5cab7fdf), after_update _notify_loop /var/lib/kolla/venv/lib/python3.6/site-packages/neutron_lib/callbacks/manager.py:177
2025-08-07 02:03:38.523 29 DEBUG neutron.db.agents_db [req-e6b769b3-5e2f-4ce3-854d-f5d5b42bb144 - - - - -] Agent healthcheck: found 2 active agents agent_health_check /var/lib/kolla/venv/lib/python3.6/site-packages/neutron/db/agents_db.py:318
2025-08-07 02:03:45.044 24 DEBUG neutron_lib.callbacks.manager [req-2a540138-dfcd-437f-b024-37ead125cbee - - - - -] Publish callbacks ['neutron.services.segments.db._update_segment_host_mapping_for_agent-8777458712896', 'neutron.plugins.ml2.plugin.Ml2Plugin._retry_binding_revived_agents--9223372036853442373'] for agent (d49c2d7b-d782-495c-9d80-a62cf5687338), after_update _notify_loop /var/lib/kolla/venv/lib/python3.6/site-packages/neutron_lib/callbacks/manager.py:177
2025-08-07 02:03:48.433 22 DEBUG neutron.wsgi [-] (22) accepted ('10.0.0.129', 58414) server /var/lib/kolla/venv/lib/python3.6/site-packages/eventlet/wsgi.py:1004
2025-08-07 02:03:48.439 22 INFO neutron.wsgi [-] 10.0.0.129 "GET / HTTP/1.1" status: 200 len: 228 time: 0.0049763
2025-08-07 02:03:54.576 25 DEBUG neutron_lib.callbacks.manager [req-1ab763fa-b15b-400f-b372-ecc2a59a4e1b - - - - -] Publish callbacks ['neutron.services.segments.db._update_segment_host_mapping_for_agent-8777458712896', 'neutron.plugins.ml2.plugin.Ml2Plugin._retry_binding_revived_agents--9223372036853442373'] for agent (b2941333-fed2-4929-817b-1ffa5cab7fdf), after_update _notify_loop /var/lib/kolla/venv/lib/python3.6/site-packages/neutron_lib/callbacks/manager.py:177
2025-08-07 02:04:15.047 23 DEBUG neutron_lib.callbacks.manager [req-2a540138-dfcd-437f-b024-37ead125cbee - - - - -] Publish callbacks ['neutron.services.segments.db._update_segment_host_mapping_for_agent-8777458712896', 'neutron.plugins.ml2.plugin.Ml2Plugin._retry_binding_revived_agents--9223372036853442373'] for agent (d49c2d7b-d782-495c-9d80-a62cf5687338), after_update _notify_loop /var/lib/kolla/venv/lib/python3.6/site-packages/neutron_lib/callbacks/manager.py:177
2025-08-07 02:04:15.520 29 DEBUG neutron.db.agents_db [req-e6b769b3-5e2f-4ce3-854d-f5d5b42bb144 - - - - -] Agent healthcheck: found 2 active agents agent_health_check /var/lib/kolla/venv/lib/python3.6/site-packages/neutron/db/agents_db.py:318
2025-08-07 02:04:18.485 22 DEBUG neutron.wsgi [-] (22) accepted ('10.0.0.129', 37624) server /var/lib/kolla/venv/lib/python3.6/site-packages/eventlet/wsgi.py:1004
2025-08-07 02:04:18.489 22 INFO neutron.wsgi [-] 10.0.0.129 "GET / HTTP/1.1" status: 200 len: 228 time: 0.0029285
2025-08-07 02:04:24.572 27 DEBUG neutron_lib.callbacks.manager [req-7a483cf1-c56c-449f-8d8d-a9cadd11288e - - - - -] Publish callbacks ['neutron.services.segments.db._update_segment_host_mapping_for_agent-8777458712896', 'neutron.plugins.ml2.plugin.Ml2Plugin._retry_binding_revived_agents--9223372036853442373'] for agent (b2941333-fed2-4929-817b-1ffa5cab7fdf), after_update _notify_loop /var/lib/kolla/venv/lib/python3.6/site-packages/neutron_lib/callbacks/manager.py:177
2025-08-07 02:04:45.050 26 DEBUG neutron_lib.callbacks.manager [req-2a540138-dfcd-437f-b024-37ead125cbee - - - - -] Publish callbacks ['neutron.services.segments.db._update_segment_host_mapping_for_agent-8777458712896', 'neutron.plugins.ml2.plugin.Ml2Plugin._retry_binding_revived_agents--9223372036853442373'] for agent (d49c2d7b-d782-495c-9d80-a62cf5687338), after_update _notify_loop /var/lib/kolla/venv/lib/python3.6/site-packages/neutron_lib/callbacks/manager.py:177
2025-08-07 02:04:48.538 22 DEBUG neutron.wsgi [-] (22) accepted ('10.0.0.129', 36668) server /var/lib/kolla/venv/lib/python3.6/site-packages/eventlet/wsgi.py:1004
2025-08-07 02:04:48.542 22 INFO neutron.wsgi [-] 10.0.0.129 "GET / HTTP/1.1" status: 200 len: 228 time: 0.0027215
2025-08-07 02:04:52.517 29 DEBUG neutron.db.agents_db [req-e6b769b3-5e2f-4ce3-854d-f5d5b42bb144 - - - - -] Agent healthcheck: found 2 active agents agent_health_check /var/lib/kolla/venv/lib/python3.6/site-packages/neutron/db/agents_db.py:318
2025-08-07 02:04:54.578 28 DEBUG neutron_lib.callbacks.manager [req-cc5293f2-d610-44cf-9dc4-a1d84d0a9f0c - - - - -] Publish callbacks ['neutron.services.segments.db._update_segment_host_mapping_for_agent-8777458712896', 'neutron.plugins.ml2.plugin.Ml2Plugin._retry_binding_revived_agents--9223372036853442373'] for agent (b2941333-fed2-4929-817b-1ffa5cab7fdf), after_update _notify_loop /var/lib/kolla/venv/lib/python3.6/site-packages/neutron_lib/callbacks/manager.py:177
2025-08-07 02:05:15.053 24 DEBUG neutron_lib.callbacks.manager [req-2a540138-dfcd-437f-b024-37ead125cbee - - - - -] Publish callbacks ['neutron.services.segments.db._update_segment_host_mapping_for_agent-8777458712896', 'neutron.plugins.ml2.plugin.Ml2Plugin._retry_binding_revived_agents--9223372036853442373'] for agent (d49c2d7b-d782-495c-9d80-a62cf5687338), after_update _notify_loop /var/lib/kolla/venv/lib/python3.6/site-packages/neutron_lib/callbacks/manager.py:177
2025-08-07 02:05:18.590 22 DEBUG neutron.wsgi [-] (22) accepted ('10.0.0.129', 56482) server /var/lib/kolla/venv/lib/python3.6/site-packages/eventlet/wsgi.py:1004
2025-08-07 02:05:18.593 22 INFO neutron.wsgi [-] 10.0.0.129 "GET / HTTP/1.1" status: 200 len: 228 time: 0.0029640
2025-08-07 02:05:24.574 25 DEBUG neutron_lib.callbacks.manager [req-6d10300e-47a6-4ed5-afc0-4c4550d94ca8 - - - - -] Publish callbacks ['neutron.services.segments.db._update_segment_host_mapping_for_agent-8777458712896', 'neutron.plugins.ml2.plugin.Ml2Plugin._retry_binding_revived_agents--9223372036853442373'] for agent (b2941333-fed2-4929-817b-1ffa5cab7fdf), after_update _notify_loop /var/lib/kolla/venv/lib/python3.6/site-packages/neutron_lib/callbacks/manager.py:177
2025-08-07 02:05:29.514 29 DEBUG neutron.db.agents_db [req-e6b769b3-5e2f-4ce3-854d-f5d5b42bb144 - - - - -] Agent healthcheck: found 2 active agents agent_health_check /var/lib/kolla/venv/lib/python3.6/site-packages/neutron/db/agents_db.py:318
2025-08-07 02:05:45.055 23 DEBUG neutron_lib.callbacks.manager [req-2a540138-dfcd-437f-b024-37ead125cbee - - - - -] Publish callbacks ['neutron.services.segments.db._update_segment_host_mapping_for_agent-8777458712896', 'neutron.plugins.ml2.plugin.Ml2Plugin._retry_binding_revived_agents--9223372036853442373'] for agent (d49c2d7b-d782-495c-9d80-a62cf5687338), after_update _notify_loop /var/lib/kolla/venv/lib/python3.6/site-packages/neutron_lib/callbacks/manager.py:177
2025-08-07 02:05:48.657 22 DEBUG neutron.wsgi [-] (22) accepted ('10.0.0.129', 58958) server /var/lib/kolla/venv/lib/python3.6/site-packages/eventlet/wsgi.py:1004
2025-08-07 02:05:48.660 22 INFO neutron.wsgi [-] 10.0.0.129 "GET / HTTP/1.1" status: 200 len: 228 time: 0.0027690
2025-08-07 02:05:54.574 27 DEBUG neutron_lib.callbacks.manager [req-cb0e4a2c-2dbc-4f0a-b333-08e0f962aa57 - - - - -] Publish callbacks ['neutron.services.segments.db._update_segment_host_mapping_for_agent-8777458712896', 'neutron.plugins.ml2.plugin.Ml2Plugin._retry_binding_revived_agents--9223372036853442373'] for agent (b2941333-fed2-4929-817b-1ffa5cab7fdf), after_update _notify_loop /var/lib/kolla/venv/lib/python3.6/site-packages/neutron_lib/callbacks/manager.py:177
2025-08-07 02:06:06.510 29 DEBUG neutron.db.agents_db [req-e6b769b3-5e2f-4ce3-854d-f5d5b42bb144 - - - - -] Agent healthcheck: found 2 active agents agent_health_check /var/lib/kolla/venv/lib/python3.6/site-packages/neutron/db/agents_db.py:318
2025-08-07 02:06:15.182 26 DEBUG neutron_lib.callbacks.manager [req-2a540138-dfcd-437f-b024-37ead125cbee - - - - -] Publish callbacks ['neutron.services.segments.db._update_segment_host_mapping_for_agent-8777458712896', 'neutron.plugins.ml2.plugin.Ml2Plugin._retry_binding_revived_agents--9223372036853442373'] for agent (d49c2d7b-d782-495c-9d80-a62cf5687338), after_update _notify_loop /var/lib/kolla/venv/lib/python3.6/site-packages/neutron_lib/callbacks/manager.py:177
2025-08-07 02:06:18.709 22 DEBUG neutron.wsgi [-] (22) accepted ('10.0.0.129', 41432) server /var/lib/kolla/venv/lib/python3.6/site-packages/eventlet/wsgi.py:1004
2025-08-07 02:06:18.714 22 INFO neutron.wsgi [-] 10.0.0.129 "GET / HTTP/1.1" status: 200 len: 228 time: 0.0040698
2025-08-07 02:06:24.574 28 DEBUG neutron_lib.callbacks.manager [req-54d63bbd-68a5-4612-b260-de70de8f218e - - - - -] Publish callbacks ['neutron.services.segments.db._update_segment_host_mapping_for_agent-8777458712896', 'neutron.plugins.ml2.plugin.Ml2Plugin._retry_binding_revived_agents--9223372036853442373'] for agent (b2941333-fed2-4929-817b-1ffa5cab7fdf), after_update _notify_loop /var/lib/kolla/venv/lib/python3.6/site-packages/neutron_lib/callbacks/manager.py:177
2025-08-07 02:06:43.506 29 DEBUG neutron.db.agents_db [req-e6b769b3-5e2f-4ce3-854d-f5d5b42bb144 - - - - -] Agent healthcheck: found 2 active agents agent_health_check /var/lib/kolla/venv/lib/python3.6/site-packages/neutron/db/agents_db.py:318
2025-08-07 02:06:45.061 24 DEBUG neutron_lib.callbacks.manager [req-2a540138-dfcd-437f-b024-37ead125cbee - - - - -] Publish callbacks ['neutron.services.segments.db._update_segment_host_mapping_for_agent-8777458712896', 'neutron.plugins.ml2.plugin.Ml2Plugin._retry_binding_revived_agents--9223372036853442373'] for agent (d49c2d7b-d782-495c-9d80-a62cf5687338), after_update _notify_loop /var/lib/kolla/venv/lib/python3.6/site-packages/neutron_lib/callbacks/manager.py:177
2025-08-07 02:06:48.773 22 DEBUG neutron.wsgi [-] (22) accepted ('10.0.0.129', 39430) server /var/lib/kolla/venv/lib/python3.6/site-packages/eventlet/wsgi.py:1004
2025-08-07 02:06:48.779 22 INFO neutron.wsgi [-] 10.0.0.129 "GET / HTTP/1.1" status: 200 len: 228 time: 0.0049276
2025-08-07 02:06:54.571 25 DEBUG neutron_lib.callbacks.manager [req-e43b0f1f-4b91-4242-ab93-7908439b59b9 - - - - -] Publish callbacks ['neutron.services.segments.db._update_segment_host_mapping_for_agent-8777458712896', 'neutron.plugins.ml2.plugin.Ml2Plugin._retry_binding_revived_agents--9223372036853442373'] for agent (b2941333-fed2-4929-817b-1ffa5cab7fdf), after_update _notify_loop /var/lib/kolla/venv/lib/python3.6/site-packages/neutron_lib/callbacks/manager.py:177
2025-08-07 02:07:15.062 23 DEBUG neutron_lib.callbacks.manager [req-2a540138-dfcd-437f-b024-37ead125cbee - - - - -] Publish callbacks ['neutron.services.segments.db._update_segment_host_mapping_for_agent-8777458712896', 'neutron.plugins.ml2.plugin.Ml2Plugin._retry_binding_revived_agents--9223372036853442373'] for agent (d49c2d7b-d782-495c-9d80-a62cf5687338), after_update _notify_loop /var/lib/kolla/venv/lib/python3.6/site-packages/neutron_lib/callbacks/manager.py:177
2025-08-07 02:07:18.825 22 DEBUG neutron.wsgi [-] (22) accepted ('10.0.0.129', 34462) server /var/lib/kolla/venv/lib/python3.6/site-packages/eventlet/wsgi.py:1004
2025-08-07 02:07:18.828 22 INFO neutron.wsgi [-] 10.0.0.129 "GET / HTTP/1.1" status: 200 len: 228 time: 0.0027821
2025-08-07 02:07:20.503 29 DEBUG neutron.db.agents_db [req-e6b769b3-5e2f-4ce3-854d-f5d5b42bb144 - - - - -] Agent healthcheck: found 2 active agents agent_health_check /var/lib/kolla/venv/lib/python3.6/site-packages/neutron/db/agents_db.py:318
2025-08-07 02:07:24.569 27 DEBUG neutron_lib.callbacks.manager [req-d863946e-e42c-46a7-928a-61965b0e1b7b - - - - -] Publish callbacks ['neutron.services.segments.db._update_segment_host_mapping_for_agent-8777458712896', 'neutron.plugins.ml2.plugin.Ml2Plugin._retry_binding_revived_agents--9223372036853442373'] for agent (b2941333-fed2-4929-817b-1ffa5cab7fdf), after_update _notify_loop /var/lib/kolla/venv/lib/python3.6/site-packages/neutron_lib/callbacks/manager.py:177
2025-08-07 02:07:45.065 26 DEBUG neutron_lib.callbacks.manager [req-2a540138-dfcd-437f-b024-37ead125cbee - - - - -] Publish callbacks ['neutron.services.segments.db._update_segment_host_mapping_for_agent-8777458712896', 'neutron.plugins.ml2.plugin.Ml2Plugin._retry_binding_revived_agents--9223372036853442373'] for agent (d49c2d7b-d782-495c-9d80-a62cf5687338), after_update _notify_loop /var/lib/kolla/venv/lib/python3.6/site-packages/neutron_lib/callbacks/manager.py:177
2025-08-07 02:07:48.879 22 DEBUG neutron.wsgi [-] (22) accepted ('10.0.0.129', 34062) server /var/lib/kolla/venv/lib/python3.6/site-packages/eventlet/wsgi.py:1004
2025-08-07 02:07:48.883 22 INFO neutron.wsgi [-] 10.0.0.129 "GET / HTTP/1.1" status: 200 len: 228 time: 0.0032072
2025-08-07 02:07:54.582 28 DEBUG neutron_lib.callbacks.manager [req-bb4753ef-14a3-4ded-b613-83fccd8d3c3c - - - - -] Publish callbacks ['neutron.services.segments.db._update_segment_host_mapping_for_agent-8777458712896', 'neutron.plugins.ml2.plugin.Ml2Plugin._retry_binding_revived_agents--9223372036853442373'] for agent (b2941333-fed2-4929-817b-1ffa5cab7fdf), after_update _notify_loop /var/lib/kolla/venv/lib/python3.6/site-packages/neutron_lib/callbacks/manager.py:177
2025-08-07 02:07:57.498 29 DEBUG neutron.db.agents_db [req-e6b769b3-5e2f-4ce3-854d-f5d5b42bb144 - - - - -] Agent healthcheck: found 2 active agents agent_health_check /var/lib/kolla/venv/lib/python3.6/site-packages/neutron/db/agents_db.py:318
2025-08-07 02:08:15.068 24 DEBUG neutron_lib.callbacks.manager [req-2a540138-dfcd-437f-b024-37ead125cbee - - - - -] Publish callbacks ['neutron.services.segments.db._update_segment_host_mapping_for_agent-8777458712896', 'neutron.plugins.ml2.plugin.Ml2Plugin._retry_binding_revived_agents--9223372036853442373'] for agent (d49c2d7b-d782-495c-9d80-a62cf5687338), after_update _notify_loop /var/lib/kolla/venv/lib/python3.6/site-packages/neutron_lib/callbacks/manager.py:177
2025-08-07 02:08:18.929 22 DEBUG neutron.wsgi [-] (22) accepted ('10.0.0.129', 37478) server /var/lib/kolla/venv/lib/python3.6/site-packages/eventlet/wsgi.py:1004
2025-08-07 02:08:18.932 22 INFO neutron.wsgi [-] 10.0.0.129 "GET / HTTP/1.1" status: 200 len: 228 time: 0.0027485
2025-08-07 02:08:24.569 25 DEBUG neutron_lib.callbacks.manager [req-cc056eed-1a81-4ab3-a017-ca9c6f10f1db - - - - -] Publish callbacks ['neutron.services.segments.db._update_segment_host_mapping_for_agent-8777458712896', 'neutron.plugins.ml2.plugin.Ml2Plugin._retry_binding_revived_agents--9223372036853442373'] for agent (b2941333-fed2-4929-817b-1ffa5cab7fdf), after_update _notify_loop /var/lib/kolla/venv/lib/python3.6/site-packages/neutron_lib/callbacks/manager.py:177
2025-08-07 02:08:34.496 29 DEBUG neutron.db.agents_db [req-e6b769b3-5e2f-4ce3-854d-f5d5b42bb144 - - - - -] Agent healthcheck: found 2 active agents agent_health_check /var/lib/kolla/venv/lib/python3.6/site-packages/neutron/db/agents_db.py:318
2025-08-07 02:08:45.070 23 DEBUG neutron_lib.callbacks.manager [req-2a540138-dfcd-437f-b024-37ead125cbee - - - - -] Publish callbacks ['neutron.services.segments.db._update_segment_host_mapping_for_agent-8777458712896', 'neutron.plugins.ml2.plugin.Ml2Plugin._retry_binding_revived_agents--9223372036853442373'] for agent (d49c2d7b-d782-495c-9d80-a62cf5687338), after_update _notify_loop /var/lib/kolla/venv/lib/python3.6/site-packages/neutron_lib/callbacks/manager.py:177
2025-08-07 02:08:48.981 22 DEBUG neutron.wsgi [-] (22) accepted ('10.0.0.129', 34176) server /var/lib/kolla/venv/lib/python3.6/site-packages/eventlet/wsgi.py:1004
2025-08-07 02:08:48.985 22 INFO neutron.wsgi [-] 10.0.0.129 "GET / HTTP/1.1" status: 200 len: 228 time: 0.0033228
2025-08-07 02:08:54.565 27 DEBUG neutron_lib.callbacks.manager [req-2a0e26d3-f525-47d3-b27f-9bd0b0338255 - - - - -] Publish callbacks ['neutron.services.segments.db._update_segment_host_mapping_for_agent-8777458712896', 'neutron.plugins.ml2.plugin.Ml2Plugin._retry_binding_revived_agents--9223372036853442373'] for agent (b2941333-fed2-4929-817b-1ffa5cab7fdf), after_update _notify_loop /var/lib/kolla/venv/lib/python3.6/site-packages/neutron_lib/callbacks/manager.py:177
2025-08-07 02:09:11.493 29 DEBUG neutron.db.agents_db [req-e6b769b3-5e2f-4ce3-854d-f5d5b42bb144 - - - - -] Agent healthcheck: found 2 active agents agent_health_check /var/lib/kolla/venv/lib/python3.6/site-packages/neutron/db/agents_db.py:318
2025-08-07 02:09:15.073 26 DEBUG neutron_lib.callbacks.manager [req-2a540138-dfcd-437f-b024-37ead125cbee - - - - -] Publish callbacks ['neutron.services.segments.db._update_segment_host_mapping_for_agent-8777458712896', 'neutron.plugins.ml2.plugin.Ml2Plugin._retry_binding_revived_agents--9223372036853442373'] for agent (d49c2d7b-d782-495c-9d80-a62cf5687338), after_update _notify_loop /var/lib/kolla/venv/lib/python3.6/site-packages/neutron_lib/callbacks/manager.py:177
2025-08-07 02:09:19.037 22 DEBUG neutron.wsgi [-] (22) accepted ('10.0.0.129', 32828) server /var/lib/kolla/venv/lib/python3.6/site-packages/eventlet/wsgi.py:1004
2025-08-07 02:09:19.041 22 INFO neutron.wsgi [-] 10.0.0.129 "GET / HTTP/1.1" status: 200 len: 228 time: 0.0031390
2025-08-07 02:09:24.564 28 DEBUG neutron_lib.callbacks.manager [req-4ebdac33-8ef1-4c23-9bfd-f20f4403eee5 - - - - -] Publish callbacks ['neutron.services.segments.db._update_segment_host_mapping_for_agent-8777458712896', 'neutron.plugins.ml2.plugin.Ml2Plugin._retry_binding_revived_agents--9223372036853442373'] for agent (b2941333-fed2-4929-817b-1ffa5cab7fdf), after_update _notify_loop /var/lib/kolla/venv/lib/python3.6/site-packages/neutron_lib/callbacks/manager.py:177
2025-08-07 02:09:45.076 24 DEBUG neutron_lib.callbacks.manager [req-2a540138-dfcd-437f-b024-37ead125cbee - - - - -] Publish callbacks ['neutron.services.segments.db._update_segment_host_mapping_for_agent-8777458712896', 'neutron.plugins.ml2.plugin.Ml2Plugin._retry_binding_revived_agents--9223372036853442373'] for agent (d49c2d7b-d782-495c-9d80-a62cf5687338), after_update _notify_loop /var/lib/kolla/venv/lib/python3.6/site-packages/neutron_lib/callbacks/manager.py:177
2025-08-07 02:09:48.490 29 DEBUG neutron.db.agents_db [req-e6b769b3-5e2f-4ce3-854d-f5d5b42bb144 - - - - -] Agent healthcheck: found 2 active agents agent_health_check /var/lib/kolla/venv/lib/python3.6/site-packages/neutron/db/agents_db.py:318
2025-08-07 02:09:49.091 22 DEBUG neutron.wsgi [-] (22) accepted ('10.0.0.129', 34340) server /var/lib/kolla/venv/lib/python3.6/site-packages/eventlet/wsgi.py:1004
2025-08-07 02:09:49.095 22 INFO neutron.wsgi [-] 10.0.0.129 "GET / HTTP/1.1" status: 200 len: 228 time: 0.0029924
2025-08-07 02:09:54.562 25 DEBUG neutron_lib.callbacks.manager [req-957e25f3-87bb-41d9-8079-dccdbc6aeff8 - - - - -] Publish callbacks ['neutron.services.segments.db._update_segment_host_mapping_for_agent-8777458712896', 'neutron.plugins.ml2.plugin.Ml2Plugin._retry_binding_revived_agents--9223372036853442373'] for agent (b2941333-fed2-4929-817b-1ffa5cab7fdf), after_update _notify_loop /var/lib/kolla/venv/lib/python3.6/site-packages/neutron_lib/callbacks/manager.py:177
2025-08-07 02:10:15.078 23 DEBUG neutron_lib.callbacks.manager [req-2a540138-dfcd-437f-b024-37ead125cbee - - - - -] Publish callbacks ['neutron.services.segments.db._update_segment_host_mapping_for_agent-8777458712896', 'neutron.plugins.ml2.plugin.Ml2Plugin._retry_binding_revived_agents--9223372036853442373'] for agent (d49c2d7b-d782-495c-9d80-a62cf5687338), after_update _notify_loop /var/lib/kolla/venv/lib/python3.6/site-packages/neutron_lib/callbacks/manager.py:177
2025-08-07 02:10:19.160 22 DEBUG neutron.wsgi [-] (22) accepted ('10.0.0.129', 39004) server /var/lib/kolla/venv/lib/python3.6/site-packages/eventlet/wsgi.py:1004
2025-08-07 02:10:19.163 22 INFO neutron.wsgi [-] 10.0.0.129 "GET / HTTP/1.1" status: 200 len: 228 time: 0.0027778
2025-08-07 02:10:24.558 27 DEBUG neutron_lib.callbacks.manager [req-58543250-bcd2-4217-adbe-5e2be8c3815d - - - - -] Publish callbacks ['neutron.services.segments.db._update_segment_host_mapping_for_agent-8777458712896', 'neutron.plugins.ml2.plugin.Ml2Plugin._retry_binding_revived_agents--9223372036853442373'] for agent (b2941333-fed2-4929-817b-1ffa5cab7fdf), after_update _notify_loop /var/lib/kolla/venv/lib/python3.6/site-packages/neutron_lib/callbacks/manager.py:177
2025-08-07 02:10:25.487 29 DEBUG neutron.db.agents_db [req-e6b769b3-5e2f-4ce3-854d-f5d5b42bb144 - - - - -] Agent healthcheck: found 2 active agents agent_health_check /var/lib/kolla/venv/lib/python3.6/site-packages/neutron/db/agents_db.py:318
2025-08-07 02:10:25.807 7 INFO oslo_service.service [-] Caught SIGTERM, stopping children
2025-08-07 02:10:25.808 7 DEBUG oslo_concurrency.lockutils [-] Acquired lock "singleton_lock" lock /var/lib/kolla/venv/lib/python3.6/site-packages/oslo_concurrency/lockutils.py:294
2025-08-07 02:10:25.808 7 DEBUG oslo_concurrency.lockutils [-] Releasing lock "singleton_lock" lock /var/lib/kolla/venv/lib/python3.6/site-packages/oslo_concurrency/lockutils.py:312
2025-08-07 02:10:25.808 7 DEBUG oslo_service.service [-] Stop services. stop /var/lib/kolla/venv/lib/python3.6/site-packages/oslo_service/service.py:695
2025-08-07 02:10:25.809 7 DEBUG neutron.service [-] calling RpcWorker stop() stop /var/lib/kolla/venv/lib/python3.6/site-packages/neutron/service.py:138
2025-08-07 02:10:25.809 7 DEBUG neutron.service [-] calling RpcWorker stop() stop /var/lib/kolla/venv/lib/python3.6/site-packages/neutron/service.py:138
2025-08-07 02:10:25.809 7 DEBUG oslo_service.service [-] Killing children. stop /var/lib/kolla/venv/lib/python3.6/site-packages/oslo_service/service.py:700
2025-08-07 02:10:25.809 7 INFO oslo_service.service [-] Waiting on 8 children to exit
2025-08-07 02:10:25.810 22 INFO neutron.wsgi [-] (22) wsgi exited, is_accepting=True
2025-08-07 02:10:25.810 23 DEBUG neutron.service [-] calling RpcWorker stop() stop /var/lib/kolla/venv/lib/python3.6/site-packages/neutron/service.py:138
2025-08-07 02:10:25.810 29 DEBUG neutron.service [-] calling RpcWorker stop() stop /var/lib/kolla/venv/lib/python3.6/site-packages/neutron/service.py:138
2025-08-07 02:10:25.810 26 DEBUG neutron.service [-] calling RpcWorker stop() stop /var/lib/kolla/venv/lib/python3.6/site-packages/neutron/service.py:138
2025-08-07 02:10:25.810 22 DEBUG oslo_concurrency.lockutils [req-8f097259-8791-44d7-ad7c-028691c34a6e - - - - -] Acquired lock "singleton_lock" lock /var/lib/kolla/venv/lib/python3.6/site-packages/oslo_concurrency/lockutils.py:294
2025-08-07 02:10:25.810 29 DEBUG neutron.service [-] calling stop on stop /var/lib/kolla/venv/lib/python3.6/site-packages/neutron/service.py:141
2025-08-07 02:10:25.811 22 DEBUG oslo_concurrency.lockutils [req-8f097259-8791-44d7-ad7c-028691c34a6e - - - - -] Releasing lock "singleton_lock" lock /var/lib/kolla/venv/lib/python3.6/site-packages/oslo_concurrency/lockutils.py:312
2025-08-07 02:10:25.811 24 DEBUG neutron.service [-] calling RpcWorker stop() stop /var/lib/kolla/venv/lib/python3.6/site-packages/neutron/service.py:138
2025-08-07 02:10:25.810 26 DEBUG neutron.service [-] calling stop on stop /var/lib/kolla/venv/lib/python3.6/site-packages/neutron/service.py:141
2025-08-07 02:10:25.810 23 DEBUG neutron.service [-] calling stop on stop /var/lib/kolla/venv/lib/python3.6/site-packages/neutron/service.py:141
2025-08-07 02:10:25.812 24 DEBUG neutron.service [-] calling stop on stop /var/lib/kolla/venv/lib/python3.6/site-packages/neutron/service.py:141
2025-08-07 02:10:25.815 7 INFO oslo_service.service [-] Child 22 exited with status 0
2025-08-07 02:10:25.815 25 DEBUG neutron.service [-] calling RpcWorker stop() stop /var/lib/kolla/venv/lib/python3.6/site-packages/neutron/service.py:138
2025-08-07 02:10:25.815 25 DEBUG neutron.service [-] calling stop on stop /var/lib/kolla/venv/lib/python3.6/site-packages/neutron/service.py:141
2025-08-07 02:10:25.821 27 DEBUG neutron.service [-] calling RpcWorker stop() stop /var/lib/kolla/venv/lib/python3.6/site-packages/neutron/service.py:138
2025-08-07 02:10:25.821 27 DEBUG neutron.service [-] calling stop on stop /var/lib/kolla/venv/lib/python3.6/site-packages/neutron/service.py:141
2025-08-07 02:10:25.825 28 DEBUG neutron.service [-] calling RpcWorker stop() stop /var/lib/kolla/venv/lib/python3.6/site-packages/neutron/service.py:138
2025-08-07 02:10:25.825 28 DEBUG neutron.service [-] calling stop on stop /var/lib/kolla/venv/lib/python3.6/site-packages/neutron/service.py:141
2025-08-07 02:10:26.521 25 DEBUG neutron.service [-] calling stop on stop /var/lib/kolla/venv/lib/python3.6/site-packages/neutron/service.py:141
2025-08-07 02:10:26.523 23 DEBUG neutron.service [-] calling stop on stop /var/lib/kolla/venv/lib/python3.6/site-packages/neutron/service.py:141
2025-08-07 02:10:26.524 24 DEBUG neutron.service [-] calling stop on stop /var/lib/kolla/venv/lib/python3.6/site-packages/neutron/service.py:141
2025-08-07 02:10:26.535 26 DEBUG oslo_concurrency.lockutils [req-8f097259-8791-44d7-ad7c-028691c34a6e - - - - -] Acquired lock "singleton_lock" lock /var/lib/kolla/venv/lib/python3.6/site-packages/oslo_concurrency/lockutils.py:294
2025-08-07 02:10:26.535 26 DEBUG oslo_concurrency.lockutils [req-8f097259-8791-44d7-ad7c-028691c34a6e - - - - -] Releasing lock "singleton_lock" lock /var/lib/kolla/venv/lib/python3.6/site-packages/oslo_concurrency/lockutils.py:312
2025-08-07 02:10:26.535 26 DEBUG neutron.service [req-8f097259-8791-44d7-ad7c-028691c34a6e - - - - -] calling RpcWorker wait() _wait /var/lib/kolla/venv/lib/python3.6/site-packages/neutron/service.py:128
2025-08-07 02:10:26.535 26 DEBUG neutron.service [req-8f097259-8791-44d7-ad7c-028691c34a6e - - - - -] calling wait on _wait /var/lib/kolla/venv/lib/python3.6/site-packages/neutron/service.py:131
2025-08-07 02:10:26.538 25 DEBUG neutron.service [-] calling stop on stop /var/lib/kolla/venv/lib/python3.6/site-packages/neutron/service.py:141
2025-08-07 02:10:26.542 26 WARNING amqp [req-8f097259-8791-44d7-ad7c-028691c34a6e - - - - -] Received method (60, 30) during closing channel 1. This method will be ignored
2025-08-07 02:10:26.543 26 DEBUG neutron.service [req-8f097259-8791-44d7-ad7c-028691c34a6e - - - - -] returning from RpcWorker wait() _wait /var/lib/kolla/venv/lib/python3.6/site-packages/neutron/service.py:135
2025-08-07 02:10:26.547 29 DEBUG oslo_concurrency.lockutils [req-8f097259-8791-44d7-ad7c-028691c34a6e - - - - -] Acquired lock "singleton_lock" lock /var/lib/kolla/venv/lib/python3.6/site-packages/oslo_concurrency/lockutils.py:294
2025-08-07 02:10:26.547 24 DEBUG neutron.service [-] calling stop on stop /var/lib/kolla/venv/lib/python3.6/site-packages/neutron/service.py:141
2025-08-07 02:10:26.547 29 DEBUG oslo_concurrency.lockutils [req-8f097259-8791-44d7-ad7c-028691c34a6e - - - - -] Releasing lock "singleton_lock" lock /var/lib/kolla/venv/lib/python3.6/site-packages/oslo_concurrency/lockutils.py:312
2025-08-07 02:10:26.547 29 DEBUG neutron.service [req-8f097259-8791-44d7-ad7c-028691c34a6e - - - - -] calling RpcWorker wait() _wait /var/lib/kolla/venv/lib/python3.6/site-packages/neutron/service.py:128
2025-08-07 02:10:26.548 29 DEBUG neutron.service [req-8f097259-8791-44d7-ad7c-028691c34a6e - - - - -] calling wait on _wait /var/lib/kolla/venv/lib/python3.6/site-packages/neutron/service.py:131
2025-08-07 02:10:26.549 7 INFO oslo_service.service [-] Child 26 exited with status 0
2025-08-07 02:10:26.553 28 DEBUG oslo_concurrency.lockutils [req-8f097259-8791-44d7-ad7c-028691c34a6e - - - - -] Acquired lock "singleton_lock" lock /var/lib/kolla/venv/lib/python3.6/site-packages/oslo_concurrency/lockutils.py:294
2025-08-07 02:10:26.554 28 DEBUG oslo_concurrency.lockutils [req-8f097259-8791-44d7-ad7c-028691c34a6e - - - - -] Releasing lock "singleton_lock" lock /var/lib/kolla/venv/lib/python3.6/site-packages/oslo_concurrency/lockutils.py:312
2025-08-07 02:10:26.555 28 DEBUG neutron.service [req-8f097259-8791-44d7-ad7c-028691c34a6e - - - - -] calling RpcWorker wait() _wait /var/lib/kolla/venv/lib/python3.6/site-packages/neutron/service.py:128
2025-08-07 02:10:26.555 28 DEBUG neutron.service [req-8f097259-8791-44d7-ad7c-028691c34a6e - - - - -] calling wait on _wait /var/lib/kolla/venv/lib/python3.6/site-packages/neutron/service.py:131
2025-08-07 02:10:26.555 29 WARNING amqp [req-8f097259-8791-44d7-ad7c-028691c34a6e - - - - -] Received method (60, 30) during closing channel 1. This method will be ignored
2025-08-07 02:10:26.557 29 DEBUG neutron.service [req-8f097259-8791-44d7-ad7c-028691c34a6e - - - - -] returning from RpcWorker wait() _wait /var/lib/kolla/venv/lib/python3.6/site-packages/neutron/service.py:135
2025-08-07 02:10:26.558 23 DEBUG neutron.service [-] calling stop on stop /var/lib/kolla/venv/lib/python3.6/site-packages/neutron/service.py:141
2025-08-07 02:10:26.565 7 INFO oslo_service.service [-] Child 29 exited with status 0
2025-08-07 02:10:26.565 28 WARNING amqp [req-8f097259-8791-44d7-ad7c-028691c34a6e - - - - -] Received method (60, 30) during closing channel 1. This method will be ignored
2025-08-07 02:10:26.567 24 DEBUG neutron.service [-] calling stop on stop /var/lib/kolla/venv/lib/python3.6/site-packages/neutron/service.py:141
2025-08-07 02:10:26.567 28 DEBUG neutron.service [req-8f097259-8791-44d7-ad7c-028691c34a6e - - - - -] returning from RpcWorker wait() _wait /var/lib/kolla/venv/lib/python3.6/site-packages/neutron/service.py:135
2025-08-07 02:10:26.573 7 INFO oslo_service.service [-] Child 28 exited with status 0
2025-08-07 02:10:26.579 24 DEBUG oslo_concurrency.lockutils [req-8f097259-8791-44d7-ad7c-028691c34a6e - - - - -] Acquired lock "singleton_lock" lock /var/lib/kolla/venv/lib/python3.6/site-packages/oslo_concurrency/lockutils.py:294
2025-08-07 02:10:26.580 24 DEBUG oslo_concurrency.lockutils [req-8f097259-8791-44d7-ad7c-028691c34a6e - - - - -] Releasing lock "singleton_lock" lock /var/lib/kolla/venv/lib/python3.6/site-packages/oslo_concurrency/lockutils.py:312
2025-08-07 02:10:26.580 24 DEBUG neutron.service [req-8f097259-8791-44d7-ad7c-028691c34a6e - - - - -] calling RpcWorker wait() _wait /var/lib/kolla/venv/lib/python3.6/site-packages/neutron/service.py:128
2025-08-07 02:10:26.580 24 DEBUG neutron.service [req-8f097259-8791-44d7-ad7c-028691c34a6e - - - - -] calling wait on _wait /var/lib/kolla/venv/lib/python3.6/site-packages/neutron/service.py:131
2025-08-07 02:10:26.585 24 WARNING amqp [req-8f097259-8791-44d7-ad7c-028691c34a6e - - - - -] Received method (60, 30) during closing channel 1. This method will be ignored
2025-08-07 02:10:26.586 24 DEBUG neutron.service [req-8f097259-8791-44d7-ad7c-028691c34a6e - - - - -] calling wait on _wait /var/lib/kolla/venv/lib/python3.6/site-packages/neutron/service.py:131
2025-08-07 02:10:26.592 24 WARNING amqp [req-8f097259-8791-44d7-ad7c-028691c34a6e - - - - -] Received method (60, 30) during closing channel 1. This method will be ignored
2025-08-07 02:10:26.593 24 DEBUG neutron.service [req-8f097259-8791-44d7-ad7c-028691c34a6e - - - - -] calling wait on _wait /var/lib/kolla/venv/lib/python3.6/site-packages/neutron/service.py:131
2025-08-07 02:10:26.598 24 WARNING amqp [req-8f097259-8791-44d7-ad7c-028691c34a6e - - - - -] Received method (60, 30) during closing channel 1. This method will be ignored
2025-08-07 02:10:26.598 24 DEBUG neutron.service [req-8f097259-8791-44d7-ad7c-028691c34a6e - - - - -] calling wait on _wait /var/lib/kolla/venv/lib/python3.6/site-packages/neutron/service.py:131
2025-08-07 02:10:26.603 24 WARNING amqp [req-8f097259-8791-44d7-ad7c-028691c34a6e - - - - -] Received method (60, 30) during closing channel 1. This method will be ignored
2025-08-07 02:10:26.604 24 DEBUG neutron.service [req-8f097259-8791-44d7-ad7c-028691c34a6e - - - - -] returning from RpcWorker wait() _wait /var/lib/kolla/venv/lib/python3.6/site-packages/neutron/service.py:135
2025-08-07 02:10:26.605 27 DEBUG oslo_concurrency.lockutils [req-8f097259-8791-44d7-ad7c-028691c34a6e - - - - -] Acquired lock "singleton_lock" lock /var/lib/kolla/venv/lib/python3.6/site-packages/oslo_concurrency/lockutils.py:294
2025-08-07 02:10:26.605 27 DEBUG oslo_concurrency.lockutils [req-8f097259-8791-44d7-ad7c-028691c34a6e - - - - -] Releasing lock "singleton_lock" lock /var/lib/kolla/venv/lib/python3.6/site-packages/oslo_concurrency/lockutils.py:312
2025-08-07 02:10:26.605 27 DEBUG neutron.service [req-8f097259-8791-44d7-ad7c-028691c34a6e - - - - -] calling RpcWorker wait() _wait /var/lib/kolla/venv/lib/python3.6/site-packages/neutron/service.py:128
2025-08-07 02:10:26.606 27 DEBUG neutron.service [req-8f097259-8791-44d7-ad7c-028691c34a6e - - - - -] calling wait on _wait /var/lib/kolla/venv/lib/python3.6/site-packages/neutron/service.py:131
2025-08-07 02:10:26.610 7 INFO oslo_service.service [-] Child 24 exited with status 0
2025-08-07 02:10:26.610 27 WARNING amqp [req-8f097259-8791-44d7-ad7c-028691c34a6e - - - - -] Received method (60, 30) during closing channel 1. This method will be ignored
2025-08-07 02:10:26.611 27 DEBUG neutron.service [req-8f097259-8791-44d7-ad7c-028691c34a6e - - - - -] returning from RpcWorker wait() _wait /var/lib/kolla/venv/lib/python3.6/site-packages/neutron/service.py:135
2025-08-07 02:10:26.616 7 INFO oslo_service.service [-] Child 27 exited with status 0
2025-08-07 02:10:27.760 25 DEBUG neutron.service [-] calling stop on stop /var/lib/kolla/venv/lib/python3.6/site-packages/neutron/service.py:141
2025-08-07 02:10:28.273 23 DEBUG neutron.service [-] calling stop on stop /var/lib/kolla/venv/lib/python3.6/site-packages/neutron/service.py:141
2025-08-07 02:10:31.583 25 DEBUG oslo_concurrency.lockutils [req-8f097259-8791-44d7-ad7c-028691c34a6e - - - - -] Acquired lock "singleton_lock" lock /var/lib/kolla/venv/lib/python3.6/site-packages/oslo_concurrency/lockutils.py:294
2025-08-07 02:10:31.584 25 DEBUG oslo_concurrency.lockutils [req-8f097259-8791-44d7-ad7c-028691c34a6e - - - - -] Releasing lock "singleton_lock" lock /var/lib/kolla/venv/lib/python3.6/site-packages/oslo_concurrency/lockutils.py:312
2025-08-07 02:10:31.584 25 DEBUG neutron.service [req-8f097259-8791-44d7-ad7c-028691c34a6e - - - - -] calling RpcWorker wait() _wait /var/lib/kolla/venv/lib/python3.6/site-packages/neutron/service.py:128
2025-08-07 02:10:31.584 25 DEBUG neutron.service [req-8f097259-8791-44d7-ad7c-028691c34a6e - - - - -] calling wait on _wait /var/lib/kolla/venv/lib/python3.6/site-packages/neutron/service.py:131
2025-08-07 02:10:31.586 23 DEBUG oslo_concurrency.lockutils [req-8f097259-8791-44d7-ad7c-028691c34a6e - - - - -] Acquired lock "singleton_lock" lock /var/lib/kolla/venv/lib/python3.6/site-packages/oslo_concurrency/lockutils.py:294
2025-08-07 02:10:31.586 23 DEBUG oslo_concurrency.lockutils [req-8f097259-8791-44d7-ad7c-028691c34a6e - - - - -] Releasing lock "singleton_lock" lock /var/lib/kolla/venv/lib/python3.6/site-packages/oslo_concurrency/lockutils.py:312
2025-08-07 02:10:31.587 23 DEBUG neutron.service [req-8f097259-8791-44d7-ad7c-028691c34a6e - - - - -] calling RpcWorker wait() _wait /var/lib/kolla/venv/lib/python3.6/site-packages/neutron/service.py:128
2025-08-07 02:10:31.587 23 DEBUG neutron.service [req-8f097259-8791-44d7-ad7c-028691c34a6e - - - - -] calling wait on _wait /var/lib/kolla/venv/lib/python3.6/site-packages/neutron/service.py:131
2025-08-07 02:10:31.591 25 WARNING amqp [req-8f097259-8791-44d7-ad7c-028691c34a6e - - - - -] Received method (60, 30) during closing channel 1. This method will be ignored
2025-08-07 02:10:31.592 25 DEBUG neutron.service [req-8f097259-8791-44d7-ad7c-028691c34a6e - - - - -] calling wait on _wait /var/lib/kolla/venv/lib/python3.6/site-packages/neutron/service.py:131
2025-08-07 02:10:31.594 23 WARNING amqp [req-8f097259-8791-44d7-ad7c-028691c34a6e - - - - -] Received method (60, 30) during closing channel 1. This method will be ignored
2025-08-07 02:10:31.595 23 DEBUG neutron.service [req-8f097259-8791-44d7-ad7c-028691c34a6e - - - - -] calling wait on _wait /var/lib/kolla/venv/lib/python3.6/site-packages/neutron/service.py:131
2025-08-07 02:10:31.597 25 WARNING amqp [req-8f097259-8791-44d7-ad7c-028691c34a6e - - - - -] Received method (60, 30) during closing channel 1. This method will be ignored
2025-08-07 02:10:31.597 25 DEBUG neutron.service [req-8f097259-8791-44d7-ad7c-028691c34a6e - - - - -] calling wait on _wait /var/lib/kolla/venv/lib/python3.6/site-packages/neutron/service.py:131
2025-08-07 02:10:31.600 23 WARNING amqp [req-8f097259-8791-44d7-ad7c-028691c34a6e - - - - -] Received method (60, 30) during closing channel 1. This method will be ignored
2025-08-07 02:10:31.601 23 DEBUG neutron.service [req-8f097259-8791-44d7-ad7c-028691c34a6e - - - - -] calling wait on _wait /var/lib/kolla/venv/lib/python3.6/site-packages/neutron/service.py:131
2025-08-07 02:10:31.603 25 WARNING amqp [req-8f097259-8791-44d7-ad7c-028691c34a6e - - - - -] Received method (60, 30) during closing channel 1. This method will be ignored
2025-08-07 02:10:31.603 25 DEBUG neutron.service [req-8f097259-8791-44d7-ad7c-028691c34a6e - - - - -] calling wait on _wait /var/lib/kolla/venv/lib/python3.6/site-packages/neutron/service.py:131
2025-08-07 02:10:31.606 23 WARNING amqp [req-8f097259-8791-44d7-ad7c-028691c34a6e - - - - -] Received method (60, 30) during closing channel 1. This method will be ignored
2025-08-07 02:10:31.607 23 DEBUG neutron.service [req-8f097259-8791-44d7-ad7c-028691c34a6e - - - - -] calling wait on _wait /var/lib/kolla/venv/lib/python3.6/site-packages/neutron/service.py:131
2025-08-07 02:10:31.608 25 WARNING amqp [req-8f097259-8791-44d7-ad7c-028691c34a6e - - - - -] Received method (60, 30) during closing channel 1. This method will be ignored
2025-08-07 02:10:31.609 25 DEBUG neutron.service [req-8f097259-8791-44d7-ad7c-028691c34a6e - - - - -] returning from RpcWorker wait() _wait /var/lib/kolla/venv/lib/python3.6/site-packages/neutron/service.py:135
2025-08-07 02:10:31.612 23 WARNING amqp [req-8f097259-8791-44d7-ad7c-028691c34a6e - - - - -] Received method (60, 30) during closing channel 1. This method will be ignored
2025-08-07 02:10:31.613 23 DEBUG neutron.service [req-8f097259-8791-44d7-ad7c-028691c34a6e - - - - -] returning from RpcWorker wait() _wait /var/lib/kolla/venv/lib/python3.6/site-packages/neutron/service.py:135
2025-08-07 02:10:31.614 7 INFO oslo_service.service [-] Child 25 exited with status 0
2025-08-07 02:10:31.619 7 INFO oslo_service.service [-] Child 23 exited with status 0
2025-08-07 02:10:31.619 7 INFO oslo_service.service [-] Wait called after thread killed. Cleaning up.
2025-08-07 02:10:31.619 7 DEBUG oslo_service.service [-] Stop services. stop /var/lib/kolla/venv/lib/python3.6/site-packages/oslo_service/service.py:695
2025-08-07 02:10:31.619 7 DEBUG oslo_service.service [-] Killing children. stop /var/lib/kolla/venv/lib/python3.6/site-packages/oslo_service/service.py:700
2025-08-07 02:10:35.912 7 INFO neutron.common.config [-] Logging enabled!
2025-08-07 02:10:35.912 7 INFO neutron.common.config [-] /var/lib/kolla/venv/bin/neutron-server version 20.5.1.dev23
