2025-08-04 00:38:26.325 131556 DEBUG oslo_service.service [req-0e28d845-f9c8-44b2-a8bc-f16c031490ca - - - - -] glance.valid_interfaces = ['internal', 'public'] log_opt_values /usr/lib/python3/dist-packages/oslo_config/cfg.py:2609
2025-08-04 00:38:26.325 131556 DEBUG oslo_service.service [req-0e28d845-f9c8-44b2-a8bc-f16c031490ca - - - - -] glance.verify_glance_signatures = False log_opt_values /usr/lib/python3/dist-packages/oslo_config/cfg.py:2609
2025-08-04 00:38:26.325 131556 DEBUG oslo_service.service [req-0e28d845-f9c8-44b2-a8bc-f16c031490ca - - - - -] glance.version = None log_opt_values /usr/lib/python3/dist-packages/oslo_config/cfg.py:2609
2025-08-04 00:38:26.326 131556 DEBUG oslo_service.service [req-0e28d845-f9c8-44b2-a8bc-f16c031490ca - - - - -] guestfs.debug = False log_opt_values /usr/lib/python3/dist-packages/oslo_config/cfg.py:2609
2025-08-04 00:38:26.326 131556 DEBUG oslo_service.service [req-0e28d845-f9c8-44b2-a8bc-f16c031490ca - - - - -] hyperv.config_drive_cdrom = False log_opt_values /usr/lib/python3/dist-packages/oslo_config/cfg.py:2609
2025-08-04 00:38:26.326 131556 DEBUG oslo_service.service [req-0e28d845-f9c8-44b2-a8bc-f16c031490ca - - - - -] hyperv.config_drive_inject_password = False log_opt_values /usr/lib/python3/dist-packages/oslo_config/cfg.py:2609
2025-08-04 00:38:26.326 131556 DEBUG oslo_service.service [req-0e28d845-f9c8-44b2-a8bc-f16c031490ca - - - - -] hyperv.dynamic_memory_ratio = 1.0 log_opt_values /usr/lib/python3/dist-packages/oslo_config/cfg.py:2609
2025-08-04 00:38:26.327 131556 DEBUG oslo_service.service [req-0e28d845-f9c8-44b2-a8bc-f16c031490ca - - - - -] hyperv.enable_instance_metrics_collection = False log_opt_values /usr/lib/python3/dist-packages/oslo_config/cfg.py:2609
2025-08-04 00:38:26.327 131556 DEBUG oslo_service.service [req-0e28d845-f9c8-44b2-a8bc-f16c031490ca - - - - -] hyperv.enable_remotefx = False log_opt_values /usr/lib/python3/dist-packages/oslo_config/cfg.py:2609
2025-08-04 00:38:26.327 131556 DEBUG oslo_service.service [req-0e28d845-f9c8-44b2-a8bc-f16c031490ca - - - - -] hyperv.instances_path_share = log_opt_values /usr/lib/python3/dist-packages/oslo_config/cfg.py:2609
2025-08-04 00:38:26.328 131556 DEBUG oslo_service.service [req-0e28d845-f9c8-44b2-a8bc-f16c031490ca - - - - -] hyperv.iscsi_initiator_list = [] log_opt_values /usr/lib/python3/dist-packages/oslo_config/cfg.py:2609
2025-08-04 00:38:26.328 131556 DEBUG oslo_service.service [req-0e28d845-f9c8-44b2-a8bc-f16c031490ca - - - - -] hyperv.limit_cpu_features = False log_opt_values /usr/lib/python3/dist-packages/oslo_config/cfg.py:2609
2025-08-04 00:38:26.328 131556 DEBUG oslo_service.service [req-0e28d845-f9c8-44b2-a8bc-f16c031490ca - - - - -] hyperv.mounted_disk_query_retry_count = 10 log_opt_values /usr/lib/python3/dist-packages/oslo_config/cfg.py:2609
2025-08-04 00:38:26.329 131556 DEBUG oslo_service.service [req-0e28d845-f9c8-44b2-a8bc-f16c031490ca - - - - -] hyperv.mounted_disk_query_retry_interval = 5 log_opt_values /usr/lib/python3/dist-packages/oslo_config/cfg.py:2609
2025-08-04 00:38:26.329 131556 DEBUG oslo_service.service [req-0e28d845-f9c8-44b2-a8bc-f16c031490ca - - - - -] hyperv.power_state_check_timeframe = 60 log_opt_values /usr/lib/python3/dist-packages/oslo_config/cfg.py:2609
2025-08-04 00:38:26.329 131556 DEBUG oslo_service.service [req-0e28d845-f9c8-44b2-a8bc-f16c031490ca - - - - -] hyperv.power_state_event_polling_interval = 2 log_opt_values /usr/lib/python3/dist-packages/oslo_config/cfg.py:2609
2025-08-04 00:38:26.329 131556 DEBUG oslo_service.service [req-0e28d845-f9c8-44b2-a8bc-f16c031490ca - - - - -] hyperv.qemu_img_cmd = qemu-img.exe log_opt_values /usr/lib/python3/dist-packages/oslo_config/cfg.py:2609
2025-08-04 00:38:26.329 131556 DEBUG oslo_service.service [req-0e28d845-f9c8-44b2-a8bc-f16c031490ca - - - - -] hyperv.use_multipath_io = False log_opt_values /usr/lib/python3/dist-packages/oslo_config/cfg.py:2609
2025-08-04 00:38:26.330 131556 DEBUG oslo_service.service [req-0e28d845-f9c8-44b2-a8bc-f16c031490ca - - - - -] hyperv.volume_attach_retry_count = 10 log_opt_values /usr/lib/python3/dist-packages/oslo_config/cfg.py:2609
2025-08-04 00:38:26.330 131556 DEBUG oslo_service.service [req-0e28d845-f9c8-44b2-a8bc-f16c031490ca - - - - -] hyperv.volume_attach_retry_interval = 5 log_opt_values /usr/lib/python3/dist-packages/oslo_config/cfg.py:2609
2025-08-04 00:38:26.330 131556 DEBUG oslo_service.service [req-0e28d845-f9c8-44b2-a8bc-f16c031490ca - - - - -] hyperv.vswitch_name = None log_opt_values /usr/lib/python3/dist-packages/oslo_config/cfg.py:2609
2025-08-04 00:38:26.330 131556 DEBUG oslo_service.service [req-0e28d845-f9c8-44b2-a8bc-f16c031490ca - - - - -] hyperv.wait_soft_reboot_seconds = 60 log_opt_values /usr/lib/python3/dist-packages/oslo_config/cfg.py:2609
2025-08-04 00:38:26.331 131556 DEBUG oslo_service.service [req-0e28d845-f9c8-44b2-a8bc-f16c031490ca - - - - -] mks.enabled = False log_opt_values /usr/lib/python3/dist-packages/oslo_config/cfg.py:2609
2025-08-04 00:38:26.331 131556 DEBUG oslo_service.service [req-0e28d845-f9c8-44b2-a8bc-f16c031490ca - - - - -] mks.mksproxy_base_url = http://127.0.0.1:6090/ log_opt_values /usr/lib/python3/dist-packages/oslo_config/cfg.py:2609
2025-08-04 00:38:26.331 131556 DEBUG oslo_service.service [req-0e28d845-f9c8-44b2-a8bc-f16c031490ca - - - - -] image_cache.manager_interval = 2400 log_opt_values /usr/lib/python3/dist-packages/oslo_config/cfg.py:2609
2025-08-04 00:38:26.332 131556 DEBUG oslo_service.service [req-0e28d845-f9c8-44b2-a8bc-f16c031490ca - - - - -] image_cache.precache_concurrency = 1 log_opt_values /usr/lib/python3/dist-packages/oslo_config/cfg.py:2609
2025-08-04 00:38:26.332 131556 DEBUG oslo_service.service [req-0e28d845-f9c8-44b2-a8bc-f16c031490ca - - - - -] image_cache.remove_unused_base_images = True log_opt_values /usr/lib/python3/dist-packages/oslo_config/cfg.py:2609
2025-08-04 00:38:26.332 131556 DEBUG oslo_service.service [req-0e28d845-f9c8-44b2-a8bc-f16c031490ca - - - - -] image_cache.remove_unused_original_minimum_age_seconds = 86400 log_opt_values /usr/lib/python3/dist-packages/oslo_config/cfg.py:2609
2025-08-04 00:38:26.332 131556 DEBUG oslo_service.service [req-0e28d845-f9c8-44b2-a8bc-f16c031490ca - - - - -] image_cache.remove_unused_resized_minimum_age_seconds = 3600 log_opt_values /usr/lib/python3/dist-packages/oslo_config/cfg.py:2609
2025-08-04 00:38:26.332 131556 DEBUG oslo_service.service [req-0e28d845-f9c8-44b2-a8bc-f16c031490ca - - - - -] image_cache.subdirectory_name = _base log_opt_values /usr/lib/python3/dist-packages/oslo_config/cfg.py:2609
2025-08-04 00:38:26.332 131824 DEBUG oslo_messaging._drivers.amqpdriver [-] Listener is running poll /usr/lib/python3/dist-packages/oslo_messaging/_drivers/amqpdriver.py:343
2025-08-04 00:38:26.333 131556 DEBUG oslo_service.service [req-0e28d845-f9c8-44b2-a8bc-f16c031490ca - - - - -] ironic.api_max_retries = 60 log_opt_values /usr/lib/python3/dist-packages/oslo_config/cfg.py:2609
2025-08-04 00:38:26.333 131824 DEBUG oslo_messaging._drivers.amqpdriver [-] AMQPListener connection consume poll /usr/lib/python3/dist-packages/oslo_messaging/_drivers/amqpdriver.py:357
2025-08-04 00:38:26.333 131556 DEBUG oslo_service.service [req-0e28d845-f9c8-44b2-a8bc-f16c031490ca - - - - -] ironic.api_retry_interval = 2 log_opt_values /usr/lib/python3/dist-packages/oslo_config/cfg.py:2609
2025-08-04 00:38:26.333 131556 DEBUG oslo_service.service [req-0e28d845-f9c8-44b2-a8bc-f16c031490ca - - - - -] ironic.auth_section = None log_opt_values /usr/lib/python3/dist-packages/oslo_config/cfg.py:2609
2025-08-04 00:38:26.333 131556 DEBUG oslo_service.service [req-0e28d845-f9c8-44b2-a8bc-f16c031490ca - - - - -] ironic.auth_type = None log_opt_values /usr/lib/python3/dist-packages/oslo_config/cfg.py:2609
2025-08-04 00:38:26.334 131556 DEBUG oslo_service.service [req-0e28d845-f9c8-44b2-a8bc-f16c031490ca - - - - -] ironic.cafile = None log_opt_values /usr/lib/python3/dist-packages/oslo_config/cfg.py:2609
2025-08-04 00:38:26.334 131825 DEBUG oslo_messaging._drivers.amqpdriver [-] Listener is running poll /usr/lib/python3/dist-packages/oslo_messaging/_drivers/amqpdriver.py:343
2025-08-04 00:38:26.334 131556 DEBUG oslo_service.service [req-0e28d845-f9c8-44b2-a8bc-f16c031490ca - - - - -] ironic.certfile = None log_opt_values /usr/lib/python3/dist-packages/oslo_config/cfg.py:2609
2025-08-04 00:38:26.334 131825 DEBUG oslo_messaging._drivers.amqpdriver [-] AMQPListener connection consume poll /usr/lib/python3/dist-packages/oslo_messaging/_drivers/amqpdriver.py:357
2025-08-04 00:38:26.334 131556 DEBUG oslo_service.service [req-0e28d845-f9c8-44b2-a8bc-f16c031490ca - - - - -] ironic.collect_timing = False log_opt_values /usr/lib/python3/dist-packages/oslo_config/cfg.py:2609
2025-08-04 00:38:26.334 131556 DEBUG oslo_service.service [req-0e28d845-f9c8-44b2-a8bc-f16c031490ca - - - - -] ironic.connect_retries = None log_opt_values /usr/lib/python3/dist-packages/oslo_config/cfg.py:2609
2025-08-04 00:38:26.334 131556 DEBUG oslo_service.service [req-0e28d845-f9c8-44b2-a8bc-f16c031490ca - - - - -] ironic.connect_retry_delay = None log_opt_values /usr/lib/python3/dist-packages/oslo_config/cfg.py:2609
2025-08-04 00:38:26.334 131556 DEBUG oslo_service.service [req-0e28d845-f9c8-44b2-a8bc-f16c031490ca - - - - -] ironic.endpoint_override = None log_opt_values /usr/lib/python3/dist-packages/oslo_config/cfg.py:2609
2025-08-04 00:38:26.335 131556 DEBUG oslo_service.service [req-0e28d845-f9c8-44b2-a8bc-f16c031490ca - - - - -] ironic.insecure = False log_opt_values /usr/lib/python3/dist-packages/oslo_config/cfg.py:2609
2025-08-04 00:38:26.335 131556 DEBUG oslo_service.service [req-0e28d845-f9c8-44b2-a8bc-f16c031490ca - - - - -] ironic.keyfile = None log_opt_values /usr/lib/python3/dist-packages/oslo_config/cfg.py:2609
2025-08-04 00:38:26.335 131556 DEBUG oslo_service.service [req-0e28d845-f9c8-44b2-a8bc-f16c031490ca - - - - -] ironic.max_version = None log_opt_values /usr/lib/python3/dist-packages/oslo_config/cfg.py:2609
2025-08-04 00:38:26.335 131556 DEBUG oslo_service.service [req-0e28d845-f9c8-44b2-a8bc-f16c031490ca - - - - -] ironic.min_version = None log_opt_values /usr/lib/python3/dist-packages/oslo_config/cfg.py:2609
2025-08-04 00:38:26.335 131556 DEBUG oslo_service.service [req-0e28d845-f9c8-44b2-a8bc-f16c031490ca - - - - -] ironic.partition_key = None log_opt_values /usr/lib/python3/dist-packages/oslo_config/cfg.py:2609
2025-08-04 00:38:26.335 131824 DEBUG nova.service [req-4fc6a4a3-8bb7-43bf-b3dc-59971c26b341 - - - - -] Join ServiceGroup membership for this service scheduler start /usr/lib/python3/dist-packages/nova/service.py:199
2025-08-04 00:38:26.336 131556 DEBUG oslo_service.service [req-0e28d845-f9c8-44b2-a8bc-f16c031490ca - - - - -] ironic.peer_list = [] log_opt_values /usr/lib/python3/dist-packages/oslo_config/cfg.py:2609
2025-08-04 00:38:26.336 131556 DEBUG oslo_service.service [req-0e28d845-f9c8-44b2-a8bc-f16c031490ca - - - - -] ironic.region_name = None log_opt_values /usr/lib/python3/dist-packages/oslo_config/cfg.py:2609
2025-08-04 00:38:26.336 131824 DEBUG nova.servicegroup.drivers.db [req-4fc6a4a3-8bb7-43bf-b3dc-59971c26b341 - - - - -] DB_Driver: join new ServiceGroup member juju-e68683-0-lxd-7 to the scheduler group, service = join /usr/lib/python3/dist-packages/nova/servicegroup/drivers/db.py:44
2025-08-04 00:38:26.336 131556 DEBUG oslo_service.service [req-0e28d845-f9c8-44b2-a8bc-f16c031490ca - - - - -] ironic.serial_console_state_timeout = 10 log_opt_values /usr/lib/python3/dist-packages/oslo_config/cfg.py:2609
2025-08-04 00:38:26.336 131825 DEBUG nova.service [req-c8595d06-9e92-4349-9b04-d261000fc6fb - - - - -] Join ServiceGroup membership for this service scheduler start /usr/lib/python3/dist-packages/nova/service.py:199
2025-08-04 00:38:26.336 131556 DEBUG oslo_service.service [req-0e28d845-f9c8-44b2-a8bc-f16c031490ca - - - - -] ironic.service_name = None log_opt_values /usr/lib/python3/dist-packages/oslo_config/cfg.py:2609
2025-08-04 00:38:26.336 131825 DEBUG nova.servicegroup.drivers.db [req-c8595d06-9e92-4349-9b04-d261000fc6fb - - - - -] DB_Driver: join new ServiceGroup member juju-e68683-0-lxd-7 to the scheduler group, service = join /usr/lib/python3/dist-packages/nova/servicegroup/drivers/db.py:44
2025-08-04 00:38:26.336 131556 DEBUG oslo_service.service [req-0e28d845-f9c8-44b2-a8bc-f16c031490ca - - - - -] ironic.service_type = baremetal log_opt_values /usr/lib/python3/dist-packages/oslo_config/cfg.py:2609
2025-08-04 00:38:26.336 131556 DEBUG oslo_service.service [req-0e28d845-f9c8-44b2-a8bc-f16c031490ca - - - - -] ironic.split_loggers = False log_opt_values /usr/lib/python3/dist-packages/oslo_config/cfg.py:2609
2025-08-04 00:38:26.337 131556 DEBUG oslo_service.service [req-0e28d845-f9c8-44b2-a8bc-f16c031490ca - - - - -] ironic.status_code_retries = None log_opt_values /usr/lib/python3/dist-packages/oslo_config/cfg.py:2609
2025-08-04 00:38:26.337 131556 DEBUG oslo_service.service [req-0e28d845-f9c8-44b2-a8bc-f16c031490ca - - - - -] ironic.status_code_retry_delay = None log_opt_values /usr/lib/python3/dist-packages/oslo_config/cfg.py:2609
2025-08-04 00:38:26.337 131556 DEBUG oslo_service.service [req-0e28d845-f9c8-44b2-a8bc-f16c031490ca - - - - -] ironic.timeout = None log_opt_values /usr/lib/python3/dist-packages/oslo_config/cfg.py:2609
2025-08-04 00:38:26.337 131556 DEBUG oslo_service.service [req-0e28d845-f9c8-44b2-a8bc-f16c031490ca - - - - -] ironic.valid_interfaces = ['internal', 'public'] log_opt_values /usr/lib/python3/dist-packages/oslo_config/cfg.py:2609
2025-08-04 00:38:26.337 131824 DEBUG oslo_messaging._drivers.amqpdriver [-] AMQPListener connection timeout poll /usr/lib/python3/dist-packages/oslo_messaging/_drivers/amqpdriver.py:360
2025-08-04 00:38:26.337 131556 DEBUG oslo_service.service [req-0e28d845-f9c8-44b2-a8bc-f16c031490ca - - - - -] ironic.version = None log_opt_values /usr/lib/python3/dist-packages/oslo_config/cfg.py:2609
2025-08-04 00:38:26.337 131824 DEBUG oslo_messaging._drivers.amqpdriver [-] Listener is running poll /usr/lib/python3/dist-packages/oslo_messaging/_drivers/amqpdriver.py:343
2025-08-04 00:38:26.337 131556 DEBUG oslo_service.service [req-0e28d845-f9c8-44b2-a8bc-f16c031490ca - - - - -] key_manager.backend = barbican log_opt_values /usr/lib/python3/dist-packages/oslo_config/cfg.py:2609
2025-08-04 00:38:26.338 131824 DEBUG oslo_messaging._drivers.amqpdriver [-] AMQPListener connection consume poll /usr/lib/python3/dist-packages/oslo_messaging/_drivers/amqpdriver.py:357
2025-08-04 00:38:26.338 131556 DEBUG oslo_service.service [req-0e28d845-f9c8-44b2-a8bc-f16c031490ca - - - - -] key_manager.fixed_key = **** log_opt_values /usr/lib/python3/dist-packages/oslo_config/cfg.py:2609
2025-08-04 00:38:26.338 131556 DEBUG oslo_service.service [req-0e28d845-f9c8-44b2-a8bc-f16c031490ca - - - - -] barbican.auth_endpoint = http://localhost/identity/v3 log_opt_values /usr/lib/python3/dist-packages/oslo_config/cfg.py:2609
2025-08-04 00:38:26.338 131825 DEBUG oslo_messaging._drivers.amqpdriver [-] AMQPListener connection timeout poll /usr/lib/python3/dist-packages/oslo_messaging/_drivers/amqpdriver.py:360
2025-08-04 00:38:26.338 131556 DEBUG oslo_service.service [req-0e28d845-f9c8-44b2-a8bc-f16c031490ca - - - - -] barbican.barbican_api_version = None log_opt_values /usr/lib/python3/dist-packages/oslo_config/cfg.py:2609
2025-08-04 00:38:26.338 131825 DEBUG oslo_messaging._drivers.amqpdriver [-] Listener is running poll /usr/lib/python3/dist-packages/oslo_messaging/_drivers/amqpdriver.py:343
2025-08-04 00:38:26.338 131825 DEBUG oslo_messaging._drivers.amqpdriver [-] AMQPListener connection consume poll /usr/lib/python3/dist-packages/oslo_messaging/_drivers/amqpdriver.py:357
2025-08-04 00:38:26.338 131556 DEBUG oslo_service.service [req-0e28d845-f9c8-44b2-a8bc-f16c031490ca - - - - -] barbican.barbican_endpoint = None log_opt_values /usr/lib/python3/dist-packages/oslo_config/cfg.py:2609
2025-08-04 00:38:26.339 131556 DEBUG oslo_service.service [req-0e28d845-f9c8-44b2-a8bc-f16c031490ca - - - - -] barbican.barbican_endpoint_type = public log_opt_values /usr/lib/python3/dist-packages/oslo_config/cfg.py:2609
2025-08-04 00:38:26.339 131556 DEBUG oslo_service.service [req-0e28d845-f9c8-44b2-a8bc-f16c031490ca - - - - -] barbican.barbican_region_name = None log_opt_values /usr/lib/python3/dist-packages/oslo_config/cfg.py:2609
2025-08-04 00:38:26.339 131556 DEBUG oslo_service.service [req-0e28d845-f9c8-44b2-a8bc-f16c031490ca - - - - -] barbican.cafile = None log_opt_values /usr/lib/python3/dist-packages/oslo_config/cfg.py:2609
2025-08-04 00:38:26.339 131556 DEBUG oslo_service.service [req-0e28d845-f9c8-44b2-a8bc-f16c031490ca - - - - -] barbican.certfile = None log_opt_values /usr/lib/python3/dist-packages/oslo_config/cfg.py:2609
2025-08-04 00:38:26.339 131556 DEBUG oslo_service.service [req-0e28d845-f9c8-44b2-a8bc-f16c031490ca - - - - -] barbican.collect_timing = False log_opt_values /usr/lib/python3/dist-packages/oslo_config/cfg.py:2609
2025-08-04 00:38:26.339 131556 DEBUG oslo_service.service [req-0e28d845-f9c8-44b2-a8bc-f16c031490ca - - - - -] barbican.insecure = False log_opt_values /usr/lib/python3/dist-packages/oslo_config/cfg.py:2609
2025-08-04 00:38:26.340 131556 DEBUG oslo_service.service [req-0e28d845-f9c8-44b2-a8bc-f16c031490ca - - - - -] barbican.keyfile = None log_opt_values /usr/lib/python3/dist-packages/oslo_config/cfg.py:2609
2025-08-04 00:38:26.340 131556 DEBUG oslo_service.service [req-0e28d845-f9c8-44b2-a8bc-f16c031490ca - - - - -] barbican.number_of_retries = 60 log_opt_values /usr/lib/python3/dist-packages/oslo_config/cfg.py:2609
2025-08-04 00:38:26.340 131556 DEBUG oslo_service.service [req-0e28d845-f9c8-44b2-a8bc-f16c031490ca - - - - -] barbican.retry_delay = 1 log_opt_values /usr/lib/python3/dist-packages/oslo_config/cfg.py:2609
2025-08-04 00:38:26.340 131556 DEBUG oslo_service.service [req-0e28d845-f9c8-44b2-a8bc-f16c031490ca - - - - -] barbican.send_service_user_token = False log_opt_values /usr/lib/python3/dist-packages/oslo_config/cfg.py:2609
2025-08-04 00:38:26.340 131556 DEBUG oslo_service.service [req-0e28d845-f9c8-44b2-a8bc-f16c031490ca - - - - -] barbican.split_loggers = False log_opt_values /usr/lib/python3/dist-packages/oslo_config/cfg.py:2609
2025-08-04 00:38:26.341 131823 DEBUG oslo_messaging._drivers.amqpdriver [-] Listener is running poll /usr/lib/python3/dist-packages/oslo_messaging/_drivers/amqpdriver.py:343
2025-08-04 00:38:26.341 131823 DEBUG oslo_messaging._drivers.amqpdriver [-] AMQPListener connection consume poll /usr/lib/python3/dist-packages/oslo_messaging/_drivers/amqpdriver.py:357
2025-08-04 00:38:26.341 131556 DEBUG oslo_service.service [req-0e28d845-f9c8-44b2-a8bc-f16c031490ca - - - - -] barbican.timeout = None log_opt_values /usr/lib/python3/dist-packages/oslo_config/cfg.py:2609
2025-08-04 00:38:26.342 131556 DEBUG oslo_service.service [req-0e28d845-f9c8-44b2-a8bc-f16c031490ca - - - - -] barbican.verify_ssl = True log_opt_values /usr/lib/python3/dist-packages/oslo_config/cfg.py:2609
2025-08-04 00:38:26.342 131556 DEBUG oslo_service.service [req-0e28d845-f9c8-44b2-a8bc-f16c031490ca - - - - -] barbican.verify_ssl_path = None log_opt_values /usr/lib/python3/dist-packages/oslo_config/cfg.py:2609
2025-08-04 00:38:26.342 131556 DEBUG oslo_service.service [req-0e28d845-f9c8-44b2-a8bc-f16c031490ca - - - - -] barbican_service_user.auth_section = None log_opt_values /usr/lib/python3/dist-packages/oslo_config/cfg.py:2609
2025-08-04 00:38:26.343 131556 DEBUG oslo_service.service [req-0e28d845-f9c8-44b2-a8bc-f16c031490ca - - - - -] barbican_service_user.auth_type = None log_opt_values /usr/lib/python3/dist-packages/oslo_config/cfg.py:2609
2025-08-04 00:38:26.343 131823 DEBUG nova.service [req-03ffddd9-6628-44fd-a514-5818885a4867 - - - - -] Join ServiceGroup membership for this service scheduler start /usr/lib/python3/dist-packages/nova/service.py:199
2025-08-04 00:38:26.343 131556 DEBUG oslo_service.service [req-0e28d845-f9c8-44b2-a8bc-f16c031490ca - - - - -] barbican_service_user.cafile = None log_opt_values /usr/lib/python3/dist-packages/oslo_config/cfg.py:2609
2025-08-04 00:38:26.343 131823 DEBUG nova.servicegroup.drivers.db [req-03ffddd9-6628-44fd-a514-5818885a4867 - - - - -] DB_Driver: join new ServiceGroup member juju-e68683-0-lxd-7 to the scheduler group, service = join /usr/lib/python3/dist-packages/nova/servicegroup/drivers/db.py:44
2025-08-04 00:38:26.343 131556 DEBUG oslo_service.service [req-0e28d845-f9c8-44b2-a8bc-f16c031490ca - - - - -] barbican_service_user.certfile = None log_opt_values /usr/lib/python3/dist-packages/oslo_config/cfg.py:2609
2025-08-04 00:38:26.344 131556 DEBUG oslo_service.service [req-0e28d845-f9c8-44b2-a8bc-f16c031490ca - - - - -] barbican_service_user.collect_timing = False log_opt_values /usr/lib/python3/dist-packages/oslo_config/cfg.py:2609
2025-08-04 00:38:26.344 131556 DEBUG oslo_service.service [req-0e28d845-f9c8-44b2-a8bc-f16c031490ca - - - - -] barbican_service_user.insecure = False log_opt_values /usr/lib/python3/dist-packages/oslo_config/cfg.py:2609
2025-08-04 00:38:26.344 131556 DEBUG oslo_service.service [req-0e28d845-f9c8-44b2-a8bc-f16c031490ca - - - - -] barbican_service_user.keyfile = None log_opt_values /usr/lib/python3/dist-packages/oslo_config/cfg.py:2609
2025-08-04 00:38:26.345 131556 DEBUG oslo_service.service [req-0e28d845-f9c8-44b2-a8bc-f16c031490ca - - - - -] barbican_service_user.split_loggers = False log_opt_values /usr/lib/python3/dist-packages/oslo_config/cfg.py:2609
2025-08-04 00:38:26.345 131556 DEBUG oslo_service.service [req-0e28d845-f9c8-44b2-a8bc-f16c031490ca - - - - -] barbican_service_user.timeout = None log_opt_values /usr/lib/python3/dist-packages/oslo_config/cfg.py:2609
2025-08-04 00:38:26.345 131556 DEBUG oslo_service.service [req-0e28d845-f9c8-44b2-a8bc-f16c031490ca - - - - -] vault.approle_role_id = None log_opt_values /usr/lib/python3/dist-packages/oslo_config/cfg.py:2609
2025-08-04 00:38:26.346 131823 DEBUG oslo_messaging._drivers.amqpdriver [-] AMQPListener connection timeout poll /usr/lib/python3/dist-packages/oslo_messaging/_drivers/amqpdriver.py:360
2025-08-04 00:38:26.346 131823 DEBUG oslo_messaging._drivers.amqpdriver [-] Listener is running poll /usr/lib/python3/dist-packages/oslo_messaging/_drivers/amqpdriver.py:343
2025-08-04 00:38:26.346 131556 DEBUG oslo_service.service [req-0e28d845-f9c8-44b2-a8bc-f16c031490ca - - - - -] vault.approle_secret_id = None log_opt_values /usr/lib/python3/dist-packages/oslo_config/cfg.py:2609
2025-08-04 00:38:26.346 131823 DEBUG oslo_messaging._drivers.amqpdriver [-] AMQPListener connection consume poll /usr/lib/python3/dist-packages/oslo_messaging/_drivers/amqpdriver.py:357
2025-08-04 00:38:26.347 131556 DEBUG oslo_service.service [req-0e28d845-f9c8-44b2-a8bc-f16c031490ca - - - - -] vault.cafile = None log_opt_values /usr/lib/python3/dist-packages/oslo_config/cfg.py:2609
2025-08-04 00:38:26.347 131556 DEBUG oslo_service.service [req-0e28d845-f9c8-44b2-a8bc-f16c031490ca - - - - -] vault.certfile = None log_opt_values /usr/lib/python3/dist-packages/oslo_config/cfg.py:2609
2025-08-04 00:38:26.347 131556 DEBUG oslo_service.service [req-0e28d845-f9c8-44b2-a8bc-f16c031490ca - - - - -] vault.collect_timing = False log_opt_values /usr/lib/python3/dist-packages/oslo_config/cfg.py:2609
2025-08-04 00:38:26.347 131556 DEBUG oslo_service.service [req-0e28d845-f9c8-44b2-a8bc-f16c031490ca - - - - -] vault.insecure = False log_opt_values /usr/lib/python3/dist-packages/oslo_config/cfg.py:2609
2025-08-04 00:38:26.348 131556 DEBUG oslo_service.service [req-0e28d845-f9c8-44b2-a8bc-f16c031490ca - - - - -] vault.keyfile = None log_opt_values /usr/lib/python3/dist-packages/oslo_config/cfg.py:2609
2025-08-04 00:38:26.348 131556 DEBUG oslo_service.service [req-0e28d845-f9c8-44b2-a8bc-f16c031490ca - - - - -] vault.kv_mountpoint = secret log_opt_values /usr/lib/python3/dist-packages/oslo_config/cfg.py:2609
2025-08-04 00:38:26.348 131556 DEBUG oslo_service.service [req-0e28d845-f9c8-44b2-a8bc-f16c031490ca - - - - -] vault.kv_version = 2 log_opt_values /usr/lib/python3/dist-packages/oslo_config/cfg.py:2609
2025-08-04 00:38:26.348 131556 DEBUG oslo_service.service [req-0e28d845-f9c8-44b2-a8bc-f16c031490ca - - - - -] vault.namespace = None log_opt_values /usr/lib/python3/dist-packages/oslo_config/cfg.py:2609
2025-08-04 00:38:26.349 131556 DEBUG oslo_service.service [req-0e28d845-f9c8-44b2-a8bc-f16c031490ca - - - - -] vault.root_token_id = None log_opt_values /usr/lib/python3/dist-packages/oslo_config/cfg.py:2609
2025-08-04 00:38:26.349 131556 DEBUG oslo_service.service [req-0e28d845-f9c8-44b2-a8bc-f16c031490ca - - - - -] vault.split_loggers = False log_opt_values /usr/lib/python3/dist-packages/oslo_config/cfg.py:2609
2025-08-04 00:38:26.349 131556 DEBUG oslo_service.service [req-0e28d845-f9c8-44b2-a8bc-f16c031490ca - - - - -] vault.ssl_ca_crt_file = None log_opt_values /usr/lib/python3/dist-packages/oslo_config/cfg.py:2609
2025-08-04 00:38:26.349 131556 DEBUG oslo_service.service [req-0e28d845-f9c8-44b2-a8bc-f16c031490ca - - - - -] vault.timeout = None log_opt_values /usr/lib/python3/dist-packages/oslo_config/cfg.py:2609
2025-08-04 00:38:26.350 131556 DEBUG oslo_service.service [req-0e28d845-f9c8-44b2-a8bc-f16c031490ca - - - - -] vault.use_ssl = False log_opt_values /usr/lib/python3/dist-packages/oslo_config/cfg.py:2609
2025-08-04 00:38:26.350 131556 DEBUG oslo_service.service [req-0e28d845-f9c8-44b2-a8bc-f16c031490ca - - - - -] vault.vault_url = http://127.0.0.1:8200 log_opt_values /usr/lib/python3/dist-packages/oslo_config/cfg.py:2609
2025-08-04 00:38:26.350 131556 DEBUG oslo_service.service [req-0e28d845-f9c8-44b2-a8bc-f16c031490ca - - - - -] keystone.cafile = None log_opt_values /usr/lib/python3/dist-packages/oslo_config/cfg.py:2609
2025-08-04 00:38:26.351 131556 DEBUG oslo_service.service [req-0e28d845-f9c8-44b2-a8bc-f16c031490ca - - - - -] keystone.certfile = None log_opt_values /usr/lib/python3/dist-packages/oslo_config/cfg.py:2609
2025-08-04 00:38:26.351 131556 DEBUG oslo_service.service [req-0e28d845-f9c8-44b2-a8bc-f16c031490ca - - - - -] keystone.collect_timing = False log_opt_values /usr/lib/python3/dist-packages/oslo_config/cfg.py:2609
2025-08-04 00:38:26.351 131556 DEBUG oslo_service.service [req-0e28d845-f9c8-44b2-a8bc-f16c031490ca - - - - -] keystone.connect_retries = None log_opt_values /usr/lib/python3/dist-packages/oslo_config/cfg.py:2609
2025-08-04 00:38:26.351 131556 DEBUG oslo_service.service [req-0e28d845-f9c8-44b2-a8bc-f16c031490ca - - - - -] keystone.connect_retry_delay = None log_opt_values /usr/lib/python3/dist-packages/oslo_config/cfg.py:2609
2025-08-04 00:38:26.352 131556 DEBUG oslo_service.service [req-0e28d845-f9c8-44b2-a8bc-f16c031490ca - - - - -] keystone.endpoint_override = None log_opt_values /usr/lib/python3/dist-packages/oslo_config/cfg.py:2609
2025-08-04 00:38:26.352 131556 DEBUG oslo_service.service [req-0e28d845-f9c8-44b2-a8bc-f16c031490ca - - - - -] keystone.insecure = False log_opt_values /usr/lib/python3/dist-packages/oslo_config/cfg.py:2609
2025-08-04 00:38:26.352 131556 DEBUG oslo_service.service [req-0e28d845-f9c8-44b2-a8bc-f16c031490ca - - - - -] keystone.keyfile = None log_opt_values /usr/lib/python3/dist-packages/oslo_config/cfg.py:2609
2025-08-04 00:38:26.352 131556 DEBUG oslo_service.service [req-0e28d845-f9c8-44b2-a8bc-f16c031490ca - - - - -] keystone.max_version = None log_opt_values /usr/lib/python3/dist-packages/oslo_config/cfg.py:2609
2025-08-04 00:38:26.353 131556 DEBUG oslo_service.service [req-0e28d845-f9c8-44b2-a8bc-f16c031490ca - - - - -] keystone.min_version = None log_opt_values /usr/lib/python3/dist-packages/oslo_config/cfg.py:2609
2025-08-04 00:38:26.353 131556 DEBUG oslo_service.service [req-0e28d845-f9c8-44b2-a8bc-f16c031490ca - - - - -] keystone.region_name = None log_opt_values /usr/lib/python3/dist-packages/oslo_config/cfg.py:2609
2025-08-04 00:38:26.353 131556 DEBUG oslo_service.service [req-0e28d845-f9c8-44b2-a8bc-f16c031490ca - - - - -] keystone.service_name = None log_opt_values /usr/lib/python3/dist-packages/oslo_config/cfg.py:2609
2025-08-04 00:38:26.353 131556 DEBUG oslo_service.service [req-0e28d845-f9c8-44b2-a8bc-f16c031490ca - - - - -] keystone.service_type = identity log_opt_values /usr/lib/python3/dist-packages/oslo_config/cfg.py:2609
2025-08-04 00:38:26.353 131826 DEBUG oslo_messaging._drivers.amqpdriver [-] Listener is running poll /usr/lib/python3/dist-packages/oslo_messaging/_drivers/amqpdriver.py:343
2025-08-04 00:38:26.354 131556 DEBUG oslo_service.service [req-0e28d845-f9c8-44b2-a8bc-f16c031490ca - - - - -] keystone.split_loggers = False log_opt_values /usr/lib/python3/dist-packages/oslo_config/cfg.py:2609
2025-08-04 00:38:26.354 131826 DEBUG oslo_messaging._drivers.amqpdriver [-] AMQPListener connection consume poll /usr/lib/python3/dist-packages/oslo_messaging/_drivers/amqpdriver.py:357
2025-08-04 00:38:26.354 131556 DEBUG oslo_service.service [req-0e28d845-f9c8-44b2-a8bc-f16c031490ca - - - - -] keystone.status_code_retries = None log_opt_values /usr/lib/python3/dist-packages/oslo_config/cfg.py:2609
2025-08-04 00:38:26.354 131826 DEBUG nova.service [req-69df9a6a-d055-4260-b805-2b8724d0a310 - - - - -] Join ServiceGroup membership for this service scheduler start /usr/lib/python3/dist-packages/nova/service.py:199
2025-08-04 00:38:26.354 131556 DEBUG oslo_service.service [req-0e28d845-f9c8-44b2-a8bc-f16c031490ca - - - - -] keystone.status_code_retry_delay = None log_opt_values /usr/lib/python3/dist-packages/oslo_config/cfg.py:2609
2025-08-04 00:38:26.355 131826 DEBUG nova.servicegroup.drivers.db [req-69df9a6a-d055-4260-b805-2b8724d0a310 - - - - -] DB_Driver: join new ServiceGroup member juju-e68683-0-lxd-7 to the scheduler group, service = join /usr/lib/python3/dist-packages/nova/servicegroup/drivers/db.py:44
2025-08-04 00:38:26.355 131556 DEBUG oslo_service.service [req-0e28d845-f9c8-44b2-a8bc-f16c031490ca - - - - -] keystone.timeout = None log_opt_values /usr/lib/python3/dist-packages/oslo_config/cfg.py:2609
2025-08-04 00:38:26.355 131556 DEBUG oslo_service.service [req-0e28d845-f9c8-44b2-a8bc-f16c031490ca - - - - -] keystone.valid_interfaces = ['internal', 'public'] log_opt_values /usr/lib/python3/dist-packages/oslo_config/cfg.py:2609
2025-08-04 00:38:26.355 131556 DEBUG oslo_service.service [req-0e28d845-f9c8-44b2-a8bc-f16c031490ca - - - - -] keystone.version = None log_opt_values /usr/lib/python3/dist-packages/oslo_config/cfg.py:2609
2025-08-04 00:38:26.356 131556 DEBUG oslo_service.service [req-0e28d845-f9c8-44b2-a8bc-f16c031490ca - - - - -] libvirt.connection_uri = log_opt_values /usr/lib/python3/dist-packages/oslo_config/cfg.py:2609
2025-08-04 00:38:26.356 131556 DEBUG oslo_service.service [req-0e28d845-f9c8-44b2-a8bc-f16c031490ca - - - - -] libvirt.cpu_mode = None log_opt_values /usr/lib/python3/dist-packages/oslo_config/cfg.py:2609
2025-08-04 00:38:26.356 131556 DEBUG oslo_service.service [req-0e28d845-f9c8-44b2-a8bc-f16c031490ca - - - - -] libvirt.cpu_model_extra_flags = [] log_opt_values /usr/lib/python3/dist-packages/oslo_config/cfg.py:2609
2025-08-04 00:38:26.357 131556 DEBUG oslo_service.service [req-0e28d845-f9c8-44b2-a8bc-f16c031490ca - - - - -] libvirt.cpu_models = [] log_opt_values /usr/lib/python3/dist-packages/oslo_config/cfg.py:2609
2025-08-04 00:38:26.357 131556 DEBUG oslo_service.service [req-0e28d845-f9c8-44b2-a8bc-f16c031490ca - - - - -] libvirt.device_detach_attempts = 8 log_opt_values /usr/lib/python3/dist-packages/oslo_config/cfg.py:2609
2025-08-04 00:38:26.357 131556 DEBUG oslo_service.service [req-0e28d845-f9c8-44b2-a8bc-f16c031490ca - - - - -] libvirt.device_detach_timeout = 20 log_opt_values /usr/lib/python3/dist-packages/oslo_config/cfg.py:2609
2025-08-04 00:38:26.357 131826 DEBUG oslo_messaging._drivers.amqpdriver [-] AMQPListener connection timeout poll /usr/lib/python3/dist-packages/oslo_messaging/_drivers/amqpdriver.py:360
2025-08-04 00:38:26.357 131556 DEBUG oslo_service.service [req-0e28d845-f9c8-44b2-a8bc-f16c031490ca - - - - -] libvirt.disk_cachemodes = [] log_opt_values /usr/lib/python3/dist-packages/oslo_config/cfg.py:2609
2025-08-04 00:38:26.358 131826 DEBUG oslo_messaging._drivers.amqpdriver [-] Listener is running poll /usr/lib/python3/dist-packages/oslo_messaging/_drivers/amqpdriver.py:343
2025-08-04 00:38:26.358 131826 DEBUG oslo_messaging._drivers.amqpdriver [-] AMQPListener connection consume poll /usr/lib/python3/dist-packages/oslo_messaging/_drivers/amqpdriver.py:357
2025-08-04 00:38:26.358 131556 DEBUG oslo_service.service [req-0e28d845-f9c8-44b2-a8bc-f16c031490ca - - - - -] libvirt.disk_prefix = None log_opt_values /usr/lib/python3/dist-packages/oslo_config/cfg.py:2609
2025-08-04 00:38:26.358 131556 DEBUG oslo_service.service [req-0e28d845-f9c8-44b2-a8bc-f16c031490ca - - - - -] libvirt.enabled_perf_events = [] log_opt_values /usr/lib/python3/dist-packages/oslo_config/cfg.py:2609
2025-08-04 00:38:26.358 131556 DEBUG oslo_service.service [req-0e28d845-f9c8-44b2-a8bc-f16c031490ca - - - - -] libvirt.file_backed_memory = 0 log_opt_values /usr/lib/python3/dist-packages/oslo_config/cfg.py:2609
2025-08-04 00:38:26.358 131556 DEBUG oslo_service.service [req-0e28d845-f9c8-44b2-a8bc-f16c031490ca - - - - -] libvirt.gid_maps = [] log_opt_values /usr/lib/python3/dist-packages/oslo_config/cfg.py:2609
2025-08-04 00:38:26.359 131556 DEBUG oslo_service.service [req-0e28d845-f9c8-44b2-a8bc-f16c031490ca - - - - -] libvirt.hw_disk_discard = None log_opt_values /usr/lib/python3/dist-packages/oslo_config/cfg.py:2609
2025-08-04 00:38:26.359 131556 DEBUG oslo_service.service [req-0e28d845-f9c8-44b2-a8bc-f16c031490ca - - - - -] libvirt.hw_machine_type = None log_opt_values /usr/lib/python3/dist-packages/oslo_config/cfg.py:2609
2025-08-04 00:38:26.359 131556 DEBUG oslo_service.service [req-0e28d845-f9c8-44b2-a8bc-f16c031490ca - - - - -] libvirt.images_rbd_ceph_conf = log_opt_values /usr/lib/python3/dist-packages/oslo_config/cfg.py:2609
2025-08-04 00:38:26.360 131556 DEBUG oslo_service.service [req-0e28d845-f9c8-44b2-a8bc-f16c031490ca - - - - -] libvirt.images_rbd_glance_copy_poll_interval = 15 log_opt_values /usr/lib/python3/dist-packages/oslo_config/cfg.py:2609
2025-08-04 00:38:26.360 131556 DEBUG oslo_service.service [req-0e28d845-f9c8-44b2-a8bc-f16c031490ca - - - - -] libvirt.images_rbd_glance_copy_timeout = 600 log_opt_values /usr/lib/python3/dist-packages/oslo_config/cfg.py:2609
2025-08-04 00:38:26.360 131556 DEBUG oslo_service.service [req-0e28d845-f9c8-44b2-a8bc-f16c031490ca - - - - -] libvirt.images_rbd_glance_store_name = log_opt_values /usr/lib/python3/dist-packages/oslo_config/cfg.py:2609
2025-08-04 00:38:26.361 131556 DEBUG oslo_service.service [req-0e28d845-f9c8-44b2-a8bc-f16c031490ca - - - - -] libvirt.images_rbd_pool = rbd log_opt_values /usr/lib/python3/dist-packages/oslo_config/cfg.py:2609
2025-08-04 00:38:26.361 131556 DEBUG oslo_service.service [req-0e28d845-f9c8-44b2-a8bc-f16c031490ca - - - - -] libvirt.images_type = default log_opt_values /usr/lib/python3/dist-packages/oslo_config/cfg.py:2609
2025-08-04 00:38:26.361 131556 DEBUG oslo_service.service [req-0e28d845-f9c8-44b2-a8bc-f16c031490ca - - - - -] libvirt.images_volume_group = None log_opt_values /usr/lib/python3/dist-packages/oslo_config/cfg.py:2609
2025-08-04 00:38:26.361 131556 DEBUG oslo_service.service [req-0e28d845-f9c8-44b2-a8bc-f16c031490ca - - - - -] libvirt.inject_key = False log_opt_values /usr/lib/python3/dist-packages/oslo_config/cfg.py:2609
2025-08-04 00:38:26.362 131556 DEBUG oslo_service.service [req-0e28d845-f9c8-44b2-a8bc-f16c031490ca - - - - -] libvirt.inject_partition = -2 log_opt_values /usr/lib/python3/dist-packages/oslo_config/cfg.py:2609
2025-08-04 00:38:26.362 131556 DEBUG oslo_service.service [req-0e28d845-f9c8-44b2-a8bc-f16c031490ca - - - - -] libvirt.inject_password = False log_opt_values /usr/lib/python3/dist-packages/oslo_config/cfg.py:2609
2025-08-04 00:38:26.362 131556 DEBUG oslo_service.service [req-0e28d845-f9c8-44b2-a8bc-f16c031490ca - - - - -] libvirt.iscsi_iface = None log_opt_values /usr/lib/python3/dist-packages/oslo_config/cfg.py:2609
2025-08-04 00:38:26.362 131556 DEBUG oslo_service.service [req-0e28d845-f9c8-44b2-a8bc-f16c031490ca - - - - -] libvirt.iser_use_multipath = False log_opt_values /usr/lib/python3/dist-packages/oslo_config/cfg.py:2609
2025-08-04 00:38:26.363 131556 DEBUG oslo_service.service [req-0e28d845-f9c8-44b2-a8bc-f16c031490ca - - - - -] libvirt.live_migration_bandwidth = 0 log_opt_values /usr/lib/python3/dist-packages/oslo_config/cfg.py:2609
2025-08-04 00:38:26.363 131556 DEBUG oslo_service.service [req-0e28d845-f9c8-44b2-a8bc-f16c031490ca - - - - -] libvirt.live_migration_completion_timeout = 800 log_opt_values /usr/lib/python3/dist-packages/oslo_config/cfg.py:2609
2025-08-04 00:38:26.363 131556 DEBUG oslo_service.service [req-0e28d845-f9c8-44b2-a8bc-f16c031490ca - - - - -] libvirt.live_migration_downtime = 500 log_opt_values /usr/lib/python3/dist-packages/oslo_config/cfg.py:2609
2025-08-04 00:38:26.363 131556 DEBUG oslo_service.service [req-0e28d845-f9c8-44b2-a8bc-f16c031490ca - - - - -] libvirt.live_migration_downtime_delay = 75 log_opt_values /usr/lib/python3/dist-packages/oslo_config/cfg.py:2609
2025-08-04 00:38:26.364 131556 DEBUG oslo_service.service [req-0e28d845-f9c8-44b2-a8bc-f16c031490ca - - - - -] libvirt.live_migration_downtime_steps = 10 log_opt_values /usr/lib/python3/dist-packages/oslo_config/cfg.py:2609
2025-08-04 00:38:26.365 131556 DEBUG oslo_service.service [req-0e28d845-f9c8-44b2-a8bc-f16c031490ca - - - - -] libvirt.live_migration_inbound_addr = None log_opt_values /usr/lib/python3/dist-packages/oslo_config/cfg.py:2609
2025-08-04 00:38:26.365 131556 DEBUG oslo_service.service [req-0e28d845-f9c8-44b2-a8bc-f16c031490ca - - - - -] libvirt.live_migration_permit_auto_converge = False log_opt_values /usr/lib/python3/dist-packages/oslo_config/cfg.py:2609
2025-08-04 00:38:26.365 131556 DEBUG oslo_service.service [req-0e28d845-f9c8-44b2-a8bc-f16c031490ca - - - - -] libvirt.live_migration_permit_post_copy = False log_opt_values /usr/lib/python3/dist-packages/oslo_config/cfg.py:2609
2025-08-04 00:38:26.366 131556 DEBUG oslo_service.service [req-0e28d845-f9c8-44b2-a8bc-f16c031490ca - - - - -] libvirt.live_migration_scheme = None log_opt_values /usr/lib/python3/dist-packages/oslo_config/cfg.py:2609
2025-08-04 00:38:26.366 131556 DEBUG oslo_service.service [req-0e28d845-f9c8-44b2-a8bc-f16c031490ca - - - - -] libvirt.live_migration_timeout_action = abort log_opt_values /usr/lib/python3/dist-packages/oslo_config/cfg.py:2609
2025-08-04 00:38:26.366 131556 DEBUG oslo_service.service [req-0e28d845-f9c8-44b2-a8bc-f16c031490ca - - - - -] libvirt.live_migration_tunnelled = False log_opt_values /usr/lib/python3/dist-packages/oslo_config/cfg.py:2609
2025-08-04 00:38:26.366 131556 DEBUG oslo_service.service [req-0e28d845-f9c8-44b2-a8bc-f16c031490ca - - - - -] libvirt.live_migration_uri = None log_opt_values /usr/lib/python3/dist-packages/oslo_config/cfg.py:2609
2025-08-04 00:38:26.367 131556 DEBUG oslo_service.service [req-0e28d845-f9c8-44b2-a8bc-f16c031490ca - - - - -] libvirt.live_migration_with_native_tls = False log_opt_values /usr/lib/python3/dist-packages/oslo_config/cfg.py:2609
2025-08-04 00:38:26.367 131556 DEBUG oslo_service.service [req-0e28d845-f9c8-44b2-a8bc-f16c031490ca - - - - -] libvirt.max_queues = None log_opt_values /usr/lib/python3/dist-packages/oslo_config/cfg.py:2609
2025-08-04 00:38:26.367 131556 DEBUG oslo_service.service [req-0e28d845-f9c8-44b2-a8bc-f16c031490ca - - - - -] libvirt.mem_stats_period_seconds = 10 log_opt_values /usr/lib/python3/dist-packages/oslo_config/cfg.py:2609
2025-08-04 00:38:26.368 131556 DEBUG oslo_service.service [req-0e28d845-f9c8-44b2-a8bc-f16c031490ca - - - - -] libvirt.nfs_mount_options = None log_opt_values /usr/lib/python3/dist-packages/oslo_config/cfg.py:2609
2025-08-04 00:38:26.369 131556 DEBUG oslo_service.service [req-0e28d845-f9c8-44b2-a8bc-f16c031490ca - - - - -] libvirt.nfs_mount_point_base = /var/lib/nova/mnt log_opt_values /usr/lib/python3/dist-packages/oslo_config/cfg.py:2609
2025-08-04 00:38:26.369 131556 DEBUG oslo_service.service [req-0e28d845-f9c8-44b2-a8bc-f16c031490ca - - - - -] libvirt.num_aoe_discover_tries = 3 log_opt_values /usr/lib/python3/dist-packages/oslo_config/cfg.py:2609
2025-08-04 00:38:26.370 131556 DEBUG oslo_service.service [req-0e28d845-f9c8-44b2-a8bc-f16c031490ca - - - - -] libvirt.num_iser_scan_tries = 5 log_opt_values /usr/lib/python3/dist-packages/oslo_config/cfg.py:2609
2025-08-04 00:38:26.370 131556 DEBUG oslo_service.service [req-0e28d845-f9c8-44b2-a8bc-f16c031490ca - - - - -] libvirt.num_memory_encrypted_guests = None log_opt_values /usr/lib/python3/dist-packages/oslo_config/cfg.py:2609
2025-08-04 00:38:26.370 131556 DEBUG oslo_service.service [req-0e28d845-f9c8-44b2-a8bc-f16c031490ca - - - - -] libvirt.num_nvme_discover_tries = 5 log_opt_values /usr/lib/python3/dist-packages/oslo_config/cfg.py:2609
2025-08-04 00:38:26.371 131556 DEBUG oslo_service.service [req-0e28d845-f9c8-44b2-a8bc-f16c031490ca - - - - -] libvirt.num_pcie_ports = 0 log_opt_values /usr/lib/python3/dist-packages/oslo_config/cfg.py:2609
2025-08-04 00:38:26.371 131556 DEBUG oslo_service.service [req-0e28d845-f9c8-44b2-a8bc-f16c031490ca - - - - -] libvirt.num_volume_scan_tries = 5 log_opt_values /usr/lib/python3/dist-packages/oslo_config/cfg.py:2609
2025-08-04 00:38:26.371 131556 DEBUG oslo_service.service [req-0e28d845-f9c8-44b2-a8bc-f16c031490ca - - - - -] libvirt.pmem_namespaces = [] log_opt_values /usr/lib/python3/dist-packages/oslo_config/cfg.py:2609
2025-08-04 00:38:26.372 131556 DEBUG oslo_service.service [req-0e28d845-f9c8-44b2-a8bc-f16c031490ca - - - - -] libvirt.quobyte_client_cfg = None log_opt_values /usr/lib/python3/dist-packages/oslo_config/cfg.py:2609
2025-08-04 00:38:26.372 131556 DEBUG oslo_service.service [req-0e28d845-f9c8-44b2-a8bc-f16c031490ca - - - - -] libvirt.quobyte_mount_point_base = /var/lib/nova/mnt log_opt_values /usr/lib/python3/dist-packages/oslo_config/cfg.py:2609
2025-08-04 00:38:26.372 131556 DEBUG oslo_service.service [req-0e28d845-f9c8-44b2-a8bc-f16c031490ca - - - - -] libvirt.rbd_connect_timeout = 5 log_opt_values /usr/lib/python3/dist-packages/oslo_config/cfg.py:2609
2025-08-04 00:38:26.372 131556 DEBUG oslo_service.service [req-0e28d845-f9c8-44b2-a8bc-f16c031490ca - - - - -] libvirt.rbd_destroy_volume_retries = 12 log_opt_values /usr/lib/python3/dist-packages/oslo_config/cfg.py:2609
2025-08-04 00:38:26.373 131556 DEBUG oslo_service.service [req-0e28d845-f9c8-44b2-a8bc-f16c031490ca - - - - -] libvirt.rbd_destroy_volume_retry_interval = 5 log_opt_values /usr/lib/python3/dist-packages/oslo_config/cfg.py:2609
2025-08-04 00:38:26.373 131556 DEBUG oslo_service.service [req-0e28d845-f9c8-44b2-a8bc-f16c031490ca - - - - -] libvirt.rbd_secret_uuid = None log_opt_values /usr/lib/python3/dist-packages/oslo_config/cfg.py:2609
2025-08-04 00:38:26.373 131556 DEBUG oslo_service.service [req-0e28d845-f9c8-44b2-a8bc-f16c031490ca - - - - -] libvirt.rbd_user = None log_opt_values /usr/lib/python3/dist-packages/oslo_config/cfg.py:2609
2025-08-04 00:38:26.373 131556 DEBUG oslo_service.service [req-0e28d845-f9c8-44b2-a8bc-f16c031490ca - - - - -] libvirt.realtime_scheduler_priority = 1 log_opt_values /usr/lib/python3/dist-packages/oslo_config/cfg.py:2609
2025-08-04 00:38:26.373 131556 DEBUG oslo_service.service [req-0e28d845-f9c8-44b2-a8bc-f16c031490ca - - - - -] libvirt.remote_filesystem_transport = ssh log_opt_values /usr/lib/python3/dist-packages/oslo_config/cfg.py:2609
2025-08-04 00:38:26.373 131556 DEBUG oslo_service.service [req-0e28d845-f9c8-44b2-a8bc-f16c031490ca - - - - -] libvirt.rescue_image_id = None log_opt_values /usr/lib/python3/dist-packages/oslo_config/cfg.py:2609
2025-08-04 00:38:26.374 131556 DEBUG oslo_service.service [req-0e28d845-f9c8-44b2-a8bc-f16c031490ca - - - - -] libvirt.rescue_kernel_id = None log_opt_values /usr/lib/python3/dist-packages/oslo_config/cfg.py:2609
2025-08-04 00:38:26.374 131556 DEBUG oslo_service.service [req-0e28d845-f9c8-44b2-a8bc-f16c031490ca - - - - -] libvirt.rescue_ramdisk_id = None log_opt_values /usr/lib/python3/dist-packages/oslo_config/cfg.py:2609
2025-08-04 00:38:26.374 131556 DEBUG oslo_service.service [req-0e28d845-f9c8-44b2-a8bc-f16c031490ca - - - - -] libvirt.rng_dev_path = /dev/urandom log_opt_values /usr/lib/python3/dist-packages/oslo_config/cfg.py:2609
2025-08-04 00:38:26.374 131556 DEBUG oslo_service.service [req-0e28d845-f9c8-44b2-a8bc-f16c031490ca - - - - -] libvirt.rx_queue_size = None log_opt_values /usr/lib/python3/dist-packages/oslo_config/cfg.py:2609
2025-08-04 00:38:26.374 131556 DEBUG oslo_service.service [req-0e28d845-f9c8-44b2-a8bc-f16c031490ca - - - - -] libvirt.smbfs_mount_options = log_opt_values /usr/lib/python3/dist-packages/oslo_config/cfg.py:2609
2025-08-04 00:38:26.374 131556 DEBUG oslo_service.service [req-0e28d845-f9c8-44b2-a8bc-f16c031490ca - - - - -] libvirt.smbfs_mount_point_base = /var/lib/nova/mnt log_opt_values /usr/lib/python3/dist-packages/oslo_config/cfg.py:2609
2025-08-04 00:38:26.375 131556 DEBUG oslo_service.service [req-0e28d845-f9c8-44b2-a8bc-f16c031490ca - - - - -] libvirt.snapshot_compression = False log_opt_values /usr/lib/python3/dist-packages/oslo_config/cfg.py:2609
2025-08-04 00:38:26.375 131556 DEBUG oslo_service.service [req-0e28d845-f9c8-44b2-a8bc-f16c031490ca - - - - -] libvirt.snapshot_image_format = None log_opt_values /usr/lib/python3/dist-packages/oslo_config/cfg.py:2609
2025-08-04 00:38:26.375 131556 DEBUG oslo_service.service [req-0e28d845-f9c8-44b2-a8bc-f16c031490ca - - - - -] libvirt.snapshots_directory = /var/lib/nova/instances/snapshots log_opt_values /usr/lib/python3/dist-packages/oslo_config/cfg.py:2609
2025-08-04 00:38:26.375 131556 DEBUG oslo_service.service [req-0e28d845-f9c8-44b2-a8bc-f16c031490ca - - - - -] libvirt.sparse_logical_volumes = False log_opt_values /usr/lib/python3/dist-packages/oslo_config/cfg.py:2609
2025-08-04 00:38:26.375 131556 DEBUG oslo_service.service [req-0e28d845-f9c8-44b2-a8bc-f16c031490ca - - - - -] libvirt.swtpm_enabled = False log_opt_values /usr/lib/python3/dist-packages/oslo_config/cfg.py:2609
2025-08-04 00:38:26.376 131556 DEBUG oslo_service.service [req-0e28d845-f9c8-44b2-a8bc-f16c031490ca - - - - -] libvirt.swtpm_group = tss log_opt_values /usr/lib/python3/dist-packages/oslo_config/cfg.py:2609
2025-08-04 00:38:26.376 131556 DEBUG oslo_service.service [req-0e28d845-f9c8-44b2-a8bc-f16c031490ca - - - - -] libvirt.swtpm_user = tss log_opt_values /usr/lib/python3/dist-packages/oslo_config/cfg.py:2609
2025-08-04 00:38:26.376 131556 DEBUG oslo_service.service [req-0e28d845-f9c8-44b2-a8bc-f16c031490ca - - - - -] libvirt.sysinfo_serial = unique log_opt_values /usr/lib/python3/dist-packages/oslo_config/cfg.py:2609
2025-08-04 00:38:26.376 131556 DEBUG oslo_service.service [req-0e28d845-f9c8-44b2-a8bc-f16c031490ca - - - - -] libvirt.tx_queue_size = None log_opt_values /usr/lib/python3/dist-packages/oslo_config/cfg.py:2609
2025-08-04 00:38:26.377 131556 DEBUG oslo_service.service [req-0e28d845-f9c8-44b2-a8bc-f16c031490ca - - - - -] libvirt.uid_maps = [] log_opt_values /usr/lib/python3/dist-packages/oslo_config/cfg.py:2609
2025-08-04 00:38:26.377 131556 DEBUG oslo_service.service [req-0e28d845-f9c8-44b2-a8bc-f16c031490ca - - - - -] libvirt.use_virtio_for_bridges = True log_opt_values /usr/lib/python3/dist-packages/oslo_config/cfg.py:2609
2025-08-04 00:38:26.377 131556 DEBUG oslo_service.service [req-0e28d845-f9c8-44b2-a8bc-f16c031490ca - - - - -] libvirt.virt_type = kvm log_opt_values /usr/lib/python3/dist-packages/oslo_config/cfg.py:2609
2025-08-04 00:38:26.378 131556 DEBUG oslo_service.service [req-0e28d845-f9c8-44b2-a8bc-f16c031490ca - - - - -] libvirt.volume_clear = zero log_opt_values /usr/lib/python3/dist-packages/oslo_config/cfg.py:2609
2025-08-04 00:38:26.378 131556 DEBUG oslo_service.service [req-0e28d845-f9c8-44b2-a8bc-f16c031490ca - - - - -] libvirt.volume_clear_size = 0 log_opt_values /usr/lib/python3/dist-packages/oslo_config/cfg.py:2609
2025-08-04 00:38:26.378 131556 DEBUG oslo_service.service [req-0e28d845-f9c8-44b2-a8bc-f16c031490ca - - - - -] libvirt.volume_use_multipath = False log_opt_values /usr/lib/python3/dist-packages/oslo_config/cfg.py:2609
2025-08-04 00:38:26.378 131556 DEBUG oslo_service.service [req-0e28d845-f9c8-44b2-a8bc-f16c031490ca - - - - -] libvirt.vzstorage_cache_path = None log_opt_values /usr/lib/python3/dist-packages/oslo_config/cfg.py:2609
2025-08-04 00:38:26.378 131556 DEBUG oslo_service.service [req-0e28d845-f9c8-44b2-a8bc-f16c031490ca - - - - -] libvirt.vzstorage_log_path = /var/log/vstorage/%(cluster_name)s/nova.log.gz log_opt_values /usr/lib/python3/dist-packages/oslo_config/cfg.py:2609
2025-08-04 00:38:26.378 131556 DEBUG oslo_service.service [req-0e28d845-f9c8-44b2-a8bc-f16c031490ca - - - - -] libvirt.vzstorage_mount_group = qemu log_opt_values /usr/lib/python3/dist-packages/oslo_config/cfg.py:2609
2025-08-04 00:38:26.379 131556 DEBUG oslo_service.service [req-0e28d845-f9c8-44b2-a8bc-f16c031490ca - - - - -] libvirt.vzstorage_mount_opts = [] log_opt_values /usr/lib/python3/dist-packages/oslo_config/cfg.py:2609
2025-08-04 00:38:26.379 131556 DEBUG oslo_service.service [req-0e28d845-f9c8-44b2-a8bc-f16c031490ca - - - - -] libvirt.vzstorage_mount_perms = 0770 log_opt_values /usr/lib/python3/dist-packages/oslo_config/cfg.py:2609
2025-08-04 00:38:26.379 131556 DEBUG oslo_service.service [req-0e28d845-f9c8-44b2-a8bc-f16c031490ca - - - - -] libvirt.vzstorage_mount_point_base = /var/lib/nova/mnt log_opt_values /usr/lib/python3/dist-packages/oslo_config/cfg.py:2609
2025-08-04 00:38:26.379 131556 DEBUG oslo_service.service [req-0e28d845-f9c8-44b2-a8bc-f16c031490ca - - - - -] libvirt.vzstorage_mount_user = stack log_opt_values /usr/lib/python3/dist-packages/oslo_config/cfg.py:2609
