2025-08-04 00:38:35.941 131854 DEBUG oslo_service.service [req-162ee642-a43f-4fda-8f48-f5eed374c5d9 - - - - -] log_rotate_interval = 1 log_opt_values /usr/lib/python3/dist-packages/oslo_config/cfg.py:2602
2025-08-04 00:38:35.941 131854 DEBUG oslo_service.service [req-162ee642-a43f-4fda-8f48-f5eed374c5d9 - - - - -] log_rotate_interval_type = days log_opt_values /usr/lib/python3/dist-packages/oslo_config/cfg.py:2602
2025-08-04 00:38:35.942 131854 DEBUG oslo_service.service [req-162ee642-a43f-4fda-8f48-f5eed374c5d9 - - - - -] log_rotation_type = none log_opt_values /usr/lib/python3/dist-packages/oslo_config/cfg.py:2602
2025-08-04 00:38:35.942 131854 DEBUG oslo_service.service [req-162ee642-a43f-4fda-8f48-f5eed374c5d9 - - - - -] logging_context_format_string = %(asctime)s.%(msecs)03d %(process)d %(levelname)s %(name)s [%(request_id)s %(user_identity)s] %(instance)s%(message)s log_opt_values /usr/lib/python3/dist-packages/oslo_config/cfg.py:2602
2025-08-04 00:38:35.942 131854 DEBUG oslo_service.service [req-162ee642-a43f-4fda-8f48-f5eed374c5d9 - - - - -] logging_debug_format_suffix = %(funcName)s %(pathname)s:%(lineno)d log_opt_values /usr/lib/python3/dist-packages/oslo_config/cfg.py:2602
2025-08-04 00:38:35.943 131854 DEBUG oslo_service.service [req-162ee642-a43f-4fda-8f48-f5eed374c5d9 - - - - -] logging_default_format_string = %(asctime)s.%(msecs)03d %(process)d %(levelname)s %(name)s [-] %(instance)s%(message)s log_opt_values /usr/lib/python3/dist-packages/oslo_config/cfg.py:2602
2025-08-04 00:38:35.943 132177 DEBUG oslo_db.sqlalchemy.engines [req-5acac300-6c1a-4416-ac76-7502d18cd243 - - - - -] MySQL server mode set to STRICT_TRANS_TABLES,STRICT_ALL_TABLES,NO_ZERO_IN_DATE,NO_ZERO_DATE,ERROR_FOR_DIVISION_BY_ZERO,TRADITIONAL,NO_ENGINE_SUBSTITUTION _check_effective_sql_mode /usr/lib/python3/dist-packages/oslo_db/sqlalchemy/engines.py:314
2025-08-04 00:38:35.943 131854 DEBUG oslo_service.service [req-162ee642-a43f-4fda-8f48-f5eed374c5d9 - - - - -] logging_exception_prefix = %(asctime)s.%(msecs)03d %(process)d ERROR %(name)s %(instance)s log_opt_values /usr/lib/python3/dist-packages/oslo_config/cfg.py:2602
2025-08-04 00:38:35.943 131854 DEBUG oslo_service.service [req-162ee642-a43f-4fda-8f48-f5eed374c5d9 - - - - -] logging_user_identity_format = %(user)s %(project)s %(domain)s %(user_domain)s %(project_domain)s log_opt_values /usr/lib/python3/dist-packages/oslo_config/cfg.py:2602
2025-08-04 00:38:35.944 131854 DEBUG oslo_service.service [req-162ee642-a43f-4fda-8f48-f5eed374c5d9 - - - - -] long_rpc_timeout = 1800 log_opt_values /usr/lib/python3/dist-packages/oslo_config/cfg.py:2602
2025-08-04 00:38:35.944 131854 DEBUG oslo_service.service [req-162ee642-a43f-4fda-8f48-f5eed374c5d9 - - - - -] max_concurrent_builds = 10 log_opt_values /usr/lib/python3/dist-packages/oslo_config/cfg.py:2602
2025-08-04 00:38:35.944 131854 DEBUG oslo_service.service [req-162ee642-a43f-4fda-8f48-f5eed374c5d9 - - - - -] max_concurrent_live_migrations = 1 log_opt_values /usr/lib/python3/dist-packages/oslo_config/cfg.py:2602
2025-08-04 00:38:35.945 131854 DEBUG oslo_service.service [req-162ee642-a43f-4fda-8f48-f5eed374c5d9 - - - - -] max_concurrent_snapshots = 5 log_opt_values /usr/lib/python3/dist-packages/oslo_config/cfg.py:2602
2025-08-04 00:38:35.945 131854 DEBUG oslo_service.service [req-162ee642-a43f-4fda-8f48-f5eed374c5d9 - - - - -] max_local_block_devices = 3 log_opt_values /usr/lib/python3/dist-packages/oslo_config/cfg.py:2602
2025-08-04 00:38:35.945 131854 DEBUG oslo_service.service [req-162ee642-a43f-4fda-8f48-f5eed374c5d9 - - - - -] max_logfile_count = 30 log_opt_values /usr/lib/python3/dist-packages/oslo_config/cfg.py:2602
2025-08-04 00:38:35.945 131854 DEBUG oslo_service.service [req-162ee642-a43f-4fda-8f48-f5eed374c5d9 - - - - -] max_logfile_size_mb = 200 log_opt_values /usr/lib/python3/dist-packages/oslo_config/cfg.py:2602
2025-08-04 00:38:35.946 131854 DEBUG oslo_service.service [req-162ee642-a43f-4fda-8f48-f5eed374c5d9 - - - - -] maximum_instance_delete_attempts = 5 log_opt_values /usr/lib/python3/dist-packages/oslo_config/cfg.py:2602
2025-08-04 00:38:35.946 131854 DEBUG oslo_service.service [req-162ee642-a43f-4fda-8f48-f5eed374c5d9 - - - - -] metadata_listen = 0.0.0.0 log_opt_values /usr/lib/python3/dist-packages/oslo_config/cfg.py:2602
2025-08-04 00:38:35.946 131854 DEBUG oslo_service.service [req-162ee642-a43f-4fda-8f48-f5eed374c5d9 - - - - -] metadata_listen_port = 8765 log_opt_values /usr/lib/python3/dist-packages/oslo_config/cfg.py:2602
2025-08-04 00:38:35.947 131854 DEBUG oslo_service.service [req-162ee642-a43f-4fda-8f48-f5eed374c5d9 - - - - -] metadata_workers = None log_opt_values /usr/lib/python3/dist-packages/oslo_config/cfg.py:2602
2025-08-04 00:38:35.947 131854 DEBUG oslo_service.service [req-162ee642-a43f-4fda-8f48-f5eed374c5d9 - - - - -] migrate_max_retries = -1 log_opt_values /usr/lib/python3/dist-packages/oslo_config/cfg.py:2602
2025-08-04 00:38:35.947 131854 DEBUG oslo_service.service [req-162ee642-a43f-4fda-8f48-f5eed374c5d9 - - - - -] mkisofs_cmd = genisoimage log_opt_values /usr/lib/python3/dist-packages/oslo_config/cfg.py:2602
2025-08-04 00:38:35.947 131854 DEBUG oslo_service.service [req-162ee642-a43f-4fda-8f48-f5eed374c5d9 - - - - -] my_block_storage_ip = 252.65.105.143 log_opt_values /usr/lib/python3/dist-packages/oslo_config/cfg.py:2602
2025-08-04 00:38:35.948 131854 DEBUG oslo_service.service [req-162ee642-a43f-4fda-8f48-f5eed374c5d9 - - - - -] my_ip = 252.65.105.143 log_opt_values /usr/lib/python3/dist-packages/oslo_config/cfg.py:2602
2025-08-04 00:38:35.948 131854 DEBUG oslo_service.service [req-162ee642-a43f-4fda-8f48-f5eed374c5d9 - - - - -] network_allocate_retries = 0 log_opt_values /usr/lib/python3/dist-packages/oslo_config/cfg.py:2602
2025-08-04 00:38:35.948 131854 DEBUG oslo_service.service [req-162ee642-a43f-4fda-8f48-f5eed374c5d9 - - - - -] non_inheritable_image_properties = ['cache_in_nova', 'bittorrent'] log_opt_values /usr/lib/python3/dist-packages/oslo_config/cfg.py:2602
2025-08-04 00:38:35.949 131854 DEBUG oslo_service.service [req-162ee642-a43f-4fda-8f48-f5eed374c5d9 - - - - -] osapi_compute_listen = 0.0.0.0 log_opt_values /usr/lib/python3/dist-packages/oslo_config/cfg.py:2602
2025-08-04 00:38:35.949 131854 DEBUG oslo_service.service [req-162ee642-a43f-4fda-8f48-f5eed374c5d9 - - - - -] osapi_compute_listen_port = 8764 log_opt_values /usr/lib/python3/dist-packages/oslo_config/cfg.py:2602
2025-08-04 00:38:35.949 131854 DEBUG oslo_service.service [req-162ee642-a43f-4fda-8f48-f5eed374c5d9 - - - - -] osapi_compute_unique_server_name_scope = log_opt_values /usr/lib/python3/dist-packages/oslo_config/cfg.py:2602
2025-08-04 00:38:35.949 132178 DEBUG nova.service [req-61da6880-575b-4cbc-9704-756ef4eeb3dc - - - - -] Creating RPC server for service scheduler start /usr/lib/python3/dist-packages/nova/service.py:182
2025-08-04 00:38:35.950 131854 DEBUG oslo_service.service [req-162ee642-a43f-4fda-8f48-f5eed374c5d9 - - - - -] osapi_compute_workers = 4 log_opt_values /usr/lib/python3/dist-packages/oslo_config/cfg.py:2602
2025-08-04 00:38:35.950 131854 DEBUG oslo_service.service [req-162ee642-a43f-4fda-8f48-f5eed374c5d9 - - - - -] password_length = 12 log_opt_values /usr/lib/python3/dist-packages/oslo_config/cfg.py:2602
2025-08-04 00:38:35.950 131854 DEBUG oslo_service.service [req-162ee642-a43f-4fda-8f48-f5eed374c5d9 - - - - -] periodic_enable = True log_opt_values /usr/lib/python3/dist-packages/oslo_config/cfg.py:2602
2025-08-04 00:38:35.951 131854 DEBUG oslo_service.service [req-162ee642-a43f-4fda-8f48-f5eed374c5d9 - - - - -] periodic_fuzzy_delay = 60 log_opt_values /usr/lib/python3/dist-packages/oslo_config/cfg.py:2602
2025-08-04 00:38:35.951 131854 DEBUG oslo_service.service [req-162ee642-a43f-4fda-8f48-f5eed374c5d9 - - - - -] pointer_model = usbtablet log_opt_values /usr/lib/python3/dist-packages/oslo_config/cfg.py:2602
2025-08-04 00:38:35.951 131854 DEBUG oslo_service.service [req-162ee642-a43f-4fda-8f48-f5eed374c5d9 - - - - -] preallocate_images = none log_opt_values /usr/lib/python3/dist-packages/oslo_config/cfg.py:2602
2025-08-04 00:38:35.952 131854 DEBUG oslo_service.service [req-162ee642-a43f-4fda-8f48-f5eed374c5d9 - - - - -] publish_errors = False log_opt_values /usr/lib/python3/dist-packages/oslo_config/cfg.py:2602
2025-08-04 00:38:35.952 131854 DEBUG oslo_service.service [req-162ee642-a43f-4fda-8f48-f5eed374c5d9 - - - - -] pybasedir = /usr/lib/python3/dist-packages log_opt_values /usr/lib/python3/dist-packages/oslo_config/cfg.py:2602
2025-08-04 00:38:35.952 131854 DEBUG oslo_service.service [req-162ee642-a43f-4fda-8f48-f5eed374c5d9 - - - - -] ram_allocation_ratio = 0.98 log_opt_values /usr/lib/python3/dist-packages/oslo_config/cfg.py:2602
2025-08-04 00:38:35.953 131854 DEBUG oslo_service.service [req-162ee642-a43f-4fda-8f48-f5eed374c5d9 - - - - -] rate_limit_burst = 0 log_opt_values /usr/lib/python3/dist-packages/oslo_config/cfg.py:2602
2025-08-04 00:38:35.955 131854 DEBUG oslo_service.service [req-162ee642-a43f-4fda-8f48-f5eed374c5d9 - - - - -] rate_limit_except_level = CRITICAL log_opt_values /usr/lib/python3/dist-packages/oslo_config/cfg.py:2602
2025-08-04 00:38:35.956 131854 DEBUG oslo_service.service [req-162ee642-a43f-4fda-8f48-f5eed374c5d9 - - - - -] rate_limit_interval = 0 log_opt_values /usr/lib/python3/dist-packages/oslo_config/cfg.py:2602
2025-08-04 00:38:35.956 132179 DEBUG oslo_db.sqlalchemy.engines [req-dd1d4af5-b44a-4fec-bca5-1a6c6c2a8d90 - - - - -] MySQL server mode set to STRICT_TRANS_TABLES,STRICT_ALL_TABLES,NO_ZERO_IN_DATE,NO_ZERO_DATE,ERROR_FOR_DIVISION_BY_ZERO,TRADITIONAL,NO_ENGINE_SUBSTITUTION _check_effective_sql_mode /usr/lib/python3/dist-packages/oslo_db/sqlalchemy/engines.py:314
2025-08-04 00:38:35.956 131854 DEBUG oslo_service.service [req-162ee642-a43f-4fda-8f48-f5eed374c5d9 - - - - -] reboot_timeout = 0 log_opt_values /usr/lib/python3/dist-packages/oslo_config/cfg.py:2602
2025-08-04 00:38:35.956 132177 DEBUG nova.service [req-5acac300-6c1a-4416-ac76-7502d18cd243 - - - - -] Creating RPC server for service scheduler start /usr/lib/python3/dist-packages/nova/service.py:182
2025-08-04 00:38:35.956 131854 DEBUG oslo_service.service [req-162ee642-a43f-4fda-8f48-f5eed374c5d9 - - - - -] reclaim_instance_interval = 0 log_opt_values /usr/lib/python3/dist-packages/oslo_config/cfg.py:2602
2025-08-04 00:38:35.957 131854 DEBUG oslo_service.service [req-162ee642-a43f-4fda-8f48-f5eed374c5d9 - - - - -] record = None log_opt_values /usr/lib/python3/dist-packages/oslo_config/cfg.py:2602
2025-08-04 00:38:35.957 131854 DEBUG oslo_service.service [req-162ee642-a43f-4fda-8f48-f5eed374c5d9 - - - - -] report_interval = 10 log_opt_values /usr/lib/python3/dist-packages/oslo_config/cfg.py:2602
2025-08-04 00:38:35.957 131854 DEBUG oslo_service.service [req-162ee642-a43f-4fda-8f48-f5eed374c5d9 - - - - -] rescue_timeout = 0 log_opt_values /usr/lib/python3/dist-packages/oslo_config/cfg.py:2602
2025-08-04 00:38:35.958 131854 DEBUG oslo_service.service [req-162ee642-a43f-4fda-8f48-f5eed374c5d9 - - - - -] reserved_host_cpus = 0 log_opt_values /usr/lib/python3/dist-packages/oslo_config/cfg.py:2602
2025-08-04 00:38:35.958 131854 DEBUG oslo_service.service [req-162ee642-a43f-4fda-8f48-f5eed374c5d9 - - - - -] reserved_host_disk_mb = 0 log_opt_values /usr/lib/python3/dist-packages/oslo_config/cfg.py:2602
2025-08-04 00:38:35.958 131854 DEBUG oslo_service.service [req-162ee642-a43f-4fda-8f48-f5eed374c5d9 - - - - -] reserved_host_memory_mb = 512 log_opt_values /usr/lib/python3/dist-packages/oslo_config/cfg.py:2602
2025-08-04 00:38:35.959 131854 DEBUG oslo_service.service [req-162ee642-a43f-4fda-8f48-f5eed374c5d9 - - - - -] reserved_huge_pages = None log_opt_values /usr/lib/python3/dist-packages/oslo_config/cfg.py:2602
2025-08-04 00:38:35.959 131854 DEBUG oslo_service.service [req-162ee642-a43f-4fda-8f48-f5eed374c5d9 - - - - -] resize_confirm_window = 0 log_opt_values /usr/lib/python3/dist-packages/oslo_config/cfg.py:2602
2025-08-04 00:38:35.959 131854 DEBUG oslo_service.service [req-162ee642-a43f-4fda-8f48-f5eed374c5d9 - - - - -] resize_fs_using_block_device = False log_opt_values /usr/lib/python3/dist-packages/oslo_config/cfg.py:2602
2025-08-04 00:38:35.960 131854 DEBUG oslo_service.service [req-162ee642-a43f-4fda-8f48-f5eed374c5d9 - - - - -] resume_guests_state_on_host_boot = False log_opt_values /usr/lib/python3/dist-packages/oslo_config/cfg.py:2602
2025-08-04 00:38:35.960 131854 DEBUG oslo_service.service [req-162ee642-a43f-4fda-8f48-f5eed374c5d9 - - - - -] rootwrap_config = /etc/nova/rootwrap.conf log_opt_values /usr/lib/python3/dist-packages/oslo_config/cfg.py:2602
2025-08-04 00:38:35.960 131854 DEBUG oslo_service.service [req-162ee642-a43f-4fda-8f48-f5eed374c5d9 - - - - -] run_external_periodic_tasks = True log_opt_values /usr/lib/python3/dist-packages/oslo_config/cfg.py:2602
2025-08-04 00:38:35.961 131854 DEBUG oslo_service.service [req-162ee642-a43f-4fda-8f48-f5eed374c5d9 - - - - -] running_deleted_instance_action = reap log_opt_values /usr/lib/python3/dist-packages/oslo_config/cfg.py:2602
2025-08-04 00:38:35.962 131854 DEBUG oslo_service.service [req-162ee642-a43f-4fda-8f48-f5eed374c5d9 - - - - -] running_deleted_instance_poll_interval = 1800 log_opt_values /usr/lib/python3/dist-packages/oslo_config/cfg.py:2602
2025-08-04 00:38:35.962 131854 DEBUG oslo_service.service [req-162ee642-a43f-4fda-8f48-f5eed374c5d9 - - - - -] running_deleted_instance_timeout = 0 log_opt_values /usr/lib/python3/dist-packages/oslo_config/cfg.py:2602
2025-08-04 00:38:35.962 131854 DEBUG oslo_service.service [req-162ee642-a43f-4fda-8f48-f5eed374c5d9 - - - - -] scheduler_instance_sync_interval = 120 log_opt_values /usr/lib/python3/dist-packages/oslo_config/cfg.py:2602
2025-08-04 00:38:35.963 131854 DEBUG oslo_service.service [req-162ee642-a43f-4fda-8f48-f5eed374c5d9 - - - - -] service_down_time = 60 log_opt_values /usr/lib/python3/dist-packages/oslo_config/cfg.py:2602
2025-08-04 00:38:35.963 131854 DEBUG oslo_service.service [req-162ee642-a43f-4fda-8f48-f5eed374c5d9 - - - - -] servicegroup_driver = db log_opt_values /usr/lib/python3/dist-packages/oslo_config/cfg.py:2602
2025-08-04 00:38:35.963 131854 DEBUG oslo_service.service [req-162ee642-a43f-4fda-8f48-f5eed374c5d9 - - - - -] shelved_offload_time = 0 log_opt_values /usr/lib/python3/dist-packages/oslo_config/cfg.py:2602
2025-08-04 00:38:35.963 131854 DEBUG oslo_service.service [req-162ee642-a43f-4fda-8f48-f5eed374c5d9 - - - - -] shelved_poll_interval = 3600 log_opt_values /usr/lib/python3/dist-packages/oslo_config/cfg.py:2602
2025-08-04 00:38:35.964 131854 DEBUG oslo_service.service [req-162ee642-a43f-4fda-8f48-f5eed374c5d9 - - - - -] shutdown_timeout = 60 log_opt_values /usr/lib/python3/dist-packages/oslo_config/cfg.py:2602
2025-08-04 00:38:35.964 131854 DEBUG oslo_service.service [req-162ee642-a43f-4fda-8f48-f5eed374c5d9 - - - - -] source_is_ipv6 = False log_opt_values /usr/lib/python3/dist-packages/oslo_config/cfg.py:2602
2025-08-04 00:38:35.964 131854 DEBUG oslo_service.service [req-162ee642-a43f-4fda-8f48-f5eed374c5d9 - - - - -] ssl_only = False log_opt_values /usr/lib/python3/dist-packages/oslo_config/cfg.py:2602
2025-08-04 00:38:35.965 131854 DEBUG oslo_service.service [req-162ee642-a43f-4fda-8f48-f5eed374c5d9 - - - - -] state_path = /var/lib/nova log_opt_values /usr/lib/python3/dist-packages/oslo_config/cfg.py:2602
2025-08-04 00:38:35.965 131854 DEBUG oslo_service.service [req-162ee642-a43f-4fda-8f48-f5eed374c5d9 - - - - -] sync_power_state_interval = 600 log_opt_values /usr/lib/python3/dist-packages/oslo_config/cfg.py:2602
2025-08-04 00:38:35.965 131854 DEBUG oslo_service.service [req-162ee642-a43f-4fda-8f48-f5eed374c5d9 - - - - -] sync_power_state_pool_size = 1000 log_opt_values /usr/lib/python3/dist-packages/oslo_config/cfg.py:2602
2025-08-04 00:38:35.965 131854 DEBUG oslo_service.service [req-162ee642-a43f-4fda-8f48-f5eed374c5d9 - - - - -] syslog_log_facility = LOG_USER log_opt_values /usr/lib/python3/dist-packages/oslo_config/cfg.py:2602
2025-08-04 00:38:35.966 131854 DEBUG oslo_service.service [req-162ee642-a43f-4fda-8f48-f5eed374c5d9 - - - - -] tempdir = None log_opt_values /usr/lib/python3/dist-packages/oslo_config/cfg.py:2602
2025-08-04 00:38:35.966 131854 DEBUG oslo_service.service [req-162ee642-a43f-4fda-8f48-f5eed374c5d9 - - - - -] timeout_nbd = 10 log_opt_values /usr/lib/python3/dist-packages/oslo_config/cfg.py:2602
2025-08-04 00:38:35.966 131854 DEBUG oslo_service.service [req-162ee642-a43f-4fda-8f48-f5eed374c5d9 - - - - -] transport_url = **** log_opt_values /usr/lib/python3/dist-packages/oslo_config/cfg.py:2602
2025-08-04 00:38:35.966 131854 DEBUG oslo_service.service [req-162ee642-a43f-4fda-8f48-f5eed374c5d9 - - - - -] update_resources_interval = 0 log_opt_values /usr/lib/python3/dist-packages/oslo_config/cfg.py:2602
2025-08-04 00:38:35.967 131854 DEBUG oslo_service.service [req-162ee642-a43f-4fda-8f48-f5eed374c5d9 - - - - -] use_cow_images = True log_opt_values /usr/lib/python3/dist-packages/oslo_config/cfg.py:2602
2025-08-04 00:38:35.967 131854 DEBUG oslo_service.service [req-162ee642-a43f-4fda-8f48-f5eed374c5d9 - - - - -] use_eventlog = False log_opt_values /usr/lib/python3/dist-packages/oslo_config/cfg.py:2602
2025-08-04 00:38:35.967 131854 DEBUG oslo_service.service [req-162ee642-a43f-4fda-8f48-f5eed374c5d9 - - - - -] use_journal = False log_opt_values /usr/lib/python3/dist-packages/oslo_config/cfg.py:2602
2025-08-04 00:38:35.968 131854 DEBUG oslo_service.service [req-162ee642-a43f-4fda-8f48-f5eed374c5d9 - - - - -] use_json = False log_opt_values /usr/lib/python3/dist-packages/oslo_config/cfg.py:2602
2025-08-04 00:38:35.968 131854 DEBUG oslo_service.service [req-162ee642-a43f-4fda-8f48-f5eed374c5d9 - - - - -] use_rootwrap_daemon = False log_opt_values /usr/lib/python3/dist-packages/oslo_config/cfg.py:2602
2025-08-04 00:38:35.968 131854 DEBUG oslo_service.service [req-162ee642-a43f-4fda-8f48-f5eed374c5d9 - - - - -] use_stderr = False log_opt_values /usr/lib/python3/dist-packages/oslo_config/cfg.py:2602
2025-08-04 00:38:35.969 131854 DEBUG oslo_service.service [req-162ee642-a43f-4fda-8f48-f5eed374c5d9 - - - - -] use_syslog = False log_opt_values /usr/lib/python3/dist-packages/oslo_config/cfg.py:2602
2025-08-04 00:38:35.969 131854 DEBUG oslo_service.service [req-162ee642-a43f-4fda-8f48-f5eed374c5d9 - - - - -] vcpu_pin_set = None log_opt_values /usr/lib/python3/dist-packages/oslo_config/cfg.py:2602
2025-08-04 00:38:35.969 131854 DEBUG oslo_service.service [req-162ee642-a43f-4fda-8f48-f5eed374c5d9 - - - - -] vif_plugging_is_fatal = True log_opt_values /usr/lib/python3/dist-packages/oslo_config/cfg.py:2602
2025-08-04 00:38:35.970 131854 DEBUG oslo_service.service [req-162ee642-a43f-4fda-8f48-f5eed374c5d9 - - - - -] vif_plugging_timeout = 300 log_opt_values /usr/lib/python3/dist-packages/oslo_config/cfg.py:2602
2025-08-04 00:38:35.970 131854 DEBUG oslo_service.service [req-162ee642-a43f-4fda-8f48-f5eed374c5d9 - - - - -] virt_mkfs = [] log_opt_values /usr/lib/python3/dist-packages/oslo_config/cfg.py:2602
2025-08-04 00:38:35.970 131854 DEBUG oslo_service.service [req-162ee642-a43f-4fda-8f48-f5eed374c5d9 - - - - -] volume_usage_poll_interval = 0 log_opt_values /usr/lib/python3/dist-packages/oslo_config/cfg.py:2602
2025-08-04 00:38:35.971 131854 DEBUG oslo_service.service [req-162ee642-a43f-4fda-8f48-f5eed374c5d9 - - - - -] watch_log_file = False log_opt_values /usr/lib/python3/dist-packages/oslo_config/cfg.py:2602
2025-08-04 00:38:35.971 132176 DEBUG oslo_messaging._drivers.amqpdriver [-] Listener is running poll /usr/lib/python3/dist-packages/oslo_messaging/_drivers/amqpdriver.py:343
2025-08-04 00:38:35.971 131854 DEBUG oslo_service.service [req-162ee642-a43f-4fda-8f48-f5eed374c5d9 - - - - -] web = /usr/share/spice-html5 log_opt_values /usr/lib/python3/dist-packages/oslo_config/cfg.py:2602
2025-08-04 00:38:35.971 132176 DEBUG oslo_messaging._drivers.amqpdriver [-] AMQPListener connection consume poll /usr/lib/python3/dist-packages/oslo_messaging/_drivers/amqpdriver.py:357
2025-08-04 00:38:35.971 131854 DEBUG oslo_service.service [req-162ee642-a43f-4fda-8f48-f5eed374c5d9 - - - - -] oslo_concurrency.disable_process_locking = False log_opt_values /usr/lib/python3/dist-packages/oslo_config/cfg.py:2609
2025-08-04 00:38:35.972 131854 DEBUG oslo_service.service [req-162ee642-a43f-4fda-8f48-f5eed374c5d9 - - - - -] oslo_concurrency.lock_path = /var/lock/nova log_opt_values /usr/lib/python3/dist-packages/oslo_config/cfg.py:2609
2025-08-04 00:38:35.972 131854 WARNING oslo_config.cfg [req-162ee642-a43f-4fda-8f48-f5eed374c5d9 - - - - -] Deprecated: Option "auth_strategy" from group "api" is deprecated for removal ( The only non-default choice, ``noauth2``, is for internal development and testing purposes only and should not be used in deployments. This option and its middleware, NoAuthMiddleware[V2_18], will be removed in a future release. ). Its value may be silently ignored in the future.
2025-08-04 00:38:35.973 131854 DEBUG oslo_service.service [req-162ee642-a43f-4fda-8f48-f5eed374c5d9 - - - - -] api.auth_strategy = keystone log_opt_values /usr/lib/python3/dist-packages/oslo_config/cfg.py:2609
2025-08-04 00:38:35.973 131854 DEBUG oslo_service.service [req-162ee642-a43f-4fda-8f48-f5eed374c5d9 - - - - -] api.compute_link_prefix = None log_opt_values /usr/lib/python3/dist-packages/oslo_config/cfg.py:2609
2025-08-04 00:38:35.974 131854 DEBUG oslo_service.service [req-162ee642-a43f-4fda-8f48-f5eed374c5d9 - - - - -] api.config_drive_skip_versions = 1.0 2007-01-19 2007-03-01 2007-08-29 2007-10-10 2007-12-15 2008-02-01 2008-09-01 log_opt_values /usr/lib/python3/dist-packages/oslo_config/cfg.py:2609
2025-08-04 00:38:35.974 132176 DEBUG nova.service [req-85180034-6142-427d-afc6-a81b5919e46e - - - - -] Join ServiceGroup membership for this service scheduler start /usr/lib/python3/dist-packages/nova/service.py:199
2025-08-04 00:38:35.974 131854 DEBUG oslo_service.service [req-162ee642-a43f-4fda-8f48-f5eed374c5d9 - - - - -] api.dhcp_domain = novalocal log_opt_values /usr/lib/python3/dist-packages/oslo_config/cfg.py:2609
2025-08-04 00:38:35.974 131854 DEBUG oslo_service.service [req-162ee642-a43f-4fda-8f48-f5eed374c5d9 - - - - -] api.enable_instance_password = True log_opt_values /usr/lib/python3/dist-packages/oslo_config/cfg.py:2609
2025-08-04 00:38:35.974 132176 DEBUG nova.servicegroup.drivers.db [req-85180034-6142-427d-afc6-a81b5919e46e - - - - -] DB_Driver: join new ServiceGroup member juju-e68683-0-lxd-7 to the scheduler group, service = join /usr/lib/python3/dist-packages/nova/servicegroup/drivers/db.py:44
2025-08-04 00:38:35.975 131854 DEBUG oslo_service.service [req-162ee642-a43f-4fda-8f48-f5eed374c5d9 - - - - -] api.glance_link_prefix = None log_opt_values /usr/lib/python3/dist-packages/oslo_config/cfg.py:2609
2025-08-04 00:38:35.975 131854 DEBUG oslo_service.service [req-162ee642-a43f-4fda-8f48-f5eed374c5d9 - - - - -] api.instance_list_cells_batch_fixed_size = 100 log_opt_values /usr/lib/python3/dist-packages/oslo_config/cfg.py:2609
2025-08-04 00:38:35.975 131854 DEBUG oslo_service.service [req-162ee642-a43f-4fda-8f48-f5eed374c5d9 - - - - -] api.instance_list_cells_batch_strategy = distributed log_opt_values /usr/lib/python3/dist-packages/oslo_config/cfg.py:2609
2025-08-04 00:38:35.975 131854 DEBUG oslo_service.service [req-162ee642-a43f-4fda-8f48-f5eed374c5d9 - - - - -] api.instance_list_per_project_cells = False log_opt_values /usr/lib/python3/dist-packages/oslo_config/cfg.py:2609
2025-08-04 00:38:35.976 131854 DEBUG oslo_service.service [req-162ee642-a43f-4fda-8f48-f5eed374c5d9 - - - - -] api.list_records_by_skipping_down_cells = True log_opt_values /usr/lib/python3/dist-packages/oslo_config/cfg.py:2609
2025-08-04 00:38:35.975 132176 DEBUG oslo_messaging._drivers.amqpdriver [-] AMQPListener connection timeout poll /usr/lib/python3/dist-packages/oslo_messaging/_drivers/amqpdriver.py:360
2025-08-04 00:38:35.976 132176 DEBUG oslo_messaging._drivers.amqpdriver [-] Listener is running poll /usr/lib/python3/dist-packages/oslo_messaging/_drivers/amqpdriver.py:343
2025-08-04 00:38:35.976 131854 DEBUG oslo_service.service [req-162ee642-a43f-4fda-8f48-f5eed374c5d9 - - - - -] api.local_metadata_per_cell = False log_opt_values /usr/lib/python3/dist-packages/oslo_config/cfg.py:2609
2025-08-04 00:38:35.976 132176 DEBUG oslo_messaging._drivers.amqpdriver [-] AMQPListener connection consume poll /usr/lib/python3/dist-packages/oslo_messaging/_drivers/amqpdriver.py:357
2025-08-04 00:38:35.976 131854 DEBUG oslo_service.service [req-162ee642-a43f-4fda-8f48-f5eed374c5d9 - - - - -] api.max_limit = 1000 log_opt_values /usr/lib/python3/dist-packages/oslo_config/cfg.py:2609
2025-08-04 00:38:35.977 131854 DEBUG oslo_service.service [req-162ee642-a43f-4fda-8f48-f5eed374c5d9 - - - - -] api.metadata_cache_expiration = 15 log_opt_values /usr/lib/python3/dist-packages/oslo_config/cfg.py:2609
2025-08-04 00:38:35.977 131854 DEBUG oslo_service.service [req-162ee642-a43f-4fda-8f48-f5eed374c5d9 - - - - -] api.neutron_default_tenant_id = default log_opt_values /usr/lib/python3/dist-packages/oslo_config/cfg.py:2609
2025-08-04 00:38:35.977 131854 DEBUG oslo_service.service [req-162ee642-a43f-4fda-8f48-f5eed374c5d9 - - - - -] api.use_forwarded_for = False log_opt_values /usr/lib/python3/dist-packages/oslo_config/cfg.py:2609
2025-08-04 00:38:35.977 131854 DEBUG oslo_service.service [req-162ee642-a43f-4fda-8f48-f5eed374c5d9 - - - - -] api.use_neutron_default_nets = False log_opt_values /usr/lib/python3/dist-packages/oslo_config/cfg.py:2609
2025-08-04 00:38:35.978 131854 DEBUG oslo_service.service [req-162ee642-a43f-4fda-8f48-f5eed374c5d9 - - - - -] api.vendordata_dynamic_connect_timeout = 5 log_opt_values /usr/lib/python3/dist-packages/oslo_config/cfg.py:2609
2025-08-04 00:38:35.978 131854 DEBUG oslo_service.service [req-162ee642-a43f-4fda-8f48-f5eed374c5d9 - - - - -] api.vendordata_dynamic_failure_fatal = False log_opt_values /usr/lib/python3/dist-packages/oslo_config/cfg.py:2609
2025-08-04 00:38:35.978 131854 DEBUG oslo_service.service [req-162ee642-a43f-4fda-8f48-f5eed374c5d9 - - - - -] api.vendordata_dynamic_read_timeout = 5 log_opt_values /usr/lib/python3/dist-packages/oslo_config/cfg.py:2609
2025-08-04 00:38:35.979 131854 DEBUG oslo_service.service [req-162ee642-a43f-4fda-8f48-f5eed374c5d9 - - - - -] api.vendordata_dynamic_ssl_certfile = log_opt_values /usr/lib/python3/dist-packages/oslo_config/cfg.py:2609
2025-08-04 00:38:35.979 131854 DEBUG oslo_service.service [req-162ee642-a43f-4fda-8f48-f5eed374c5d9 - - - - -] api.vendordata_dynamic_targets = [] log_opt_values /usr/lib/python3/dist-packages/oslo_config/cfg.py:2609
2025-08-04 00:38:35.979 131854 DEBUG oslo_service.service [req-162ee642-a43f-4fda-8f48-f5eed374c5d9 - - - - -] api.vendordata_jsonfile_path = None log_opt_values /usr/lib/python3/dist-packages/oslo_config/cfg.py:2609
2025-08-04 00:38:35.979 131854 DEBUG oslo_service.service [req-162ee642-a43f-4fda-8f48-f5eed374c5d9 - - - - -] api.vendordata_providers = ['StaticJSON'] log_opt_values /usr/lib/python3/dist-packages/oslo_config/cfg.py:2609
2025-08-04 00:38:35.980 131854 DEBUG oslo_service.service [req-162ee642-a43f-4fda-8f48-f5eed374c5d9 - - - - -] cache.backend = dogpile.cache.null log_opt_values /usr/lib/python3/dist-packages/oslo_config/cfg.py:2609
2025-08-04 00:38:35.980 131854 DEBUG oslo_service.service [req-162ee642-a43f-4fda-8f48-f5eed374c5d9 - - - - -] cache.backend_argument = **** log_opt_values /usr/lib/python3/dist-packages/oslo_config/cfg.py:2609
2025-08-04 00:38:35.980 131854 DEBUG oslo_service.service [req-162ee642-a43f-4fda-8f48-f5eed374c5d9 - - - - -] cache.config_prefix = cache.oslo log_opt_values /usr/lib/python3/dist-packages/oslo_config/cfg.py:2609
2025-08-04 00:38:35.981 131854 DEBUG oslo_service.service [req-162ee642-a43f-4fda-8f48-f5eed374c5d9 - - - - -] cache.debug_cache_backend = False log_opt_values /usr/lib/python3/dist-packages/oslo_config/cfg.py:2609
2025-08-04 00:38:35.981 131854 DEBUG oslo_service.service [req-162ee642-a43f-4fda-8f48-f5eed374c5d9 - - - - -] cache.enabled = False log_opt_values /usr/lib/python3/dist-packages/oslo_config/cfg.py:2609
2025-08-04 00:38:35.981 131854 DEBUG oslo_service.service [req-162ee642-a43f-4fda-8f48-f5eed374c5d9 - - - - -] cache.expiration_time = 600 log_opt_values /usr/lib/python3/dist-packages/oslo_config/cfg.py:2609
2025-08-04 00:38:35.982 131854 DEBUG oslo_service.service [req-162ee642-a43f-4fda-8f48-f5eed374c5d9 - - - - -] cache.memcache_dead_retry = 300 log_opt_values /usr/lib/python3/dist-packages/oslo_config/cfg.py:2609
2025-08-04 00:38:35.982 131854 DEBUG oslo_service.service [req-162ee642-a43f-4fda-8f48-f5eed374c5d9 - - - - -] cache.memcache_pool_connection_get_timeout = 10 log_opt_values /usr/lib/python3/dist-packages/oslo_config/cfg.py:2609
2025-08-04 00:38:35.982 131854 DEBUG oslo_service.service [req-162ee642-a43f-4fda-8f48-f5eed374c5d9 - - - - -] cache.memcache_pool_flush_on_reconnect = False log_opt_values /usr/lib/python3/dist-packages/oslo_config/cfg.py:2609
2025-08-04 00:38:35.984 132177 DEBUG oslo_messaging._drivers.amqpdriver [-] Listener is running poll /usr/lib/python3/dist-packages/oslo_messaging/_drivers/amqpdriver.py:343
2025-08-04 00:38:35.984 132177 DEBUG oslo_messaging._drivers.amqpdriver [-] AMQPListener connection consume poll /usr/lib/python3/dist-packages/oslo_messaging/_drivers/amqpdriver.py:357
2025-08-04 00:38:35.983 131854 DEBUG oslo_service.service [req-162ee642-a43f-4fda-8f48-f5eed374c5d9 - - - - -] cache.memcache_pool_maxsize = 10 log_opt_values /usr/lib/python3/dist-packages/oslo_config/cfg.py:2609
2025-08-04 00:38:35.984 131854 DEBUG oslo_service.service [req-162ee642-a43f-4fda-8f48-f5eed374c5d9 - - - - -] cache.memcache_pool_unused_timeout = 60 log_opt_values /usr/lib/python3/dist-packages/oslo_config/cfg.py:2609
2025-08-04 00:38:35.984 132177 DEBUG nova.service [req-5acac300-6c1a-4416-ac76-7502d18cd243 - - - - -] Join ServiceGroup membership for this service scheduler start /usr/lib/python3/dist-packages/nova/service.py:199
2025-08-04 00:38:35.985 131854 DEBUG oslo_service.service [req-162ee642-a43f-4fda-8f48-f5eed374c5d9 - - - - -] cache.memcache_servers = ['localhost:11211'] log_opt_values /usr/lib/python3/dist-packages/oslo_config/cfg.py:2609
2025-08-04 00:38:35.985 132177 DEBUG nova.servicegroup.drivers.db [req-5acac300-6c1a-4416-ac76-7502d18cd243 - - - - -] DB_Driver: join new ServiceGroup member juju-e68683-0-lxd-7 to the scheduler group, service = join /usr/lib/python3/dist-packages/nova/servicegroup/drivers/db.py:44
2025-08-04 00:38:35.985 131854 DEBUG oslo_service.service [req-162ee642-a43f-4fda-8f48-f5eed374c5d9 - - - - -] cache.memcache_socket_timeout = 1.0 log_opt_values /usr/lib/python3/dist-packages/oslo_config/cfg.py:2609
2025-08-04 00:38:35.986 131854 DEBUG oslo_service.service [req-162ee642-a43f-4fda-8f48-f5eed374c5d9 - - - - -] cache.proxies = [] log_opt_values /usr/lib/python3/dist-packages/oslo_config/cfg.py:2609
2025-08-04 00:38:35.986 131854 DEBUG oslo_service.service [req-162ee642-a43f-4fda-8f48-f5eed374c5d9 - - - - -] cache.tls_allowed_ciphers = None log_opt_values /usr/lib/python3/dist-packages/oslo_config/cfg.py:2609
2025-08-04 00:38:35.987 131854 DEBUG oslo_service.service [req-162ee642-a43f-4fda-8f48-f5eed374c5d9 - - - - -] cache.tls_cafile = None log_opt_values /usr/lib/python3/dist-packages/oslo_config/cfg.py:2609
2025-08-04 00:38:35.987 131854 DEBUG oslo_service.service [req-162ee642-a43f-4fda-8f48-f5eed374c5d9 - - - - -] cache.tls_certfile = None log_opt_values /usr/lib/python3/dist-packages/oslo_config/cfg.py:2609
2025-08-04 00:38:35.987 131854 DEBUG oslo_service.service [req-162ee642-a43f-4fda-8f48-f5eed374c5d9 - - - - -] cache.tls_enabled = False log_opt_values /usr/lib/python3/dist-packages/oslo_config/cfg.py:2609
2025-08-04 00:38:35.988 131854 DEBUG oslo_service.service [req-162ee642-a43f-4fda-8f48-f5eed374c5d9 - - - - -] cache.tls_keyfile = None log_opt_values /usr/lib/python3/dist-packages/oslo_config/cfg.py:2609
2025-08-04 00:38:35.987 132178 DEBUG oslo_messaging._drivers.amqpdriver [-] Listener is running poll /usr/lib/python3/dist-packages/oslo_messaging/_drivers/amqpdriver.py:343
2025-08-04 00:38:35.988 132179 DEBUG nova.service [req-dd1d4af5-b44a-4fec-bca5-1a6c6c2a8d90 - - - - -] Creating RPC server for service scheduler start /usr/lib/python3/dist-packages/nova/service.py:182
2025-08-04 00:38:35.988 131854 DEBUG oslo_service.service [req-162ee642-a43f-4fda-8f48-f5eed374c5d9 - - - - -] cinder.auth_section = None log_opt_values /usr/lib/python3/dist-packages/oslo_config/cfg.py:2609
2025-08-04 00:38:35.988 132178 DEBUG oslo_messaging._drivers.amqpdriver [-] AMQPListener connection consume poll /usr/lib/python3/dist-packages/oslo_messaging/_drivers/amqpdriver.py:357
2025-08-04 00:38:35.988 131854 DEBUG oslo_service.service [req-162ee642-a43f-4fda-8f48-f5eed374c5d9 - - - - -] cinder.auth_type = None log_opt_values /usr/lib/python3/dist-packages/oslo_config/cfg.py:2609
2025-08-04 00:38:35.989 131854 DEBUG oslo_service.service [req-162ee642-a43f-4fda-8f48-f5eed374c5d9 - - - - -] cinder.cafile = None log_opt_values /usr/lib/python3/dist-packages/oslo_config/cfg.py:2609
2025-08-04 00:38:35.989 131854 DEBUG oslo_service.service [req-162ee642-a43f-4fda-8f48-f5eed374c5d9 - - - - -] cinder.catalog_info = volumev3::publicURL log_opt_values /usr/lib/python3/dist-packages/oslo_config/cfg.py:2609
2025-08-04 00:38:35.989 131854 DEBUG oslo_service.service [req-162ee642-a43f-4fda-8f48-f5eed374c5d9 - - - - -] cinder.certfile = None log_opt_values /usr/lib/python3/dist-packages/oslo_config/cfg.py:2609
2025-08-04 00:38:35.990 131854 DEBUG oslo_service.service [req-162ee642-a43f-4fda-8f48-f5eed374c5d9 - - - - -] cinder.collect_timing = False log_opt_values /usr/lib/python3/dist-packages/oslo_config/cfg.py:2609
2025-08-04 00:38:35.990 131854 DEBUG oslo_service.service [req-162ee642-a43f-4fda-8f48-f5eed374c5d9 - - - - -] cinder.cross_az_attach = True log_opt_values /usr/lib/python3/dist-packages/oslo_config/cfg.py:2609
2025-08-04 00:38:35.990 131854 DEBUG oslo_service.service [req-162ee642-a43f-4fda-8f48-f5eed374c5d9 - - - - -] cinder.debug = False log_opt_values /usr/lib/python3/dist-packages/oslo_config/cfg.py:2609
2025-08-04 00:38:35.991 131854 DEBUG oslo_service.service [req-162ee642-a43f-4fda-8f48-f5eed374c5d9 - - - - -] cinder.endpoint_template = None log_opt_values /usr/lib/python3/dist-packages/oslo_config/cfg.py:2609
2025-08-04 00:38:35.991 132178 DEBUG nova.service [req-61da6880-575b-4cbc-9704-756ef4eeb3dc - - - - -] Join ServiceGroup membership for this service scheduler start /usr/lib/python3/dist-packages/nova/service.py:199
2025-08-04 00:38:35.991 132178 DEBUG nova.servicegroup.drivers.db [req-61da6880-575b-4cbc-9704-756ef4eeb3dc - - - - -] DB_Driver: join new ServiceGroup member juju-e68683-0-lxd-7 to the scheduler group, service = join /usr/lib/python3/dist-packages/nova/servicegroup/drivers/db.py:44
2025-08-04 00:38:35.991 131854 DEBUG oslo_service.service [req-162ee642-a43f-4fda-8f48-f5eed374c5d9 - - - - -] cinder.http_retries = 3 log_opt_values /usr/lib/python3/dist-packages/oslo_config/cfg.py:2609
2025-08-04 00:38:35.992 132177 DEBUG oslo_messaging._drivers.amqpdriver [-] AMQPListener connection timeout poll /usr/lib/python3/dist-packages/oslo_messaging/_drivers/amqpdriver.py:360
2025-08-04 00:38:35.992 132177 DEBUG oslo_messaging._drivers.amqpdriver [-] Listener is running poll /usr/lib/python3/dist-packages/oslo_messaging/_drivers/amqpdriver.py:343
2025-08-04 00:38:35.992 132177 DEBUG oslo_messaging._drivers.amqpdriver [-] AMQPListener connection consume poll /usr/lib/python3/dist-packages/oslo_messaging/_drivers/amqpdriver.py:357
2025-08-04 00:38:35.992 131854 DEBUG oslo_service.service [req-162ee642-a43f-4fda-8f48-f5eed374c5d9 - - - - -] cinder.insecure = False log_opt_values /usr/lib/python3/dist-packages/oslo_config/cfg.py:2609
2025-08-04 00:38:35.992 132178 DEBUG oslo_messaging._drivers.amqpdriver [-] AMQPListener connection timeout poll /usr/lib/python3/dist-packages/oslo_messaging/_drivers/amqpdriver.py:360
2025-08-04 00:38:35.992 132178 DEBUG oslo_messaging._drivers.amqpdriver [-] Listener is running poll /usr/lib/python3/dist-packages/oslo_messaging/_drivers/amqpdriver.py:343
2025-08-04 00:38:35.992 131854 DEBUG oslo_service.service [req-162ee642-a43f-4fda-8f48-f5eed374c5d9 - - - - -] cinder.keyfile = None log_opt_values /usr/lib/python3/dist-packages/oslo_config/cfg.py:2609
2025-08-04 00:38:35.992 132178 DEBUG oslo_messaging._drivers.amqpdriver [-] AMQPListener connection consume poll /usr/lib/python3/dist-packages/oslo_messaging/_drivers/amqpdriver.py:357
2025-08-04 00:38:35.992 131854 DEBUG oslo_service.service [req-162ee642-a43f-4fda-8f48-f5eed374c5d9 - - - - -] cinder.os_region_name = None log_opt_values /usr/lib/python3/dist-packages/oslo_config/cfg.py:2609
2025-08-04 00:38:35.993 131854 DEBUG oslo_service.service [req-162ee642-a43f-4fda-8f48-f5eed374c5d9 - - - - -] cinder.split_loggers = False log_opt_values /usr/lib/python3/dist-packages/oslo_config/cfg.py:2609
2025-08-04 00:38:35.993 131854 DEBUG oslo_service.service [req-162ee642-a43f-4fda-8f48-f5eed374c5d9 - - - - -] cinder.timeout = None log_opt_values /usr/lib/python3/dist-packages/oslo_config/cfg.py:2609
2025-08-04 00:38:35.993 131854 DEBUG oslo_service.service [req-162ee642-a43f-4fda-8f48-f5eed374c5d9 - - - - -] compute.consecutive_build_service_disable_threshold = 10 log_opt_values /usr/lib/python3/dist-packages/oslo_config/cfg.py:2609
2025-08-04 00:38:35.993 131854 DEBUG oslo_service.service [req-162ee642-a43f-4fda-8f48-f5eed374c5d9 - - - - -] compute.cpu_dedicated_set = None log_opt_values /usr/lib/python3/dist-packages/oslo_config/cfg.py:2609
2025-08-04 00:38:35.993 131854 DEBUG oslo_service.service [req-162ee642-a43f-4fda-8f48-f5eed374c5d9 - - - - -] compute.cpu_shared_set = None log_opt_values /usr/lib/python3/dist-packages/oslo_config/cfg.py:2609
2025-08-04 00:38:35.994 131854 DEBUG oslo_service.service [req-162ee642-a43f-4fda-8f48-f5eed374c5d9 - - - - -] compute.image_type_exclude_list = [] log_opt_values /usr/lib/python3/dist-packages/oslo_config/cfg.py:2609
2025-08-04 00:38:35.994 131854 DEBUG oslo_service.service [req-162ee642-a43f-4fda-8f48-f5eed374c5d9 - - - - -] compute.live_migration_wait_for_vif_plug = True log_opt_values /usr/lib/python3/dist-packages/oslo_config/cfg.py:2609
2025-08-04 00:38:35.994 131854 DEBUG oslo_service.service [req-162ee642-a43f-4fda-8f48-f5eed374c5d9 - - - - -] compute.max_concurrent_disk_ops = 0 log_opt_values /usr/lib/python3/dist-packages/oslo_config/cfg.py:2609
2025-08-04 00:38:35.994 131854 DEBUG oslo_service.service [req-162ee642-a43f-4fda-8f48-f5eed374c5d9 - - - - -] compute.max_disk_devices_to_attach = -1 log_opt_values /usr/lib/python3/dist-packages/oslo_config/cfg.py:2609
2025-08-04 00:38:35.994 131854 DEBUG oslo_service.service [req-162ee642-a43f-4fda-8f48-f5eed374c5d9 - - - - -] compute.packing_host_numa_cells_allocation_strategy = True log_opt_values /usr/lib/python3/dist-packages/oslo_config/cfg.py:2609
2025-08-04 00:38:35.994 131854 DEBUG oslo_service.service [req-162ee642-a43f-4fda-8f48-f5eed374c5d9 - - - - -] compute.provider_config_location = /etc/nova/provider_config/ log_opt_values /usr/lib/python3/dist-packages/oslo_config/cfg.py:2609
2025-08-04 00:38:35.995 131854 DEBUG oslo_service.service [req-162ee642-a43f-4fda-8f48-f5eed374c5d9 - - - - -] compute.resource_provider_association_refresh = 300 log_opt_values /usr/lib/python3/dist-packages/oslo_config/cfg.py:2609
2025-08-04 00:38:35.995 131854 DEBUG oslo_service.service [req-162ee642-a43f-4fda-8f48-f5eed374c5d9 - - - - -] compute.shutdown_retry_interval = 10 log_opt_values /usr/lib/python3/dist-packages/oslo_config/cfg.py:2609
2025-08-04 00:38:35.995 131854 DEBUG oslo_service.service [req-162ee642-a43f-4fda-8f48-f5eed374c5d9 - - - - -] compute.vmdk_allowed_types = ['streamOptimized', 'monolithicSparse'] log_opt_values /usr/lib/python3/dist-packages/oslo_config/cfg.py:2609
2025-08-04 00:38:35.995 131854 DEBUG oslo_service.service [req-162ee642-a43f-4fda-8f48-f5eed374c5d9 - - - - -] conductor.workers = 4 log_opt_values /usr/lib/python3/dist-packages/oslo_config/cfg.py:2609
2025-08-04 00:38:35.996 131854 DEBUG oslo_service.service [req-162ee642-a43f-4fda-8f48-f5eed374c5d9 - - - - -] console.allowed_origins = [] log_opt_values /usr/lib/python3/dist-packages/oslo_config/cfg.py:2609
2025-08-04 00:38:35.996 131854 DEBUG oslo_service.service [req-162ee642-a43f-4fda-8f48-f5eed374c5d9 - - - - -] console.ssl_ciphers = None log_opt_values /usr/lib/python3/dist-packages/oslo_config/cfg.py:2609
2025-08-04 00:38:35.996 131854 DEBUG oslo_service.service [req-162ee642-a43f-4fda-8f48-f5eed374c5d9 - - - - -] console.ssl_minimum_version = default log_opt_values /usr/lib/python3/dist-packages/oslo_config/cfg.py:2609
2025-08-04 00:38:35.996 131854 DEBUG oslo_service.service [req-162ee642-a43f-4fda-8f48-f5eed374c5d9 - - - - -] consoleauth.token_ttl = 600 log_opt_values /usr/lib/python3/dist-packages/oslo_config/cfg.py:2609
2025-08-04 00:38:35.996 131854 DEBUG oslo_service.service [req-162ee642-a43f-4fda-8f48-f5eed374c5d9 - - - - -] cyborg.cafile = None log_opt_values /usr/lib/python3/dist-packages/oslo_config/cfg.py:2609
2025-08-04 00:38:35.997 131854 DEBUG oslo_service.service [req-162ee642-a43f-4fda-8f48-f5eed374c5d9 - - - - -] cyborg.certfile = None log_opt_values /usr/lib/python3/dist-packages/oslo_config/cfg.py:2609
2025-08-04 00:38:35.997 131854 DEBUG oslo_service.service [req-162ee642-a43f-4fda-8f48-f5eed374c5d9 - - - - -] cyborg.collect_timing = False log_opt_values /usr/lib/python3/dist-packages/oslo_config/cfg.py:2609
2025-08-04 00:38:35.997 131854 DEBUG oslo_service.service [req-162ee642-a43f-4fda-8f48-f5eed374c5d9 - - - - -] cyborg.connect_retries = None log_opt_values /usr/lib/python3/dist-packages/oslo_config/cfg.py:2609
2025-08-04 00:38:35.997 131854 DEBUG oslo_service.service [req-162ee642-a43f-4fda-8f48-f5eed374c5d9 - - - - -] cyborg.connect_retry_delay = None log_opt_values /usr/lib/python3/dist-packages/oslo_config/cfg.py:2609
2025-08-04 00:38:35.997 131854 DEBUG oslo_service.service [req-162ee642-a43f-4fda-8f48-f5eed374c5d9 - - - - -] cyborg.endpoint_override = None log_opt_values /usr/lib/python3/dist-packages/oslo_config/cfg.py:2609
2025-08-04 00:38:35.997 131854 DEBUG oslo_service.service [req-162ee642-a43f-4fda-8f48-f5eed374c5d9 - - - - -] cyborg.insecure = False log_opt_values /usr/lib/python3/dist-packages/oslo_config/cfg.py:2609
2025-08-04 00:38:35.998 131854 DEBUG oslo_service.service [req-162ee642-a43f-4fda-8f48-f5eed374c5d9 - - - - -] cyborg.keyfile = None log_opt_values /usr/lib/python3/dist-packages/oslo_config/cfg.py:2609
2025-08-04 00:38:35.998 131854 DEBUG oslo_service.service [req-162ee642-a43f-4fda-8f48-f5eed374c5d9 - - - - -] cyborg.max_version = None log_opt_values /usr/lib/python3/dist-packages/oslo_config/cfg.py:2609
2025-08-04 00:38:35.998 131854 DEBUG oslo_service.service [req-162ee642-a43f-4fda-8f48-f5eed374c5d9 - - - - -] cyborg.min_version = None log_opt_values /usr/lib/python3/dist-packages/oslo_config/cfg.py:2609
2025-08-04 00:38:35.998 131854 DEBUG oslo_service.service [req-162ee642-a43f-4fda-8f48-f5eed374c5d9 - - - - -] cyborg.region_name = None log_opt_values /usr/lib/python3/dist-packages/oslo_config/cfg.py:2609
2025-08-04 00:38:35.998 131854 DEBUG oslo_service.service [req-162ee642-a43f-4fda-8f48-f5eed374c5d9 - - - - -] cyborg.service_name = None log_opt_values /usr/lib/python3/dist-packages/oslo_config/cfg.py:2609
2025-08-04 00:38:35.998 131854 DEBUG oslo_service.service [req-162ee642-a43f-4fda-8f48-f5eed374c5d9 - - - - -] cyborg.service_type = accelerator log_opt_values /usr/lib/python3/dist-packages/oslo_config/cfg.py:2609
2025-08-04 00:38:35.999 131854 DEBUG oslo_service.service [req-162ee642-a43f-4fda-8f48-f5eed374c5d9 - - - - -] cyborg.split_loggers = False log_opt_values /usr/lib/python3/dist-packages/oslo_config/cfg.py:2609
2025-08-04 00:38:35.999 131854 DEBUG oslo_service.service [req-162ee642-a43f-4fda-8f48-f5eed374c5d9 - - - - -] cyborg.status_code_retries = None log_opt_values /usr/lib/python3/dist-packages/oslo_config/cfg.py:2609
2025-08-04 00:38:35.999 131854 DEBUG oslo_service.service [req-162ee642-a43f-4fda-8f48-f5eed374c5d9 - - - - -] cyborg.status_code_retry_delay = None log_opt_values /usr/lib/python3/dist-packages/oslo_config/cfg.py:2609
2025-08-04 00:38:36.000 131854 DEBUG oslo_service.service [req-162ee642-a43f-4fda-8f48-f5eed374c5d9 - - - - -] cyborg.timeout = None log_opt_values /usr/lib/python3/dist-packages/oslo_config/cfg.py:2609
2025-08-04 00:38:36.000 131854 DEBUG oslo_service.service [req-162ee642-a43f-4fda-8f48-f5eed374c5d9 - - - - -] cyborg.valid_interfaces = ['internal', 'public'] log_opt_values /usr/lib/python3/dist-packages/oslo_config/cfg.py:2609
2025-08-04 00:38:36.000 131854 DEBUG oslo_service.service [req-162ee642-a43f-4fda-8f48-f5eed374c5d9 - - - - -] cyborg.version = None log_opt_values /usr/lib/python3/dist-packages/oslo_config/cfg.py:2609
2025-08-04 00:38:36.000 131854 DEBUG oslo_service.service [req-162ee642-a43f-4fda-8f48-f5eed374c5d9 - - - - -] database.backend = sqlalchemy log_opt_values /usr/lib/python3/dist-packages/oslo_config/cfg.py:2609
2025-08-04 00:38:36.001 131854 DEBUG oslo_service.service [req-162ee642-a43f-4fda-8f48-f5eed374c5d9 - - - - -] database.connection = **** log_opt_values /usr/lib/python3/dist-packages/oslo_config/cfg.py:2609
2025-08-04 00:38:36.001 131854 DEBUG oslo_service.service [req-162ee642-a43f-4fda-8f48-f5eed374c5d9 - - - - -] database.connection_debug = 0 log_opt_values /usr/lib/python3/dist-packages/oslo_config/cfg.py:2609
2025-08-04 00:38:36.001 131854 DEBUG oslo_service.service [req-162ee642-a43f-4fda-8f48-f5eed374c5d9 - - - - -] database.connection_parameters = log_opt_values /usr/lib/python3/dist-packages/oslo_config/cfg.py:2609
2025-08-04 00:38:36.002 131854 DEBUG oslo_service.service [req-162ee642-a43f-4fda-8f48-f5eed374c5d9 - - - - -] database.connection_recycle_time = 3600 log_opt_values /usr/lib/python3/dist-packages/oslo_config/cfg.py:2609
2025-08-04 00:38:36.002 131854 DEBUG oslo_service.service [req-162ee642-a43f-4fda-8f48-f5eed374c5d9 - - - - -] database.connection_trace = False log_opt_values /usr/lib/python3/dist-packages/oslo_config/cfg.py:2609
2025-08-04 00:38:36.002 131854 DEBUG oslo_service.service [req-162ee642-a43f-4fda-8f48-f5eed374c5d9 - - - - -] database.db_inc_retry_interval = True log_opt_values /usr/lib/python3/dist-packages/oslo_config/cfg.py:2609
2025-08-04 00:38:36.002 131854 DEBUG oslo_service.service [req-162ee642-a43f-4fda-8f48-f5eed374c5d9 - - - - -] database.db_max_retries = 20 log_opt_values /usr/lib/python3/dist-packages/oslo_config/cfg.py:2609
2025-08-04 00:38:36.003 131854 DEBUG oslo_service.service [req-162ee642-a43f-4fda-8f48-f5eed374c5d9 - - - - -] database.db_max_retry_interval = 10 log_opt_values /usr/lib/python3/dist-packages/oslo_config/cfg.py:2609
2025-08-04 00:38:36.003 131854 DEBUG oslo_service.service [req-162ee642-a43f-4fda-8f48-f5eed374c5d9 - - - - -] database.db_retry_interval = 1 log_opt_values /usr/lib/python3/dist-packages/oslo_config/cfg.py:2609
2025-08-04 00:38:36.003 131854 DEBUG oslo_service.service [req-162ee642-a43f-4fda-8f48-f5eed374c5d9 - - - - -] database.max_overflow = 50 log_opt_values /usr/lib/python3/dist-packages/oslo_config/cfg.py:2609
2025-08-04 00:38:36.003 131854 DEBUG oslo_service.service [req-162ee642-a43f-4fda-8f48-f5eed374c5d9 - - - - -] database.max_pool_size = 4 log_opt_values /usr/lib/python3/dist-packages/oslo_config/cfg.py:2609
2025-08-04 00:38:36.004 131854 DEBUG oslo_service.service [req-162ee642-a43f-4fda-8f48-f5eed374c5d9 - - - - -] database.max_retries = 10 log_opt_values /usr/lib/python3/dist-packages/oslo_config/cfg.py:2609
2025-08-04 00:38:36.004 131854 DEBUG oslo_service.service [req-162ee642-a43f-4fda-8f48-f5eed374c5d9 - - - - -] database.mysql_enable_ndb = False log_opt_values /usr/lib/python3/dist-packages/oslo_config/cfg.py:2609
2025-08-04 00:38:36.004 131854 DEBUG oslo_service.service [req-162ee642-a43f-4fda-8f48-f5eed374c5d9 - - - - -] database.mysql_sql_mode = TRADITIONAL log_opt_values /usr/lib/python3/dist-packages/oslo_config/cfg.py:2609
2025-08-04 00:38:36.004 131854 DEBUG oslo_service.service [req-162ee642-a43f-4fda-8f48-f5eed374c5d9 - - - - -] database.pool_timeout = None log_opt_values /usr/lib/python3/dist-packages/oslo_config/cfg.py:2609
2025-08-04 00:38:36.005 131854 DEBUG oslo_service.service [req-162ee642-a43f-4fda-8f48-f5eed374c5d9 - - - - -] database.retry_interval = 10 log_opt_values /usr/lib/python3/dist-packages/oslo_config/cfg.py:2609
2025-08-04 00:38:36.005 131854 DEBUG oslo_service.service [req-162ee642-a43f-4fda-8f48-f5eed374c5d9 - - - - -] database.slave_connection = **** log_opt_values /usr/lib/python3/dist-packages/oslo_config/cfg.py:2609
2025-08-04 00:38:36.005 131854 DEBUG oslo_service.service [req-162ee642-a43f-4fda-8f48-f5eed374c5d9 - - - - -] database.sqlite_synchronous = True log_opt_values /usr/lib/python3/dist-packages/oslo_config/cfg.py:2609
2025-08-04 00:38:36.005 131854 DEBUG oslo_service.service [req-162ee642-a43f-4fda-8f48-f5eed374c5d9 - - - - -] database.use_db_reconnect = False log_opt_values /usr/lib/python3/dist-packages/oslo_config/cfg.py:2609
2025-08-04 00:38:36.006 131854 DEBUG oslo_service.service [req-162ee642-a43f-4fda-8f48-f5eed374c5d9 - - - - -] api_database.backend = sqlalchemy log_opt_values /usr/lib/python3/dist-packages/oslo_config/cfg.py:2609
2025-08-04 00:38:36.006 131854 DEBUG oslo_service.service [req-162ee642-a43f-4fda-8f48-f5eed374c5d9 - - - - -] api_database.connection = **** log_opt_values /usr/lib/python3/dist-packages/oslo_config/cfg.py:2609
2025-08-04 00:38:36.006 131854 DEBUG oslo_service.service [req-162ee642-a43f-4fda-8f48-f5eed374c5d9 - - - - -] api_database.connection_debug = 0 log_opt_values /usr/lib/python3/dist-packages/oslo_config/cfg.py:2609
