2025-08-04 00:38:25.456 131301 DEBUG oslo_service.service [req-19c1f218-d9ff-4c3c-b63c-adf47727401c - - - - -] oslo_messaging_rabbit.ssl_key_file = log_opt_values /usr/lib/python3/dist-packages/oslo_config/cfg.py:2609
2025-08-04 00:38:25.456 131301 DEBUG oslo_service.service [req-19c1f218-d9ff-4c3c-b63c-adf47727401c - - - - -] oslo_messaging_rabbit.ssl_version = log_opt_values /usr/lib/python3/dist-packages/oslo_config/cfg.py:2609
2025-08-04 00:38:25.456 131301 DEBUG oslo_service.service [req-19c1f218-d9ff-4c3c-b63c-adf47727401c - - - - -] oslo_messaging_notifications.driver = ['messagingv2'] log_opt_values /usr/lib/python3/dist-packages/oslo_config/cfg.py:2609
2025-08-04 00:38:25.456 131301 DEBUG oslo_service.service [req-19c1f218-d9ff-4c3c-b63c-adf47727401c - - - - -] oslo_messaging_notifications.retry = -1 log_opt_values /usr/lib/python3/dist-packages/oslo_config/cfg.py:2609
2025-08-04 00:38:25.457 131301 DEBUG oslo_service.service [req-19c1f218-d9ff-4c3c-b63c-adf47727401c - - - - -] oslo_messaging_notifications.topics = ['notifications'] log_opt_values /usr/lib/python3/dist-packages/oslo_config/cfg.py:2609
2025-08-04 00:38:25.457 131301 DEBUG oslo_service.service [req-19c1f218-d9ff-4c3c-b63c-adf47727401c - - - - -] oslo_messaging_notifications.transport_url = **** log_opt_values /usr/lib/python3/dist-packages/oslo_config/cfg.py:2609
2025-08-04 00:38:25.457 131301 DEBUG oslo_service.service [req-19c1f218-d9ff-4c3c-b63c-adf47727401c - - - - -] oslo_limit.auth_section = None log_opt_values /usr/lib/python3/dist-packages/oslo_config/cfg.py:2609
2025-08-04 00:38:25.457 131301 DEBUG oslo_service.service [req-19c1f218-d9ff-4c3c-b63c-adf47727401c - - - - -] oslo_limit.auth_type = None log_opt_values /usr/lib/python3/dist-packages/oslo_config/cfg.py:2609
2025-08-04 00:38:25.457 131301 DEBUG oslo_service.service [req-19c1f218-d9ff-4c3c-b63c-adf47727401c - - - - -] oslo_limit.cafile = None log_opt_values /usr/lib/python3/dist-packages/oslo_config/cfg.py:2609
2025-08-04 00:38:25.457 131301 DEBUG oslo_service.service [req-19c1f218-d9ff-4c3c-b63c-adf47727401c - - - - -] oslo_limit.certfile = None log_opt_values /usr/lib/python3/dist-packages/oslo_config/cfg.py:2609
2025-08-04 00:38:25.458 131301 DEBUG oslo_service.service [req-19c1f218-d9ff-4c3c-b63c-adf47727401c - - - - -] oslo_limit.collect_timing = False log_opt_values /usr/lib/python3/dist-packages/oslo_config/cfg.py:2609
2025-08-04 00:38:25.458 131301 DEBUG oslo_service.service [req-19c1f218-d9ff-4c3c-b63c-adf47727401c - - - - -] oslo_limit.connect_retries = None log_opt_values /usr/lib/python3/dist-packages/oslo_config/cfg.py:2609
2025-08-04 00:38:25.458 131301 DEBUG oslo_service.service [req-19c1f218-d9ff-4c3c-b63c-adf47727401c - - - - -] oslo_limit.connect_retry_delay = None log_opt_values /usr/lib/python3/dist-packages/oslo_config/cfg.py:2609
2025-08-04 00:38:25.458 131301 DEBUG oslo_service.service [req-19c1f218-d9ff-4c3c-b63c-adf47727401c - - - - -] oslo_limit.endpoint_id = None log_opt_values /usr/lib/python3/dist-packages/oslo_config/cfg.py:2609
2025-08-04 00:38:25.458 131301 DEBUG oslo_service.service [req-19c1f218-d9ff-4c3c-b63c-adf47727401c - - - - -] oslo_limit.endpoint_override = None log_opt_values /usr/lib/python3/dist-packages/oslo_config/cfg.py:2609
2025-08-04 00:38:25.458 131301 DEBUG oslo_service.service [req-19c1f218-d9ff-4c3c-b63c-adf47727401c - - - - -] oslo_limit.insecure = False log_opt_values /usr/lib/python3/dist-packages/oslo_config/cfg.py:2609
2025-08-04 00:38:25.459 131301 DEBUG oslo_service.service [req-19c1f218-d9ff-4c3c-b63c-adf47727401c - - - - -] oslo_limit.keyfile = None log_opt_values /usr/lib/python3/dist-packages/oslo_config/cfg.py:2609
2025-08-04 00:38:25.459 131301 DEBUG oslo_service.service [req-19c1f218-d9ff-4c3c-b63c-adf47727401c - - - - -] oslo_limit.max_version = None log_opt_values /usr/lib/python3/dist-packages/oslo_config/cfg.py:2609
2025-08-04 00:38:25.459 131301 DEBUG oslo_service.service [req-19c1f218-d9ff-4c3c-b63c-adf47727401c - - - - -] oslo_limit.min_version = None log_opt_values /usr/lib/python3/dist-packages/oslo_config/cfg.py:2609
2025-08-04 00:38:25.459 131301 DEBUG oslo_service.service [req-19c1f218-d9ff-4c3c-b63c-adf47727401c - - - - -] oslo_limit.region_name = None log_opt_values /usr/lib/python3/dist-packages/oslo_config/cfg.py:2609
2025-08-04 00:38:25.459 131301 DEBUG oslo_service.service [req-19c1f218-d9ff-4c3c-b63c-adf47727401c - - - - -] oslo_limit.service_name = None log_opt_values /usr/lib/python3/dist-packages/oslo_config/cfg.py:2609
2025-08-04 00:38:25.459 131301 DEBUG oslo_service.service [req-19c1f218-d9ff-4c3c-b63c-adf47727401c - - - - -] oslo_limit.service_type = None log_opt_values /usr/lib/python3/dist-packages/oslo_config/cfg.py:2609
2025-08-04 00:38:25.460 131301 DEBUG oslo_service.service [req-19c1f218-d9ff-4c3c-b63c-adf47727401c - - - - -] oslo_limit.split_loggers = False log_opt_values /usr/lib/python3/dist-packages/oslo_config/cfg.py:2609
2025-08-04 00:38:25.460 131301 DEBUG oslo_service.service [req-19c1f218-d9ff-4c3c-b63c-adf47727401c - - - - -] oslo_limit.status_code_retries = None log_opt_values /usr/lib/python3/dist-packages/oslo_config/cfg.py:2609
2025-08-04 00:38:25.460 131301 DEBUG oslo_service.service [req-19c1f218-d9ff-4c3c-b63c-adf47727401c - - - - -] oslo_limit.status_code_retry_delay = None log_opt_values /usr/lib/python3/dist-packages/oslo_config/cfg.py:2609
2025-08-04 00:38:25.460 131301 DEBUG oslo_service.service [req-19c1f218-d9ff-4c3c-b63c-adf47727401c - - - - -] oslo_limit.timeout = None log_opt_values /usr/lib/python3/dist-packages/oslo_config/cfg.py:2609
2025-08-04 00:38:25.460 131301 DEBUG oslo_service.service [req-19c1f218-d9ff-4c3c-b63c-adf47727401c - - - - -] oslo_limit.valid_interfaces = None log_opt_values /usr/lib/python3/dist-packages/oslo_config/cfg.py:2609
2025-08-04 00:38:25.460 131301 DEBUG oslo_service.service [req-19c1f218-d9ff-4c3c-b63c-adf47727401c - - - - -] oslo_limit.version = None log_opt_values /usr/lib/python3/dist-packages/oslo_config/cfg.py:2609
2025-08-04 00:38:25.460 131301 DEBUG oslo_service.service [req-19c1f218-d9ff-4c3c-b63c-adf47727401c - - - - -] oslo_reports.file_event_handler = None log_opt_values /usr/lib/python3/dist-packages/oslo_config/cfg.py:2609
2025-08-04 00:38:25.461 131301 DEBUG oslo_service.service [req-19c1f218-d9ff-4c3c-b63c-adf47727401c - - - - -] oslo_reports.file_event_handler_interval = 1 log_opt_values /usr/lib/python3/dist-packages/oslo_config/cfg.py:2609
2025-08-04 00:38:25.461 131301 DEBUG oslo_service.service [req-19c1f218-d9ff-4c3c-b63c-adf47727401c - - - - -] oslo_reports.log_dir = None log_opt_values /usr/lib/python3/dist-packages/oslo_config/cfg.py:2609
2025-08-04 00:38:25.461 131301 DEBUG oslo_service.service [req-19c1f218-d9ff-4c3c-b63c-adf47727401c - - - - -] ******************************************************************************** log_opt_values /usr/lib/python3/dist-packages/oslo_config/cfg.py:2613
2025-08-04 00:38:25.775 131818 DEBUG nova.service [req-452b52c7-f151-4104-a6a5-928f33dad846 - - - - -] Creating RPC server for service conductor start /usr/lib/python3/dist-packages/nova/service.py:182
2025-08-04 00:38:25.824 131821 DEBUG nova.service [req-18e906f9-bb13-4790-a716-80ab108b90fd - - - - -] Creating RPC server for service conductor start /usr/lib/python3/dist-packages/nova/service.py:182
2025-08-04 00:38:25.824 131819 DEBUG nova.service [req-1ba8b718-19fd-4ebc-a7a4-a1ed3203ece2 - - - - -] Creating RPC server for service conductor start /usr/lib/python3/dist-packages/nova/service.py:182
2025-08-04 00:38:25.825 131820 DEBUG nova.service [req-da1bede9-9dd0-48c1-a37e-0b9d10eb5587 - - - - -] Creating RPC server for service conductor start /usr/lib/python3/dist-packages/nova/service.py:182
2025-08-04 00:38:25.853 131818 DEBUG oslo_messaging._drivers.amqpdriver [-] Listener is running poll /usr/lib/python3/dist-packages/oslo_messaging/_drivers/amqpdriver.py:343
2025-08-04 00:38:25.853 131818 DEBUG oslo_messaging._drivers.amqpdriver [-] AMQPListener connection consume poll /usr/lib/python3/dist-packages/oslo_messaging/_drivers/amqpdriver.py:357
2025-08-04 00:38:25.854 131818 DEBUG nova.service [req-452b52c7-f151-4104-a6a5-928f33dad846 - - - - -] Join ServiceGroup membership for this service conductor start /usr/lib/python3/dist-packages/nova/service.py:199
2025-08-04 00:38:25.854 131818 DEBUG nova.servicegroup.drivers.db [req-452b52c7-f151-4104-a6a5-928f33dad846 - - - - -] DB_Driver: join new ServiceGroup member juju-e68683-0-lxd-7 to the conductor group, service = join /usr/lib/python3/dist-packages/nova/servicegroup/drivers/db.py:44
2025-08-04 00:38:25.857 131818 DEBUG oslo_messaging._drivers.amqpdriver [-] AMQPListener connection timeout poll /usr/lib/python3/dist-packages/oslo_messaging/_drivers/amqpdriver.py:360
2025-08-04 00:38:25.857 131818 DEBUG oslo_messaging._drivers.amqpdriver [-] Listener is running poll /usr/lib/python3/dist-packages/oslo_messaging/_drivers/amqpdriver.py:343
2025-08-04 00:38:25.857 131818 DEBUG oslo_messaging._drivers.amqpdriver [-] AMQPListener connection consume poll /usr/lib/python3/dist-packages/oslo_messaging/_drivers/amqpdriver.py:357
2025-08-04 00:38:25.858 131819 DEBUG oslo_messaging._drivers.amqpdriver [-] Listener is running poll /usr/lib/python3/dist-packages/oslo_messaging/_drivers/amqpdriver.py:343
2025-08-04 00:38:25.858 131819 DEBUG oslo_messaging._drivers.amqpdriver [-] AMQPListener connection consume poll /usr/lib/python3/dist-packages/oslo_messaging/_drivers/amqpdriver.py:357
2025-08-04 00:38:25.859 131819 DEBUG nova.service [req-1ba8b718-19fd-4ebc-a7a4-a1ed3203ece2 - - - - -] Join ServiceGroup membership for this service conductor start /usr/lib/python3/dist-packages/nova/service.py:199
2025-08-04 00:38:25.860 131819 DEBUG nova.servicegroup.drivers.db [req-1ba8b718-19fd-4ebc-a7a4-a1ed3203ece2 - - - - -] DB_Driver: join new ServiceGroup member juju-e68683-0-lxd-7 to the conductor group, service = join /usr/lib/python3/dist-packages/nova/servicegroup/drivers/db.py:44
2025-08-04 00:38:25.861 131821 DEBUG oslo_messaging._drivers.amqpdriver [-] Listener is running poll /usr/lib/python3/dist-packages/oslo_messaging/_drivers/amqpdriver.py:343
2025-08-04 00:38:25.861 131821 DEBUG oslo_messaging._drivers.amqpdriver [-] AMQPListener connection consume poll /usr/lib/python3/dist-packages/oslo_messaging/_drivers/amqpdriver.py:357
2025-08-04 00:38:25.862 131821 DEBUG nova.service [req-18e906f9-bb13-4790-a716-80ab108b90fd - - - - -] Join ServiceGroup membership for this service conductor start /usr/lib/python3/dist-packages/nova/service.py:199
2025-08-04 00:38:25.862 131821 DEBUG nova.servicegroup.drivers.db [req-18e906f9-bb13-4790-a716-80ab108b90fd - - - - -] DB_Driver: join new ServiceGroup member juju-e68683-0-lxd-7 to the conductor group, service = join /usr/lib/python3/dist-packages/nova/servicegroup/drivers/db.py:44
2025-08-04 00:38:25.863 131819 DEBUG oslo_messaging._drivers.amqpdriver [-] AMQPListener connection timeout poll /usr/lib/python3/dist-packages/oslo_messaging/_drivers/amqpdriver.py:360
2025-08-04 00:38:25.864 131819 DEBUG oslo_messaging._drivers.amqpdriver [-] Listener is running poll /usr/lib/python3/dist-packages/oslo_messaging/_drivers/amqpdriver.py:343
2025-08-04 00:38:25.864 131819 DEBUG oslo_messaging._drivers.amqpdriver [-] AMQPListener connection consume poll /usr/lib/python3/dist-packages/oslo_messaging/_drivers/amqpdriver.py:357
2025-08-04 00:38:25.864 131820 DEBUG oslo_messaging._drivers.amqpdriver [-] Listener is running poll /usr/lib/python3/dist-packages/oslo_messaging/_drivers/amqpdriver.py:343
2025-08-04 00:38:25.865 131821 DEBUG oslo_messaging._drivers.amqpdriver [-] AMQPListener connection timeout poll /usr/lib/python3/dist-packages/oslo_messaging/_drivers/amqpdriver.py:360
2025-08-04 00:38:25.865 131821 DEBUG oslo_messaging._drivers.amqpdriver [-] Listener is running poll /usr/lib/python3/dist-packages/oslo_messaging/_drivers/amqpdriver.py:343
2025-08-04 00:38:25.865 131820 DEBUG oslo_messaging._drivers.amqpdriver [-] AMQPListener connection consume poll /usr/lib/python3/dist-packages/oslo_messaging/_drivers/amqpdriver.py:357
2025-08-04 00:38:25.865 131821 DEBUG oslo_messaging._drivers.amqpdriver [-] AMQPListener connection consume poll /usr/lib/python3/dist-packages/oslo_messaging/_drivers/amqpdriver.py:357
2025-08-04 00:38:25.866 131820 DEBUG nova.service [req-da1bede9-9dd0-48c1-a37e-0b9d10eb5587 - - - - -] Join ServiceGroup membership for this service conductor start /usr/lib/python3/dist-packages/nova/service.py:199
2025-08-04 00:38:25.867 131820 DEBUG nova.servicegroup.drivers.db [req-da1bede9-9dd0-48c1-a37e-0b9d10eb5587 - - - - -] DB_Driver: join new ServiceGroup member juju-e68683-0-lxd-7 to the conductor group, service = join /usr/lib/python3/dist-packages/nova/servicegroup/drivers/db.py:44
2025-08-04 00:38:25.869 131820 DEBUG oslo_messaging._drivers.amqpdriver [-] AMQPListener connection timeout poll /usr/lib/python3/dist-packages/oslo_messaging/_drivers/amqpdriver.py:360
2025-08-04 00:38:25.870 131820 DEBUG oslo_messaging._drivers.amqpdriver [-] Listener is running poll /usr/lib/python3/dist-packages/oslo_messaging/_drivers/amqpdriver.py:343
2025-08-04 00:38:25.870 131820 DEBUG oslo_messaging._drivers.amqpdriver [-] AMQPListener connection consume poll /usr/lib/python3/dist-packages/oslo_messaging/_drivers/amqpdriver.py:357
2025-08-04 00:38:26.858 131818 DEBUG oslo_messaging._drivers.amqpdriver [-] AMQPListener connection timeout poll /usr/lib/python3/dist-packages/oslo_messaging/_drivers/amqpdriver.py:360
2025-08-04 00:38:26.859 131818 DEBUG oslo_messaging._drivers.amqpdriver [-] Listener is running poll /usr/lib/python3/dist-packages/oslo_messaging/_drivers/amqpdriver.py:343
2025-08-04 00:38:26.859 131818 DEBUG oslo_messaging._drivers.amqpdriver [-] AMQPListener connection consume poll /usr/lib/python3/dist-packages/oslo_messaging/_drivers/amqpdriver.py:357
2025-08-04 00:38:26.865 131819 DEBUG oslo_messaging._drivers.amqpdriver [-] AMQPListener connection timeout poll /usr/lib/python3/dist-packages/oslo_messaging/_drivers/amqpdriver.py:360
2025-08-04 00:38:26.866 131819 DEBUG oslo_messaging._drivers.amqpdriver [-] Listener is running poll /usr/lib/python3/dist-packages/oslo_messaging/_drivers/amqpdriver.py:343
2025-08-04 00:38:26.866 131819 DEBUG oslo_messaging._drivers.amqpdriver [-] AMQPListener connection consume poll /usr/lib/python3/dist-packages/oslo_messaging/_drivers/amqpdriver.py:357
2025-08-04 00:38:26.866 131821 DEBUG oslo_messaging._drivers.amqpdriver [-] AMQPListener connection timeout poll /usr/lib/python3/dist-packages/oslo_messaging/_drivers/amqpdriver.py:360
2025-08-04 00:38:26.866 131821 DEBUG oslo_messaging._drivers.amqpdriver [-] Listener is running poll /usr/lib/python3/dist-packages/oslo_messaging/_drivers/amqpdriver.py:343
2025-08-04 00:38:26.866 131821 DEBUG oslo_messaging._drivers.amqpdriver [-] AMQPListener connection consume poll /usr/lib/python3/dist-packages/oslo_messaging/_drivers/amqpdriver.py:357
2025-08-04 00:38:26.872 131820 DEBUG oslo_messaging._drivers.amqpdriver [-] AMQPListener connection timeout poll /usr/lib/python3/dist-packages/oslo_messaging/_drivers/amqpdriver.py:360
2025-08-04 00:38:26.872 131820 DEBUG oslo_messaging._drivers.amqpdriver [-] Listener is running poll /usr/lib/python3/dist-packages/oslo_messaging/_drivers/amqpdriver.py:343
2025-08-04 00:38:26.872 131820 DEBUG oslo_messaging._drivers.amqpdriver [-] AMQPListener connection consume poll /usr/lib/python3/dist-packages/oslo_messaging/_drivers/amqpdriver.py:357
2025-08-04 00:38:26.878 131818 DEBUG oslo_messaging._drivers.amqpdriver [-] received message msg_id: ccab47b181bf430aa7de5729889f40e9 reply to reply_b55c4c87a93044a5999b338655d634d8 __call__ /usr/lib/python3/dist-packages/oslo_messaging/_drivers/amqpdriver.py:320
2025-08-04 00:38:26.878 131818 DEBUG oslo_messaging._drivers.amqpdriver [-] Listener is running poll /usr/lib/python3/dist-packages/oslo_messaging/_drivers/amqpdriver.py:343
2025-08-04 00:38:26.878 131818 DEBUG oslo_messaging._drivers.amqpdriver [-] Poll the incoming message with unique_id: 492b6fb1f5684dd3986734808fbd939c poll /usr/lib/python3/dist-packages/oslo_messaging/_drivers/amqpdriver.py:346
2025-08-04 00:38:26.878 131818 DEBUG oslo_messaging._drivers.amqpdriver [-] Listener is running poll /usr/lib/python3/dist-packages/oslo_messaging/_drivers/amqpdriver.py:343
2025-08-04 00:38:26.878 131818 DEBUG oslo_messaging._drivers.amqpdriver [-] AMQPListener connection consume poll /usr/lib/python3/dist-packages/oslo_messaging/_drivers/amqpdriver.py:357
2025-08-04 00:38:26.881 131818 DEBUG oslo_messaging._drivers.amqpdriver [-] AMQPListener connection timeout poll /usr/lib/python3/dist-packages/oslo_messaging/_drivers/amqpdriver.py:360
2025-08-04 00:38:26.881 131818 DEBUG oslo_messaging._drivers.amqpdriver [-] Listener is running poll /usr/lib/python3/dist-packages/oslo_messaging/_drivers/amqpdriver.py:343
2025-08-04 00:38:26.881 131818 DEBUG oslo_messaging._drivers.amqpdriver [-] AMQPListener connection consume poll /usr/lib/python3/dist-packages/oslo_messaging/_drivers/amqpdriver.py:357
2025-08-04 00:38:26.884 131818 DEBUG oslo_messaging._drivers.amqpdriver [req-3d239631-ba2e-4884-8337-008203604e78 - - - - -] sending reply msg_id: ccab47b181bf430aa7de5729889f40e9 reply queue: reply_b55c4c87a93044a5999b338655d634d8 time elapsed: 0.006182501999774104s _send_reply /usr/lib/python3/dist-packages/oslo_messaging/_drivers/amqpdriver.py:118
2025-08-04 00:38:27.883 131818 DEBUG oslo_messaging._drivers.amqpdriver [-] AMQPListener connection timeout poll /usr/lib/python3/dist-packages/oslo_messaging/_drivers/amqpdriver.py:360
2025-08-04 00:38:27.883 131818 DEBUG oslo_messaging._drivers.amqpdriver [-] Listener is running poll /usr/lib/python3/dist-packages/oslo_messaging/_drivers/amqpdriver.py:343
2025-08-04 00:38:27.883 131818 DEBUG oslo_messaging._drivers.amqpdriver [-] AMQPListener connection consume poll /usr/lib/python3/dist-packages/oslo_messaging/_drivers/amqpdriver.py:357
2025-08-04 00:38:28.868 131821 DEBUG oslo_messaging._drivers.amqpdriver [-] AMQPListener connection timeout poll /usr/lib/python3/dist-packages/oslo_messaging/_drivers/amqpdriver.py:360
2025-08-04 00:38:28.868 131819 DEBUG oslo_messaging._drivers.amqpdriver [-] AMQPListener connection timeout poll /usr/lib/python3/dist-packages/oslo_messaging/_drivers/amqpdriver.py:360
2025-08-04 00:38:28.869 131821 DEBUG oslo_messaging._drivers.amqpdriver [-] Listener is running poll /usr/lib/python3/dist-packages/oslo_messaging/_drivers/amqpdriver.py:343
2025-08-04 00:38:28.869 131819 DEBUG oslo_messaging._drivers.amqpdriver [-] Listener is running poll /usr/lib/python3/dist-packages/oslo_messaging/_drivers/amqpdriver.py:343
2025-08-04 00:38:28.869 131821 DEBUG oslo_messaging._drivers.amqpdriver [-] AMQPListener connection consume poll /usr/lib/python3/dist-packages/oslo_messaging/_drivers/amqpdriver.py:357
2025-08-04 00:38:28.869 131819 DEBUG oslo_messaging._drivers.amqpdriver [-] AMQPListener connection consume poll /usr/lib/python3/dist-packages/oslo_messaging/_drivers/amqpdriver.py:357
2025-08-04 00:38:28.875 131820 DEBUG oslo_messaging._drivers.amqpdriver [-] AMQPListener connection timeout poll /usr/lib/python3/dist-packages/oslo_messaging/_drivers/amqpdriver.py:360
2025-08-04 00:38:28.875 131820 DEBUG oslo_messaging._drivers.amqpdriver [-] Listener is running poll /usr/lib/python3/dist-packages/oslo_messaging/_drivers/amqpdriver.py:343
2025-08-04 00:38:28.876 131820 DEBUG oslo_messaging._drivers.amqpdriver [-] AMQPListener connection consume poll /usr/lib/python3/dist-packages/oslo_messaging/_drivers/amqpdriver.py:357
2025-08-04 00:38:28.972 131819 DEBUG oslo_messaging._drivers.amqpdriver [-] received message msg_id: 6f86431f340d4a96bcc54b83618d0079 reply to reply_b55c4c87a93044a5999b338655d634d8 __call__ /usr/lib/python3/dist-packages/oslo_messaging/_drivers/amqpdriver.py:320
2025-08-04 00:38:28.973 131819 DEBUG oslo_messaging._drivers.amqpdriver [-] Listener is running poll /usr/lib/python3/dist-packages/oslo_messaging/_drivers/amqpdriver.py:343
2025-08-04 00:38:28.973 131819 DEBUG oslo_messaging._drivers.amqpdriver [-] Poll the incoming message with unique_id: 54992d7b073b4d2089a3b020f55526fb poll /usr/lib/python3/dist-packages/oslo_messaging/_drivers/amqpdriver.py:346
2025-08-04 00:38:28.974 131819 DEBUG oslo_messaging._drivers.amqpdriver [-] Listener is running poll /usr/lib/python3/dist-packages/oslo_messaging/_drivers/amqpdriver.py:343
2025-08-04 00:38:28.974 131819 DEBUG oslo_messaging._drivers.amqpdriver [-] AMQPListener connection consume poll /usr/lib/python3/dist-packages/oslo_messaging/_drivers/amqpdriver.py:357
2025-08-04 00:38:28.977 131819 DEBUG oslo_messaging._drivers.amqpdriver [-] AMQPListener connection timeout poll /usr/lib/python3/dist-packages/oslo_messaging/_drivers/amqpdriver.py:360
2025-08-04 00:38:28.977 131819 DEBUG oslo_messaging._drivers.amqpdriver [-] Listener is running poll /usr/lib/python3/dist-packages/oslo_messaging/_drivers/amqpdriver.py:343
2025-08-04 00:38:28.977 131819 DEBUG oslo_messaging._drivers.amqpdriver [-] AMQPListener connection consume poll /usr/lib/python3/dist-packages/oslo_messaging/_drivers/amqpdriver.py:357
2025-08-04 00:38:28.987 131819 DEBUG oslo_messaging._drivers.amqpdriver [req-d3809bbe-ddcc-45dd-8c49-8e2ce131543f - - - - -] sending reply msg_id: 6f86431f340d4a96bcc54b83618d0079 reply queue: reply_b55c4c87a93044a5999b338655d634d8 time elapsed: 0.014117320999957883s _send_reply /usr/lib/python3/dist-packages/oslo_messaging/_drivers/amqpdriver.py:118
2025-08-04 00:38:29.157 131821 DEBUG oslo_messaging._drivers.amqpdriver [-] received message msg_id: 2aba8351220f46c3a951f945618d0273 reply to reply_b55c4c87a93044a5999b338655d634d8 __call__ /usr/lib/python3/dist-packages/oslo_messaging/_drivers/amqpdriver.py:320
2025-08-04 00:38:29.158 131821 DEBUG oslo_messaging._drivers.amqpdriver [-] Listener is running poll /usr/lib/python3/dist-packages/oslo_messaging/_drivers/amqpdriver.py:343
2025-08-04 00:38:29.158 131821 DEBUG oslo_messaging._drivers.amqpdriver [-] Poll the incoming message with unique_id: 22c7337186ec49b293e65d8b6521684d poll /usr/lib/python3/dist-packages/oslo_messaging/_drivers/amqpdriver.py:346
2025-08-04 00:38:29.158 131821 DEBUG oslo_messaging._drivers.amqpdriver [-] Listener is running poll /usr/lib/python3/dist-packages/oslo_messaging/_drivers/amqpdriver.py:343
2025-08-04 00:38:29.158 131821 DEBUG oslo_messaging._drivers.amqpdriver [-] AMQPListener connection consume poll /usr/lib/python3/dist-packages/oslo_messaging/_drivers/amqpdriver.py:357
2025-08-04 00:38:29.161 131821 DEBUG oslo_messaging._drivers.amqpdriver [-] AMQPListener connection timeout poll /usr/lib/python3/dist-packages/oslo_messaging/_drivers/amqpdriver.py:360
2025-08-04 00:38:29.161 131821 DEBUG oslo_messaging._drivers.amqpdriver [-] Listener is running poll /usr/lib/python3/dist-packages/oslo_messaging/_drivers/amqpdriver.py:343
2025-08-04 00:38:29.161 131821 DEBUG oslo_messaging._drivers.amqpdriver [-] AMQPListener connection consume poll /usr/lib/python3/dist-packages/oslo_messaging/_drivers/amqpdriver.py:357
2025-08-04 00:38:29.164 131821 DEBUG oslo_messaging.rpc.server [req-585c5082-c416-4b31-b111-40619942d7ae - - - - -] Expected exception during message handling () _process_incoming /usr/lib/python3/dist-packages/oslo_messaging/rpc/server.py:171
2025-08-04 00:38:29.172 131821 DEBUG oslo_messaging._drivers.amqpdriver [req-585c5082-c416-4b31-b111-40619942d7ae - - - - -] sending reply msg_id: 2aba8351220f46c3a951f945618d0273 reply queue: reply_b55c4c87a93044a5999b338655d634d8 time elapsed: 0.014224896999621706s _send_reply /usr/lib/python3/dist-packages/oslo_messaging/_drivers/amqpdriver.py:118
2025-08-04 00:38:29.885 131818 DEBUG oslo_messaging._drivers.amqpdriver [-] AMQPListener connection timeout poll /usr/lib/python3/dist-packages/oslo_messaging/_drivers/amqpdriver.py:360
2025-08-04 00:38:29.885 131818 DEBUG oslo_messaging._drivers.amqpdriver [-] Listener is running poll /usr/lib/python3/dist-packages/oslo_messaging/_drivers/amqpdriver.py:343
2025-08-04 00:38:29.885 131818 DEBUG oslo_messaging._drivers.amqpdriver [-] AMQPListener connection consume poll /usr/lib/python3/dist-packages/oslo_messaging/_drivers/amqpdriver.py:357
2025-08-04 00:38:29.978 131819 DEBUG oslo_messaging._drivers.amqpdriver [-] AMQPListener connection timeout poll /usr/lib/python3/dist-packages/oslo_messaging/_drivers/amqpdriver.py:360
2025-08-04 00:38:29.979 131819 DEBUG oslo_messaging._drivers.amqpdriver [-] Listener is running poll /usr/lib/python3/dist-packages/oslo_messaging/_drivers/amqpdriver.py:343
2025-08-04 00:38:29.979 131819 DEBUG oslo_messaging._drivers.amqpdriver [-] AMQPListener connection consume poll /usr/lib/python3/dist-packages/oslo_messaging/_drivers/amqpdriver.py:357
2025-08-04 00:38:30.163 131821 DEBUG oslo_messaging._drivers.amqpdriver [-] AMQPListener connection timeout poll /usr/lib/python3/dist-packages/oslo_messaging/_drivers/amqpdriver.py:360
2025-08-04 00:38:30.163 131821 DEBUG oslo_messaging._drivers.amqpdriver [-] Listener is running poll /usr/lib/python3/dist-packages/oslo_messaging/_drivers/amqpdriver.py:343
2025-08-04 00:38:30.164 131821 DEBUG oslo_messaging._drivers.amqpdriver [-] AMQPListener connection consume poll /usr/lib/python3/dist-packages/oslo_messaging/_drivers/amqpdriver.py:357
2025-08-04 00:38:31.981 131819 DEBUG oslo_messaging._drivers.amqpdriver [-] AMQPListener connection timeout poll /usr/lib/python3/dist-packages/oslo_messaging/_drivers/amqpdriver.py:360
2025-08-04 00:38:31.981 131819 DEBUG oslo_messaging._drivers.amqpdriver [-] Listener is running poll /usr/lib/python3/dist-packages/oslo_messaging/_drivers/amqpdriver.py:343
2025-08-04 00:38:31.981 131819 DEBUG oslo_messaging._drivers.amqpdriver [-] AMQPListener connection consume poll /usr/lib/python3/dist-packages/oslo_messaging/_drivers/amqpdriver.py:357
2025-08-04 00:38:32.166 131821 DEBUG oslo_messaging._drivers.amqpdriver [-] AMQPListener connection timeout poll /usr/lib/python3/dist-packages/oslo_messaging/_drivers/amqpdriver.py:360
2025-08-04 00:38:32.166 131821 DEBUG oslo_messaging._drivers.amqpdriver [-] Listener is running poll /usr/lib/python3/dist-packages/oslo_messaging/_drivers/amqpdriver.py:343
2025-08-04 00:38:32.167 131821 DEBUG oslo_messaging._drivers.amqpdriver [-] AMQPListener connection consume poll /usr/lib/python3/dist-packages/oslo_messaging/_drivers/amqpdriver.py:357
2025-08-04 00:38:32.878 131820 DEBUG oslo_messaging._drivers.amqpdriver [-] AMQPListener connection timeout poll /usr/lib/python3/dist-packages/oslo_messaging/_drivers/amqpdriver.py:360
2025-08-04 00:38:32.878 131820 DEBUG oslo_messaging._drivers.amqpdriver [-] Listener is running poll /usr/lib/python3/dist-packages/oslo_messaging/_drivers/amqpdriver.py:343
2025-08-04 00:38:32.878 131820 DEBUG oslo_messaging._drivers.amqpdriver [-] AMQPListener connection consume poll /usr/lib/python3/dist-packages/oslo_messaging/_drivers/amqpdriver.py:357
2025-08-04 00:38:33.405 131301 INFO oslo_service.service [req-19c1f218-d9ff-4c3c-b63c-adf47727401c - - - - -] Caught SIGTERM, stopping children
2025-08-04 00:38:33.406 131301 DEBUG oslo_concurrency.lockutils [req-19c1f218-d9ff-4c3c-b63c-adf47727401c - - - - -] Acquired lock "singleton_lock" lock /usr/lib/python3/dist-packages/oslo_concurrency/lockutils.py:294
2025-08-04 00:38:33.406 131301 DEBUG oslo_concurrency.lockutils [req-19c1f218-d9ff-4c3c-b63c-adf47727401c - - - - -] Releasing lock "singleton_lock" lock /usr/lib/python3/dist-packages/oslo_concurrency/lockutils.py:312
2025-08-04 00:38:33.406 131301 DEBUG oslo_service.service [req-19c1f218-d9ff-4c3c-b63c-adf47727401c - - - - -] Stop services. stop /usr/lib/python3/dist-packages/oslo_service/service.py:695
2025-08-04 00:38:33.407 131301 DEBUG oslo_service.service [req-19c1f218-d9ff-4c3c-b63c-adf47727401c - - - - -] Killing children. stop /usr/lib/python3/dist-packages/oslo_service/service.py:700
2025-08-04 00:38:33.407 131301 INFO oslo_service.service [req-19c1f218-d9ff-4c3c-b63c-adf47727401c - - - - -] Waiting on 4 children to exit
2025-08-04 00:38:33.414 131301 INFO oslo_service.service [req-19c1f218-d9ff-4c3c-b63c-adf47727401c - - - - -] Child 131818 killed by signal 15
2025-08-04 00:38:33.414 131301 INFO oslo_service.service [req-19c1f218-d9ff-4c3c-b63c-adf47727401c - - - - -] Child 131819 killed by signal 15
2025-08-04 00:38:33.415 131301 INFO oslo_service.service [req-19c1f218-d9ff-4c3c-b63c-adf47727401c - - - - -] Child 131820 killed by signal 15
2025-08-04 00:38:33.415 131301 INFO oslo_service.service [req-19c1f218-d9ff-4c3c-b63c-adf47727401c - - - - -] Child 131821 killed by signal 15
2025-08-04 00:38:36.967 131860 DEBUG oslo_db.sqlalchemy.engines [req-b9f37ab6-807b-44e7-8e25-6ddcd908c1a2 - - - - -] MySQL server mode set to STRICT_TRANS_TABLES,STRICT_ALL_TABLES,NO_ZERO_IN_DATE,NO_ZERO_DATE,ERROR_FOR_DIVISION_BY_ZERO,TRADITIONAL,NO_ENGINE_SUBSTITUTION _check_effective_sql_mode /usr/lib/python3/dist-packages/oslo_db/sqlalchemy/engines.py:314
2025-08-04 00:38:37.090 131860 DEBUG nova.context [req-b9f37ab6-807b-44e7-8e25-6ddcd908c1a2 - - - - -] Found 2 cells: 00000000-0000-0000-0000-000000000000(cell0),09491dd6-7f3e-4f09-87df-ffbb971c6f52(cell1) load_cells /usr/lib/python3/dist-packages/nova/context.py:464
2025-08-04 00:38:37.092 131860 DEBUG oslo_concurrency.lockutils [req-b9f37ab6-807b-44e7-8e25-6ddcd908c1a2 - - - - -] Lock "00000000-0000-0000-0000-000000000000" acquired by "nova.context.set_target_cell..get_or_set_cached_cell_and_set_connections" :: waited 0.000s inner /usr/lib/python3/dist-packages/oslo_concurrency/lockutils.py:386
2025-08-04 00:38:37.093 131860 DEBUG oslo_concurrency.lockutils [req-b9f37ab6-807b-44e7-8e25-6ddcd908c1a2 - - - - -] Lock "00000000-0000-0000-0000-000000000000" "released" by "nova.context.set_target_cell..get_or_set_cached_cell_and_set_connections" :: held 0.001s inner /usr/lib/python3/dist-packages/oslo_concurrency/lockutils.py:400
2025-08-04 00:38:37.094 131860 DEBUG oslo_concurrency.lockutils [req-b9f37ab6-807b-44e7-8e25-6ddcd908c1a2 - - - - -] Lock "09491dd6-7f3e-4f09-87df-ffbb971c6f52" acquired by "nova.context.set_target_cell..get_or_set_cached_cell_and_set_connections" :: waited 0.000s inner /usr/lib/python3/dist-packages/oslo_concurrency/lockutils.py:386
2025-08-04 00:38:37.095 131860 DEBUG oslo_concurrency.lockutils [req-b9f37ab6-807b-44e7-8e25-6ddcd908c1a2 - - - - -] Lock "09491dd6-7f3e-4f09-87df-ffbb971c6f52" "released" by "nova.context.set_target_cell..get_or_set_cached_cell_and_set_connections" :: held 0.001s inner /usr/lib/python3/dist-packages/oslo_concurrency/lockutils.py:400
2025-08-04 00:38:37.103 131860 DEBUG oslo_db.sqlalchemy.engines [req-b9f37ab6-807b-44e7-8e25-6ddcd908c1a2 - - - - -] MySQL server mode set to STRICT_TRANS_TABLES,STRICT_ALL_TABLES,NO_ZERO_IN_DATE,NO_ZERO_DATE,ERROR_FOR_DIVISION_BY_ZERO,TRADITIONAL,NO_ENGINE_SUBSTITUTION _check_effective_sql_mode /usr/lib/python3/dist-packages/oslo_db/sqlalchemy/engines.py:314
2025-08-04 00:38:37.106 131860 DEBUG oslo_db.sqlalchemy.engines [req-b9f37ab6-807b-44e7-8e25-6ddcd908c1a2 - - - - -] MySQL server mode set to STRICT_TRANS_TABLES,STRICT_ALL_TABLES,NO_ZERO_IN_DATE,NO_ZERO_DATE,ERROR_FOR_DIVISION_BY_ZERO,TRADITIONAL,NO_ENGINE_SUBSTITUTION _check_effective_sql_mode /usr/lib/python3/dist-packages/oslo_db/sqlalchemy/engines.py:314
2025-08-04 00:38:37.184 131860 DEBUG oslo_concurrency.lockutils [req-b9f37ab6-807b-44e7-8e25-6ddcd908c1a2 - - - - -] Acquired lock "singleton_lock" lock /usr/lib/python3/dist-packages/oslo_concurrency/lockutils.py:294
2025-08-04 00:38:37.185 131860 DEBUG oslo_concurrency.lockutils [req-b9f37ab6-807b-44e7-8e25-6ddcd908c1a2 - - - - -] Releasing lock "singleton_lock" lock /usr/lib/python3/dist-packages/oslo_concurrency/lockutils.py:312
2025-08-04 00:38:37.185 131860 INFO oslo_service.service [req-b9f37ab6-807b-44e7-8e25-6ddcd908c1a2 - - - - -] Starting 4 workers
2025-08-04 00:38:37.189 131860 DEBUG oslo_service.service [req-b9f37ab6-807b-44e7-8e25-6ddcd908c1a2 - - - - -] Started child 132665 _start_child /usr/lib/python3/dist-packages/oslo_service/service.py:575
2025-08-04 00:38:37.195 132665 INFO nova.service [-] Starting conductor node (version 25.2.1)
2025-08-04 00:38:37.194 131860 DEBUG oslo_service.service [req-b9f37ab6-807b-44e7-8e25-6ddcd908c1a2 - - - - -] Started child 132671 _start_child /usr/lib/python3/dist-packages/oslo_service/service.py:575
2025-08-04 00:38:37.199 131860 DEBUG oslo_service.service [req-b9f37ab6-807b-44e7-8e25-6ddcd908c1a2 - - - - -] Started child 132672 _start_child /usr/lib/python3/dist-packages/oslo_service/service.py:575
2025-08-04 00:38:37.200 132671 INFO nova.service [-] Starting conductor node (version 25.2.1)
2025-08-04 00:38:37.204 132672 INFO nova.service [-] Starting conductor node (version 25.2.1)
2025-08-04 00:38:37.203 131860 DEBUG oslo_service.service [req-b9f37ab6-807b-44e7-8e25-6ddcd908c1a2 - - - - -] Started child 132673 _start_child /usr/lib/python3/dist-packages/oslo_service/service.py:575
2025-08-04 00:38:37.205 131860 DEBUG oslo_service.service [req-b9f37ab6-807b-44e7-8e25-6ddcd908c1a2 - - - - -] Full set of CONF: wait /usr/lib/python3/dist-packages/oslo_service/service.py:649
2025-08-04 00:38:37.205 131860 DEBUG oslo_service.service [req-b9f37ab6-807b-44e7-8e25-6ddcd908c1a2 - - - - -] ******************************************************************************** log_opt_values /usr/lib/python3/dist-packages/oslo_config/cfg.py:2589
2025-08-04 00:38:37.206 131860 DEBUG oslo_service.service [req-b9f37ab6-807b-44e7-8e25-6ddcd908c1a2 - - - - -] Configuration options gathered from: log_opt_values /usr/lib/python3/dist-packages/oslo_config/cfg.py:2590
2025-08-04 00:38:37.206 131860 DEBUG oslo_service.service [req-b9f37ab6-807b-44e7-8e25-6ddcd908c1a2 - - - - -] command line args: ['--config-file=/etc/nova/nova.conf', '--log-file=/var/log/nova/nova-conductor.log'] log_opt_values /usr/lib/python3/dist-packages/oslo_config/cfg.py:2591
2025-08-04 00:38:37.206 131860 DEBUG oslo_service.service [req-b9f37ab6-807b-44e7-8e25-6ddcd908c1a2 - - - - -] config files: ['/etc/nova/nova.conf'] log_opt_values /usr/lib/python3/dist-packages/oslo_config/cfg.py:2592
2025-08-04 00:38:37.206 131860 DEBUG oslo_service.service [req-b9f37ab6-807b-44e7-8e25-6ddcd908c1a2 - - - - -] ================================================================================ log_opt_values /usr/lib/python3/dist-packages/oslo_config/cfg.py:2594
2025-08-04 00:38:37.207 131860 DEBUG oslo_service.service [req-b9f37ab6-807b-44e7-8e25-6ddcd908c1a2 - - - - -] allow_resize_to_same_host = False log_opt_values /usr/lib/python3/dist-packages/oslo_config/cfg.py:2602
2025-08-04 00:38:37.207 131860 DEBUG oslo_service.service [req-b9f37ab6-807b-44e7-8e25-6ddcd908c1a2 - - - - -] arq_binding_timeout = 300 log_opt_values /usr/lib/python3/dist-packages/oslo_config/cfg.py:2602
2025-08-04 00:38:37.207 131860 DEBUG oslo_service.service [req-b9f37ab6-807b-44e7-8e25-6ddcd908c1a2 - - - - -] block_device_allocate_retries = 60 log_opt_values /usr/lib/python3/dist-packages/oslo_config/cfg.py:2602
2025-08-04 00:38:37.207 132665 DEBUG oslo_db.sqlalchemy.engines [req-1b70694f-3721-4f55-99b4-f4038598ff08 - - - - -] MySQL server mode set to STRICT_TRANS_TABLES,STRICT_ALL_TABLES,NO_ZERO_IN_DATE,NO_ZERO_DATE,ERROR_FOR_DIVISION_BY_ZERO,TRADITIONAL,NO_ENGINE_SUBSTITUTION _check_effective_sql_mode /usr/lib/python3/dist-packages/oslo_db/sqlalchemy/engines.py:314
2025-08-04 00:38:37.207 131860 DEBUG oslo_service.service [req-b9f37ab6-807b-44e7-8e25-6ddcd908c1a2 - - - - -] block_device_allocate_retries_interval = 3 log_opt_values /usr/lib/python3/dist-packages/oslo_config/cfg.py:2602
2025-08-04 00:38:37.208 131860 DEBUG oslo_service.service [req-b9f37ab6-807b-44e7-8e25-6ddcd908c1a2 - - - - -] cert = self.pem log_opt_values /usr/lib/python3/dist-packages/oslo_config/cfg.py:2602
2025-08-04 00:38:37.208 131860 DEBUG oslo_service.service [req-b9f37ab6-807b-44e7-8e25-6ddcd908c1a2 - - - - -] compute_driver = libvirt.LibvirtDriver log_opt_values /usr/lib/python3/dist-packages/oslo_config/cfg.py:2602
2025-08-04 00:38:37.208 131860 DEBUG oslo_service.service [req-b9f37ab6-807b-44e7-8e25-6ddcd908c1a2 - - - - -] compute_monitors = [] log_opt_values /usr/lib/python3/dist-packages/oslo_config/cfg.py:2602
2025-08-04 00:38:37.208 132673 INFO nova.service [-] Starting conductor node (version 25.2.1)
2025-08-04 00:38:37.208 131860 DEBUG oslo_service.service [req-b9f37ab6-807b-44e7-8e25-6ddcd908c1a2 - - - - -] config_dir = [] log_opt_values /usr/lib/python3/dist-packages/oslo_config/cfg.py:2602
2025-08-04 00:38:37.208 131860 DEBUG oslo_service.service [req-b9f37ab6-807b-44e7-8e25-6ddcd908c1a2 - - - - -] config_drive_format = iso9660 log_opt_values /usr/lib/python3/dist-packages/oslo_config/cfg.py:2602
2025-08-04 00:38:37.209 131860 DEBUG oslo_service.service [req-b9f37ab6-807b-44e7-8e25-6ddcd908c1a2 - - - - -] config_file = ['/etc/nova/nova.conf'] log_opt_values /usr/lib/python3/dist-packages/oslo_config/cfg.py:2602
2025-08-04 00:38:37.209 131860 DEBUG oslo_service.service [req-b9f37ab6-807b-44e7-8e25-6ddcd908c1a2 - - - - -] config_source = [] log_opt_values /usr/lib/python3/dist-packages/oslo_config/cfg.py:2602
2025-08-04 00:38:37.209 131860 DEBUG oslo_service.service [req-b9f37ab6-807b-44e7-8e25-6ddcd908c1a2 - - - - -] console_host = juju-e68683-0-lxd-7 log_opt_values /usr/lib/python3/dist-packages/oslo_config/cfg.py:2602
2025-08-04 00:38:37.209 131860 DEBUG oslo_service.service [req-b9f37ab6-807b-44e7-8e25-6ddcd908c1a2 - - - - -] control_exchange = nova log_opt_values /usr/lib/python3/dist-packages/oslo_config/cfg.py:2602
2025-08-04 00:38:37.209 131860 DEBUG oslo_service.service [req-b9f37ab6-807b-44e7-8e25-6ddcd908c1a2 - - - - -] cpu_allocation_ratio = 2.0 log_opt_values /usr/lib/python3/dist-packages/oslo_config/cfg.py:2602
2025-08-04 00:38:37.210 131860 DEBUG oslo_service.service [req-b9f37ab6-807b-44e7-8e25-6ddcd908c1a2 - - - - -] daemon = False log_opt_values /usr/lib/python3/dist-packages/oslo_config/cfg.py:2602
2025-08-04 00:38:37.210 131860 DEBUG oslo_service.service [req-b9f37ab6-807b-44e7-8e25-6ddcd908c1a2 - - - - -] debug = True log_opt_values /usr/lib/python3/dist-packages/oslo_config/cfg.py:2602
2025-08-04 00:38:37.210 131860 DEBUG oslo_service.service [req-b9f37ab6-807b-44e7-8e25-6ddcd908c1a2 - - - - -] default_access_ip_network_name = None log_opt_values /usr/lib/python3/dist-packages/oslo_config/cfg.py:2602
2025-08-04 00:38:37.210 131860 DEBUG oslo_service.service [req-b9f37ab6-807b-44e7-8e25-6ddcd908c1a2 - - - - -] default_availability_zone = nova log_opt_values /usr/lib/python3/dist-packages/oslo_config/cfg.py:2602
2025-08-04 00:38:37.210 131860 DEBUG oslo_service.service [req-b9f37ab6-807b-44e7-8e25-6ddcd908c1a2 - - - - -] default_ephemeral_format = None log_opt_values /usr/lib/python3/dist-packages/oslo_config/cfg.py:2602
2025-08-04 00:38:37.211 131860 DEBUG oslo_service.service [req-b9f37ab6-807b-44e7-8e25-6ddcd908c1a2 - - - - -] default_log_levels = ['amqp=WARN', 'amqplib=WARN', 'boto=WARN', 'qpid=WARN', 'sqlalchemy=WARN', 'suds=INFO', 'oslo.messaging=INFO', 'oslo_messaging=DEBUG', 'iso8601=WARN', 'requests.packages.urllib3.connectionpool=WARN', 'urllib3.connectionpool=WARN', 'websocket=WARN', 'requests.packages.urllib3.util.retry=WARN', 'urllib3.util.retry=WARN', 'keystonemiddleware=WARN', 'routes.middleware=WARN', 'stevedore=WARN', 'taskflow=WARN', 'keystoneauth=WARN', 'oslo.cache=INFO', 'dogpile.core.dogpile=INFO', 'glanceclient=WARN', 'oslo.privsep.daemon=INFO'] log_opt_values /usr/lib/python3/dist-packages/oslo_config/cfg.py:2602
2025-08-04 00:38:37.211 131860 DEBUG oslo_service.service [req-b9f37ab6-807b-44e7-8e25-6ddcd908c1a2 - - - - -] default_schedule_zone = None log_opt_values /usr/lib/python3/dist-packages/oslo_config/cfg.py:2602
2025-08-04 00:38:37.212 131860 DEBUG oslo_service.service [req-b9f37ab6-807b-44e7-8e25-6ddcd908c1a2 - - - - -] disk_allocation_ratio = 1.0 log_opt_values /usr/lib/python3/dist-packages/oslo_config/cfg.py:2602
2025-08-04 00:38:37.212 131860 DEBUG oslo_service.service [req-b9f37ab6-807b-44e7-8e25-6ddcd908c1a2 - - - - -] enable_new_services = True log_opt_values /usr/lib/python3/dist-packages/oslo_config/cfg.py:2602
2025-08-04 00:38:37.213 131860 DEBUG oslo_service.service [req-b9f37ab6-807b-44e7-8e25-6ddcd908c1a2 - - - - -] enabled_apis = ['osapi_compute', 'metadata'] log_opt_values /usr/lib/python3/dist-packages/oslo_config/cfg.py:2602
2025-08-04 00:38:37.216 131860 DEBUG oslo_service.service [req-b9f37ab6-807b-44e7-8e25-6ddcd908c1a2 - - - - -] enabled_ssl_apis = [] log_opt_values /usr/lib/python3/dist-packages/oslo_config/cfg.py:2602
2025-08-04 00:38:37.216 131860 DEBUG oslo_service.service [req-b9f37ab6-807b-44e7-8e25-6ddcd908c1a2 - - - - -] fatal_deprecations = False log_opt_values /usr/lib/python3/dist-packages/oslo_config/cfg.py:2602
2025-08-04 00:38:37.216 132671 DEBUG oslo_db.sqlalchemy.engines [req-47fdf9c1-f46c-468d-93ca-958d6eecdd50 - - - - -] MySQL server mode set to STRICT_TRANS_TABLES,STRICT_ALL_TABLES,NO_ZERO_IN_DATE,NO_ZERO_DATE,ERROR_FOR_DIVISION_BY_ZERO,TRADITIONAL,NO_ENGINE_SUBSTITUTION _check_effective_sql_mode /usr/lib/python3/dist-packages/oslo_db/sqlalchemy/engines.py:314
2025-08-04 00:38:37.216 132672 DEBUG oslo_db.sqlalchemy.engines [req-11700310-2649-4e9e-b77f-1b8f925279e3 - - - - -] MySQL server mode set to STRICT_TRANS_TABLES,STRICT_ALL_TABLES,NO_ZERO_IN_DATE,NO_ZERO_DATE,ERROR_FOR_DIVISION_BY_ZERO,TRADITIONAL,NO_ENGINE_SUBSTITUTION _check_effective_sql_mode /usr/lib/python3/dist-packages/oslo_db/sqlalchemy/engines.py:314
2025-08-04 00:38:37.216 131860 DEBUG oslo_service.service [req-b9f37ab6-807b-44e7-8e25-6ddcd908c1a2 - - - - -] flat_injected = False log_opt_values /usr/lib/python3/dist-packages/oslo_config/cfg.py:2602
2025-08-04 00:38:37.217 131860 DEBUG oslo_service.service [req-b9f37ab6-807b-44e7-8e25-6ddcd908c1a2 - - - - -] force_config_drive = False log_opt_values /usr/lib/python3/dist-packages/oslo_config/cfg.py:2602
2025-08-04 00:38:37.217 131860 DEBUG oslo_service.service [req-b9f37ab6-807b-44e7-8e25-6ddcd908c1a2 - - - - -] force_raw_images = True log_opt_values /usr/lib/python3/dist-packages/oslo_config/cfg.py:2602
2025-08-04 00:38:37.218 131860 DEBUG oslo_service.service [req-b9f37ab6-807b-44e7-8e25-6ddcd908c1a2 - - - - -] graceful_shutdown_timeout = 60 log_opt_values /usr/lib/python3/dist-packages/oslo_config/cfg.py:2602
2025-08-04 00:38:37.218 131860 DEBUG oslo_service.service [req-b9f37ab6-807b-44e7-8e25-6ddcd908c1a2 - - - - -] heal_instance_info_cache_interval = 60 log_opt_values /usr/lib/python3/dist-packages/oslo_config/cfg.py:2602
2025-08-04 00:38:37.218 131860 DEBUG oslo_service.service [req-b9f37ab6-807b-44e7-8e25-6ddcd908c1a2 - - - - -] host = juju-e68683-0-lxd-7 log_opt_values /usr/lib/python3/dist-packages/oslo_config/cfg.py:2602
2025-08-04 00:38:37.220 131860 DEBUG oslo_service.service [req-b9f37ab6-807b-44e7-8e25-6ddcd908c1a2 - - - - -] initial_cpu_allocation_ratio = 16.0 log_opt_values /usr/lib/python3/dist-packages/oslo_config/cfg.py:2602
2025-08-04 00:38:37.220 131860 DEBUG oslo_service.service [req-b9f37ab6-807b-44e7-8e25-6ddcd908c1a2 - - - - -] initial_disk_allocation_ratio = 1.0 log_opt_values /usr/lib/python3/dist-packages/oslo_config/cfg.py:2602
2025-08-04 00:38:37.221 131860 DEBUG oslo_service.service [req-b9f37ab6-807b-44e7-8e25-6ddcd908c1a2 - - - - -] initial_ram_allocation_ratio = 1.5 log_opt_values /usr/lib/python3/dist-packages/oslo_config/cfg.py:2602
2025-08-04 00:38:37.221 131860 DEBUG oslo_service.service [req-b9f37ab6-807b-44e7-8e25-6ddcd908c1a2 - - - - -] injected_network_template = /usr/lib/python3/dist-packages/nova/virt/interfaces.template log_opt_values /usr/lib/python3/dist-packages/oslo_config/cfg.py:2602
2025-08-04 00:38:37.221 131860 DEBUG oslo_service.service [req-b9f37ab6-807b-44e7-8e25-6ddcd908c1a2 - - - - -] instance_build_timeout = 0 log_opt_values /usr/lib/python3/dist-packages/oslo_config/cfg.py:2602
2025-08-04 00:38:37.222 131860 DEBUG oslo_service.service [req-b9f37ab6-807b-44e7-8e25-6ddcd908c1a2 - - - - -] instance_delete_interval = 300 log_opt_values /usr/lib/python3/dist-packages/oslo_config/cfg.py:2602
2025-08-04 00:38:37.222 131860 DEBUG oslo_service.service [req-b9f37ab6-807b-44e7-8e25-6ddcd908c1a2 - - - - -] instance_format = [instance: %(uuid)s] log_opt_values /usr/lib/python3/dist-packages/oslo_config/cfg.py:2602
2025-08-04 00:38:37.222 131860 DEBUG oslo_service.service [req-b9f37ab6-807b-44e7-8e25-6ddcd908c1a2 - - - - -] instance_name_template = instance-%08x log_opt_values /usr/lib/python3/dist-packages/oslo_config/cfg.py:2602
2025-08-04 00:38:37.222 131860 DEBUG oslo_service.service [req-b9f37ab6-807b-44e7-8e25-6ddcd908c1a2 - - - - -] instance_usage_audit = False log_opt_values /usr/lib/python3/dist-packages/oslo_config/cfg.py:2602
2025-08-04 00:38:37.222 131860 DEBUG oslo_service.service [req-b9f37ab6-807b-44e7-8e25-6ddcd908c1a2 - - - - -] instance_usage_audit_period = month log_opt_values /usr/lib/python3/dist-packages/oslo_config/cfg.py:2602
2025-08-04 00:38:37.222 131860 DEBUG oslo_service.service [req-b9f37ab6-807b-44e7-8e25-6ddcd908c1a2 - - - - -] instance_uuid_format = [instance: %(uuid)s] log_opt_values /usr/lib/python3/dist-packages/oslo_config/cfg.py:2602
2025-08-04 00:38:37.222 132665 DEBUG nova.service [req-1b70694f-3721-4f55-99b4-f4038598ff08 - - - - -] Creating RPC server for service conductor start /usr/lib/python3/dist-packages/nova/service.py:182
2025-08-04 00:38:37.223 131860 DEBUG oslo_service.service [req-b9f37ab6-807b-44e7-8e25-6ddcd908c1a2 - - - - -] instances_path = /var/lib/nova/instances log_opt_values /usr/lib/python3/dist-packages/oslo_config/cfg.py:2602
2025-08-04 00:38:37.223 131860 DEBUG oslo_service.service [req-b9f37ab6-807b-44e7-8e25-6ddcd908c1a2 - - - - -] internal_service_availability_zone = internal log_opt_values /usr/lib/python3/dist-packages/oslo_config/cfg.py:2602
2025-08-04 00:38:37.223 131860 DEBUG oslo_service.service [req-b9f37ab6-807b-44e7-8e25-6ddcd908c1a2 - - - - -] key = None log_opt_values /usr/lib/python3/dist-packages/oslo_config/cfg.py:2602
2025-08-04 00:38:37.223 132673 DEBUG oslo_db.sqlalchemy.engines [req-fb55cb87-dead-4b21-a9da-bfb7ebcf7f46 - - - - -] MySQL server mode set to STRICT_TRANS_TABLES,STRICT_ALL_TABLES,NO_ZERO_IN_DATE,NO_ZERO_DATE,ERROR_FOR_DIVISION_BY_ZERO,TRADITIONAL,NO_ENGINE_SUBSTITUTION _check_effective_sql_mode /usr/lib/python3/dist-packages/oslo_db/sqlalchemy/engines.py:314
2025-08-04 00:38:37.224 131860 DEBUG oslo_service.service [req-b9f37ab6-807b-44e7-8e25-6ddcd908c1a2 - - - - -] live_migration_retry_count = 30 log_opt_values /usr/lib/python3/dist-packages/oslo_config/cfg.py:2602
2025-08-04 00:38:37.224 131860 DEBUG oslo_service.service [req-b9f37ab6-807b-44e7-8e25-6ddcd908c1a2 - - - - -] log_config_append = None log_opt_values /usr/lib/python3/dist-packages/oslo_config/cfg.py:2602
2025-08-04 00:38:37.224 131860 DEBUG oslo_service.service [req-b9f37ab6-807b-44e7-8e25-6ddcd908c1a2 - - - - -] log_date_format = %Y-%m-%d %H:%M:%S log_opt_values /usr/lib/python3/dist-packages/oslo_config/cfg.py:2602
2025-08-04 00:38:37.224 131860 DEBUG oslo_service.service [req-b9f37ab6-807b-44e7-8e25-6ddcd908c1a2 - - - - -] log_dir = /var/log/nova log_opt_values /usr/lib/python3/dist-packages/oslo_config/cfg.py:2602
2025-08-04 00:38:37.224 131860 DEBUG oslo_service.service [req-b9f37ab6-807b-44e7-8e25-6ddcd908c1a2 - - - - -] log_file = /var/log/nova/nova-conductor.log log_opt_values /usr/lib/python3/dist-packages/oslo_config/cfg.py:2602
2025-08-04 00:38:37.225 131860 DEBUG oslo_service.service [req-b9f37ab6-807b-44e7-8e25-6ddcd908c1a2 - - - - -] log_options = True log_opt_values /usr/lib/python3/dist-packages/oslo_config/cfg.py:2602
2025-08-04 00:38:37.225 131860 DEBUG oslo_service.service [req-b9f37ab6-807b-44e7-8e25-6ddcd908c1a2 - - - - -] log_rotate_interval = 1 log_opt_values /usr/lib/python3/dist-packages/oslo_config/cfg.py:2602
2025-08-04 00:38:37.225 131860 DEBUG oslo_service.service [req-b9f37ab6-807b-44e7-8e25-6ddcd908c1a2 - - - - -] log_rotate_interval_type = days log_opt_values /usr/lib/python3/dist-packages/oslo_config/cfg.py:2602
2025-08-04 00:38:37.225 131860 DEBUG oslo_service.service [req-b9f37ab6-807b-44e7-8e25-6ddcd908c1a2 - - - - -] log_rotation_type = none log_opt_values /usr/lib/python3/dist-packages/oslo_config/cfg.py:2602
2025-08-04 00:38:37.225 131860 DEBUG oslo_service.service [req-b9f37ab6-807b-44e7-8e25-6ddcd908c1a2 - - - - -] logging_context_format_string = %(asctime)s.%(msecs)03d %(process)d %(levelname)s %(name)s [%(request_id)s %(user_identity)s] %(instance)s%(message)s log_opt_values /usr/lib/python3/dist-packages/oslo_config/cfg.py:2602
2025-08-04 00:38:37.226 131860 DEBUG oslo_service.service [req-b9f37ab6-807b-44e7-8e25-6ddcd908c1a2 - - - - -] logging_debug_format_suffix = %(funcName)s %(pathname)s:%(lineno)d log_opt_values /usr/lib/python3/dist-packages/oslo_config/cfg.py:2602
2025-08-04 00:38:37.226 131860 DEBUG oslo_service.service [req-b9f37ab6-807b-44e7-8e25-6ddcd908c1a2 - - - - -] logging_default_format_string = %(asctime)s.%(msecs)03d %(process)d %(levelname)s %(name)s [-] %(instance)s%(message)s log_opt_values /usr/lib/python3/dist-packages/oslo_config/cfg.py:2602
2025-08-04 00:38:37.226 131860 DEBUG oslo_service.service [req-b9f37ab6-807b-44e7-8e25-6ddcd908c1a2 - - - - -] logging_exception_prefix = %(asctime)s.%(msecs)03d %(process)d ERROR %(name)s %(instance)s log_opt_values /usr/lib/python3/dist-packages/oslo_config/cfg.py:2602
2025-08-04 00:38:37.226 131860 DEBUG oslo_service.service [req-b9f37ab6-807b-44e7-8e25-6ddcd908c1a2 - - - - -] logging_user_identity_format = %(user)s %(project)s %(domain)s %(user_domain)s %(project_domain)s log_opt_values /usr/lib/python3/dist-packages/oslo_config/cfg.py:2602
