2025-07-31 00:36:28.162 125654 DEBUG oslo_service.service [req-a633366e-6aa5-4277-8c8d-2c4b38bff370 - - - - -] workarounds.disable_compute_service_check_for_ffu = False log_opt_values /usr/lib/python3/dist-packages/oslo_config/cfg.py:2609
2025-07-31 00:36:28.162 125654 DEBUG oslo_service.service [req-a633366e-6aa5-4277-8c8d-2c4b38bff370 - - - - -] workarounds.disable_deep_image_inspection = False log_opt_values /usr/lib/python3/dist-packages/oslo_config/cfg.py:2609
2025-07-31 00:36:28.162 125654 DEBUG oslo_service.service [req-a633366e-6aa5-4277-8c8d-2c4b38bff370 - - - - -] workarounds.disable_fallback_pcpu_query = False log_opt_values /usr/lib/python3/dist-packages/oslo_config/cfg.py:2609
2025-07-31 00:36:28.163 125654 DEBUG oslo_service.service [req-a633366e-6aa5-4277-8c8d-2c4b38bff370 - - - - -] workarounds.disable_group_policy_check_upcall = False log_opt_values /usr/lib/python3/dist-packages/oslo_config/cfg.py:2609
2025-07-31 00:36:28.163 125654 DEBUG oslo_service.service [req-a633366e-6aa5-4277-8c8d-2c4b38bff370 - - - - -] workarounds.disable_libvirt_livesnapshot = False log_opt_values /usr/lib/python3/dist-packages/oslo_config/cfg.py:2609
2025-07-31 00:36:28.163 125654 DEBUG oslo_service.service [req-a633366e-6aa5-4277-8c8d-2c4b38bff370 - - - - -] workarounds.disable_rootwrap = False log_opt_values /usr/lib/python3/dist-packages/oslo_config/cfg.py:2609
2025-07-31 00:36:28.165 125654 DEBUG oslo_service.service [req-a633366e-6aa5-4277-8c8d-2c4b38bff370 - - - - -] workarounds.enable_numa_live_migration = False log_opt_values /usr/lib/python3/dist-packages/oslo_config/cfg.py:2609
2025-07-31 00:36:28.166 125654 DEBUG oslo_service.service [req-a633366e-6aa5-4277-8c8d-2c4b38bff370 - - - - -] workarounds.enable_qemu_monitor_announce_self = False log_opt_values /usr/lib/python3/dist-packages/oslo_config/cfg.py:2609
2025-07-31 00:36:28.166 125654 DEBUG oslo_service.service [req-a633366e-6aa5-4277-8c8d-2c4b38bff370 - - - - -] workarounds.ensure_libvirt_rbd_instance_dir_cleanup = False log_opt_values /usr/lib/python3/dist-packages/oslo_config/cfg.py:2609
2025-07-31 00:36:28.166 125654 DEBUG oslo_service.service [req-a633366e-6aa5-4277-8c8d-2c4b38bff370 - - - - -] workarounds.handle_virt_lifecycle_events = True log_opt_values /usr/lib/python3/dist-packages/oslo_config/cfg.py:2609
2025-07-31 00:36:28.167 125654 DEBUG oslo_service.service [req-a633366e-6aa5-4277-8c8d-2c4b38bff370 - - - - -] workarounds.libvirt_disable_apic = False log_opt_values /usr/lib/python3/dist-packages/oslo_config/cfg.py:2609
2025-07-31 00:36:28.167 125654 DEBUG oslo_service.service [req-a633366e-6aa5-4277-8c8d-2c4b38bff370 - - - - -] workarounds.never_download_image_if_on_rbd = False log_opt_values /usr/lib/python3/dist-packages/oslo_config/cfg.py:2609
2025-07-31 00:36:28.168 125654 DEBUG oslo_service.service [req-a633366e-6aa5-4277-8c8d-2c4b38bff370 - - - - -] workarounds.reserve_disk_resource_for_image_cache = False log_opt_values /usr/lib/python3/dist-packages/oslo_config/cfg.py:2609
2025-07-31 00:36:28.168 125654 DEBUG oslo_service.service [req-a633366e-6aa5-4277-8c8d-2c4b38bff370 - - - - -] workarounds.skip_cpu_compare_at_startup = False log_opt_values /usr/lib/python3/dist-packages/oslo_config/cfg.py:2609
2025-07-31 00:36:28.169 125654 DEBUG oslo_service.service [req-a633366e-6aa5-4277-8c8d-2c4b38bff370 - - - - -] workarounds.skip_cpu_compare_on_dest = False log_opt_values /usr/lib/python3/dist-packages/oslo_config/cfg.py:2609
2025-07-31 00:36:28.169 125654 DEBUG oslo_service.service [req-a633366e-6aa5-4277-8c8d-2c4b38bff370 - - - - -] workarounds.skip_hypervisor_version_check_on_lm = False log_opt_values /usr/lib/python3/dist-packages/oslo_config/cfg.py:2609
2025-07-31 00:36:28.170 125654 DEBUG oslo_service.service [req-a633366e-6aa5-4277-8c8d-2c4b38bff370 - - - - -] workarounds.unified_limits_count_pcpu_as_vcpu = False log_opt_values /usr/lib/python3/dist-packages/oslo_config/cfg.py:2609
2025-07-31 00:36:28.170 125654 DEBUG oslo_service.service [req-a633366e-6aa5-4277-8c8d-2c4b38bff370 - - - - -] workarounds.wait_for_vif_plugged_event_during_hard_reboot = [] log_opt_values /usr/lib/python3/dist-packages/oslo_config/cfg.py:2609
2025-07-31 00:36:28.171 125654 DEBUG oslo_service.service [req-a633366e-6aa5-4277-8c8d-2c4b38bff370 - - - - -] wsgi.api_paste_config = /etc/nova/api-paste.ini log_opt_values /usr/lib/python3/dist-packages/oslo_config/cfg.py:2609
2025-07-31 00:36:28.171 125654 DEBUG oslo_service.service [req-a633366e-6aa5-4277-8c8d-2c4b38bff370 - - - - -] wsgi.client_socket_timeout = 900 log_opt_values /usr/lib/python3/dist-packages/oslo_config/cfg.py:2609
2025-07-31 00:36:28.172 125654 DEBUG oslo_service.service [req-a633366e-6aa5-4277-8c8d-2c4b38bff370 - - - - -] wsgi.default_pool_size = 1000 log_opt_values /usr/lib/python3/dist-packages/oslo_config/cfg.py:2609
2025-07-31 00:36:28.172 125654 DEBUG oslo_service.service [req-a633366e-6aa5-4277-8c8d-2c4b38bff370 - - - - -] wsgi.keep_alive = True log_opt_values /usr/lib/python3/dist-packages/oslo_config/cfg.py:2609
2025-07-31 00:36:28.172 125654 DEBUG oslo_service.service [req-a633366e-6aa5-4277-8c8d-2c4b38bff370 - - - - -] wsgi.max_header_line = 16384 log_opt_values /usr/lib/python3/dist-packages/oslo_config/cfg.py:2609
2025-07-31 00:36:28.172 125654 DEBUG oslo_service.service [req-a633366e-6aa5-4277-8c8d-2c4b38bff370 - - - - -] wsgi.secure_proxy_ssl_header = None log_opt_values /usr/lib/python3/dist-packages/oslo_config/cfg.py:2609
2025-07-31 00:36:28.173 125654 DEBUG oslo_service.service [req-a633366e-6aa5-4277-8c8d-2c4b38bff370 - - - - -] wsgi.ssl_ca_file = None log_opt_values /usr/lib/python3/dist-packages/oslo_config/cfg.py:2609
2025-07-31 00:36:28.173 125654 DEBUG oslo_service.service [req-a633366e-6aa5-4277-8c8d-2c4b38bff370 - - - - -] wsgi.ssl_cert_file = None log_opt_values /usr/lib/python3/dist-packages/oslo_config/cfg.py:2609
2025-07-31 00:36:28.173 125654 DEBUG oslo_service.service [req-a633366e-6aa5-4277-8c8d-2c4b38bff370 - - - - -] wsgi.ssl_key_file = None log_opt_values /usr/lib/python3/dist-packages/oslo_config/cfg.py:2609
2025-07-31 00:36:28.173 125654 DEBUG oslo_service.service [req-a633366e-6aa5-4277-8c8d-2c4b38bff370 - - - - -] wsgi.tcp_keepidle = 600 log_opt_values /usr/lib/python3/dist-packages/oslo_config/cfg.py:2609
2025-07-31 00:36:28.174 125654 DEBUG oslo_service.service [req-a633366e-6aa5-4277-8c8d-2c4b38bff370 - - - - -] wsgi.wsgi_log_format = %(client_ip)s "%(request_line)s" status: %(status_code)s len: %(body_length)s time: %(wall_seconds).7f log_opt_values /usr/lib/python3/dist-packages/oslo_config/cfg.py:2609
2025-07-31 00:36:28.174 125654 DEBUG oslo_service.service [req-a633366e-6aa5-4277-8c8d-2c4b38bff370 - - - - -] zvm.ca_file = None log_opt_values /usr/lib/python3/dist-packages/oslo_config/cfg.py:2609
2025-07-31 00:36:28.174 125654 DEBUG oslo_service.service [req-a633366e-6aa5-4277-8c8d-2c4b38bff370 - - - - -] zvm.cloud_connector_url = None log_opt_values /usr/lib/python3/dist-packages/oslo_config/cfg.py:2609
2025-07-31 00:36:28.175 125654 DEBUG oslo_service.service [req-a633366e-6aa5-4277-8c8d-2c4b38bff370 - - - - -] zvm.image_tmp_path = /var/lib/nova/images log_opt_values /usr/lib/python3/dist-packages/oslo_config/cfg.py:2609
2025-07-31 00:36:28.175 125654 DEBUG oslo_service.service [req-a633366e-6aa5-4277-8c8d-2c4b38bff370 - - - - -] zvm.reachable_timeout = 300 log_opt_values /usr/lib/python3/dist-packages/oslo_config/cfg.py:2609
2025-07-31 00:36:28.175 125654 DEBUG oslo_service.service [req-a633366e-6aa5-4277-8c8d-2c4b38bff370 - - - - -] oslo_messaging_metrics.metrics_buffer_size = 1000 log_opt_values /usr/lib/python3/dist-packages/oslo_config/cfg.py:2609
2025-07-31 00:36:28.175 125654 DEBUG oslo_service.service [req-a633366e-6aa5-4277-8c8d-2c4b38bff370 - - - - -] oslo_messaging_metrics.metrics_enabled = False log_opt_values /usr/lib/python3/dist-packages/oslo_config/cfg.py:2609
2025-07-31 00:36:28.176 125654 DEBUG oslo_service.service [req-a633366e-6aa5-4277-8c8d-2c4b38bff370 - - - - -] oslo_messaging_metrics.metrics_process_name = log_opt_values /usr/lib/python3/dist-packages/oslo_config/cfg.py:2609
2025-07-31 00:36:28.176 125654 DEBUG oslo_service.service [req-a633366e-6aa5-4277-8c8d-2c4b38bff370 - - - - -] oslo_messaging_metrics.metrics_socket_file = /var/tmp/metrics_collector.sock log_opt_values /usr/lib/python3/dist-packages/oslo_config/cfg.py:2609
2025-07-31 00:36:28.176 125654 DEBUG oslo_service.service [req-a633366e-6aa5-4277-8c8d-2c4b38bff370 - - - - -] oslo_messaging_metrics.metrics_thread_stop_timeout = 10 log_opt_values /usr/lib/python3/dist-packages/oslo_config/cfg.py:2609
2025-07-31 00:36:28.178 125654 DEBUG oslo_service.service [req-a633366e-6aa5-4277-8c8d-2c4b38bff370 - - - - -] oslo_policy.enforce_new_defaults = False log_opt_values /usr/lib/python3/dist-packages/oslo_config/cfg.py:2609
2025-07-31 00:36:28.178 125654 DEBUG oslo_service.service [req-a633366e-6aa5-4277-8c8d-2c4b38bff370 - - - - -] oslo_policy.enforce_scope = False log_opt_values /usr/lib/python3/dist-packages/oslo_config/cfg.py:2609
2025-07-31 00:36:28.178 125654 DEBUG oslo_service.service [req-a633366e-6aa5-4277-8c8d-2c4b38bff370 - - - - -] oslo_policy.policy_default_rule = default log_opt_values /usr/lib/python3/dist-packages/oslo_config/cfg.py:2609
2025-07-31 00:36:28.179 125654 DEBUG oslo_service.service [req-a633366e-6aa5-4277-8c8d-2c4b38bff370 - - - - -] oslo_policy.policy_dirs = ['policy.d'] log_opt_values /usr/lib/python3/dist-packages/oslo_config/cfg.py:2609
2025-07-31 00:36:28.182 125654 DEBUG oslo_service.service [req-a633366e-6aa5-4277-8c8d-2c4b38bff370 - - - - -] oslo_policy.policy_file = policy.yaml log_opt_values /usr/lib/python3/dist-packages/oslo_config/cfg.py:2609
2025-07-31 00:36:28.183 125654 DEBUG oslo_service.service [req-a633366e-6aa5-4277-8c8d-2c4b38bff370 - - - - -] oslo_policy.remote_content_type = application/x-www-form-urlencoded log_opt_values /usr/lib/python3/dist-packages/oslo_config/cfg.py:2609
2025-07-31 00:36:28.183 126540 DEBUG oslo_messaging._drivers.amqpdriver [-] Listener is running poll /usr/lib/python3/dist-packages/oslo_messaging/_drivers/amqpdriver.py:343
2025-07-31 00:36:28.184 125654 DEBUG oslo_service.service [req-a633366e-6aa5-4277-8c8d-2c4b38bff370 - - - - -] oslo_policy.remote_ssl_ca_crt_file = None log_opt_values /usr/lib/python3/dist-packages/oslo_config/cfg.py:2609
2025-07-31 00:36:28.184 126540 DEBUG oslo_messaging._drivers.amqpdriver [-] AMQPListener connection consume poll /usr/lib/python3/dist-packages/oslo_messaging/_drivers/amqpdriver.py:357
2025-07-31 00:36:28.184 125654 DEBUG oslo_service.service [req-a633366e-6aa5-4277-8c8d-2c4b38bff370 - - - - -] oslo_policy.remote_ssl_client_crt_file = None log_opt_values /usr/lib/python3/dist-packages/oslo_config/cfg.py:2609
2025-07-31 00:36:28.184 125654 DEBUG oslo_service.service [req-a633366e-6aa5-4277-8c8d-2c4b38bff370 - - - - -] oslo_policy.remote_ssl_client_key_file = None log_opt_values /usr/lib/python3/dist-packages/oslo_config/cfg.py:2609
2025-07-31 00:36:28.184 126540 DEBUG nova.service [req-8d191e1e-ceae-4ce5-af9a-7674de190843 - - - - -] Join ServiceGroup membership for this service scheduler start /usr/lib/python3/dist-packages/nova/service.py:199
2025-07-31 00:36:28.185 126540 DEBUG nova.servicegroup.drivers.db [req-8d191e1e-ceae-4ce5-af9a-7674de190843 - - - - -] DB_Driver: join new ServiceGroup member juju-c4a508-0-lxd-7 to the scheduler group, service = join /usr/lib/python3/dist-packages/nova/servicegroup/drivers/db.py:44
2025-07-31 00:36:28.185 125654 DEBUG oslo_service.service [req-a633366e-6aa5-4277-8c8d-2c4b38bff370 - - - - -] oslo_policy.remote_ssl_verify_server_crt = False log_opt_values /usr/lib/python3/dist-packages/oslo_config/cfg.py:2609
2025-07-31 00:36:28.186 125654 DEBUG oslo_service.service [req-a633366e-6aa5-4277-8c8d-2c4b38bff370 - - - - -] oslo_versionedobjects.fatal_exception_format_errors = False log_opt_values /usr/lib/python3/dist-packages/oslo_config/cfg.py:2609
2025-07-31 00:36:28.187 125654 DEBUG oslo_service.service [req-a633366e-6aa5-4277-8c8d-2c4b38bff370 - - - - -] oslo_middleware.http_basic_auth_user_file = /etc/htpasswd log_opt_values /usr/lib/python3/dist-packages/oslo_config/cfg.py:2609
2025-07-31 00:36:28.187 125654 DEBUG oslo_service.service [req-a633366e-6aa5-4277-8c8d-2c4b38bff370 - - - - -] profiler.connection_string = messaging:// log_opt_values /usr/lib/python3/dist-packages/oslo_config/cfg.py:2609
2025-07-31 00:36:28.187 125654 DEBUG oslo_service.service [req-a633366e-6aa5-4277-8c8d-2c4b38bff370 - - - - -] profiler.enabled = False log_opt_values /usr/lib/python3/dist-packages/oslo_config/cfg.py:2609
2025-07-31 00:36:28.187 125654 DEBUG oslo_service.service [req-a633366e-6aa5-4277-8c8d-2c4b38bff370 - - - - -] profiler.es_doc_type = notification log_opt_values /usr/lib/python3/dist-packages/oslo_config/cfg.py:2609
2025-07-31 00:36:28.188 125654 DEBUG oslo_service.service [req-a633366e-6aa5-4277-8c8d-2c4b38bff370 - - - - -] profiler.es_scroll_size = 10000 log_opt_values /usr/lib/python3/dist-packages/oslo_config/cfg.py:2609
2025-07-31 00:36:28.188 125654 DEBUG oslo_service.service [req-a633366e-6aa5-4277-8c8d-2c4b38bff370 - - - - -] profiler.es_scroll_time = 2m log_opt_values /usr/lib/python3/dist-packages/oslo_config/cfg.py:2609
2025-07-31 00:36:28.188 125654 DEBUG oslo_service.service [req-a633366e-6aa5-4277-8c8d-2c4b38bff370 - - - - -] profiler.filter_error_trace = False log_opt_values /usr/lib/python3/dist-packages/oslo_config/cfg.py:2609
2025-07-31 00:36:28.188 125654 DEBUG oslo_service.service [req-a633366e-6aa5-4277-8c8d-2c4b38bff370 - - - - -] profiler.hmac_keys = SECRET_KEY log_opt_values /usr/lib/python3/dist-packages/oslo_config/cfg.py:2609
2025-07-31 00:36:28.188 125654 DEBUG oslo_service.service [req-a633366e-6aa5-4277-8c8d-2c4b38bff370 - - - - -] profiler.sentinel_service_name = mymaster log_opt_values /usr/lib/python3/dist-packages/oslo_config/cfg.py:2609
2025-07-31 00:36:28.189 125654 DEBUG oslo_service.service [req-a633366e-6aa5-4277-8c8d-2c4b38bff370 - - - - -] profiler.socket_timeout = 0.1 log_opt_values /usr/lib/python3/dist-packages/oslo_config/cfg.py:2609
2025-07-31 00:36:28.189 125654 DEBUG oslo_service.service [req-a633366e-6aa5-4277-8c8d-2c4b38bff370 - - - - -] profiler.trace_sqlalchemy = False log_opt_values /usr/lib/python3/dist-packages/oslo_config/cfg.py:2609
2025-07-31 00:36:28.189 126540 DEBUG oslo_messaging._drivers.amqpdriver [-] AMQPListener connection timeout poll /usr/lib/python3/dist-packages/oslo_messaging/_drivers/amqpdriver.py:360
2025-07-31 00:36:28.189 125654 DEBUG oslo_service.service [req-a633366e-6aa5-4277-8c8d-2c4b38bff370 - - - - -] remote_debug.host = None log_opt_values /usr/lib/python3/dist-packages/oslo_config/cfg.py:2609
2025-07-31 00:36:28.189 125654 DEBUG oslo_service.service [req-a633366e-6aa5-4277-8c8d-2c4b38bff370 - - - - -] remote_debug.port = None log_opt_values /usr/lib/python3/dist-packages/oslo_config/cfg.py:2609
2025-07-31 00:36:28.189 125654 DEBUG oslo_service.service [req-a633366e-6aa5-4277-8c8d-2c4b38bff370 - - - - -] oslo_messaging_rabbit.amqp_auto_delete = False log_opt_values /usr/lib/python3/dist-packages/oslo_config/cfg.py:2609
2025-07-31 00:36:28.189 125654 DEBUG oslo_service.service [req-a633366e-6aa5-4277-8c8d-2c4b38bff370 - - - - -] oslo_messaging_rabbit.amqp_durable_queues = False log_opt_values /usr/lib/python3/dist-packages/oslo_config/cfg.py:2609
2025-07-31 00:36:28.190 125654 DEBUG oslo_service.service [req-a633366e-6aa5-4277-8c8d-2c4b38bff370 - - - - -] oslo_messaging_rabbit.conn_pool_min_size = 2 log_opt_values /usr/lib/python3/dist-packages/oslo_config/cfg.py:2609
2025-07-31 00:36:28.189 126548 DEBUG oslo_messaging._drivers.amqpdriver [-] Listener is running poll /usr/lib/python3/dist-packages/oslo_messaging/_drivers/amqpdriver.py:343
2025-07-31 00:36:28.190 126548 DEBUG oslo_messaging._drivers.amqpdriver [-] AMQPListener connection consume poll /usr/lib/python3/dist-packages/oslo_messaging/_drivers/amqpdriver.py:357
2025-07-31 00:36:28.190 125654 DEBUG oslo_service.service [req-a633366e-6aa5-4277-8c8d-2c4b38bff370 - - - - -] oslo_messaging_rabbit.conn_pool_ttl = 1200 log_opt_values /usr/lib/python3/dist-packages/oslo_config/cfg.py:2609
2025-07-31 00:36:28.189 126540 DEBUG oslo_messaging._drivers.amqpdriver [-] Listener is running poll /usr/lib/python3/dist-packages/oslo_messaging/_drivers/amqpdriver.py:343
2025-07-31 00:36:28.190 126540 DEBUG oslo_messaging._drivers.amqpdriver [-] AMQPListener connection consume poll /usr/lib/python3/dist-packages/oslo_messaging/_drivers/amqpdriver.py:357
2025-07-31 00:36:28.190 125654 DEBUG oslo_service.service [req-a633366e-6aa5-4277-8c8d-2c4b38bff370 - - - - -] oslo_messaging_rabbit.direct_mandatory_flag = True log_opt_values /usr/lib/python3/dist-packages/oslo_config/cfg.py:2609
2025-07-31 00:36:28.190 126541 DEBUG oslo_messaging._drivers.amqpdriver [-] Listener is running poll /usr/lib/python3/dist-packages/oslo_messaging/_drivers/amqpdriver.py:343
2025-07-31 00:36:28.190 126541 DEBUG oslo_messaging._drivers.amqpdriver [-] AMQPListener connection consume poll /usr/lib/python3/dist-packages/oslo_messaging/_drivers/amqpdriver.py:357
2025-07-31 00:36:28.190 125654 DEBUG oslo_service.service [req-a633366e-6aa5-4277-8c8d-2c4b38bff370 - - - - -] oslo_messaging_rabbit.enable_cancel_on_failover = False log_opt_values /usr/lib/python3/dist-packages/oslo_config/cfg.py:2609
2025-07-31 00:36:28.191 125654 DEBUG oslo_service.service [req-a633366e-6aa5-4277-8c8d-2c4b38bff370 - - - - -] oslo_messaging_rabbit.heartbeat_in_pthread = False log_opt_values /usr/lib/python3/dist-packages/oslo_config/cfg.py:2609
2025-07-31 00:36:28.191 126541 DEBUG nova.service [req-e0458a60-7bbf-44a1-8f19-64e3a483627b - - - - -] Join ServiceGroup membership for this service scheduler start /usr/lib/python3/dist-packages/nova/service.py:199
2025-07-31 00:36:28.191 125654 DEBUG oslo_service.service [req-a633366e-6aa5-4277-8c8d-2c4b38bff370 - - - - -] oslo_messaging_rabbit.heartbeat_rate = 2 log_opt_values /usr/lib/python3/dist-packages/oslo_config/cfg.py:2609
2025-07-31 00:36:28.191 126541 DEBUG nova.servicegroup.drivers.db [req-e0458a60-7bbf-44a1-8f19-64e3a483627b - - - - -] DB_Driver: join new ServiceGroup member juju-c4a508-0-lxd-7 to the scheduler group, service = join /usr/lib/python3/dist-packages/nova/servicegroup/drivers/db.py:44
2025-07-31 00:36:28.191 125654 DEBUG oslo_service.service [req-a633366e-6aa5-4277-8c8d-2c4b38bff370 - - - - -] oslo_messaging_rabbit.heartbeat_timeout_threshold = 60 log_opt_values /usr/lib/python3/dist-packages/oslo_config/cfg.py:2609
2025-07-31 00:36:28.191 125654 DEBUG oslo_service.service [req-a633366e-6aa5-4277-8c8d-2c4b38bff370 - - - - -] oslo_messaging_rabbit.kombu_compression = None log_opt_values /usr/lib/python3/dist-packages/oslo_config/cfg.py:2609
2025-07-31 00:36:28.190 126548 DEBUG nova.service [req-4017d0d6-4ad7-43a7-8ce5-0863b21bda05 - - - - -] Join ServiceGroup membership for this service scheduler start /usr/lib/python3/dist-packages/nova/service.py:199
2025-07-31 00:36:28.192 125654 DEBUG oslo_service.service [req-a633366e-6aa5-4277-8c8d-2c4b38bff370 - - - - -] oslo_messaging_rabbit.kombu_failover_strategy = round-robin log_opt_values /usr/lib/python3/dist-packages/oslo_config/cfg.py:2609
2025-07-31 00:36:28.192 126548 DEBUG nova.servicegroup.drivers.db [req-4017d0d6-4ad7-43a7-8ce5-0863b21bda05 - - - - -] DB_Driver: join new ServiceGroup member juju-c4a508-0-lxd-7 to the scheduler group, service = join /usr/lib/python3/dist-packages/nova/servicegroup/drivers/db.py:44
2025-07-31 00:36:28.192 125654 DEBUG oslo_service.service [req-a633366e-6aa5-4277-8c8d-2c4b38bff370 - - - - -] oslo_messaging_rabbit.kombu_missing_consumer_retry_timeout = 60 log_opt_values /usr/lib/python3/dist-packages/oslo_config/cfg.py:2609
2025-07-31 00:36:28.192 125654 DEBUG oslo_service.service [req-a633366e-6aa5-4277-8c8d-2c4b38bff370 - - - - -] oslo_messaging_rabbit.kombu_reconnect_delay = 1.0 log_opt_values /usr/lib/python3/dist-packages/oslo_config/cfg.py:2609
2025-07-31 00:36:28.192 125654 DEBUG oslo_service.service [req-a633366e-6aa5-4277-8c8d-2c4b38bff370 - - - - -] oslo_messaging_rabbit.rabbit_ha_queues = False log_opt_values /usr/lib/python3/dist-packages/oslo_config/cfg.py:2609
2025-07-31 00:36:28.192 125654 DEBUG oslo_service.service [req-a633366e-6aa5-4277-8c8d-2c4b38bff370 - - - - -] oslo_messaging_rabbit.rabbit_interval_max = 30 log_opt_values /usr/lib/python3/dist-packages/oslo_config/cfg.py:2609
2025-07-31 00:36:28.193 125654 DEBUG oslo_service.service [req-a633366e-6aa5-4277-8c8d-2c4b38bff370 - - - - -] oslo_messaging_rabbit.rabbit_login_method = AMQPLAIN log_opt_values /usr/lib/python3/dist-packages/oslo_config/cfg.py:2609
2025-07-31 00:36:28.193 125654 DEBUG oslo_service.service [req-a633366e-6aa5-4277-8c8d-2c4b38bff370 - - - - -] oslo_messaging_rabbit.rabbit_qos_prefetch_count = 0 log_opt_values /usr/lib/python3/dist-packages/oslo_config/cfg.py:2609
2025-07-31 00:36:28.193 125654 DEBUG oslo_service.service [req-a633366e-6aa5-4277-8c8d-2c4b38bff370 - - - - -] oslo_messaging_rabbit.rabbit_quorum_queue = False log_opt_values /usr/lib/python3/dist-packages/oslo_config/cfg.py:2609
2025-07-31 00:36:28.193 125654 DEBUG oslo_service.service [req-a633366e-6aa5-4277-8c8d-2c4b38bff370 - - - - -] oslo_messaging_rabbit.rabbit_retry_backoff = 2 log_opt_values /usr/lib/python3/dist-packages/oslo_config/cfg.py:2609
2025-07-31 00:36:28.194 125654 DEBUG oslo_service.service [req-a633366e-6aa5-4277-8c8d-2c4b38bff370 - - - - -] oslo_messaging_rabbit.rabbit_retry_interval = 1 log_opt_values /usr/lib/python3/dist-packages/oslo_config/cfg.py:2609
2025-07-31 00:36:28.194 125654 DEBUG oslo_service.service [req-a633366e-6aa5-4277-8c8d-2c4b38bff370 - - - - -] oslo_messaging_rabbit.rabbit_transient_queues_ttl = 1800 log_opt_values /usr/lib/python3/dist-packages/oslo_config/cfg.py:2609
2025-07-31 00:36:28.195 125654 DEBUG oslo_service.service [req-a633366e-6aa5-4277-8c8d-2c4b38bff370 - - - - -] oslo_messaging_rabbit.rpc_conn_pool_size = 30 log_opt_values /usr/lib/python3/dist-packages/oslo_config/cfg.py:2609
2025-07-31 00:36:28.195 125654 DEBUG oslo_service.service [req-a633366e-6aa5-4277-8c8d-2c4b38bff370 - - - - -] oslo_messaging_rabbit.ssl = False log_opt_values /usr/lib/python3/dist-packages/oslo_config/cfg.py:2609
2025-07-31 00:36:28.195 125654 DEBUG oslo_service.service [req-a633366e-6aa5-4277-8c8d-2c4b38bff370 - - - - -] oslo_messaging_rabbit.ssl_ca_file = log_opt_values /usr/lib/python3/dist-packages/oslo_config/cfg.py:2609
2025-07-31 00:36:28.195 125654 DEBUG oslo_service.service [req-a633366e-6aa5-4277-8c8d-2c4b38bff370 - - - - -] oslo_messaging_rabbit.ssl_cert_file = log_opt_values /usr/lib/python3/dist-packages/oslo_config/cfg.py:2609
2025-07-31 00:36:28.196 125654 DEBUG oslo_service.service [req-a633366e-6aa5-4277-8c8d-2c4b38bff370 - - - - -] oslo_messaging_rabbit.ssl_key_file = log_opt_values /usr/lib/python3/dist-packages/oslo_config/cfg.py:2609
2025-07-31 00:36:28.196 125654 DEBUG oslo_service.service [req-a633366e-6aa5-4277-8c8d-2c4b38bff370 - - - - -] oslo_messaging_rabbit.ssl_version = log_opt_values /usr/lib/python3/dist-packages/oslo_config/cfg.py:2609
2025-07-31 00:36:28.196 125654 DEBUG oslo_service.service [req-a633366e-6aa5-4277-8c8d-2c4b38bff370 - - - - -] oslo_messaging_notifications.driver = ['messagingv2'] log_opt_values /usr/lib/python3/dist-packages/oslo_config/cfg.py:2609
2025-07-31 00:36:28.197 126548 DEBUG oslo_messaging._drivers.amqpdriver [-] AMQPListener connection timeout poll /usr/lib/python3/dist-packages/oslo_messaging/_drivers/amqpdriver.py:360
2025-07-31 00:36:28.197 126548 DEBUG oslo_messaging._drivers.amqpdriver [-] Listener is running poll /usr/lib/python3/dist-packages/oslo_messaging/_drivers/amqpdriver.py:343
2025-07-31 00:36:28.197 126548 DEBUG oslo_messaging._drivers.amqpdriver [-] AMQPListener connection consume poll /usr/lib/python3/dist-packages/oslo_messaging/_drivers/amqpdriver.py:357
2025-07-31 00:36:28.197 125654 DEBUG oslo_service.service [req-a633366e-6aa5-4277-8c8d-2c4b38bff370 - - - - -] oslo_messaging_notifications.retry = -1 log_opt_values /usr/lib/python3/dist-packages/oslo_config/cfg.py:2609
2025-07-31 00:36:28.197 125654 DEBUG oslo_service.service [req-a633366e-6aa5-4277-8c8d-2c4b38bff370 - - - - -] oslo_messaging_notifications.topics = ['notifications'] log_opt_values /usr/lib/python3/dist-packages/oslo_config/cfg.py:2609
2025-07-31 00:36:28.198 125654 DEBUG oslo_service.service [req-a633366e-6aa5-4277-8c8d-2c4b38bff370 - - - - -] oslo_messaging_notifications.transport_url = **** log_opt_values /usr/lib/python3/dist-packages/oslo_config/cfg.py:2609
2025-07-31 00:36:28.198 125654 DEBUG oslo_service.service [req-a633366e-6aa5-4277-8c8d-2c4b38bff370 - - - - -] oslo_limit.auth_section = None log_opt_values /usr/lib/python3/dist-packages/oslo_config/cfg.py:2609
2025-07-31 00:36:28.198 125654 DEBUG oslo_service.service [req-a633366e-6aa5-4277-8c8d-2c4b38bff370 - - - - -] oslo_limit.auth_type = None log_opt_values /usr/lib/python3/dist-packages/oslo_config/cfg.py:2609
2025-07-31 00:36:28.198 125654 DEBUG oslo_service.service [req-a633366e-6aa5-4277-8c8d-2c4b38bff370 - - - - -] oslo_limit.cafile = None log_opt_values /usr/lib/python3/dist-packages/oslo_config/cfg.py:2609
2025-07-31 00:36:28.198 125654 DEBUG oslo_service.service [req-a633366e-6aa5-4277-8c8d-2c4b38bff370 - - - - -] oslo_limit.certfile = None log_opt_values /usr/lib/python3/dist-packages/oslo_config/cfg.py:2609
2025-07-31 00:36:28.199 125654 DEBUG oslo_service.service [req-a633366e-6aa5-4277-8c8d-2c4b38bff370 - - - - -] oslo_limit.collect_timing = False log_opt_values /usr/lib/python3/dist-packages/oslo_config/cfg.py:2609
2025-07-31 00:36:28.199 126541 DEBUG oslo_messaging._drivers.amqpdriver [-] AMQPListener connection timeout poll /usr/lib/python3/dist-packages/oslo_messaging/_drivers/amqpdriver.py:360
2025-07-31 00:36:28.199 125654 DEBUG oslo_service.service [req-a633366e-6aa5-4277-8c8d-2c4b38bff370 - - - - -] oslo_limit.connect_retries = None log_opt_values /usr/lib/python3/dist-packages/oslo_config/cfg.py:2609
2025-07-31 00:36:28.199 125654 DEBUG oslo_service.service [req-a633366e-6aa5-4277-8c8d-2c4b38bff370 - - - - -] oslo_limit.connect_retry_delay = None log_opt_values /usr/lib/python3/dist-packages/oslo_config/cfg.py:2609
2025-07-31 00:36:28.199 125654 DEBUG oslo_service.service [req-a633366e-6aa5-4277-8c8d-2c4b38bff370 - - - - -] oslo_limit.endpoint_id = None log_opt_values /usr/lib/python3/dist-packages/oslo_config/cfg.py:2609
2025-07-31 00:36:28.199 125654 DEBUG oslo_service.service [req-a633366e-6aa5-4277-8c8d-2c4b38bff370 - - - - -] oslo_limit.endpoint_override = None log_opt_values /usr/lib/python3/dist-packages/oslo_config/cfg.py:2609
2025-07-31 00:36:28.199 125654 DEBUG oslo_service.service [req-a633366e-6aa5-4277-8c8d-2c4b38bff370 - - - - -] oslo_limit.insecure = False log_opt_values /usr/lib/python3/dist-packages/oslo_config/cfg.py:2609
2025-07-31 00:36:28.199 125654 DEBUG oslo_service.service [req-a633366e-6aa5-4277-8c8d-2c4b38bff370 - - - - -] oslo_limit.keyfile = None log_opt_values /usr/lib/python3/dist-packages/oslo_config/cfg.py:2609
2025-07-31 00:36:28.200 125654 DEBUG oslo_service.service [req-a633366e-6aa5-4277-8c8d-2c4b38bff370 - - - - -] oslo_limit.max_version = None log_opt_values /usr/lib/python3/dist-packages/oslo_config/cfg.py:2609
2025-07-31 00:36:28.200 125654 DEBUG oslo_service.service [req-a633366e-6aa5-4277-8c8d-2c4b38bff370 - - - - -] oslo_limit.min_version = None log_opt_values /usr/lib/python3/dist-packages/oslo_config/cfg.py:2609
2025-07-31 00:36:28.200 125654 DEBUG oslo_service.service [req-a633366e-6aa5-4277-8c8d-2c4b38bff370 - - - - -] oslo_limit.region_name = None log_opt_values /usr/lib/python3/dist-packages/oslo_config/cfg.py:2609
2025-07-31 00:36:28.200 125654 DEBUG oslo_service.service [req-a633366e-6aa5-4277-8c8d-2c4b38bff370 - - - - -] oslo_limit.service_name = None log_opt_values /usr/lib/python3/dist-packages/oslo_config/cfg.py:2609
2025-07-31 00:36:28.200 125654 DEBUG oslo_service.service [req-a633366e-6aa5-4277-8c8d-2c4b38bff370 - - - - -] oslo_limit.service_type = None log_opt_values /usr/lib/python3/dist-packages/oslo_config/cfg.py:2609
2025-07-31 00:36:28.199 126541 DEBUG oslo_messaging._drivers.amqpdriver [-] Listener is running poll /usr/lib/python3/dist-packages/oslo_messaging/_drivers/amqpdriver.py:343
2025-07-31 00:36:28.200 125654 DEBUG oslo_service.service [req-a633366e-6aa5-4277-8c8d-2c4b38bff370 - - - - -] oslo_limit.split_loggers = False log_opt_values /usr/lib/python3/dist-packages/oslo_config/cfg.py:2609
2025-07-31 00:36:28.201 125654 DEBUG oslo_service.service [req-a633366e-6aa5-4277-8c8d-2c4b38bff370 - - - - -] oslo_limit.status_code_retries = None log_opt_values /usr/lib/python3/dist-packages/oslo_config/cfg.py:2609
2025-07-31 00:36:28.201 126541 DEBUG oslo_messaging._drivers.amqpdriver [-] AMQPListener connection consume poll /usr/lib/python3/dist-packages/oslo_messaging/_drivers/amqpdriver.py:357
2025-07-31 00:36:28.201 125654 DEBUG oslo_service.service [req-a633366e-6aa5-4277-8c8d-2c4b38bff370 - - - - -] oslo_limit.status_code_retry_delay = None log_opt_values /usr/lib/python3/dist-packages/oslo_config/cfg.py:2609
2025-07-31 00:36:28.201 125654 DEBUG oslo_service.service [req-a633366e-6aa5-4277-8c8d-2c4b38bff370 - - - - -] oslo_limit.timeout = None log_opt_values /usr/lib/python3/dist-packages/oslo_config/cfg.py:2609
2025-07-31 00:36:28.201 125654 DEBUG oslo_service.service [req-a633366e-6aa5-4277-8c8d-2c4b38bff370 - - - - -] oslo_limit.valid_interfaces = None log_opt_values /usr/lib/python3/dist-packages/oslo_config/cfg.py:2609
2025-07-31 00:36:28.201 125654 DEBUG oslo_service.service [req-a633366e-6aa5-4277-8c8d-2c4b38bff370 - - - - -] oslo_limit.version = None log_opt_values /usr/lib/python3/dist-packages/oslo_config/cfg.py:2609
2025-07-31 00:36:28.202 125654 DEBUG oslo_service.service [req-a633366e-6aa5-4277-8c8d-2c4b38bff370 - - - - -] oslo_reports.file_event_handler = None log_opt_values /usr/lib/python3/dist-packages/oslo_config/cfg.py:2609
2025-07-31 00:36:28.202 125654 DEBUG oslo_service.service [req-a633366e-6aa5-4277-8c8d-2c4b38bff370 - - - - -] oslo_reports.file_event_handler_interval = 1 log_opt_values /usr/lib/python3/dist-packages/oslo_config/cfg.py:2609
2025-07-31 00:36:28.202 125654 DEBUG oslo_service.service [req-a633366e-6aa5-4277-8c8d-2c4b38bff370 - - - - -] oslo_reports.log_dir = None log_opt_values /usr/lib/python3/dist-packages/oslo_config/cfg.py:2609
2025-07-31 00:36:28.202 125654 DEBUG oslo_service.service [req-a633366e-6aa5-4277-8c8d-2c4b38bff370 - - - - -] ******************************************************************************** log_opt_values /usr/lib/python3/dist-packages/oslo_config/cfg.py:2613
2025-07-31 00:36:28.212 126550 DEBUG oslo_messaging._drivers.amqpdriver [-] Listener is running poll /usr/lib/python3/dist-packages/oslo_messaging/_drivers/amqpdriver.py:343
2025-07-31 00:36:28.212 126550 DEBUG oslo_messaging._drivers.amqpdriver [-] AMQPListener connection consume poll /usr/lib/python3/dist-packages/oslo_messaging/_drivers/amqpdriver.py:357
2025-07-31 00:36:28.213 126550 DEBUG nova.service [req-61745e47-7bce-4977-a84c-27e7028f9390 - - - - -] Join ServiceGroup membership for this service scheduler start /usr/lib/python3/dist-packages/nova/service.py:199
2025-07-31 00:36:28.213 126550 DEBUG nova.servicegroup.drivers.db [req-61745e47-7bce-4977-a84c-27e7028f9390 - - - - -] DB_Driver: join new ServiceGroup member juju-c4a508-0-lxd-7 to the scheduler group, service = join /usr/lib/python3/dist-packages/nova/servicegroup/drivers/db.py:44
2025-07-31 00:36:28.217 126550 DEBUG oslo_messaging._drivers.amqpdriver [-] AMQPListener connection timeout poll /usr/lib/python3/dist-packages/oslo_messaging/_drivers/amqpdriver.py:360
2025-07-31 00:36:28.218 126550 DEBUG oslo_messaging._drivers.amqpdriver [-] Listener is running poll /usr/lib/python3/dist-packages/oslo_messaging/_drivers/amqpdriver.py:343
2025-07-31 00:36:28.218 126550 DEBUG oslo_messaging._drivers.amqpdriver [-] AMQPListener connection consume poll /usr/lib/python3/dist-packages/oslo_messaging/_drivers/amqpdriver.py:357
2025-07-31 00:36:29.191 126540 DEBUG oslo_messaging._drivers.amqpdriver [-] AMQPListener connection timeout poll /usr/lib/python3/dist-packages/oslo_messaging/_drivers/amqpdriver.py:360
2025-07-31 00:36:29.191 126540 DEBUG oslo_messaging._drivers.amqpdriver [-] Listener is running poll /usr/lib/python3/dist-packages/oslo_messaging/_drivers/amqpdriver.py:343
2025-07-31 00:36:29.191 126540 DEBUG oslo_messaging._drivers.amqpdriver [-] AMQPListener connection consume poll /usr/lib/python3/dist-packages/oslo_messaging/_drivers/amqpdriver.py:357
2025-07-31 00:36:29.199 126548 DEBUG oslo_messaging._drivers.amqpdriver [-] AMQPListener connection timeout poll /usr/lib/python3/dist-packages/oslo_messaging/_drivers/amqpdriver.py:360
2025-07-31 00:36:29.199 126548 DEBUG oslo_messaging._drivers.amqpdriver [-] Listener is running poll /usr/lib/python3/dist-packages/oslo_messaging/_drivers/amqpdriver.py:343
2025-07-31 00:36:29.199 126548 DEBUG oslo_messaging._drivers.amqpdriver [-] AMQPListener connection consume poll /usr/lib/python3/dist-packages/oslo_messaging/_drivers/amqpdriver.py:357
2025-07-31 00:36:29.201 126541 DEBUG oslo_messaging._drivers.amqpdriver [-] AMQPListener connection timeout poll /usr/lib/python3/dist-packages/oslo_messaging/_drivers/amqpdriver.py:360
2025-07-31 00:36:29.203 126541 DEBUG oslo_messaging._drivers.amqpdriver [-] Listener is running poll /usr/lib/python3/dist-packages/oslo_messaging/_drivers/amqpdriver.py:343
2025-07-31 00:36:29.203 126541 DEBUG oslo_messaging._drivers.amqpdriver [-] AMQPListener connection consume poll /usr/lib/python3/dist-packages/oslo_messaging/_drivers/amqpdriver.py:357
2025-07-31 00:36:29.221 126550 DEBUG oslo_messaging._drivers.amqpdriver [-] AMQPListener connection timeout poll /usr/lib/python3/dist-packages/oslo_messaging/_drivers/amqpdriver.py:360
2025-07-31 00:36:29.221 126550 DEBUG oslo_messaging._drivers.amqpdriver [-] Listener is running poll /usr/lib/python3/dist-packages/oslo_messaging/_drivers/amqpdriver.py:343
2025-07-31 00:36:29.221 126550 DEBUG oslo_messaging._drivers.amqpdriver [-] AMQPListener connection consume poll /usr/lib/python3/dist-packages/oslo_messaging/_drivers/amqpdriver.py:357
2025-07-31 00:36:31.192 126540 DEBUG oslo_messaging._drivers.amqpdriver [-] AMQPListener connection timeout poll /usr/lib/python3/dist-packages/oslo_messaging/_drivers/amqpdriver.py:360
2025-07-31 00:36:31.192 126540 DEBUG oslo_messaging._drivers.amqpdriver [-] Listener is running poll /usr/lib/python3/dist-packages/oslo_messaging/_drivers/amqpdriver.py:343
2025-07-31 00:36:31.193 126540 DEBUG oslo_messaging._drivers.amqpdriver [-] AMQPListener connection consume poll /usr/lib/python3/dist-packages/oslo_messaging/_drivers/amqpdriver.py:357
2025-07-31 00:36:31.201 126548 DEBUG oslo_messaging._drivers.amqpdriver [-] AMQPListener connection timeout poll /usr/lib/python3/dist-packages/oslo_messaging/_drivers/amqpdriver.py:360
2025-07-31 00:36:31.202 126548 DEBUG oslo_messaging._drivers.amqpdriver [-] Listener is running poll /usr/lib/python3/dist-packages/oslo_messaging/_drivers/amqpdriver.py:343
2025-07-31 00:36:31.202 126548 DEBUG oslo_messaging._drivers.amqpdriver [-] AMQPListener connection consume poll /usr/lib/python3/dist-packages/oslo_messaging/_drivers/amqpdriver.py:357
2025-07-31 00:36:31.206 126541 DEBUG oslo_messaging._drivers.amqpdriver [-] AMQPListener connection timeout poll /usr/lib/python3/dist-packages/oslo_messaging/_drivers/amqpdriver.py:360
2025-07-31 00:36:31.206 126541 DEBUG oslo_messaging._drivers.amqpdriver [-] Listener is running poll /usr/lib/python3/dist-packages/oslo_messaging/_drivers/amqpdriver.py:343
2025-07-31 00:36:31.206 126541 DEBUG oslo_messaging._drivers.amqpdriver [-] AMQPListener connection consume poll /usr/lib/python3/dist-packages/oslo_messaging/_drivers/amqpdriver.py:357
2025-07-31 00:36:31.224 126550 DEBUG oslo_messaging._drivers.amqpdriver [-] AMQPListener connection timeout poll /usr/lib/python3/dist-packages/oslo_messaging/_drivers/amqpdriver.py:360
2025-07-31 00:36:31.224 126550 DEBUG oslo_messaging._drivers.amqpdriver [-] Listener is running poll /usr/lib/python3/dist-packages/oslo_messaging/_drivers/amqpdriver.py:343
2025-07-31 00:36:31.224 126550 DEBUG oslo_messaging._drivers.amqpdriver [-] AMQPListener connection consume poll /usr/lib/python3/dist-packages/oslo_messaging/_drivers/amqpdriver.py:357
2025-07-31 00:36:34.188 126540 DEBUG oslo_service.periodic_task [req-4ca2737b-7edb-4d25-ab4d-de0a76f36bf1 - - - - -] Running periodic task SchedulerManager._discover_hosts_in_cells run_periodic_tasks /usr/lib/python3/dist-packages/oslo_service/periodic_task.py:210
2025-07-31 00:36:34.189 126540 DEBUG oslo_db.sqlalchemy.engines [req-4ca2737b-7edb-4d25-ab4d-de0a76f36bf1 - - - - -] Parent process 125654 forked (126540) with an open database connection, which is being discarded and recreated. checkout /usr/lib/python3/dist-packages/oslo_db/sqlalchemy/engines.py:413
2025-07-31 00:36:34.195 126540 DEBUG oslo_concurrency.lockutils [req-4ca2737b-7edb-4d25-ab4d-de0a76f36bf1 - - - - -] Lock "81277096-49f8-4f4a-afad-7ac19f84acc6" acquired by "nova.context.set_target_cell..get_or_set_cached_cell_and_set_connections" :: waited 0.000s inner /usr/lib/python3/dist-packages/oslo_concurrency/lockutils.py:386
2025-07-31 00:36:34.197 126540 DEBUG oslo_concurrency.lockutils [req-4ca2737b-7edb-4d25-ab4d-de0a76f36bf1 - - - - -] Lock "81277096-49f8-4f4a-afad-7ac19f84acc6" "released" by "nova.context.set_target_cell..get_or_set_cached_cell_and_set_connections" :: held 0.002s inner /usr/lib/python3/dist-packages/oslo_concurrency/lockutils.py:400
2025-07-31 00:36:34.203 126540 DEBUG oslo_db.sqlalchemy.engines [req-4ca2737b-7edb-4d25-ab4d-de0a76f36bf1 - - - - -] MySQL server mode set to STRICT_TRANS_TABLES,STRICT_ALL_TABLES,NO_ZERO_IN_DATE,NO_ZERO_DATE,ERROR_FOR_DIVISION_BY_ZERO,TRADITIONAL,NO_ENGINE_SUBSTITUTION _check_effective_sql_mode /usr/lib/python3/dist-packages/oslo_db/sqlalchemy/engines.py:314
2025-07-31 00:36:35.194 126540 DEBUG oslo_messaging._drivers.amqpdriver [-] AMQPListener connection timeout poll /usr/lib/python3/dist-packages/oslo_messaging/_drivers/amqpdriver.py:360
2025-07-31 00:36:35.195 126540 DEBUG oslo_messaging._drivers.amqpdriver [-] Listener is running poll /usr/lib/python3/dist-packages/oslo_messaging/_drivers/amqpdriver.py:343
2025-07-31 00:36:35.195 126540 DEBUG oslo_messaging._drivers.amqpdriver [-] AMQPListener connection consume poll /usr/lib/python3/dist-packages/oslo_messaging/_drivers/amqpdriver.py:357
2025-07-31 00:36:35.198 126548 DEBUG oslo_service.periodic_task [req-4a97f58d-654e-4a19-aa25-99b716019a00 - - - - -] Running periodic task SchedulerManager._discover_hosts_in_cells run_periodic_tasks /usr/lib/python3/dist-packages/oslo_service/periodic_task.py:210
2025-07-31 00:36:35.199 126548 DEBUG oslo_db.sqlalchemy.engines [req-4a97f58d-654e-4a19-aa25-99b716019a00 - - - - -] Parent process 125654 forked (126548) with an open database connection, which is being discarded and recreated. checkout /usr/lib/python3/dist-packages/oslo_db/sqlalchemy/engines.py:413
2025-07-31 00:36:35.203 126548 DEBUG oslo_messaging._drivers.amqpdriver [-] AMQPListener connection timeout poll /usr/lib/python3/dist-packages/oslo_messaging/_drivers/amqpdriver.py:360
2025-07-31 00:36:35.203 126548 DEBUG oslo_messaging._drivers.amqpdriver [-] Listener is running poll /usr/lib/python3/dist-packages/oslo_messaging/_drivers/amqpdriver.py:343
2025-07-31 00:36:35.203 126548 DEBUG oslo_messaging._drivers.amqpdriver [-] AMQPListener connection consume poll /usr/lib/python3/dist-packages/oslo_messaging/_drivers/amqpdriver.py:357
2025-07-31 00:36:35.207 126541 DEBUG oslo_messaging._drivers.amqpdriver [-] AMQPListener connection timeout poll /usr/lib/python3/dist-packages/oslo_messaging/_drivers/amqpdriver.py:360
2025-07-31 00:36:35.208 126541 DEBUG oslo_messaging._drivers.amqpdriver [-] Listener is running poll /usr/lib/python3/dist-packages/oslo_messaging/_drivers/amqpdriver.py:343
2025-07-31 00:36:35.208 126541 DEBUG oslo_messaging._drivers.amqpdriver [-] AMQPListener connection consume poll /usr/lib/python3/dist-packages/oslo_messaging/_drivers/amqpdriver.py:357
2025-07-31 00:36:35.208 126548 DEBUG oslo_concurrency.lockutils [req-4a97f58d-654e-4a19-aa25-99b716019a00 - - - - -] Lock "81277096-49f8-4f4a-afad-7ac19f84acc6" acquired by "nova.context.set_target_cell..get_or_set_cached_cell_and_set_connections" :: waited 0.001s inner /usr/lib/python3/dist-packages/oslo_concurrency/lockutils.py:386
2025-07-31 00:36:35.210 126548 DEBUG oslo_concurrency.lockutils [req-4a97f58d-654e-4a19-aa25-99b716019a00 - - - - -] Lock "81277096-49f8-4f4a-afad-7ac19f84acc6" "released" by "nova.context.set_target_cell..get_or_set_cached_cell_and_set_connections" :: held 0.002s inner /usr/lib/python3/dist-packages/oslo_concurrency/lockutils.py:400
2025-07-31 00:36:35.217 126548 DEBUG oslo_db.sqlalchemy.engines [req-4a97f58d-654e-4a19-aa25-99b716019a00 - - - - -] MySQL server mode set to STRICT_TRANS_TABLES,STRICT_ALL_TABLES,NO_ZERO_IN_DATE,NO_ZERO_DATE,ERROR_FOR_DIVISION_BY_ZERO,TRADITIONAL,NO_ENGINE_SUBSTITUTION _check_effective_sql_mode /usr/lib/python3/dist-packages/oslo_db/sqlalchemy/engines.py:314
2025-07-31 00:36:35.227 126550 DEBUG oslo_messaging._drivers.amqpdriver [-] AMQPListener connection timeout poll /usr/lib/python3/dist-packages/oslo_messaging/_drivers/amqpdriver.py:360
2025-07-31 00:36:35.227 126550 DEBUG oslo_messaging._drivers.amqpdriver [-] Listener is running poll /usr/lib/python3/dist-packages/oslo_messaging/_drivers/amqpdriver.py:343
2025-07-31 00:36:35.227 126550 DEBUG oslo_messaging._drivers.amqpdriver [-] AMQPListener connection consume poll /usr/lib/python3/dist-packages/oslo_messaging/_drivers/amqpdriver.py:357
2025-07-31 00:36:37.216 126550 DEBUG oslo_service.periodic_task [req-93ea94a6-1717-433f-98b3-45ac4c0ae45b - - - - -] Running periodic task SchedulerManager._discover_hosts_in_cells run_periodic_tasks /usr/lib/python3/dist-packages/oslo_service/periodic_task.py:210
2025-07-31 00:36:37.217 126550 DEBUG oslo_db.sqlalchemy.engines [req-93ea94a6-1717-433f-98b3-45ac4c0ae45b - - - - -] Parent process 125654 forked (126550) with an open database connection, which is being discarded and recreated. checkout /usr/lib/python3/dist-packages/oslo_db/sqlalchemy/engines.py:413
2025-07-31 00:36:37.226 126550 DEBUG oslo_concurrency.lockutils [req-93ea94a6-1717-433f-98b3-45ac4c0ae45b - - - - -] Lock "81277096-49f8-4f4a-afad-7ac19f84acc6" acquired by "nova.context.set_target_cell..get_or_set_cached_cell_and_set_connections" :: waited 0.000s inner /usr/lib/python3/dist-packages/oslo_concurrency/lockutils.py:386
2025-07-31 00:36:37.228 126550 DEBUG oslo_concurrency.lockutils [req-93ea94a6-1717-433f-98b3-45ac4c0ae45b - - - - -] Lock "81277096-49f8-4f4a-afad-7ac19f84acc6" "released" by "nova.context.set_target_cell..get_or_set_cached_cell_and_set_connections" :: held 0.002s inner /usr/lib/python3/dist-packages/oslo_concurrency/lockutils.py:400
2025-07-31 00:36:37.236 126550 DEBUG oslo_db.sqlalchemy.engines [req-93ea94a6-1717-433f-98b3-45ac4c0ae45b - - - - -] MySQL server mode set to STRICT_TRANS_TABLES,STRICT_ALL_TABLES,NO_ZERO_IN_DATE,NO_ZERO_DATE,ERROR_FOR_DIVISION_BY_ZERO,TRADITIONAL,NO_ENGINE_SUBSTITUTION _check_effective_sql_mode /usr/lib/python3/dist-packages/oslo_db/sqlalchemy/engines.py:314
2025-07-31 00:36:43.196 126540 DEBUG oslo_messaging._drivers.amqpdriver [-] AMQPListener connection timeout poll /usr/lib/python3/dist-packages/oslo_messaging/_drivers/amqpdriver.py:360
2025-07-31 00:36:43.197 126540 DEBUG oslo_messaging._drivers.amqpdriver [-] Listener is running poll /usr/lib/python3/dist-packages/oslo_messaging/_drivers/amqpdriver.py:343
2025-07-31 00:36:43.197 126540 DEBUG oslo_messaging._drivers.amqpdriver [-] AMQPListener connection consume poll /usr/lib/python3/dist-packages/oslo_messaging/_drivers/amqpdriver.py:357
2025-07-31 00:36:43.204 126548 DEBUG oslo_messaging._drivers.amqpdriver [-] AMQPListener connection timeout poll /usr/lib/python3/dist-packages/oslo_messaging/_drivers/amqpdriver.py:360
2025-07-31 00:36:43.204 126548 DEBUG oslo_messaging._drivers.amqpdriver [-] Listener is running poll /usr/lib/python3/dist-packages/oslo_messaging/_drivers/amqpdriver.py:343
2025-07-31 00:36:43.205 126548 DEBUG oslo_messaging._drivers.amqpdriver [-] AMQPListener connection consume poll /usr/lib/python3/dist-packages/oslo_messaging/_drivers/amqpdriver.py:357
2025-07-31 00:36:43.209 126541 DEBUG oslo_messaging._drivers.amqpdriver [-] AMQPListener connection timeout poll /usr/lib/python3/dist-packages/oslo_messaging/_drivers/amqpdriver.py:360
2025-07-31 00:36:43.210 126541 DEBUG oslo_messaging._drivers.amqpdriver [-] Listener is running poll /usr/lib/python3/dist-packages/oslo_messaging/_drivers/amqpdriver.py:343
2025-07-31 00:36:43.210 126541 DEBUG oslo_messaging._drivers.amqpdriver [-] AMQPListener connection consume poll /usr/lib/python3/dist-packages/oslo_messaging/_drivers/amqpdriver.py:357
2025-07-31 00:36:43.228 126550 DEBUG oslo_messaging._drivers.amqpdriver [-] AMQPListener connection timeout poll /usr/lib/python3/dist-packages/oslo_messaging/_drivers/amqpdriver.py:360
2025-07-31 00:36:43.228 126550 DEBUG oslo_messaging._drivers.amqpdriver [-] Listener is running poll /usr/lib/python3/dist-packages/oslo_messaging/_drivers/amqpdriver.py:343
2025-07-31 00:36:43.228 126550 DEBUG oslo_messaging._drivers.amqpdriver [-] AMQPListener connection consume poll /usr/lib/python3/dist-packages/oslo_messaging/_drivers/amqpdriver.py:357
2025-07-31 00:36:47.199 126541 DEBUG oslo_service.periodic_task [req-e6f9c260-ccd7-4102-9682-da3493a1e24c - - - - -] Running periodic task SchedulerManager._discover_hosts_in_cells run_periodic_tasks /usr/lib/python3/dist-packages/oslo_service/periodic_task.py:210
2025-07-31 00:36:47.200 126541 DEBUG oslo_db.sqlalchemy.engines [req-e6f9c260-ccd7-4102-9682-da3493a1e24c - - - - -] Parent process 125654 forked (126541) with an open database connection, which is being discarded and recreated. checkout /usr/lib/python3/dist-packages/oslo_db/sqlalchemy/engines.py:413
2025-07-31 00:36:47.208 126541 DEBUG oslo_concurrency.lockutils [req-e6f9c260-ccd7-4102-9682-da3493a1e24c - - - - -] Lock "81277096-49f8-4f4a-afad-7ac19f84acc6" acquired by "nova.context.set_target_cell..get_or_set_cached_cell_and_set_connections" :: waited 0.000s inner /usr/lib/python3/dist-packages/oslo_concurrency/lockutils.py:386
2025-07-31 00:36:47.210 126541 DEBUG oslo_concurrency.lockutils [req-e6f9c260-ccd7-4102-9682-da3493a1e24c - - - - -] Lock "81277096-49f8-4f4a-afad-7ac19f84acc6" "released" by "nova.context.set_target_cell..get_or_set_cached_cell_and_set_connections" :: held 0.002s inner /usr/lib/python3/dist-packages/oslo_concurrency/lockutils.py:400
2025-07-31 00:36:47.215 126541 DEBUG oslo_db.sqlalchemy.engines [req-e6f9c260-ccd7-4102-9682-da3493a1e24c - - - - -] MySQL server mode set to STRICT_TRANS_TABLES,STRICT_ALL_TABLES,NO_ZERO_IN_DATE,NO_ZERO_DATE,ERROR_FOR_DIVISION_BY_ZERO,TRADITIONAL,NO_ENGINE_SUBSTITUTION _check_effective_sql_mode /usr/lib/python3/dist-packages/oslo_db/sqlalchemy/engines.py:314
2025-07-31 00:37:04.217 126540 DEBUG oslo_service.periodic_task [req-4ca2737b-7edb-4d25-ab4d-de0a76f36bf1 - - - - -] Running periodic task SchedulerManager._discover_hosts_in_cells run_periodic_tasks /usr/lib/python3/dist-packages/oslo_service/periodic_task.py:210
2025-07-31 00:37:04.222 126540 DEBUG oslo_concurrency.lockutils [req-02c3f2ce-1ca0-4a1e-b63b-b9d4121cc02c - - - - -] Lock "81277096-49f8-4f4a-afad-7ac19f84acc6" acquired by "nova.context.set_target_cell..get_or_set_cached_cell_and_set_connections" :: waited 0.000s inner /usr/lib/python3/dist-packages/oslo_concurrency/lockutils.py:386
2025-07-31 00:37:04.222 126540 DEBUG oslo_concurrency.lockutils [req-02c3f2ce-1ca0-4a1e-b63b-b9d4121cc02c - - - - -] Lock "81277096-49f8-4f4a-afad-7ac19f84acc6" "released" by "nova.context.set_target_cell..get_or_set_cached_cell_and_set_connections" :: held 0.000s inner /usr/lib/python3/dist-packages/oslo_concurrency/lockutils.py:400
2025-07-31 00:37:05.187 125654 INFO oslo_service.service [req-a633366e-6aa5-4277-8c8d-2c4b38bff370 - - - - -] Caught SIGTERM, stopping children
2025-07-31 00:37:05.187 125654 DEBUG oslo_concurrency.lockutils [req-a633366e-6aa5-4277-8c8d-2c4b38bff370 - - - - -] Acquired lock "singleton_lock" lock /usr/lib/python3/dist-packages/oslo_concurrency/lockutils.py:294
2025-07-31 00:37:05.188 125654 DEBUG oslo_concurrency.lockutils [req-a633366e-6aa5-4277-8c8d-2c4b38bff370 - - - - -] Releasing lock "singleton_lock" lock /usr/lib/python3/dist-packages/oslo_concurrency/lockutils.py:312
2025-07-31 00:37:05.188 125654 DEBUG oslo_service.service [req-a633366e-6aa5-4277-8c8d-2c4b38bff370 - - - - -] Stop services. stop /usr/lib/python3/dist-packages/oslo_service/service.py:695
2025-07-31 00:37:05.188 125654 DEBUG oslo_service.service [req-a633366e-6aa5-4277-8c8d-2c4b38bff370 - - - - -] Killing children. stop /usr/lib/python3/dist-packages/oslo_service/service.py:700
2025-07-31 00:37:05.188 125654 INFO oslo_service.service [req-a633366e-6aa5-4277-8c8d-2c4b38bff370 - - - - -] Waiting on 4 children to exit
2025-07-31 00:37:05.194 125654 INFO oslo_service.service [req-a633366e-6aa5-4277-8c8d-2c4b38bff370 - - - - -] Child 126550 killed by signal 15
2025-07-31 00:37:05.196 125654 INFO oslo_service.service [req-a633366e-6aa5-4277-8c8d-2c4b38bff370 - - - - -] Child 126548 killed by signal 15
2025-07-31 00:37:05.202 125654 INFO oslo_service.service [req-a633366e-6aa5-4277-8c8d-2c4b38bff370 - - - - -] Child 126541 killed by signal 15
2025-07-31 00:37:05.203 125654 INFO oslo_service.service [req-a633366e-6aa5-4277-8c8d-2c4b38bff370 - - - - -] Child 126540 killed by signal 15
