2025-07-31 00:37:08.711 140399 DEBUG oslo_service.service [req-31762718-f534-4a3e-b339-2ba1593c5b05 - - - - -] cache.memcache_servers = ['localhost:11211'] log_opt_values /usr/lib/python3/dist-packages/oslo_config/cfg.py:2609
2025-07-31 00:37:08.711 140399 DEBUG oslo_service.service [req-31762718-f534-4a3e-b339-2ba1593c5b05 - - - - -] cache.memcache_socket_timeout = 1.0 log_opt_values /usr/lib/python3/dist-packages/oslo_config/cfg.py:2609
2025-07-31 00:37:08.711 140399 DEBUG oslo_service.service [req-31762718-f534-4a3e-b339-2ba1593c5b05 - - - - -] cache.proxies = [] log_opt_values /usr/lib/python3/dist-packages/oslo_config/cfg.py:2609
2025-07-31 00:37:08.711 140704 DEBUG oslo_messaging._drivers.amqpdriver [-] Listener is running poll /usr/lib/python3/dist-packages/oslo_messaging/_drivers/amqpdriver.py:343
2025-07-31 00:37:08.711 140399 DEBUG oslo_service.service [req-31762718-f534-4a3e-b339-2ba1593c5b05 - - - - -] cache.tls_allowed_ciphers = None log_opt_values /usr/lib/python3/dist-packages/oslo_config/cfg.py:2609
2025-07-31 00:37:08.711 140704 DEBUG oslo_messaging._drivers.amqpdriver [-] AMQPListener connection consume poll /usr/lib/python3/dist-packages/oslo_messaging/_drivers/amqpdriver.py:357
2025-07-31 00:37:08.711 140399 DEBUG oslo_service.service [req-31762718-f534-4a3e-b339-2ba1593c5b05 - - - - -] cache.tls_cafile = None log_opt_values /usr/lib/python3/dist-packages/oslo_config/cfg.py:2609
2025-07-31 00:37:08.712 140399 DEBUG oslo_service.service [req-31762718-f534-4a3e-b339-2ba1593c5b05 - - - - -] cache.tls_certfile = None log_opt_values /usr/lib/python3/dist-packages/oslo_config/cfg.py:2609
2025-07-31 00:37:08.712 140399 DEBUG oslo_service.service [req-31762718-f534-4a3e-b339-2ba1593c5b05 - - - - -] cache.tls_enabled = False log_opt_values /usr/lib/python3/dist-packages/oslo_config/cfg.py:2609
2025-07-31 00:37:08.712 140399 DEBUG oslo_service.service [req-31762718-f534-4a3e-b339-2ba1593c5b05 - - - - -] cache.tls_keyfile = None log_opt_values /usr/lib/python3/dist-packages/oslo_config/cfg.py:2609
2025-07-31 00:37:08.712 140704 DEBUG nova.service [req-1ceaaac9-5a84-45d1-9f31-a89997ed1277 - - - - -] Join ServiceGroup membership for this service scheduler start /usr/lib/python3/dist-packages/nova/service.py:199
2025-07-31 00:37:08.712 140399 DEBUG oslo_service.service [req-31762718-f534-4a3e-b339-2ba1593c5b05 - - - - -] cinder.auth_section = None log_opt_values /usr/lib/python3/dist-packages/oslo_config/cfg.py:2609
2025-07-31 00:37:08.712 140399 DEBUG oslo_service.service [req-31762718-f534-4a3e-b339-2ba1593c5b05 - - - - -] cinder.auth_type = None log_opt_values /usr/lib/python3/dist-packages/oslo_config/cfg.py:2609
2025-07-31 00:37:08.712 140704 DEBUG nova.servicegroup.drivers.db [req-1ceaaac9-5a84-45d1-9f31-a89997ed1277 - - - - -] DB_Driver: join new ServiceGroup member juju-c4a508-0-lxd-7 to the scheduler group, service = join /usr/lib/python3/dist-packages/nova/servicegroup/drivers/db.py:44
2025-07-31 00:37:08.712 140399 DEBUG oslo_service.service [req-31762718-f534-4a3e-b339-2ba1593c5b05 - - - - -] cinder.cafile = None log_opt_values /usr/lib/python3/dist-packages/oslo_config/cfg.py:2609
2025-07-31 00:37:08.713 140399 DEBUG oslo_service.service [req-31762718-f534-4a3e-b339-2ba1593c5b05 - - - - -] cinder.catalog_info = volumev3::publicURL log_opt_values /usr/lib/python3/dist-packages/oslo_config/cfg.py:2609
2025-07-31 00:37:08.713 140399 DEBUG oslo_service.service [req-31762718-f534-4a3e-b339-2ba1593c5b05 - - - - -] cinder.certfile = None log_opt_values /usr/lib/python3/dist-packages/oslo_config/cfg.py:2609
2025-07-31 00:37:08.713 140399 DEBUG oslo_service.service [req-31762718-f534-4a3e-b339-2ba1593c5b05 - - - - -] cinder.collect_timing = False log_opt_values /usr/lib/python3/dist-packages/oslo_config/cfg.py:2609
2025-07-31 00:37:08.713 140399 DEBUG oslo_service.service [req-31762718-f534-4a3e-b339-2ba1593c5b05 - - - - -] cinder.cross_az_attach = True log_opt_values /usr/lib/python3/dist-packages/oslo_config/cfg.py:2609
2025-07-31 00:37:08.713 140399 DEBUG oslo_service.service [req-31762718-f534-4a3e-b339-2ba1593c5b05 - - - - -] cinder.debug = False log_opt_values /usr/lib/python3/dist-packages/oslo_config/cfg.py:2609
2025-07-31 00:37:08.713 140399 DEBUG oslo_service.service [req-31762718-f534-4a3e-b339-2ba1593c5b05 - - - - -] cinder.endpoint_template = None log_opt_values /usr/lib/python3/dist-packages/oslo_config/cfg.py:2609
2025-07-31 00:37:08.714 140399 DEBUG oslo_service.service [req-31762718-f534-4a3e-b339-2ba1593c5b05 - - - - -] cinder.http_retries = 3 log_opt_values /usr/lib/python3/dist-packages/oslo_config/cfg.py:2609
2025-07-31 00:37:08.714 140399 DEBUG oslo_service.service [req-31762718-f534-4a3e-b339-2ba1593c5b05 - - - - -] cinder.insecure = False log_opt_values /usr/lib/python3/dist-packages/oslo_config/cfg.py:2609
2025-07-31 00:37:08.714 140399 DEBUG oslo_service.service [req-31762718-f534-4a3e-b339-2ba1593c5b05 - - - - -] cinder.keyfile = None log_opt_values /usr/lib/python3/dist-packages/oslo_config/cfg.py:2609
2025-07-31 00:37:08.714 140399 DEBUG oslo_service.service [req-31762718-f534-4a3e-b339-2ba1593c5b05 - - - - -] cinder.os_region_name = None log_opt_values /usr/lib/python3/dist-packages/oslo_config/cfg.py:2609
2025-07-31 00:37:08.714 140399 DEBUG oslo_service.service [req-31762718-f534-4a3e-b339-2ba1593c5b05 - - - - -] cinder.split_loggers = False log_opt_values /usr/lib/python3/dist-packages/oslo_config/cfg.py:2609
2025-07-31 00:37:08.714 140399 DEBUG oslo_service.service [req-31762718-f534-4a3e-b339-2ba1593c5b05 - - - - -] cinder.timeout = None log_opt_values /usr/lib/python3/dist-packages/oslo_config/cfg.py:2609
2025-07-31 00:37:08.715 140399 DEBUG oslo_service.service [req-31762718-f534-4a3e-b339-2ba1593c5b05 - - - - -] compute.consecutive_build_service_disable_threshold = 10 log_opt_values /usr/lib/python3/dist-packages/oslo_config/cfg.py:2609
2025-07-31 00:37:08.715 140704 DEBUG oslo_messaging._drivers.amqpdriver [-] AMQPListener connection timeout poll /usr/lib/python3/dist-packages/oslo_messaging/_drivers/amqpdriver.py:360
2025-07-31 00:37:08.715 140399 DEBUG oslo_service.service [req-31762718-f534-4a3e-b339-2ba1593c5b05 - - - - -] compute.cpu_dedicated_set = None log_opt_values /usr/lib/python3/dist-packages/oslo_config/cfg.py:2609
2025-07-31 00:37:08.715 140704 DEBUG oslo_messaging._drivers.amqpdriver [-] Listener is running poll /usr/lib/python3/dist-packages/oslo_messaging/_drivers/amqpdriver.py:343
2025-07-31 00:37:08.715 140399 DEBUG oslo_service.service [req-31762718-f534-4a3e-b339-2ba1593c5b05 - - - - -] compute.cpu_shared_set = None log_opt_values /usr/lib/python3/dist-packages/oslo_config/cfg.py:2609
2025-07-31 00:37:08.715 140704 DEBUG oslo_messaging._drivers.amqpdriver [-] AMQPListener connection consume poll /usr/lib/python3/dist-packages/oslo_messaging/_drivers/amqpdriver.py:357
2025-07-31 00:37:08.715 140399 DEBUG oslo_service.service [req-31762718-f534-4a3e-b339-2ba1593c5b05 - - - - -] compute.image_type_exclude_list = [] log_opt_values /usr/lib/python3/dist-packages/oslo_config/cfg.py:2609
2025-07-31 00:37:08.715 140399 DEBUG oslo_service.service [req-31762718-f534-4a3e-b339-2ba1593c5b05 - - - - -] compute.live_migration_wait_for_vif_plug = True log_opt_values /usr/lib/python3/dist-packages/oslo_config/cfg.py:2609
2025-07-31 00:37:08.715 140399 DEBUG oslo_service.service [req-31762718-f534-4a3e-b339-2ba1593c5b05 - - - - -] compute.max_concurrent_disk_ops = 0 log_opt_values /usr/lib/python3/dist-packages/oslo_config/cfg.py:2609
2025-07-31 00:37:08.716 140399 DEBUG oslo_service.service [req-31762718-f534-4a3e-b339-2ba1593c5b05 - - - - -] compute.max_disk_devices_to_attach = -1 log_opt_values /usr/lib/python3/dist-packages/oslo_config/cfg.py:2609
2025-07-31 00:37:08.716 140399 DEBUG oslo_service.service [req-31762718-f534-4a3e-b339-2ba1593c5b05 - - - - -] compute.packing_host_numa_cells_allocation_strategy = True log_opt_values /usr/lib/python3/dist-packages/oslo_config/cfg.py:2609
2025-07-31 00:37:08.716 140399 DEBUG oslo_service.service [req-31762718-f534-4a3e-b339-2ba1593c5b05 - - - - -] compute.provider_config_location = /etc/nova/provider_config/ log_opt_values /usr/lib/python3/dist-packages/oslo_config/cfg.py:2609
2025-07-31 00:37:08.716 140399 DEBUG oslo_service.service [req-31762718-f534-4a3e-b339-2ba1593c5b05 - - - - -] compute.resource_provider_association_refresh = 300 log_opt_values /usr/lib/python3/dist-packages/oslo_config/cfg.py:2609
2025-07-31 00:37:08.716 140399 DEBUG oslo_service.service [req-31762718-f534-4a3e-b339-2ba1593c5b05 - - - - -] compute.shutdown_retry_interval = 10 log_opt_values /usr/lib/python3/dist-packages/oslo_config/cfg.py:2609
2025-07-31 00:37:08.717 140399 DEBUG oslo_service.service [req-31762718-f534-4a3e-b339-2ba1593c5b05 - - - - -] compute.vmdk_allowed_types = ['streamOptimized', 'monolithicSparse'] log_opt_values /usr/lib/python3/dist-packages/oslo_config/cfg.py:2609
2025-07-31 00:37:08.716 140705 DEBUG oslo_messaging._drivers.amqpdriver [-] Listener is running poll /usr/lib/python3/dist-packages/oslo_messaging/_drivers/amqpdriver.py:343
2025-07-31 00:37:08.717 140399 DEBUG oslo_service.service [req-31762718-f534-4a3e-b339-2ba1593c5b05 - - - - -] conductor.workers = 4 log_opt_values /usr/lib/python3/dist-packages/oslo_config/cfg.py:2609
2025-07-31 00:37:08.717 140705 DEBUG oslo_messaging._drivers.amqpdriver [-] AMQPListener connection consume poll /usr/lib/python3/dist-packages/oslo_messaging/_drivers/amqpdriver.py:357
2025-07-31 00:37:08.717 140399 DEBUG oslo_service.service [req-31762718-f534-4a3e-b339-2ba1593c5b05 - - - - -] console.allowed_origins = [] log_opt_values /usr/lib/python3/dist-packages/oslo_config/cfg.py:2609
2025-07-31 00:37:08.717 140399 DEBUG oslo_service.service [req-31762718-f534-4a3e-b339-2ba1593c5b05 - - - - -] console.ssl_ciphers = None log_opt_values /usr/lib/python3/dist-packages/oslo_config/cfg.py:2609
2025-07-31 00:37:08.717 140399 DEBUG oslo_service.service [req-31762718-f534-4a3e-b339-2ba1593c5b05 - - - - -] console.ssl_minimum_version = default log_opt_values /usr/lib/python3/dist-packages/oslo_config/cfg.py:2609
2025-07-31 00:37:08.717 140399 DEBUG oslo_service.service [req-31762718-f534-4a3e-b339-2ba1593c5b05 - - - - -] consoleauth.token_ttl = 600 log_opt_values /usr/lib/python3/dist-packages/oslo_config/cfg.py:2609
2025-07-31 00:37:08.717 140705 DEBUG nova.service [req-d812542e-6d80-46e2-a4a7-75d75bbab61b - - - - -] Join ServiceGroup membership for this service scheduler start /usr/lib/python3/dist-packages/nova/service.py:199
2025-07-31 00:37:08.718 140399 DEBUG oslo_service.service [req-31762718-f534-4a3e-b339-2ba1593c5b05 - - - - -] cyborg.cafile = None log_opt_values /usr/lib/python3/dist-packages/oslo_config/cfg.py:2609
2025-07-31 00:37:08.718 140705 DEBUG nova.servicegroup.drivers.db [req-d812542e-6d80-46e2-a4a7-75d75bbab61b - - - - -] DB_Driver: join new ServiceGroup member juju-c4a508-0-lxd-7 to the scheduler group, service = join /usr/lib/python3/dist-packages/nova/servicegroup/drivers/db.py:44
2025-07-31 00:37:08.718 140399 DEBUG oslo_service.service [req-31762718-f534-4a3e-b339-2ba1593c5b05 - - - - -] cyborg.certfile = None log_opt_values /usr/lib/python3/dist-packages/oslo_config/cfg.py:2609
2025-07-31 00:37:08.718 140399 DEBUG oslo_service.service [req-31762718-f534-4a3e-b339-2ba1593c5b05 - - - - -] cyborg.collect_timing = False log_opt_values /usr/lib/python3/dist-packages/oslo_config/cfg.py:2609
2025-07-31 00:37:08.718 140399 DEBUG oslo_service.service [req-31762718-f534-4a3e-b339-2ba1593c5b05 - - - - -] cyborg.connect_retries = None log_opt_values /usr/lib/python3/dist-packages/oslo_config/cfg.py:2609
2025-07-31 00:37:08.718 140399 DEBUG oslo_service.service [req-31762718-f534-4a3e-b339-2ba1593c5b05 - - - - -] cyborg.connect_retry_delay = None log_opt_values /usr/lib/python3/dist-packages/oslo_config/cfg.py:2609
2025-07-31 00:37:08.718 140399 DEBUG oslo_service.service [req-31762718-f534-4a3e-b339-2ba1593c5b05 - - - - -] cyborg.endpoint_override = None log_opt_values /usr/lib/python3/dist-packages/oslo_config/cfg.py:2609
2025-07-31 00:37:08.718 140399 DEBUG oslo_service.service [req-31762718-f534-4a3e-b339-2ba1593c5b05 - - - - -] cyborg.insecure = False log_opt_values /usr/lib/python3/dist-packages/oslo_config/cfg.py:2609
2025-07-31 00:37:08.719 140399 DEBUG oslo_service.service [req-31762718-f534-4a3e-b339-2ba1593c5b05 - - - - -] cyborg.keyfile = None log_opt_values /usr/lib/python3/dist-packages/oslo_config/cfg.py:2609
2025-07-31 00:37:08.719 140399 DEBUG oslo_service.service [req-31762718-f534-4a3e-b339-2ba1593c5b05 - - - - -] cyborg.max_version = None log_opt_values /usr/lib/python3/dist-packages/oslo_config/cfg.py:2609
2025-07-31 00:37:08.719 140399 DEBUG oslo_service.service [req-31762718-f534-4a3e-b339-2ba1593c5b05 - - - - -] cyborg.min_version = None log_opt_values /usr/lib/python3/dist-packages/oslo_config/cfg.py:2609
2025-07-31 00:37:08.719 140399 DEBUG oslo_service.service [req-31762718-f534-4a3e-b339-2ba1593c5b05 - - - - -] cyborg.region_name = None log_opt_values /usr/lib/python3/dist-packages/oslo_config/cfg.py:2609
2025-07-31 00:37:08.719 140399 DEBUG oslo_service.service [req-31762718-f534-4a3e-b339-2ba1593c5b05 - - - - -] cyborg.service_name = None log_opt_values /usr/lib/python3/dist-packages/oslo_config/cfg.py:2609
2025-07-31 00:37:08.719 140399 DEBUG oslo_service.service [req-31762718-f534-4a3e-b339-2ba1593c5b05 - - - - -] cyborg.service_type = accelerator log_opt_values /usr/lib/python3/dist-packages/oslo_config/cfg.py:2609
2025-07-31 00:37:08.720 140399 DEBUG oslo_service.service [req-31762718-f534-4a3e-b339-2ba1593c5b05 - - - - -] cyborg.split_loggers = False log_opt_values /usr/lib/python3/dist-packages/oslo_config/cfg.py:2609
2025-07-31 00:37:08.720 140399 DEBUG oslo_service.service [req-31762718-f534-4a3e-b339-2ba1593c5b05 - - - - -] cyborg.status_code_retries = None log_opt_values /usr/lib/python3/dist-packages/oslo_config/cfg.py:2609
2025-07-31 00:37:08.720 140705 DEBUG oslo_messaging._drivers.amqpdriver [-] AMQPListener connection timeout poll /usr/lib/python3/dist-packages/oslo_messaging/_drivers/amqpdriver.py:360
2025-07-31 00:37:08.720 140399 DEBUG oslo_service.service [req-31762718-f534-4a3e-b339-2ba1593c5b05 - - - - -] cyborg.status_code_retry_delay = None log_opt_values /usr/lib/python3/dist-packages/oslo_config/cfg.py:2609
2025-07-31 00:37:08.720 140705 DEBUG oslo_messaging._drivers.amqpdriver [-] Listener is running poll /usr/lib/python3/dist-packages/oslo_messaging/_drivers/amqpdriver.py:343
2025-07-31 00:37:08.720 140399 DEBUG oslo_service.service [req-31762718-f534-4a3e-b339-2ba1593c5b05 - - - - -] cyborg.timeout = None log_opt_values /usr/lib/python3/dist-packages/oslo_config/cfg.py:2609
2025-07-31 00:37:08.720 140705 DEBUG oslo_messaging._drivers.amqpdriver [-] AMQPListener connection consume poll /usr/lib/python3/dist-packages/oslo_messaging/_drivers/amqpdriver.py:357
2025-07-31 00:37:08.720 140399 DEBUG oslo_service.service [req-31762718-f534-4a3e-b339-2ba1593c5b05 - - - - -] cyborg.valid_interfaces = ['internal', 'public'] log_opt_values /usr/lib/python3/dist-packages/oslo_config/cfg.py:2609
2025-07-31 00:37:08.720 140399 DEBUG oslo_service.service [req-31762718-f534-4a3e-b339-2ba1593c5b05 - - - - -] cyborg.version = None log_opt_values /usr/lib/python3/dist-packages/oslo_config/cfg.py:2609
2025-07-31 00:37:08.721 140399 DEBUG oslo_service.service [req-31762718-f534-4a3e-b339-2ba1593c5b05 - - - - -] database.backend = sqlalchemy log_opt_values /usr/lib/python3/dist-packages/oslo_config/cfg.py:2609
2025-07-31 00:37:08.721 140399 DEBUG oslo_service.service [req-31762718-f534-4a3e-b339-2ba1593c5b05 - - - - -] database.connection = **** log_opt_values /usr/lib/python3/dist-packages/oslo_config/cfg.py:2609
2025-07-31 00:37:08.721 140399 DEBUG oslo_service.service [req-31762718-f534-4a3e-b339-2ba1593c5b05 - - - - -] database.connection_debug = 0 log_opt_values /usr/lib/python3/dist-packages/oslo_config/cfg.py:2609
2025-07-31 00:37:08.721 140399 DEBUG oslo_service.service [req-31762718-f534-4a3e-b339-2ba1593c5b05 - - - - -] database.connection_parameters = log_opt_values /usr/lib/python3/dist-packages/oslo_config/cfg.py:2609
2025-07-31 00:37:08.721 140399 DEBUG oslo_service.service [req-31762718-f534-4a3e-b339-2ba1593c5b05 - - - - -] database.connection_recycle_time = 3600 log_opt_values /usr/lib/python3/dist-packages/oslo_config/cfg.py:2609
2025-07-31 00:37:08.722 140399 DEBUG oslo_service.service [req-31762718-f534-4a3e-b339-2ba1593c5b05 - - - - -] database.connection_trace = False log_opt_values /usr/lib/python3/dist-packages/oslo_config/cfg.py:2609
2025-07-31 00:37:08.722 140399 DEBUG oslo_service.service [req-31762718-f534-4a3e-b339-2ba1593c5b05 - - - - -] database.db_inc_retry_interval = True log_opt_values /usr/lib/python3/dist-packages/oslo_config/cfg.py:2609
2025-07-31 00:37:08.722 140399 DEBUG oslo_service.service [req-31762718-f534-4a3e-b339-2ba1593c5b05 - - - - -] database.db_max_retries = 20 log_opt_values /usr/lib/python3/dist-packages/oslo_config/cfg.py:2609
2025-07-31 00:37:08.722 140399 DEBUG oslo_service.service [req-31762718-f534-4a3e-b339-2ba1593c5b05 - - - - -] database.db_max_retry_interval = 10 log_opt_values /usr/lib/python3/dist-packages/oslo_config/cfg.py:2609
2025-07-31 00:37:08.722 140399 DEBUG oslo_service.service [req-31762718-f534-4a3e-b339-2ba1593c5b05 - - - - -] database.db_retry_interval = 1 log_opt_values /usr/lib/python3/dist-packages/oslo_config/cfg.py:2609
2025-07-31 00:37:08.722 140399 DEBUG oslo_service.service [req-31762718-f534-4a3e-b339-2ba1593c5b05 - - - - -] database.max_overflow = 50 log_opt_values /usr/lib/python3/dist-packages/oslo_config/cfg.py:2609
2025-07-31 00:37:08.722 140399 DEBUG oslo_service.service [req-31762718-f534-4a3e-b339-2ba1593c5b05 - - - - -] database.max_pool_size = 4 log_opt_values /usr/lib/python3/dist-packages/oslo_config/cfg.py:2609
2025-07-31 00:37:08.723 140399 DEBUG oslo_service.service [req-31762718-f534-4a3e-b339-2ba1593c5b05 - - - - -] database.max_retries = 10 log_opt_values /usr/lib/python3/dist-packages/oslo_config/cfg.py:2609
2025-07-31 00:37:08.723 140399 DEBUG oslo_service.service [req-31762718-f534-4a3e-b339-2ba1593c5b05 - - - - -] database.mysql_enable_ndb = False log_opt_values /usr/lib/python3/dist-packages/oslo_config/cfg.py:2609
2025-07-31 00:37:08.723 140399 DEBUG oslo_service.service [req-31762718-f534-4a3e-b339-2ba1593c5b05 - - - - -] database.mysql_sql_mode = TRADITIONAL log_opt_values /usr/lib/python3/dist-packages/oslo_config/cfg.py:2609
2025-07-31 00:37:08.723 140399 DEBUG oslo_service.service [req-31762718-f534-4a3e-b339-2ba1593c5b05 - - - - -] database.pool_timeout = None log_opt_values /usr/lib/python3/dist-packages/oslo_config/cfg.py:2609
2025-07-31 00:37:08.723 140399 DEBUG oslo_service.service [req-31762718-f534-4a3e-b339-2ba1593c5b05 - - - - -] database.retry_interval = 10 log_opt_values /usr/lib/python3/dist-packages/oslo_config/cfg.py:2609
2025-07-31 00:37:08.723 140399 DEBUG oslo_service.service [req-31762718-f534-4a3e-b339-2ba1593c5b05 - - - - -] database.slave_connection = **** log_opt_values /usr/lib/python3/dist-packages/oslo_config/cfg.py:2609
2025-07-31 00:37:08.724 140399 DEBUG oslo_service.service [req-31762718-f534-4a3e-b339-2ba1593c5b05 - - - - -] database.sqlite_synchronous = True log_opt_values /usr/lib/python3/dist-packages/oslo_config/cfg.py:2609
2025-07-31 00:37:08.724 140399 DEBUG oslo_service.service [req-31762718-f534-4a3e-b339-2ba1593c5b05 - - - - -] database.use_db_reconnect = False log_opt_values /usr/lib/python3/dist-packages/oslo_config/cfg.py:2609
2025-07-31 00:37:08.724 140399 DEBUG oslo_service.service [req-31762718-f534-4a3e-b339-2ba1593c5b05 - - - - -] api_database.backend = sqlalchemy log_opt_values /usr/lib/python3/dist-packages/oslo_config/cfg.py:2609
2025-07-31 00:37:08.724 140399 DEBUG oslo_service.service [req-31762718-f534-4a3e-b339-2ba1593c5b05 - - - - -] api_database.connection = **** log_opt_values /usr/lib/python3/dist-packages/oslo_config/cfg.py:2609
2025-07-31 00:37:08.724 140399 DEBUG oslo_service.service [req-31762718-f534-4a3e-b339-2ba1593c5b05 - - - - -] api_database.connection_debug = 0 log_opt_values /usr/lib/python3/dist-packages/oslo_config/cfg.py:2609
2025-07-31 00:37:08.724 140399 DEBUG oslo_service.service [req-31762718-f534-4a3e-b339-2ba1593c5b05 - - - - -] api_database.connection_parameters = log_opt_values /usr/lib/python3/dist-packages/oslo_config/cfg.py:2609
2025-07-31 00:37:08.725 140399 DEBUG oslo_service.service [req-31762718-f534-4a3e-b339-2ba1593c5b05 - - - - -] api_database.connection_recycle_time = 3600 log_opt_values /usr/lib/python3/dist-packages/oslo_config/cfg.py:2609
2025-07-31 00:37:08.725 140399 DEBUG oslo_service.service [req-31762718-f534-4a3e-b339-2ba1593c5b05 - - - - -] api_database.connection_trace = False log_opt_values /usr/lib/python3/dist-packages/oslo_config/cfg.py:2609
2025-07-31 00:37:08.725 140399 DEBUG oslo_service.service [req-31762718-f534-4a3e-b339-2ba1593c5b05 - - - - -] api_database.db_inc_retry_interval = True log_opt_values /usr/lib/python3/dist-packages/oslo_config/cfg.py:2609
2025-07-31 00:37:08.725 140399 DEBUG oslo_service.service [req-31762718-f534-4a3e-b339-2ba1593c5b05 - - - - -] api_database.db_max_retries = 20 log_opt_values /usr/lib/python3/dist-packages/oslo_config/cfg.py:2609
2025-07-31 00:37:08.725 140399 DEBUG oslo_service.service [req-31762718-f534-4a3e-b339-2ba1593c5b05 - - - - -] api_database.db_max_retry_interval = 10 log_opt_values /usr/lib/python3/dist-packages/oslo_config/cfg.py:2609
2025-07-31 00:37:08.725 140399 DEBUG oslo_service.service [req-31762718-f534-4a3e-b339-2ba1593c5b05 - - - - -] api_database.db_retry_interval = 1 log_opt_values /usr/lib/python3/dist-packages/oslo_config/cfg.py:2609
2025-07-31 00:37:08.726 140399 DEBUG oslo_service.service [req-31762718-f534-4a3e-b339-2ba1593c5b05 - - - - -] api_database.max_overflow = 50 log_opt_values /usr/lib/python3/dist-packages/oslo_config/cfg.py:2609
2025-07-31 00:37:08.726 140399 DEBUG oslo_service.service [req-31762718-f534-4a3e-b339-2ba1593c5b05 - - - - -] api_database.max_pool_size = 4 log_opt_values /usr/lib/python3/dist-packages/oslo_config/cfg.py:2609
2025-07-31 00:37:08.726 140399 DEBUG oslo_service.service [req-31762718-f534-4a3e-b339-2ba1593c5b05 - - - - -] api_database.max_retries = 10 log_opt_values /usr/lib/python3/dist-packages/oslo_config/cfg.py:2609
2025-07-31 00:37:08.726 140399 DEBUG oslo_service.service [req-31762718-f534-4a3e-b339-2ba1593c5b05 - - - - -] api_database.mysql_enable_ndb = False log_opt_values /usr/lib/python3/dist-packages/oslo_config/cfg.py:2609
2025-07-31 00:37:08.726 140399 DEBUG oslo_service.service [req-31762718-f534-4a3e-b339-2ba1593c5b05 - - - - -] api_database.mysql_sql_mode = TRADITIONAL log_opt_values /usr/lib/python3/dist-packages/oslo_config/cfg.py:2609
2025-07-31 00:37:08.726 140399 DEBUG oslo_service.service [req-31762718-f534-4a3e-b339-2ba1593c5b05 - - - - -] api_database.pool_timeout = None log_opt_values /usr/lib/python3/dist-packages/oslo_config/cfg.py:2609
2025-07-31 00:37:08.727 140399 DEBUG oslo_service.service [req-31762718-f534-4a3e-b339-2ba1593c5b05 - - - - -] api_database.retry_interval = 10 log_opt_values /usr/lib/python3/dist-packages/oslo_config/cfg.py:2609
2025-07-31 00:37:08.727 140399 DEBUG oslo_service.service [req-31762718-f534-4a3e-b339-2ba1593c5b05 - - - - -] api_database.slave_connection = **** log_opt_values /usr/lib/python3/dist-packages/oslo_config/cfg.py:2609
2025-07-31 00:37:08.727 140399 DEBUG oslo_service.service [req-31762718-f534-4a3e-b339-2ba1593c5b05 - - - - -] api_database.sqlite_synchronous = True log_opt_values /usr/lib/python3/dist-packages/oslo_config/cfg.py:2609
2025-07-31 00:37:08.727 140399 DEBUG oslo_service.service [req-31762718-f534-4a3e-b339-2ba1593c5b05 - - - - -] devices.enabled_mdev_types = [] log_opt_values /usr/lib/python3/dist-packages/oslo_config/cfg.py:2609
2025-07-31 00:37:08.727 140707 DEBUG nova.service [req-dd850820-9a2f-4b7c-90d2-395b23dd2b91 - - - - -] Creating RPC server for service scheduler start /usr/lib/python3/dist-packages/nova/service.py:182
2025-07-31 00:37:08.727 140399 DEBUG oslo_service.service [req-31762718-f534-4a3e-b339-2ba1593c5b05 - - - - -] ephemeral_storage_encryption.cipher = aes-xts-plain64 log_opt_values /usr/lib/python3/dist-packages/oslo_config/cfg.py:2609
2025-07-31 00:37:08.728 140399 DEBUG oslo_service.service [req-31762718-f534-4a3e-b339-2ba1593c5b05 - - - - -] ephemeral_storage_encryption.enabled = False log_opt_values /usr/lib/python3/dist-packages/oslo_config/cfg.py:2609
2025-07-31 00:37:08.728 140399 DEBUG oslo_service.service [req-31762718-f534-4a3e-b339-2ba1593c5b05 - - - - -] ephemeral_storage_encryption.key_size = 512 log_opt_values /usr/lib/python3/dist-packages/oslo_config/cfg.py:2609
2025-07-31 00:37:08.728 140399 WARNING oslo_config.cfg [req-31762718-f534-4a3e-b339-2ba1593c5b05 - - - - -] Deprecated: Option "api_servers" from group "glance" is deprecated for removal ( Support for image service configuration via standard keystoneauth1 Adapter options was added in the 17.0.0 Queens release. The api_servers option was retained temporarily to allow consumers time to cut over to a real load balancing solution. ). Its value may be silently ignored in the future.
2025-07-31 00:37:08.728 140399 DEBUG oslo_service.service [req-31762718-f534-4a3e-b339-2ba1593c5b05 - - - - -] glance.api_servers = ['http://252.65.89.108:9292'] log_opt_values /usr/lib/python3/dist-packages/oslo_config/cfg.py:2609
2025-07-31 00:37:08.728 140399 DEBUG oslo_service.service [req-31762718-f534-4a3e-b339-2ba1593c5b05 - - - - -] glance.cafile = None log_opt_values /usr/lib/python3/dist-packages/oslo_config/cfg.py:2609
2025-07-31 00:37:08.729 140399 DEBUG oslo_service.service [req-31762718-f534-4a3e-b339-2ba1593c5b05 - - - - -] glance.certfile = None log_opt_values /usr/lib/python3/dist-packages/oslo_config/cfg.py:2609
2025-07-31 00:37:08.729 140399 DEBUG oslo_service.service [req-31762718-f534-4a3e-b339-2ba1593c5b05 - - - - -] glance.collect_timing = False log_opt_values /usr/lib/python3/dist-packages/oslo_config/cfg.py:2609
2025-07-31 00:37:08.729 140399 DEBUG oslo_service.service [req-31762718-f534-4a3e-b339-2ba1593c5b05 - - - - -] glance.connect_retries = None log_opt_values /usr/lib/python3/dist-packages/oslo_config/cfg.py:2609
2025-07-31 00:37:08.729 140399 DEBUG oslo_service.service [req-31762718-f534-4a3e-b339-2ba1593c5b05 - - - - -] glance.connect_retry_delay = None log_opt_values /usr/lib/python3/dist-packages/oslo_config/cfg.py:2609
2025-07-31 00:37:08.729 140399 DEBUG oslo_service.service [req-31762718-f534-4a3e-b339-2ba1593c5b05 - - - - -] glance.debug = False log_opt_values /usr/lib/python3/dist-packages/oslo_config/cfg.py:2609
2025-07-31 00:37:08.730 140399 DEBUG oslo_service.service [req-31762718-f534-4a3e-b339-2ba1593c5b05 - - - - -] glance.default_trusted_certificate_ids = [] log_opt_values /usr/lib/python3/dist-packages/oslo_config/cfg.py:2609
2025-07-31 00:37:08.730 140399 DEBUG oslo_service.service [req-31762718-f534-4a3e-b339-2ba1593c5b05 - - - - -] glance.enable_certificate_validation = False log_opt_values /usr/lib/python3/dist-packages/oslo_config/cfg.py:2609
2025-07-31 00:37:08.730 140399 DEBUG oslo_service.service [req-31762718-f534-4a3e-b339-2ba1593c5b05 - - - - -] glance.enable_rbd_download = False log_opt_values /usr/lib/python3/dist-packages/oslo_config/cfg.py:2609
2025-07-31 00:37:08.730 140399 DEBUG oslo_service.service [req-31762718-f534-4a3e-b339-2ba1593c5b05 - - - - -] glance.endpoint_override = None log_opt_values /usr/lib/python3/dist-packages/oslo_config/cfg.py:2609
2025-07-31 00:37:08.730 140399 DEBUG oslo_service.service [req-31762718-f534-4a3e-b339-2ba1593c5b05 - - - - -] glance.insecure = False log_opt_values /usr/lib/python3/dist-packages/oslo_config/cfg.py:2609
2025-07-31 00:37:08.730 140399 DEBUG oslo_service.service [req-31762718-f534-4a3e-b339-2ba1593c5b05 - - - - -] glance.keyfile = None log_opt_values /usr/lib/python3/dist-packages/oslo_config/cfg.py:2609
2025-07-31 00:37:08.731 140399 DEBUG oslo_service.service [req-31762718-f534-4a3e-b339-2ba1593c5b05 - - - - -] glance.max_version = None log_opt_values /usr/lib/python3/dist-packages/oslo_config/cfg.py:2609
2025-07-31 00:37:08.731 140399 DEBUG oslo_service.service [req-31762718-f534-4a3e-b339-2ba1593c5b05 - - - - -] glance.min_version = None log_opt_values /usr/lib/python3/dist-packages/oslo_config/cfg.py:2609
2025-07-31 00:37:08.731 140399 DEBUG oslo_service.service [req-31762718-f534-4a3e-b339-2ba1593c5b05 - - - - -] glance.num_retries = 3 log_opt_values /usr/lib/python3/dist-packages/oslo_config/cfg.py:2609
2025-07-31 00:37:08.731 140399 DEBUG oslo_service.service [req-31762718-f534-4a3e-b339-2ba1593c5b05 - - - - -] glance.rbd_ceph_conf = log_opt_values /usr/lib/python3/dist-packages/oslo_config/cfg.py:2609
2025-07-31 00:37:08.731 140399 DEBUG oslo_service.service [req-31762718-f534-4a3e-b339-2ba1593c5b05 - - - - -] glance.rbd_connect_timeout = 5 log_opt_values /usr/lib/python3/dist-packages/oslo_config/cfg.py:2609
2025-07-31 00:37:08.731 140399 DEBUG oslo_service.service [req-31762718-f534-4a3e-b339-2ba1593c5b05 - - - - -] glance.rbd_pool = log_opt_values /usr/lib/python3/dist-packages/oslo_config/cfg.py:2609
2025-07-31 00:37:08.732 140399 DEBUG oslo_service.service [req-31762718-f534-4a3e-b339-2ba1593c5b05 - - - - -] glance.rbd_user = log_opt_values /usr/lib/python3/dist-packages/oslo_config/cfg.py:2609
2025-07-31 00:37:08.732 140399 DEBUG oslo_service.service [req-31762718-f534-4a3e-b339-2ba1593c5b05 - - - - -] glance.region_name = None log_opt_values /usr/lib/python3/dist-packages/oslo_config/cfg.py:2609
2025-07-31 00:37:08.732 140399 DEBUG oslo_service.service [req-31762718-f534-4a3e-b339-2ba1593c5b05 - - - - -] glance.service_name = None log_opt_values /usr/lib/python3/dist-packages/oslo_config/cfg.py:2609
2025-07-31 00:37:08.732 140399 DEBUG oslo_service.service [req-31762718-f534-4a3e-b339-2ba1593c5b05 - - - - -] glance.service_type = image log_opt_values /usr/lib/python3/dist-packages/oslo_config/cfg.py:2609
2025-07-31 00:37:08.732 140399 DEBUG oslo_service.service [req-31762718-f534-4a3e-b339-2ba1593c5b05 - - - - -] glance.split_loggers = False log_opt_values /usr/lib/python3/dist-packages/oslo_config/cfg.py:2609
2025-07-31 00:37:08.732 140399 DEBUG oslo_service.service [req-31762718-f534-4a3e-b339-2ba1593c5b05 - - - - -] glance.status_code_retries = None log_opt_values /usr/lib/python3/dist-packages/oslo_config/cfg.py:2609
2025-07-31 00:37:08.733 140399 DEBUG oslo_service.service [req-31762718-f534-4a3e-b339-2ba1593c5b05 - - - - -] glance.status_code_retry_delay = None log_opt_values /usr/lib/python3/dist-packages/oslo_config/cfg.py:2609
2025-07-31 00:37:08.733 140399 DEBUG oslo_service.service [req-31762718-f534-4a3e-b339-2ba1593c5b05 - - - - -] glance.timeout = None log_opt_values /usr/lib/python3/dist-packages/oslo_config/cfg.py:2609
2025-07-31 00:37:08.733 140399 DEBUG oslo_service.service [req-31762718-f534-4a3e-b339-2ba1593c5b05 - - - - -] glance.valid_interfaces = ['internal', 'public'] log_opt_values /usr/lib/python3/dist-packages/oslo_config/cfg.py:2609
2025-07-31 00:37:08.733 140399 DEBUG oslo_service.service [req-31762718-f534-4a3e-b339-2ba1593c5b05 - - - - -] glance.verify_glance_signatures = False log_opt_values /usr/lib/python3/dist-packages/oslo_config/cfg.py:2609
2025-07-31 00:37:08.733 140399 DEBUG oslo_service.service [req-31762718-f534-4a3e-b339-2ba1593c5b05 - - - - -] glance.version = None log_opt_values /usr/lib/python3/dist-packages/oslo_config/cfg.py:2609
2025-07-31 00:37:08.733 140399 DEBUG oslo_service.service [req-31762718-f534-4a3e-b339-2ba1593c5b05 - - - - -] guestfs.debug = False log_opt_values /usr/lib/python3/dist-packages/oslo_config/cfg.py:2609
2025-07-31 00:37:08.734 140399 DEBUG oslo_service.service [req-31762718-f534-4a3e-b339-2ba1593c5b05 - - - - -] hyperv.config_drive_cdrom = False log_opt_values /usr/lib/python3/dist-packages/oslo_config/cfg.py:2609
2025-07-31 00:37:08.734 140399 DEBUG oslo_service.service [req-31762718-f534-4a3e-b339-2ba1593c5b05 - - - - -] hyperv.config_drive_inject_password = False log_opt_values /usr/lib/python3/dist-packages/oslo_config/cfg.py:2609
2025-07-31 00:37:08.734 140399 DEBUG oslo_service.service [req-31762718-f534-4a3e-b339-2ba1593c5b05 - - - - -] hyperv.dynamic_memory_ratio = 1.0 log_opt_values /usr/lib/python3/dist-packages/oslo_config/cfg.py:2609
2025-07-31 00:37:08.734 140399 DEBUG oslo_service.service [req-31762718-f534-4a3e-b339-2ba1593c5b05 - - - - -] hyperv.enable_instance_metrics_collection = False log_opt_values /usr/lib/python3/dist-packages/oslo_config/cfg.py:2609
2025-07-31 00:37:08.734 140399 DEBUG oslo_service.service [req-31762718-f534-4a3e-b339-2ba1593c5b05 - - - - -] hyperv.enable_remotefx = False log_opt_values /usr/lib/python3/dist-packages/oslo_config/cfg.py:2609
2025-07-31 00:37:08.734 140399 DEBUG oslo_service.service [req-31762718-f534-4a3e-b339-2ba1593c5b05 - - - - -] hyperv.instances_path_share = log_opt_values /usr/lib/python3/dist-packages/oslo_config/cfg.py:2609
2025-07-31 00:37:08.735 140399 DEBUG oslo_service.service [req-31762718-f534-4a3e-b339-2ba1593c5b05 - - - - -] hyperv.iscsi_initiator_list = [] log_opt_values /usr/lib/python3/dist-packages/oslo_config/cfg.py:2609
2025-07-31 00:37:08.735 140399 DEBUG oslo_service.service [req-31762718-f534-4a3e-b339-2ba1593c5b05 - - - - -] hyperv.limit_cpu_features = False log_opt_values /usr/lib/python3/dist-packages/oslo_config/cfg.py:2609
2025-07-31 00:37:08.735 140399 DEBUG oslo_service.service [req-31762718-f534-4a3e-b339-2ba1593c5b05 - - - - -] hyperv.mounted_disk_query_retry_count = 10 log_opt_values /usr/lib/python3/dist-packages/oslo_config/cfg.py:2609
2025-07-31 00:37:08.735 140399 DEBUG oslo_service.service [req-31762718-f534-4a3e-b339-2ba1593c5b05 - - - - -] hyperv.mounted_disk_query_retry_interval = 5 log_opt_values /usr/lib/python3/dist-packages/oslo_config/cfg.py:2609
2025-07-31 00:37:08.735 140399 DEBUG oslo_service.service [req-31762718-f534-4a3e-b339-2ba1593c5b05 - - - - -] hyperv.power_state_check_timeframe = 60 log_opt_values /usr/lib/python3/dist-packages/oslo_config/cfg.py:2609
2025-07-31 00:37:08.735 140399 DEBUG oslo_service.service [req-31762718-f534-4a3e-b339-2ba1593c5b05 - - - - -] hyperv.power_state_event_polling_interval = 2 log_opt_values /usr/lib/python3/dist-packages/oslo_config/cfg.py:2609
2025-07-31 00:37:08.736 140399 DEBUG oslo_service.service [req-31762718-f534-4a3e-b339-2ba1593c5b05 - - - - -] hyperv.qemu_img_cmd = qemu-img.exe log_opt_values /usr/lib/python3/dist-packages/oslo_config/cfg.py:2609
2025-07-31 00:37:08.736 140399 DEBUG oslo_service.service [req-31762718-f534-4a3e-b339-2ba1593c5b05 - - - - -] hyperv.use_multipath_io = False log_opt_values /usr/lib/python3/dist-packages/oslo_config/cfg.py:2609
2025-07-31 00:37:08.736 140399 DEBUG oslo_service.service [req-31762718-f534-4a3e-b339-2ba1593c5b05 - - - - -] hyperv.volume_attach_retry_count = 10 log_opt_values /usr/lib/python3/dist-packages/oslo_config/cfg.py:2609
2025-07-31 00:37:08.736 140399 DEBUG oslo_service.service [req-31762718-f534-4a3e-b339-2ba1593c5b05 - - - - -] hyperv.volume_attach_retry_interval = 5 log_opt_values /usr/lib/python3/dist-packages/oslo_config/cfg.py:2609
2025-07-31 00:37:08.736 140399 DEBUG oslo_service.service [req-31762718-f534-4a3e-b339-2ba1593c5b05 - - - - -] hyperv.vswitch_name = None log_opt_values /usr/lib/python3/dist-packages/oslo_config/cfg.py:2609
2025-07-31 00:37:08.736 140708 DEBUG oslo_messaging._drivers.amqpdriver [-] Listener is running poll /usr/lib/python3/dist-packages/oslo_messaging/_drivers/amqpdriver.py:343
2025-07-31 00:37:08.736 140399 DEBUG oslo_service.service [req-31762718-f534-4a3e-b339-2ba1593c5b05 - - - - -] hyperv.wait_soft_reboot_seconds = 60 log_opt_values /usr/lib/python3/dist-packages/oslo_config/cfg.py:2609
2025-07-31 00:37:08.738 140708 DEBUG oslo_messaging._drivers.amqpdriver [-] AMQPListener connection consume poll /usr/lib/python3/dist-packages/oslo_messaging/_drivers/amqpdriver.py:357
2025-07-31 00:37:08.738 140399 DEBUG oslo_service.service [req-31762718-f534-4a3e-b339-2ba1593c5b05 - - - - -] mks.enabled = False log_opt_values /usr/lib/python3/dist-packages/oslo_config/cfg.py:2609
2025-07-31 00:37:08.738 140399 DEBUG oslo_service.service [req-31762718-f534-4a3e-b339-2ba1593c5b05 - - - - -] mks.mksproxy_base_url = http://127.0.0.1:6090/ log_opt_values /usr/lib/python3/dist-packages/oslo_config/cfg.py:2609
2025-07-31 00:37:08.738 140708 DEBUG nova.service [req-0080715c-6ef3-47a5-8562-7f35be756b2f - - - - -] Join ServiceGroup membership for this service scheduler start /usr/lib/python3/dist-packages/nova/service.py:199
2025-07-31 00:37:08.739 140399 DEBUG oslo_service.service [req-31762718-f534-4a3e-b339-2ba1593c5b05 - - - - -] image_cache.manager_interval = 2400 log_opt_values /usr/lib/python3/dist-packages/oslo_config/cfg.py:2609
2025-07-31 00:37:08.739 140399 DEBUG oslo_service.service [req-31762718-f534-4a3e-b339-2ba1593c5b05 - - - - -] image_cache.precache_concurrency = 1 log_opt_values /usr/lib/python3/dist-packages/oslo_config/cfg.py:2609
2025-07-31 00:37:08.739 140708 DEBUG nova.servicegroup.drivers.db [req-0080715c-6ef3-47a5-8562-7f35be756b2f - - - - -] DB_Driver: join new ServiceGroup member juju-c4a508-0-lxd-7 to the scheduler group, service = join /usr/lib/python3/dist-packages/nova/servicegroup/drivers/db.py:44
2025-07-31 00:37:08.739 140399 DEBUG oslo_service.service [req-31762718-f534-4a3e-b339-2ba1593c5b05 - - - - -] image_cache.remove_unused_base_images = True log_opt_values /usr/lib/python3/dist-packages/oslo_config/cfg.py:2609
2025-07-31 00:37:08.739 140399 DEBUG oslo_service.service [req-31762718-f534-4a3e-b339-2ba1593c5b05 - - - - -] image_cache.remove_unused_original_minimum_age_seconds = 86400 log_opt_values /usr/lib/python3/dist-packages/oslo_config/cfg.py:2609
2025-07-31 00:37:08.739 140399 DEBUG oslo_service.service [req-31762718-f534-4a3e-b339-2ba1593c5b05 - - - - -] image_cache.remove_unused_resized_minimum_age_seconds = 3600 log_opt_values /usr/lib/python3/dist-packages/oslo_config/cfg.py:2609
2025-07-31 00:37:08.739 140399 DEBUG oslo_service.service [req-31762718-f534-4a3e-b339-2ba1593c5b05 - - - - -] image_cache.subdirectory_name = _base log_opt_values /usr/lib/python3/dist-packages/oslo_config/cfg.py:2609
2025-07-31 00:37:08.740 140399 DEBUG oslo_service.service [req-31762718-f534-4a3e-b339-2ba1593c5b05 - - - - -] ironic.api_max_retries = 60 log_opt_values /usr/lib/python3/dist-packages/oslo_config/cfg.py:2609
2025-07-31 00:37:08.740 140399 DEBUG oslo_service.service [req-31762718-f534-4a3e-b339-2ba1593c5b05 - - - - -] ironic.api_retry_interval = 2 log_opt_values /usr/lib/python3/dist-packages/oslo_config/cfg.py:2609
2025-07-31 00:37:08.741 140399 DEBUG oslo_service.service [req-31762718-f534-4a3e-b339-2ba1593c5b05 - - - - -] ironic.auth_section = None log_opt_values /usr/lib/python3/dist-packages/oslo_config/cfg.py:2609
2025-07-31 00:37:08.741 140399 DEBUG oslo_service.service [req-31762718-f534-4a3e-b339-2ba1593c5b05 - - - - -] ironic.auth_type = None log_opt_values /usr/lib/python3/dist-packages/oslo_config/cfg.py:2609
2025-07-31 00:37:08.741 140399 DEBUG oslo_service.service [req-31762718-f534-4a3e-b339-2ba1593c5b05 - - - - -] ironic.cafile = None log_opt_values /usr/lib/python3/dist-packages/oslo_config/cfg.py:2609
2025-07-31 00:37:08.741 140399 DEBUG oslo_service.service [req-31762718-f534-4a3e-b339-2ba1593c5b05 - - - - -] ironic.certfile = None log_opt_values /usr/lib/python3/dist-packages/oslo_config/cfg.py:2609
2025-07-31 00:37:08.741 140708 DEBUG oslo_messaging._drivers.amqpdriver [-] AMQPListener connection timeout poll /usr/lib/python3/dist-packages/oslo_messaging/_drivers/amqpdriver.py:360
2025-07-31 00:37:08.742 140399 DEBUG oslo_service.service [req-31762718-f534-4a3e-b339-2ba1593c5b05 - - - - -] ironic.collect_timing = False log_opt_values /usr/lib/python3/dist-packages/oslo_config/cfg.py:2609
2025-07-31 00:37:08.742 140708 DEBUG oslo_messaging._drivers.amqpdriver [-] Listener is running poll /usr/lib/python3/dist-packages/oslo_messaging/_drivers/amqpdriver.py:343
2025-07-31 00:37:08.742 140708 DEBUG oslo_messaging._drivers.amqpdriver [-] AMQPListener connection consume poll /usr/lib/python3/dist-packages/oslo_messaging/_drivers/amqpdriver.py:357
2025-07-31 00:37:08.742 140399 DEBUG oslo_service.service [req-31762718-f534-4a3e-b339-2ba1593c5b05 - - - - -] ironic.connect_retries = None log_opt_values /usr/lib/python3/dist-packages/oslo_config/cfg.py:2609
2025-07-31 00:37:08.742 140399 DEBUG oslo_service.service [req-31762718-f534-4a3e-b339-2ba1593c5b05 - - - - -] ironic.connect_retry_delay = None log_opt_values /usr/lib/python3/dist-packages/oslo_config/cfg.py:2609
2025-07-31 00:37:08.742 140399 DEBUG oslo_service.service [req-31762718-f534-4a3e-b339-2ba1593c5b05 - - - - -] ironic.endpoint_override = None log_opt_values /usr/lib/python3/dist-packages/oslo_config/cfg.py:2609
2025-07-31 00:37:08.742 140399 DEBUG oslo_service.service [req-31762718-f534-4a3e-b339-2ba1593c5b05 - - - - -] ironic.insecure = False log_opt_values /usr/lib/python3/dist-packages/oslo_config/cfg.py:2609
2025-07-31 00:37:08.742 140399 DEBUG oslo_service.service [req-31762718-f534-4a3e-b339-2ba1593c5b05 - - - - -] ironic.keyfile = None log_opt_values /usr/lib/python3/dist-packages/oslo_config/cfg.py:2609
2025-07-31 00:37:08.743 140399 DEBUG oslo_service.service [req-31762718-f534-4a3e-b339-2ba1593c5b05 - - - - -] ironic.max_version = None log_opt_values /usr/lib/python3/dist-packages/oslo_config/cfg.py:2609
2025-07-31 00:37:08.743 140399 DEBUG oslo_service.service [req-31762718-f534-4a3e-b339-2ba1593c5b05 - - - - -] ironic.min_version = None log_opt_values /usr/lib/python3/dist-packages/oslo_config/cfg.py:2609
2025-07-31 00:37:08.743 140399 DEBUG oslo_service.service [req-31762718-f534-4a3e-b339-2ba1593c5b05 - - - - -] ironic.partition_key = None log_opt_values /usr/lib/python3/dist-packages/oslo_config/cfg.py:2609
2025-07-31 00:37:08.743 140399 DEBUG oslo_service.service [req-31762718-f534-4a3e-b339-2ba1593c5b05 - - - - -] ironic.peer_list = [] log_opt_values /usr/lib/python3/dist-packages/oslo_config/cfg.py:2609
2025-07-31 00:37:08.743 140399 DEBUG oslo_service.service [req-31762718-f534-4a3e-b339-2ba1593c5b05 - - - - -] ironic.region_name = None log_opt_values /usr/lib/python3/dist-packages/oslo_config/cfg.py:2609
2025-07-31 00:37:08.743 140399 DEBUG oslo_service.service [req-31762718-f534-4a3e-b339-2ba1593c5b05 - - - - -] ironic.serial_console_state_timeout = 10 log_opt_values /usr/lib/python3/dist-packages/oslo_config/cfg.py:2609
2025-07-31 00:37:08.744 140399 DEBUG oslo_service.service [req-31762718-f534-4a3e-b339-2ba1593c5b05 - - - - -] ironic.service_name = None log_opt_values /usr/lib/python3/dist-packages/oslo_config/cfg.py:2609
2025-07-31 00:37:08.744 140399 DEBUG oslo_service.service [req-31762718-f534-4a3e-b339-2ba1593c5b05 - - - - -] ironic.service_type = baremetal log_opt_values /usr/lib/python3/dist-packages/oslo_config/cfg.py:2609
2025-07-31 00:37:08.744 140399 DEBUG oslo_service.service [req-31762718-f534-4a3e-b339-2ba1593c5b05 - - - - -] ironic.split_loggers = False log_opt_values /usr/lib/python3/dist-packages/oslo_config/cfg.py:2609
2025-07-31 00:37:08.744 140399 DEBUG oslo_service.service [req-31762718-f534-4a3e-b339-2ba1593c5b05 - - - - -] ironic.status_code_retries = None log_opt_values /usr/lib/python3/dist-packages/oslo_config/cfg.py:2609
2025-07-31 00:37:08.744 140399 DEBUG oslo_service.service [req-31762718-f534-4a3e-b339-2ba1593c5b05 - - - - -] ironic.status_code_retry_delay = None log_opt_values /usr/lib/python3/dist-packages/oslo_config/cfg.py:2609
2025-07-31 00:37:08.744 140399 DEBUG oslo_service.service [req-31762718-f534-4a3e-b339-2ba1593c5b05 - - - - -] ironic.timeout = None log_opt_values /usr/lib/python3/dist-packages/oslo_config/cfg.py:2609
2025-07-31 00:37:08.745 140399 DEBUG oslo_service.service [req-31762718-f534-4a3e-b339-2ba1593c5b05 - - - - -] ironic.valid_interfaces = ['internal', 'public'] log_opt_values /usr/lib/python3/dist-packages/oslo_config/cfg.py:2609
2025-07-31 00:37:08.745 140399 DEBUG oslo_service.service [req-31762718-f534-4a3e-b339-2ba1593c5b05 - - - - -] ironic.version = None log_opt_values /usr/lib/python3/dist-packages/oslo_config/cfg.py:2609
2025-07-31 00:37:08.745 140399 DEBUG oslo_service.service [req-31762718-f534-4a3e-b339-2ba1593c5b05 - - - - -] key_manager.backend = barbican log_opt_values /usr/lib/python3/dist-packages/oslo_config/cfg.py:2609
2025-07-31 00:37:08.745 140399 DEBUG oslo_service.service [req-31762718-f534-4a3e-b339-2ba1593c5b05 - - - - -] key_manager.fixed_key = **** log_opt_values /usr/lib/python3/dist-packages/oslo_config/cfg.py:2609
2025-07-31 00:37:08.745 140399 DEBUG oslo_service.service [req-31762718-f534-4a3e-b339-2ba1593c5b05 - - - - -] barbican.auth_endpoint = http://localhost/identity/v3 log_opt_values /usr/lib/python3/dist-packages/oslo_config/cfg.py:2609
2025-07-31 00:37:08.745 140399 DEBUG oslo_service.service [req-31762718-f534-4a3e-b339-2ba1593c5b05 - - - - -] barbican.barbican_api_version = None log_opt_values /usr/lib/python3/dist-packages/oslo_config/cfg.py:2609
2025-07-31 00:37:08.746 140399 DEBUG oslo_service.service [req-31762718-f534-4a3e-b339-2ba1593c5b05 - - - - -] barbican.barbican_endpoint = None log_opt_values /usr/lib/python3/dist-packages/oslo_config/cfg.py:2609
2025-07-31 00:37:08.746 140399 DEBUG oslo_service.service [req-31762718-f534-4a3e-b339-2ba1593c5b05 - - - - -] barbican.barbican_endpoint_type = public log_opt_values /usr/lib/python3/dist-packages/oslo_config/cfg.py:2609
2025-07-31 00:37:08.746 140399 DEBUG oslo_service.service [req-31762718-f534-4a3e-b339-2ba1593c5b05 - - - - -] barbican.barbican_region_name = None log_opt_values /usr/lib/python3/dist-packages/oslo_config/cfg.py:2609
2025-07-31 00:37:08.746 140399 DEBUG oslo_service.service [req-31762718-f534-4a3e-b339-2ba1593c5b05 - - - - -] barbican.cafile = None log_opt_values /usr/lib/python3/dist-packages/oslo_config/cfg.py:2609
2025-07-31 00:37:08.746 140399 DEBUG oslo_service.service [req-31762718-f534-4a3e-b339-2ba1593c5b05 - - - - -] barbican.certfile = None log_opt_values /usr/lib/python3/dist-packages/oslo_config/cfg.py:2609
2025-07-31 00:37:08.746 140399 DEBUG oslo_service.service [req-31762718-f534-4a3e-b339-2ba1593c5b05 - - - - -] barbican.collect_timing = False log_opt_values /usr/lib/python3/dist-packages/oslo_config/cfg.py:2609
2025-07-31 00:37:08.747 140399 DEBUG oslo_service.service [req-31762718-f534-4a3e-b339-2ba1593c5b05 - - - - -] barbican.insecure = False log_opt_values /usr/lib/python3/dist-packages/oslo_config/cfg.py:2609
2025-07-31 00:37:08.747 140399 DEBUG oslo_service.service [req-31762718-f534-4a3e-b339-2ba1593c5b05 - - - - -] barbican.keyfile = None log_opt_values /usr/lib/python3/dist-packages/oslo_config/cfg.py:2609
2025-07-31 00:37:08.747 140399 DEBUG oslo_service.service [req-31762718-f534-4a3e-b339-2ba1593c5b05 - - - - -] barbican.number_of_retries = 60 log_opt_values /usr/lib/python3/dist-packages/oslo_config/cfg.py:2609
2025-07-31 00:37:08.747 140399 DEBUG oslo_service.service [req-31762718-f534-4a3e-b339-2ba1593c5b05 - - - - -] barbican.retry_delay = 1 log_opt_values /usr/lib/python3/dist-packages/oslo_config/cfg.py:2609
2025-07-31 00:37:08.747 140399 DEBUG oslo_service.service [req-31762718-f534-4a3e-b339-2ba1593c5b05 - - - - -] barbican.send_service_user_token = False log_opt_values /usr/lib/python3/dist-packages/oslo_config/cfg.py:2609
2025-07-31 00:37:08.747 140399 DEBUG oslo_service.service [req-31762718-f534-4a3e-b339-2ba1593c5b05 - - - - -] barbican.split_loggers = False log_opt_values /usr/lib/python3/dist-packages/oslo_config/cfg.py:2609
2025-07-31 00:37:08.747 140399 DEBUG oslo_service.service [req-31762718-f534-4a3e-b339-2ba1593c5b05 - - - - -] barbican.timeout = None log_opt_values /usr/lib/python3/dist-packages/oslo_config/cfg.py:2609
2025-07-31 00:37:08.748 140399 DEBUG oslo_service.service [req-31762718-f534-4a3e-b339-2ba1593c5b05 - - - - -] barbican.verify_ssl = True log_opt_values /usr/lib/python3/dist-packages/oslo_config/cfg.py:2609
2025-07-31 00:37:08.748 140399 DEBUG oslo_service.service [req-31762718-f534-4a3e-b339-2ba1593c5b05 - - - - -] barbican.verify_ssl_path = None log_opt_values /usr/lib/python3/dist-packages/oslo_config/cfg.py:2609
2025-07-31 00:37:08.748 140399 DEBUG oslo_service.service [req-31762718-f534-4a3e-b339-2ba1593c5b05 - - - - -] barbican_service_user.auth_section = None log_opt_values /usr/lib/python3/dist-packages/oslo_config/cfg.py:2609
2025-07-31 00:37:08.748 140399 DEBUG oslo_service.service [req-31762718-f534-4a3e-b339-2ba1593c5b05 - - - - -] barbican_service_user.auth_type = None log_opt_values /usr/lib/python3/dist-packages/oslo_config/cfg.py:2609
2025-07-31 00:37:08.748 140399 DEBUG oslo_service.service [req-31762718-f534-4a3e-b339-2ba1593c5b05 - - - - -] barbican_service_user.cafile = None log_opt_values /usr/lib/python3/dist-packages/oslo_config/cfg.py:2609
2025-07-31 00:37:08.748 140399 DEBUG oslo_service.service [req-31762718-f534-4a3e-b339-2ba1593c5b05 - - - - -] barbican_service_user.certfile = None log_opt_values /usr/lib/python3/dist-packages/oslo_config/cfg.py:2609
2025-07-31 00:37:08.748 140399 DEBUG oslo_service.service [req-31762718-f534-4a3e-b339-2ba1593c5b05 - - - - -] barbican_service_user.collect_timing = False log_opt_values /usr/lib/python3/dist-packages/oslo_config/cfg.py:2609
2025-07-31 00:37:08.749 140399 DEBUG oslo_service.service [req-31762718-f534-4a3e-b339-2ba1593c5b05 - - - - -] barbican_service_user.insecure = False log_opt_values /usr/lib/python3/dist-packages/oslo_config/cfg.py:2609
