2025-07-31 00:36:28.198 125659 DEBUG oslo_service.service [req-e9c283b2-3153-48ab-8dec-e130cc89c46e - - - - -] filter_scheduler.max_instances_per_host = 50 log_opt_values /usr/lib/python3/dist-packages/oslo_config/cfg.py:2609
2025-07-31 00:36:28.197 126551 DEBUG nova.service [req-52dcbbdd-c23a-4643-bb98-91068156d2cd - - - - -] Join ServiceGroup membership for this service conductor start /usr/lib/python3/dist-packages/nova/service.py:199
2025-07-31 00:36:28.198 125659 DEBUG oslo_service.service [req-e9c283b2-3153-48ab-8dec-e130cc89c46e - - - - -] filter_scheduler.max_io_ops_per_host = 8 log_opt_values /usr/lib/python3/dist-packages/oslo_config/cfg.py:2609
2025-07-31 00:36:28.199 125659 DEBUG oslo_service.service [req-e9c283b2-3153-48ab-8dec-e130cc89c46e - - - - -] filter_scheduler.pci_weight_multiplier = 1.0 log_opt_values /usr/lib/python3/dist-packages/oslo_config/cfg.py:2609
2025-07-31 00:36:28.199 125659 DEBUG oslo_service.service [req-e9c283b2-3153-48ab-8dec-e130cc89c46e - - - - -] filter_scheduler.ram_weight_multiplier = 1.0 log_opt_values /usr/lib/python3/dist-packages/oslo_config/cfg.py:2609
2025-07-31 00:36:28.198 126551 DEBUG nova.servicegroup.drivers.db [req-52dcbbdd-c23a-4643-bb98-91068156d2cd - - - - -] DB_Driver: join new ServiceGroup member juju-c4a508-0-lxd-7 to the conductor group, service = join /usr/lib/python3/dist-packages/nova/servicegroup/drivers/db.py:44
2025-07-31 00:36:28.198 126549 DEBUG nova.service [req-ebef0530-b408-4ae8-aa34-ac683e5ca310 - - - - -] Join ServiceGroup membership for this service conductor start /usr/lib/python3/dist-packages/nova/service.py:199
2025-07-31 00:36:28.200 126549 DEBUG nova.servicegroup.drivers.db [req-ebef0530-b408-4ae8-aa34-ac683e5ca310 - - - - -] DB_Driver: join new ServiceGroup member juju-c4a508-0-lxd-7 to the conductor group, service = join /usr/lib/python3/dist-packages/nova/servicegroup/drivers/db.py:44
2025-07-31 00:36:28.199 125659 DEBUG oslo_service.service [req-e9c283b2-3153-48ab-8dec-e130cc89c46e - - - - -] filter_scheduler.restrict_isolated_hosts_to_isolated_images = True log_opt_values /usr/lib/python3/dist-packages/oslo_config/cfg.py:2609
2025-07-31 00:36:28.201 125659 DEBUG oslo_service.service [req-e9c283b2-3153-48ab-8dec-e130cc89c46e - - - - -] filter_scheduler.shuffle_best_same_weighed_hosts = False log_opt_values /usr/lib/python3/dist-packages/oslo_config/cfg.py:2609
2025-07-31 00:36:28.202 125659 DEBUG oslo_service.service [req-e9c283b2-3153-48ab-8dec-e130cc89c46e - - - - -] filter_scheduler.soft_affinity_weight_multiplier = 1.0 log_opt_values /usr/lib/python3/dist-packages/oslo_config/cfg.py:2609
2025-07-31 00:36:28.203 125659 DEBUG oslo_service.service [req-e9c283b2-3153-48ab-8dec-e130cc89c46e - - - - -] filter_scheduler.soft_anti_affinity_weight_multiplier = 1.0 log_opt_values /usr/lib/python3/dist-packages/oslo_config/cfg.py:2609
2025-07-31 00:36:28.203 126551 DEBUG oslo_messaging._drivers.amqpdriver [-] AMQPListener connection timeout poll /usr/lib/python3/dist-packages/oslo_messaging/_drivers/amqpdriver.py:360
2025-07-31 00:36:28.204 126551 DEBUG oslo_messaging._drivers.amqpdriver [-] Listener is running poll /usr/lib/python3/dist-packages/oslo_messaging/_drivers/amqpdriver.py:343
2025-07-31 00:36:28.204 126551 DEBUG oslo_messaging._drivers.amqpdriver [-] AMQPListener connection consume poll /usr/lib/python3/dist-packages/oslo_messaging/_drivers/amqpdriver.py:357
2025-07-31 00:36:28.204 126549 DEBUG oslo_messaging._drivers.amqpdriver [-] AMQPListener connection timeout poll /usr/lib/python3/dist-packages/oslo_messaging/_drivers/amqpdriver.py:360
2025-07-31 00:36:28.203 125659 DEBUG oslo_service.service [req-e9c283b2-3153-48ab-8dec-e130cc89c46e - - - - -] filter_scheduler.track_instance_changes = True log_opt_values /usr/lib/python3/dist-packages/oslo_config/cfg.py:2609
2025-07-31 00:36:28.205 126549 DEBUG oslo_messaging._drivers.amqpdriver [-] Listener is running poll /usr/lib/python3/dist-packages/oslo_messaging/_drivers/amqpdriver.py:343
2025-07-31 00:36:28.205 126549 DEBUG oslo_messaging._drivers.amqpdriver [-] AMQPListener connection consume poll /usr/lib/python3/dist-packages/oslo_messaging/_drivers/amqpdriver.py:357
2025-07-31 00:36:28.206 125659 DEBUG oslo_service.service [req-e9c283b2-3153-48ab-8dec-e130cc89c46e - - - - -] filter_scheduler.weight_classes = ['nova.scheduler.weights.all_weighers'] log_opt_values /usr/lib/python3/dist-packages/oslo_config/cfg.py:2609
2025-07-31 00:36:28.207 125659 DEBUG oslo_service.service [req-e9c283b2-3153-48ab-8dec-e130cc89c46e - - - - -] metrics.required = True log_opt_values /usr/lib/python3/dist-packages/oslo_config/cfg.py:2609
2025-07-31 00:36:28.206 126553 DEBUG oslo_messaging._drivers.amqpdriver [-] Listener is running poll /usr/lib/python3/dist-packages/oslo_messaging/_drivers/amqpdriver.py:343
2025-07-31 00:36:28.207 125659 DEBUG oslo_service.service [req-e9c283b2-3153-48ab-8dec-e130cc89c46e - - - - -] metrics.weight_multiplier = 1.0 log_opt_values /usr/lib/python3/dist-packages/oslo_config/cfg.py:2609
2025-07-31 00:36:28.207 126553 DEBUG oslo_messaging._drivers.amqpdriver [-] AMQPListener connection consume poll /usr/lib/python3/dist-packages/oslo_messaging/_drivers/amqpdriver.py:357
2025-07-31 00:36:28.207 125659 DEBUG oslo_service.service [req-e9c283b2-3153-48ab-8dec-e130cc89c46e - - - - -] metrics.weight_of_unavailable = -10000.0 log_opt_values /usr/lib/python3/dist-packages/oslo_config/cfg.py:2609
2025-07-31 00:36:28.208 125659 DEBUG oslo_service.service [req-e9c283b2-3153-48ab-8dec-e130cc89c46e - - - - -] metrics.weight_setting = [] log_opt_values /usr/lib/python3/dist-packages/oslo_config/cfg.py:2609
2025-07-31 00:36:28.208 125659 DEBUG oslo_service.service [req-e9c283b2-3153-48ab-8dec-e130cc89c46e - - - - -] serial_console.base_url = wss://252.65.59.237:6083/ log_opt_values /usr/lib/python3/dist-packages/oslo_config/cfg.py:2609
2025-07-31 00:36:28.209 125659 DEBUG oslo_service.service [req-e9c283b2-3153-48ab-8dec-e130cc89c46e - - - - -] serial_console.enabled = False log_opt_values /usr/lib/python3/dist-packages/oslo_config/cfg.py:2609
2025-07-31 00:36:28.210 126553 DEBUG nova.service [req-49d60a68-159b-40f0-b26a-72937f3e4cf9 - - - - -] Join ServiceGroup membership for this service conductor start /usr/lib/python3/dist-packages/nova/service.py:199
2025-07-31 00:36:28.210 125659 DEBUG oslo_service.service [req-e9c283b2-3153-48ab-8dec-e130cc89c46e - - - - -] serial_console.port_range = 10000:20000 log_opt_values /usr/lib/python3/dist-packages/oslo_config/cfg.py:2609
2025-07-31 00:36:28.210 125659 DEBUG oslo_service.service [req-e9c283b2-3153-48ab-8dec-e130cc89c46e - - - - -] serial_console.proxyclient_address = 127.0.0.1 log_opt_values /usr/lib/python3/dist-packages/oslo_config/cfg.py:2609
2025-07-31 00:36:28.211 125659 DEBUG oslo_service.service [req-e9c283b2-3153-48ab-8dec-e130cc89c46e - - - - -] serial_console.serialproxy_host = 0.0.0.0 log_opt_values /usr/lib/python3/dist-packages/oslo_config/cfg.py:2609
2025-07-31 00:36:28.211 125659 DEBUG oslo_service.service [req-e9c283b2-3153-48ab-8dec-e130cc89c46e - - - - -] serial_console.serialproxy_port = 6083 log_opt_values /usr/lib/python3/dist-packages/oslo_config/cfg.py:2609
2025-07-31 00:36:28.211 125659 DEBUG oslo_service.service [req-e9c283b2-3153-48ab-8dec-e130cc89c46e - - - - -] service_user.auth_section = None log_opt_values /usr/lib/python3/dist-packages/oslo_config/cfg.py:2609
2025-07-31 00:36:28.211 125659 DEBUG oslo_service.service [req-e9c283b2-3153-48ab-8dec-e130cc89c46e - - - - -] service_user.auth_type = password log_opt_values /usr/lib/python3/dist-packages/oslo_config/cfg.py:2609
2025-07-31 00:36:28.210 126553 DEBUG nova.servicegroup.drivers.db [req-49d60a68-159b-40f0-b26a-72937f3e4cf9 - - - - -] DB_Driver: join new ServiceGroup member juju-c4a508-0-lxd-7 to the conductor group, service = join /usr/lib/python3/dist-packages/nova/servicegroup/drivers/db.py:44
2025-07-31 00:36:28.212 125659 DEBUG oslo_service.service [req-e9c283b2-3153-48ab-8dec-e130cc89c46e - - - - -] service_user.cafile = None log_opt_values /usr/lib/python3/dist-packages/oslo_config/cfg.py:2609
2025-07-31 00:36:28.213 126553 DEBUG oslo_messaging._drivers.amqpdriver [-] AMQPListener connection timeout poll /usr/lib/python3/dist-packages/oslo_messaging/_drivers/amqpdriver.py:360
2025-07-31 00:36:28.213 125659 DEBUG oslo_service.service [req-e9c283b2-3153-48ab-8dec-e130cc89c46e - - - - -] service_user.certfile = None log_opt_values /usr/lib/python3/dist-packages/oslo_config/cfg.py:2609
2025-07-31 00:36:28.213 125659 DEBUG oslo_service.service [req-e9c283b2-3153-48ab-8dec-e130cc89c46e - - - - -] service_user.collect_timing = False log_opt_values /usr/lib/python3/dist-packages/oslo_config/cfg.py:2609
2025-07-31 00:36:28.213 125659 DEBUG oslo_service.service [req-e9c283b2-3153-48ab-8dec-e130cc89c46e - - - - -] service_user.insecure = False log_opt_values /usr/lib/python3/dist-packages/oslo_config/cfg.py:2609
2025-07-31 00:36:28.213 125659 DEBUG oslo_service.service [req-e9c283b2-3153-48ab-8dec-e130cc89c46e - - - - -] service_user.keyfile = None log_opt_values /usr/lib/python3/dist-packages/oslo_config/cfg.py:2609
2025-07-31 00:36:28.214 125659 DEBUG oslo_service.service [req-e9c283b2-3153-48ab-8dec-e130cc89c46e - - - - -] service_user.send_service_user_token = True log_opt_values /usr/lib/python3/dist-packages/oslo_config/cfg.py:2609
2025-07-31 00:36:28.214 125659 DEBUG oslo_service.service [req-e9c283b2-3153-48ab-8dec-e130cc89c46e - - - - -] service_user.split_loggers = False log_opt_values /usr/lib/python3/dist-packages/oslo_config/cfg.py:2609
2025-07-31 00:36:28.214 126553 DEBUG oslo_messaging._drivers.amqpdriver [-] Listener is running poll /usr/lib/python3/dist-packages/oslo_messaging/_drivers/amqpdriver.py:343
2025-07-31 00:36:28.215 125659 DEBUG oslo_service.service [req-e9c283b2-3153-48ab-8dec-e130cc89c46e - - - - -] service_user.timeout = None log_opt_values /usr/lib/python3/dist-packages/oslo_config/cfg.py:2609
2025-07-31 00:36:28.216 126553 DEBUG oslo_messaging._drivers.amqpdriver [-] AMQPListener connection consume poll /usr/lib/python3/dist-packages/oslo_messaging/_drivers/amqpdriver.py:357
2025-07-31 00:36:28.216 125659 DEBUG oslo_service.service [req-e9c283b2-3153-48ab-8dec-e130cc89c46e - - - - -] spice.agent_enabled = True log_opt_values /usr/lib/python3/dist-packages/oslo_config/cfg.py:2609
2025-07-31 00:36:28.216 125659 DEBUG oslo_service.service [req-e9c283b2-3153-48ab-8dec-e130cc89c46e - - - - -] spice.enabled = False log_opt_values /usr/lib/python3/dist-packages/oslo_config/cfg.py:2609
2025-07-31 00:36:28.217 125659 DEBUG oslo_service.service [req-e9c283b2-3153-48ab-8dec-e130cc89c46e - - - - -] spice.html5proxy_base_url = http://127.0.0.1:6082/spice_auto.html log_opt_values /usr/lib/python3/dist-packages/oslo_config/cfg.py:2609
2025-07-31 00:36:28.217 125659 DEBUG oslo_service.service [req-e9c283b2-3153-48ab-8dec-e130cc89c46e - - - - -] spice.html5proxy_host = 0.0.0.0 log_opt_values /usr/lib/python3/dist-packages/oslo_config/cfg.py:2609
2025-07-31 00:36:28.217 125659 DEBUG oslo_service.service [req-e9c283b2-3153-48ab-8dec-e130cc89c46e - - - - -] spice.html5proxy_port = 6082 log_opt_values /usr/lib/python3/dist-packages/oslo_config/cfg.py:2609
2025-07-31 00:36:28.217 125659 DEBUG oslo_service.service [req-e9c283b2-3153-48ab-8dec-e130cc89c46e - - - - -] spice.server_listen = 127.0.0.1 log_opt_values /usr/lib/python3/dist-packages/oslo_config/cfg.py:2609
2025-07-31 00:36:28.217 125659 DEBUG oslo_service.service [req-e9c283b2-3153-48ab-8dec-e130cc89c46e - - - - -] spice.server_proxyclient_address = 127.0.0.1 log_opt_values /usr/lib/python3/dist-packages/oslo_config/cfg.py:2609
2025-07-31 00:36:28.218 125659 DEBUG oslo_service.service [req-e9c283b2-3153-48ab-8dec-e130cc89c46e - - - - -] upgrade_levels.baseapi = None log_opt_values /usr/lib/python3/dist-packages/oslo_config/cfg.py:2609
2025-07-31 00:36:28.218 125659 DEBUG oslo_service.service [req-e9c283b2-3153-48ab-8dec-e130cc89c46e - - - - -] upgrade_levels.cert = None log_opt_values /usr/lib/python3/dist-packages/oslo_config/cfg.py:2609
2025-07-31 00:36:28.218 125659 DEBUG oslo_service.service [req-e9c283b2-3153-48ab-8dec-e130cc89c46e - - - - -] upgrade_levels.compute = auto log_opt_values /usr/lib/python3/dist-packages/oslo_config/cfg.py:2609
2025-07-31 00:36:28.218 125659 DEBUG oslo_service.service [req-e9c283b2-3153-48ab-8dec-e130cc89c46e - - - - -] upgrade_levels.conductor = None log_opt_values /usr/lib/python3/dist-packages/oslo_config/cfg.py:2609
2025-07-31 00:36:28.218 125659 DEBUG oslo_service.service [req-e9c283b2-3153-48ab-8dec-e130cc89c46e - - - - -] upgrade_levels.scheduler = None log_opt_values /usr/lib/python3/dist-packages/oslo_config/cfg.py:2609
2025-07-31 00:36:28.218 125659 DEBUG oslo_service.service [req-e9c283b2-3153-48ab-8dec-e130cc89c46e - - - - -] vendordata_dynamic_auth.auth_section = None log_opt_values /usr/lib/python3/dist-packages/oslo_config/cfg.py:2609
2025-07-31 00:36:28.219 125659 DEBUG oslo_service.service [req-e9c283b2-3153-48ab-8dec-e130cc89c46e - - - - -] vendordata_dynamic_auth.auth_type = None log_opt_values /usr/lib/python3/dist-packages/oslo_config/cfg.py:2609
2025-07-31 00:36:28.219 125659 DEBUG oslo_service.service [req-e9c283b2-3153-48ab-8dec-e130cc89c46e - - - - -] vendordata_dynamic_auth.cafile = None log_opt_values /usr/lib/python3/dist-packages/oslo_config/cfg.py:2609
2025-07-31 00:36:28.219 125659 DEBUG oslo_service.service [req-e9c283b2-3153-48ab-8dec-e130cc89c46e - - - - -] vendordata_dynamic_auth.certfile = None log_opt_values /usr/lib/python3/dist-packages/oslo_config/cfg.py:2609
2025-07-31 00:36:28.219 125659 DEBUG oslo_service.service [req-e9c283b2-3153-48ab-8dec-e130cc89c46e - - - - -] vendordata_dynamic_auth.collect_timing = False log_opt_values /usr/lib/python3/dist-packages/oslo_config/cfg.py:2609
2025-07-31 00:36:28.219 125659 DEBUG oslo_service.service [req-e9c283b2-3153-48ab-8dec-e130cc89c46e - - - - -] vendordata_dynamic_auth.insecure = False log_opt_values /usr/lib/python3/dist-packages/oslo_config/cfg.py:2609
2025-07-31 00:36:28.219 125659 DEBUG oslo_service.service [req-e9c283b2-3153-48ab-8dec-e130cc89c46e - - - - -] vendordata_dynamic_auth.keyfile = None log_opt_values /usr/lib/python3/dist-packages/oslo_config/cfg.py:2609
2025-07-31 00:36:28.220 125659 DEBUG oslo_service.service [req-e9c283b2-3153-48ab-8dec-e130cc89c46e - - - - -] vendordata_dynamic_auth.split_loggers = False log_opt_values /usr/lib/python3/dist-packages/oslo_config/cfg.py:2609
2025-07-31 00:36:28.220 125659 DEBUG oslo_service.service [req-e9c283b2-3153-48ab-8dec-e130cc89c46e - - - - -] vendordata_dynamic_auth.timeout = None log_opt_values /usr/lib/python3/dist-packages/oslo_config/cfg.py:2609
2025-07-31 00:36:28.220 125659 DEBUG oslo_service.service [req-e9c283b2-3153-48ab-8dec-e130cc89c46e - - - - -] vmware.api_retry_count = 10 log_opt_values /usr/lib/python3/dist-packages/oslo_config/cfg.py:2609
2025-07-31 00:36:28.220 125659 DEBUG oslo_service.service [req-e9c283b2-3153-48ab-8dec-e130cc89c46e - - - - -] vmware.ca_file = None log_opt_values /usr/lib/python3/dist-packages/oslo_config/cfg.py:2609
2025-07-31 00:36:28.220 125659 DEBUG oslo_service.service [req-e9c283b2-3153-48ab-8dec-e130cc89c46e - - - - -] vmware.cache_prefix = None log_opt_values /usr/lib/python3/dist-packages/oslo_config/cfg.py:2609
2025-07-31 00:36:28.220 125659 DEBUG oslo_service.service [req-e9c283b2-3153-48ab-8dec-e130cc89c46e - - - - -] vmware.cluster_name = None log_opt_values /usr/lib/python3/dist-packages/oslo_config/cfg.py:2609
2025-07-31 00:36:28.221 125659 DEBUG oslo_service.service [req-e9c283b2-3153-48ab-8dec-e130cc89c46e - - - - -] vmware.connection_pool_size = 10 log_opt_values /usr/lib/python3/dist-packages/oslo_config/cfg.py:2609
2025-07-31 00:36:28.221 125659 DEBUG oslo_service.service [req-e9c283b2-3153-48ab-8dec-e130cc89c46e - - - - -] vmware.console_delay_seconds = None log_opt_values /usr/lib/python3/dist-packages/oslo_config/cfg.py:2609
2025-07-31 00:36:28.221 125659 DEBUG oslo_service.service [req-e9c283b2-3153-48ab-8dec-e130cc89c46e - - - - -] vmware.datastore_regex = None log_opt_values /usr/lib/python3/dist-packages/oslo_config/cfg.py:2609
2025-07-31 00:36:28.221 125659 DEBUG oslo_service.service [req-e9c283b2-3153-48ab-8dec-e130cc89c46e - - - - -] vmware.host_ip = None log_opt_values /usr/lib/python3/dist-packages/oslo_config/cfg.py:2609
2025-07-31 00:36:28.221 125659 DEBUG oslo_service.service [req-e9c283b2-3153-48ab-8dec-e130cc89c46e - - - - -] vmware.host_password = **** log_opt_values /usr/lib/python3/dist-packages/oslo_config/cfg.py:2609
2025-07-31 00:36:28.221 125659 DEBUG oslo_service.service [req-e9c283b2-3153-48ab-8dec-e130cc89c46e - - - - -] vmware.host_port = 443 log_opt_values /usr/lib/python3/dist-packages/oslo_config/cfg.py:2609
2025-07-31 00:36:28.221 125659 DEBUG oslo_service.service [req-e9c283b2-3153-48ab-8dec-e130cc89c46e - - - - -] vmware.host_username = None log_opt_values /usr/lib/python3/dist-packages/oslo_config/cfg.py:2609
2025-07-31 00:36:28.222 125659 DEBUG oslo_service.service [req-e9c283b2-3153-48ab-8dec-e130cc89c46e - - - - -] vmware.insecure = False log_opt_values /usr/lib/python3/dist-packages/oslo_config/cfg.py:2609
2025-07-31 00:36:28.222 125659 DEBUG oslo_service.service [req-e9c283b2-3153-48ab-8dec-e130cc89c46e - - - - -] vmware.integration_bridge = None log_opt_values /usr/lib/python3/dist-packages/oslo_config/cfg.py:2609
2025-07-31 00:36:28.222 125659 DEBUG oslo_service.service [req-e9c283b2-3153-48ab-8dec-e130cc89c46e - - - - -] vmware.maximum_objects = 100 log_opt_values /usr/lib/python3/dist-packages/oslo_config/cfg.py:2609
2025-07-31 00:36:28.222 125659 DEBUG oslo_service.service [req-e9c283b2-3153-48ab-8dec-e130cc89c46e - - - - -] vmware.pbm_default_policy = None log_opt_values /usr/lib/python3/dist-packages/oslo_config/cfg.py:2609
2025-07-31 00:36:28.222 125659 DEBUG oslo_service.service [req-e9c283b2-3153-48ab-8dec-e130cc89c46e - - - - -] vmware.pbm_enabled = False log_opt_values /usr/lib/python3/dist-packages/oslo_config/cfg.py:2609
2025-07-31 00:36:28.222 125659 DEBUG oslo_service.service [req-e9c283b2-3153-48ab-8dec-e130cc89c46e - - - - -] vmware.pbm_wsdl_location = None log_opt_values /usr/lib/python3/dist-packages/oslo_config/cfg.py:2609
2025-07-31 00:36:28.222 125659 DEBUG oslo_service.service [req-e9c283b2-3153-48ab-8dec-e130cc89c46e - - - - -] vmware.serial_log_dir = /opt/vmware/vspc log_opt_values /usr/lib/python3/dist-packages/oslo_config/cfg.py:2609
2025-07-31 00:36:28.223 125659 DEBUG oslo_service.service [req-e9c283b2-3153-48ab-8dec-e130cc89c46e - - - - -] vmware.serial_port_proxy_uri = None log_opt_values /usr/lib/python3/dist-packages/oslo_config/cfg.py:2609
2025-07-31 00:36:28.223 125659 DEBUG oslo_service.service [req-e9c283b2-3153-48ab-8dec-e130cc89c46e - - - - -] vmware.serial_port_service_uri = None log_opt_values /usr/lib/python3/dist-packages/oslo_config/cfg.py:2609
2025-07-31 00:36:28.223 125659 DEBUG oslo_service.service [req-e9c283b2-3153-48ab-8dec-e130cc89c46e - - - - -] vmware.task_poll_interval = 0.5 log_opt_values /usr/lib/python3/dist-packages/oslo_config/cfg.py:2609
2025-07-31 00:36:28.223 125659 DEBUG oslo_service.service [req-e9c283b2-3153-48ab-8dec-e130cc89c46e - - - - -] vmware.use_linked_clone = True log_opt_values /usr/lib/python3/dist-packages/oslo_config/cfg.py:2609
2025-07-31 00:36:28.223 125659 DEBUG oslo_service.service [req-e9c283b2-3153-48ab-8dec-e130cc89c46e - - - - -] vmware.vnc_keymap = en-us log_opt_values /usr/lib/python3/dist-packages/oslo_config/cfg.py:2609
2025-07-31 00:36:28.224 125659 DEBUG oslo_service.service [req-e9c283b2-3153-48ab-8dec-e130cc89c46e - - - - -] vmware.vnc_port = 5900 log_opt_values /usr/lib/python3/dist-packages/oslo_config/cfg.py:2609
2025-07-31 00:36:28.224 125659 DEBUG oslo_service.service [req-e9c283b2-3153-48ab-8dec-e130cc89c46e - - - - -] vmware.vnc_port_total = 10000 log_opt_values /usr/lib/python3/dist-packages/oslo_config/cfg.py:2609
2025-07-31 00:36:28.224 125659 DEBUG oslo_service.service [req-e9c283b2-3153-48ab-8dec-e130cc89c46e - - - - -] vnc.auth_schemes = ['none'] log_opt_values /usr/lib/python3/dist-packages/oslo_config/cfg.py:2609
2025-07-31 00:36:28.224 125659 DEBUG oslo_service.service [req-e9c283b2-3153-48ab-8dec-e130cc89c46e - - - - -] vnc.enabled = True log_opt_values /usr/lib/python3/dist-packages/oslo_config/cfg.py:2609
2025-07-31 00:36:28.224 125659 DEBUG oslo_service.service [req-e9c283b2-3153-48ab-8dec-e130cc89c46e - - - - -] vnc.novncproxy_base_url = http://127.0.0.1:6080/vnc_auto.html log_opt_values /usr/lib/python3/dist-packages/oslo_config/cfg.py:2609
2025-07-31 00:36:28.225 125659 DEBUG oslo_service.service [req-e9c283b2-3153-48ab-8dec-e130cc89c46e - - - - -] vnc.novncproxy_host = 0.0.0.0 log_opt_values /usr/lib/python3/dist-packages/oslo_config/cfg.py:2609
2025-07-31 00:36:28.225 125659 DEBUG oslo_service.service [req-e9c283b2-3153-48ab-8dec-e130cc89c46e - - - - -] vnc.novncproxy_port = 6080 log_opt_values /usr/lib/python3/dist-packages/oslo_config/cfg.py:2609
2025-07-31 00:36:28.225 125659 DEBUG oslo_service.service [req-e9c283b2-3153-48ab-8dec-e130cc89c46e - - - - -] vnc.server_listen = 127.0.0.1 log_opt_values /usr/lib/python3/dist-packages/oslo_config/cfg.py:2609
2025-07-31 00:36:28.225 125659 DEBUG oslo_service.service [req-e9c283b2-3153-48ab-8dec-e130cc89c46e - - - - -] vnc.server_proxyclient_address = 127.0.0.1 log_opt_values /usr/lib/python3/dist-packages/oslo_config/cfg.py:2609
2025-07-31 00:36:28.225 125659 DEBUG oslo_service.service [req-e9c283b2-3153-48ab-8dec-e130cc89c46e - - - - -] vnc.vencrypt_ca_certs = None log_opt_values /usr/lib/python3/dist-packages/oslo_config/cfg.py:2609
2025-07-31 00:36:28.227 125659 DEBUG oslo_service.service [req-e9c283b2-3153-48ab-8dec-e130cc89c46e - - - - -] vnc.vencrypt_client_cert = None log_opt_values /usr/lib/python3/dist-packages/oslo_config/cfg.py:2609
2025-07-31 00:36:28.227 125659 DEBUG oslo_service.service [req-e9c283b2-3153-48ab-8dec-e130cc89c46e - - - - -] vnc.vencrypt_client_key = None log_opt_values /usr/lib/python3/dist-packages/oslo_config/cfg.py:2609
2025-07-31 00:36:28.227 125659 DEBUG oslo_service.service [req-e9c283b2-3153-48ab-8dec-e130cc89c46e - - - - -] workarounds.disable_compute_service_check_for_ffu = False log_opt_values /usr/lib/python3/dist-packages/oslo_config/cfg.py:2609
2025-07-31 00:36:28.228 125659 DEBUG oslo_service.service [req-e9c283b2-3153-48ab-8dec-e130cc89c46e - - - - -] workarounds.disable_deep_image_inspection = False log_opt_values /usr/lib/python3/dist-packages/oslo_config/cfg.py:2609
2025-07-31 00:36:28.228 125659 DEBUG oslo_service.service [req-e9c283b2-3153-48ab-8dec-e130cc89c46e - - - - -] workarounds.disable_fallback_pcpu_query = False log_opt_values /usr/lib/python3/dist-packages/oslo_config/cfg.py:2609
2025-07-31 00:36:28.229 125659 DEBUG oslo_service.service [req-e9c283b2-3153-48ab-8dec-e130cc89c46e - - - - -] workarounds.disable_group_policy_check_upcall = False log_opt_values /usr/lib/python3/dist-packages/oslo_config/cfg.py:2609
2025-07-31 00:36:28.230 125659 DEBUG oslo_service.service [req-e9c283b2-3153-48ab-8dec-e130cc89c46e - - - - -] workarounds.disable_libvirt_livesnapshot = False log_opt_values /usr/lib/python3/dist-packages/oslo_config/cfg.py:2609
2025-07-31 00:36:28.231 125659 DEBUG oslo_service.service [req-e9c283b2-3153-48ab-8dec-e130cc89c46e - - - - -] workarounds.disable_rootwrap = False log_opt_values /usr/lib/python3/dist-packages/oslo_config/cfg.py:2609
2025-07-31 00:36:28.231 125659 DEBUG oslo_service.service [req-e9c283b2-3153-48ab-8dec-e130cc89c46e - - - - -] workarounds.enable_numa_live_migration = False log_opt_values /usr/lib/python3/dist-packages/oslo_config/cfg.py:2609
2025-07-31 00:36:28.231 125659 DEBUG oslo_service.service [req-e9c283b2-3153-48ab-8dec-e130cc89c46e - - - - -] workarounds.enable_qemu_monitor_announce_self = False log_opt_values /usr/lib/python3/dist-packages/oslo_config/cfg.py:2609
2025-07-31 00:36:28.231 126558 DEBUG oslo_messaging._drivers.amqpdriver [-] Listener is running poll /usr/lib/python3/dist-packages/oslo_messaging/_drivers/amqpdriver.py:343
2025-07-31 00:36:28.231 125659 DEBUG oslo_service.service [req-e9c283b2-3153-48ab-8dec-e130cc89c46e - - - - -] workarounds.ensure_libvirt_rbd_instance_dir_cleanup = False log_opt_values /usr/lib/python3/dist-packages/oslo_config/cfg.py:2609
2025-07-31 00:36:28.232 126558 DEBUG oslo_messaging._drivers.amqpdriver [-] AMQPListener connection consume poll /usr/lib/python3/dist-packages/oslo_messaging/_drivers/amqpdriver.py:357
2025-07-31 00:36:28.232 125659 DEBUG oslo_service.service [req-e9c283b2-3153-48ab-8dec-e130cc89c46e - - - - -] workarounds.handle_virt_lifecycle_events = True log_opt_values /usr/lib/python3/dist-packages/oslo_config/cfg.py:2609
2025-07-31 00:36:28.232 125659 DEBUG oslo_service.service [req-e9c283b2-3153-48ab-8dec-e130cc89c46e - - - - -] workarounds.libvirt_disable_apic = False log_opt_values /usr/lib/python3/dist-packages/oslo_config/cfg.py:2609
2025-07-31 00:36:28.232 125659 DEBUG oslo_service.service [req-e9c283b2-3153-48ab-8dec-e130cc89c46e - - - - -] workarounds.never_download_image_if_on_rbd = False log_opt_values /usr/lib/python3/dist-packages/oslo_config/cfg.py:2609
2025-07-31 00:36:28.232 125659 DEBUG oslo_service.service [req-e9c283b2-3153-48ab-8dec-e130cc89c46e - - - - -] workarounds.reserve_disk_resource_for_image_cache = False log_opt_values /usr/lib/python3/dist-packages/oslo_config/cfg.py:2609
2025-07-31 00:36:28.232 126558 DEBUG nova.service [req-9e9d6484-dea2-493f-95cf-ca33f900a719 - - - - -] Join ServiceGroup membership for this service conductor start /usr/lib/python3/dist-packages/nova/service.py:199
2025-07-31 00:36:28.232 125659 DEBUG oslo_service.service [req-e9c283b2-3153-48ab-8dec-e130cc89c46e - - - - -] workarounds.skip_cpu_compare_at_startup = False log_opt_values /usr/lib/python3/dist-packages/oslo_config/cfg.py:2609
2025-07-31 00:36:28.233 125659 DEBUG oslo_service.service [req-e9c283b2-3153-48ab-8dec-e130cc89c46e - - - - -] workarounds.skip_cpu_compare_on_dest = False log_opt_values /usr/lib/python3/dist-packages/oslo_config/cfg.py:2609
2025-07-31 00:36:28.232 126558 DEBUG nova.servicegroup.drivers.db [req-9e9d6484-dea2-493f-95cf-ca33f900a719 - - - - -] DB_Driver: join new ServiceGroup member juju-c4a508-0-lxd-7 to the conductor group, service = join /usr/lib/python3/dist-packages/nova/servicegroup/drivers/db.py:44
2025-07-31 00:36:28.233 125659 DEBUG oslo_service.service [req-e9c283b2-3153-48ab-8dec-e130cc89c46e - - - - -] workarounds.skip_hypervisor_version_check_on_lm = False log_opt_values /usr/lib/python3/dist-packages/oslo_config/cfg.py:2609
2025-07-31 00:36:28.233 125659 DEBUG oslo_service.service [req-e9c283b2-3153-48ab-8dec-e130cc89c46e - - - - -] workarounds.unified_limits_count_pcpu_as_vcpu = False log_opt_values /usr/lib/python3/dist-packages/oslo_config/cfg.py:2609
2025-07-31 00:36:28.233 125659 DEBUG oslo_service.service [req-e9c283b2-3153-48ab-8dec-e130cc89c46e - - - - -] workarounds.wait_for_vif_plugged_event_during_hard_reboot = [] log_opt_values /usr/lib/python3/dist-packages/oslo_config/cfg.py:2609
2025-07-31 00:36:28.233 125659 DEBUG oslo_service.service [req-e9c283b2-3153-48ab-8dec-e130cc89c46e - - - - -] wsgi.api_paste_config = /etc/nova/api-paste.ini log_opt_values /usr/lib/python3/dist-packages/oslo_config/cfg.py:2609
2025-07-31 00:36:28.235 125659 DEBUG oslo_service.service [req-e9c283b2-3153-48ab-8dec-e130cc89c46e - - - - -] wsgi.client_socket_timeout = 900 log_opt_values /usr/lib/python3/dist-packages/oslo_config/cfg.py:2609
2025-07-31 00:36:28.235 125659 DEBUG oslo_service.service [req-e9c283b2-3153-48ab-8dec-e130cc89c46e - - - - -] wsgi.default_pool_size = 1000 log_opt_values /usr/lib/python3/dist-packages/oslo_config/cfg.py:2609
2025-07-31 00:36:28.235 125659 DEBUG oslo_service.service [req-e9c283b2-3153-48ab-8dec-e130cc89c46e - - - - -] wsgi.keep_alive = True log_opt_values /usr/lib/python3/dist-packages/oslo_config/cfg.py:2609
2025-07-31 00:36:28.235 125659 DEBUG oslo_service.service [req-e9c283b2-3153-48ab-8dec-e130cc89c46e - - - - -] wsgi.max_header_line = 16384 log_opt_values /usr/lib/python3/dist-packages/oslo_config/cfg.py:2609
2025-07-31 00:36:28.235 125659 DEBUG oslo_service.service [req-e9c283b2-3153-48ab-8dec-e130cc89c46e - - - - -] wsgi.secure_proxy_ssl_header = None log_opt_values /usr/lib/python3/dist-packages/oslo_config/cfg.py:2609
2025-07-31 00:36:28.236 125659 DEBUG oslo_service.service [req-e9c283b2-3153-48ab-8dec-e130cc89c46e - - - - -] wsgi.ssl_ca_file = None log_opt_values /usr/lib/python3/dist-packages/oslo_config/cfg.py:2609
2025-07-31 00:36:28.236 125659 DEBUG oslo_service.service [req-e9c283b2-3153-48ab-8dec-e130cc89c46e - - - - -] wsgi.ssl_cert_file = None log_opt_values /usr/lib/python3/dist-packages/oslo_config/cfg.py:2609
2025-07-31 00:36:28.236 125659 DEBUG oslo_service.service [req-e9c283b2-3153-48ab-8dec-e130cc89c46e - - - - -] wsgi.ssl_key_file = None log_opt_values /usr/lib/python3/dist-packages/oslo_config/cfg.py:2609
2025-07-31 00:36:28.236 125659 DEBUG oslo_service.service [req-e9c283b2-3153-48ab-8dec-e130cc89c46e - - - - -] wsgi.tcp_keepidle = 600 log_opt_values /usr/lib/python3/dist-packages/oslo_config/cfg.py:2609
2025-07-31 00:36:28.236 125659 DEBUG oslo_service.service [req-e9c283b2-3153-48ab-8dec-e130cc89c46e - - - - -] wsgi.wsgi_log_format = %(client_ip)s "%(request_line)s" status: %(status_code)s len: %(body_length)s time: %(wall_seconds).7f log_opt_values /usr/lib/python3/dist-packages/oslo_config/cfg.py:2609
2025-07-31 00:36:28.237 125659 DEBUG oslo_service.service [req-e9c283b2-3153-48ab-8dec-e130cc89c46e - - - - -] zvm.ca_file = None log_opt_values /usr/lib/python3/dist-packages/oslo_config/cfg.py:2609
2025-07-31 00:36:28.237 125659 DEBUG oslo_service.service [req-e9c283b2-3153-48ab-8dec-e130cc89c46e - - - - -] zvm.cloud_connector_url = None log_opt_values /usr/lib/python3/dist-packages/oslo_config/cfg.py:2609
2025-07-31 00:36:28.237 125659 DEBUG oslo_service.service [req-e9c283b2-3153-48ab-8dec-e130cc89c46e - - - - -] zvm.image_tmp_path = /var/lib/nova/images log_opt_values /usr/lib/python3/dist-packages/oslo_config/cfg.py:2609
2025-07-31 00:36:28.237 125659 DEBUG oslo_service.service [req-e9c283b2-3153-48ab-8dec-e130cc89c46e - - - - -] zvm.reachable_timeout = 300 log_opt_values /usr/lib/python3/dist-packages/oslo_config/cfg.py:2609
2025-07-31 00:36:28.238 125659 DEBUG oslo_service.service [req-e9c283b2-3153-48ab-8dec-e130cc89c46e - - - - -] oslo_policy.enforce_new_defaults = False log_opt_values /usr/lib/python3/dist-packages/oslo_config/cfg.py:2609
2025-07-31 00:36:28.238 125659 DEBUG oslo_service.service [req-e9c283b2-3153-48ab-8dec-e130cc89c46e - - - - -] oslo_policy.enforce_scope = False log_opt_values /usr/lib/python3/dist-packages/oslo_config/cfg.py:2609
2025-07-31 00:36:28.238 125659 DEBUG oslo_service.service [req-e9c283b2-3153-48ab-8dec-e130cc89c46e - - - - -] oslo_policy.policy_default_rule = default log_opt_values /usr/lib/python3/dist-packages/oslo_config/cfg.py:2609
2025-07-31 00:36:28.238 125659 DEBUG oslo_service.service [req-e9c283b2-3153-48ab-8dec-e130cc89c46e - - - - -] oslo_policy.policy_dirs = ['policy.d'] log_opt_values /usr/lib/python3/dist-packages/oslo_config/cfg.py:2609
2025-07-31 00:36:28.238 125659 DEBUG oslo_service.service [req-e9c283b2-3153-48ab-8dec-e130cc89c46e - - - - -] oslo_policy.policy_file = policy.yaml log_opt_values /usr/lib/python3/dist-packages/oslo_config/cfg.py:2609
2025-07-31 00:36:28.239 125659 DEBUG oslo_service.service [req-e9c283b2-3153-48ab-8dec-e130cc89c46e - - - - -] oslo_policy.remote_content_type = application/x-www-form-urlencoded log_opt_values /usr/lib/python3/dist-packages/oslo_config/cfg.py:2609
2025-07-31 00:36:28.239 125659 DEBUG oslo_service.service [req-e9c283b2-3153-48ab-8dec-e130cc89c46e - - - - -] oslo_policy.remote_ssl_ca_crt_file = None log_opt_values /usr/lib/python3/dist-packages/oslo_config/cfg.py:2609
2025-07-31 00:36:28.239 125659 DEBUG oslo_service.service [req-e9c283b2-3153-48ab-8dec-e130cc89c46e - - - - -] oslo_policy.remote_ssl_client_crt_file = None log_opt_values /usr/lib/python3/dist-packages/oslo_config/cfg.py:2609
2025-07-31 00:36:28.239 125659 DEBUG oslo_service.service [req-e9c283b2-3153-48ab-8dec-e130cc89c46e - - - - -] oslo_policy.remote_ssl_client_key_file = None log_opt_values /usr/lib/python3/dist-packages/oslo_config/cfg.py:2609
2025-07-31 00:36:28.239 126558 DEBUG oslo_messaging._drivers.amqpdriver [-] AMQPListener connection timeout poll /usr/lib/python3/dist-packages/oslo_messaging/_drivers/amqpdriver.py:360
2025-07-31 00:36:28.239 125659 DEBUG oslo_service.service [req-e9c283b2-3153-48ab-8dec-e130cc89c46e - - - - -] oslo_policy.remote_ssl_verify_server_crt = False log_opt_values /usr/lib/python3/dist-packages/oslo_config/cfg.py:2609
2025-07-31 00:36:28.240 125659 DEBUG oslo_service.service [req-e9c283b2-3153-48ab-8dec-e130cc89c46e - - - - -] oslo_versionedobjects.fatal_exception_format_errors = False log_opt_values /usr/lib/python3/dist-packages/oslo_config/cfg.py:2609
2025-07-31 00:36:28.240 125659 DEBUG oslo_service.service [req-e9c283b2-3153-48ab-8dec-e130cc89c46e - - - - -] oslo_middleware.http_basic_auth_user_file = /etc/htpasswd log_opt_values /usr/lib/python3/dist-packages/oslo_config/cfg.py:2609
2025-07-31 00:36:28.240 125659 DEBUG oslo_service.service [req-e9c283b2-3153-48ab-8dec-e130cc89c46e - - - - -] profiler.connection_string = messaging:// log_opt_values /usr/lib/python3/dist-packages/oslo_config/cfg.py:2609
2025-07-31 00:36:28.240 125659 DEBUG oslo_service.service [req-e9c283b2-3153-48ab-8dec-e130cc89c46e - - - - -] profiler.enabled = False log_opt_values /usr/lib/python3/dist-packages/oslo_config/cfg.py:2609
2025-07-31 00:36:28.240 125659 DEBUG oslo_service.service [req-e9c283b2-3153-48ab-8dec-e130cc89c46e - - - - -] profiler.es_doc_type = notification log_opt_values /usr/lib/python3/dist-packages/oslo_config/cfg.py:2609
2025-07-31 00:36:28.241 125659 DEBUG oslo_service.service [req-e9c283b2-3153-48ab-8dec-e130cc89c46e - - - - -] profiler.es_scroll_size = 10000 log_opt_values /usr/lib/python3/dist-packages/oslo_config/cfg.py:2609
2025-07-31 00:36:28.241 125659 DEBUG oslo_service.service [req-e9c283b2-3153-48ab-8dec-e130cc89c46e - - - - -] profiler.es_scroll_time = 2m log_opt_values /usr/lib/python3/dist-packages/oslo_config/cfg.py:2609
2025-07-31 00:36:28.241 125659 DEBUG oslo_service.service [req-e9c283b2-3153-48ab-8dec-e130cc89c46e - - - - -] profiler.filter_error_trace = False log_opt_values /usr/lib/python3/dist-packages/oslo_config/cfg.py:2609
2025-07-31 00:36:28.239 126558 DEBUG oslo_messaging._drivers.amqpdriver [-] Listener is running poll /usr/lib/python3/dist-packages/oslo_messaging/_drivers/amqpdriver.py:343
2025-07-31 00:36:28.241 125659 DEBUG oslo_service.service [req-e9c283b2-3153-48ab-8dec-e130cc89c46e - - - - -] profiler.hmac_keys = SECRET_KEY log_opt_values /usr/lib/python3/dist-packages/oslo_config/cfg.py:2609
2025-07-31 00:36:28.241 126558 DEBUG oslo_messaging._drivers.amqpdriver [-] AMQPListener connection consume poll /usr/lib/python3/dist-packages/oslo_messaging/_drivers/amqpdriver.py:357
2025-07-31 00:36:28.241 125659 DEBUG oslo_service.service [req-e9c283b2-3153-48ab-8dec-e130cc89c46e - - - - -] profiler.sentinel_service_name = mymaster log_opt_values /usr/lib/python3/dist-packages/oslo_config/cfg.py:2609
2025-07-31 00:36:28.241 125659 DEBUG oslo_service.service [req-e9c283b2-3153-48ab-8dec-e130cc89c46e - - - - -] profiler.socket_timeout = 0.1 log_opt_values /usr/lib/python3/dist-packages/oslo_config/cfg.py:2609
2025-07-31 00:36:28.242 125659 DEBUG oslo_service.service [req-e9c283b2-3153-48ab-8dec-e130cc89c46e - - - - -] profiler.trace_sqlalchemy = False log_opt_values /usr/lib/python3/dist-packages/oslo_config/cfg.py:2609
2025-07-31 00:36:28.242 125659 DEBUG oslo_service.service [req-e9c283b2-3153-48ab-8dec-e130cc89c46e - - - - -] remote_debug.host = None log_opt_values /usr/lib/python3/dist-packages/oslo_config/cfg.py:2609
2025-07-31 00:36:28.242 125659 DEBUG oslo_service.service [req-e9c283b2-3153-48ab-8dec-e130cc89c46e - - - - -] remote_debug.port = None log_opt_values /usr/lib/python3/dist-packages/oslo_config/cfg.py:2609
2025-07-31 00:36:28.242 125659 DEBUG oslo_service.service [req-e9c283b2-3153-48ab-8dec-e130cc89c46e - - - - -] oslo_messaging_rabbit.amqp_auto_delete = False log_opt_values /usr/lib/python3/dist-packages/oslo_config/cfg.py:2609
2025-07-31 00:36:28.242 125659 DEBUG oslo_service.service [req-e9c283b2-3153-48ab-8dec-e130cc89c46e - - - - -] oslo_messaging_rabbit.amqp_durable_queues = False log_opt_values /usr/lib/python3/dist-packages/oslo_config/cfg.py:2609
2025-07-31 00:36:28.242 125659 DEBUG oslo_service.service [req-e9c283b2-3153-48ab-8dec-e130cc89c46e - - - - -] oslo_messaging_rabbit.conn_pool_min_size = 2 log_opt_values /usr/lib/python3/dist-packages/oslo_config/cfg.py:2609
2025-07-31 00:36:28.243 125659 DEBUG oslo_service.service [req-e9c283b2-3153-48ab-8dec-e130cc89c46e - - - - -] oslo_messaging_rabbit.conn_pool_ttl = 1200 log_opt_values /usr/lib/python3/dist-packages/oslo_config/cfg.py:2609
2025-07-31 00:36:28.243 125659 DEBUG oslo_service.service [req-e9c283b2-3153-48ab-8dec-e130cc89c46e - - - - -] oslo_messaging_rabbit.direct_mandatory_flag = True log_opt_values /usr/lib/python3/dist-packages/oslo_config/cfg.py:2609
2025-07-31 00:36:28.243 125659 DEBUG oslo_service.service [req-e9c283b2-3153-48ab-8dec-e130cc89c46e - - - - -] oslo_messaging_rabbit.enable_cancel_on_failover = False log_opt_values /usr/lib/python3/dist-packages/oslo_config/cfg.py:2609
2025-07-31 00:36:28.243 125659 DEBUG oslo_service.service [req-e9c283b2-3153-48ab-8dec-e130cc89c46e - - - - -] oslo_messaging_rabbit.heartbeat_in_pthread = False log_opt_values /usr/lib/python3/dist-packages/oslo_config/cfg.py:2609
2025-07-31 00:36:28.243 125659 DEBUG oslo_service.service [req-e9c283b2-3153-48ab-8dec-e130cc89c46e - - - - -] oslo_messaging_rabbit.heartbeat_rate = 2 log_opt_values /usr/lib/python3/dist-packages/oslo_config/cfg.py:2609
2025-07-31 00:36:28.244 125659 DEBUG oslo_service.service [req-e9c283b2-3153-48ab-8dec-e130cc89c46e - - - - -] oslo_messaging_rabbit.heartbeat_timeout_threshold = 60 log_opt_values /usr/lib/python3/dist-packages/oslo_config/cfg.py:2609
2025-07-31 00:36:28.244 125659 DEBUG oslo_service.service [req-e9c283b2-3153-48ab-8dec-e130cc89c46e - - - - -] oslo_messaging_rabbit.kombu_compression = None log_opt_values /usr/lib/python3/dist-packages/oslo_config/cfg.py:2609
2025-07-31 00:36:28.244 125659 DEBUG oslo_service.service [req-e9c283b2-3153-48ab-8dec-e130cc89c46e - - - - -] oslo_messaging_rabbit.kombu_failover_strategy = round-robin log_opt_values /usr/lib/python3/dist-packages/oslo_config/cfg.py:2609
2025-07-31 00:36:28.244 125659 DEBUG oslo_service.service [req-e9c283b2-3153-48ab-8dec-e130cc89c46e - - - - -] oslo_messaging_rabbit.kombu_missing_consumer_retry_timeout = 60 log_opt_values /usr/lib/python3/dist-packages/oslo_config/cfg.py:2609
2025-07-31 00:36:28.244 125659 DEBUG oslo_service.service [req-e9c283b2-3153-48ab-8dec-e130cc89c46e - - - - -] oslo_messaging_rabbit.kombu_reconnect_delay = 1.0 log_opt_values /usr/lib/python3/dist-packages/oslo_config/cfg.py:2609
2025-07-31 00:36:28.244 125659 DEBUG oslo_service.service [req-e9c283b2-3153-48ab-8dec-e130cc89c46e - - - - -] oslo_messaging_rabbit.rabbit_ha_queues = False log_opt_values /usr/lib/python3/dist-packages/oslo_config/cfg.py:2609
2025-07-31 00:36:28.245 125659 DEBUG oslo_service.service [req-e9c283b2-3153-48ab-8dec-e130cc89c46e - - - - -] oslo_messaging_rabbit.rabbit_interval_max = 30 log_opt_values /usr/lib/python3/dist-packages/oslo_config/cfg.py:2609
2025-07-31 00:36:28.246 125659 DEBUG oslo_service.service [req-e9c283b2-3153-48ab-8dec-e130cc89c46e - - - - -] oslo_messaging_rabbit.rabbit_login_method = AMQPLAIN log_opt_values /usr/lib/python3/dist-packages/oslo_config/cfg.py:2609
2025-07-31 00:36:28.246 125659 DEBUG oslo_service.service [req-e9c283b2-3153-48ab-8dec-e130cc89c46e - - - - -] oslo_messaging_rabbit.rabbit_qos_prefetch_count = 0 log_opt_values /usr/lib/python3/dist-packages/oslo_config/cfg.py:2609
2025-07-31 00:36:28.247 125659 DEBUG oslo_service.service [req-e9c283b2-3153-48ab-8dec-e130cc89c46e - - - - -] oslo_messaging_rabbit.rabbit_quorum_queue = False log_opt_values /usr/lib/python3/dist-packages/oslo_config/cfg.py:2609
2025-07-31 00:36:28.247 125659 DEBUG oslo_service.service [req-e9c283b2-3153-48ab-8dec-e130cc89c46e - - - - -] oslo_messaging_rabbit.rabbit_retry_backoff = 2 log_opt_values /usr/lib/python3/dist-packages/oslo_config/cfg.py:2609
2025-07-31 00:36:28.247 125659 DEBUG oslo_service.service [req-e9c283b2-3153-48ab-8dec-e130cc89c46e - - - - -] oslo_messaging_rabbit.rabbit_retry_interval = 1 log_opt_values /usr/lib/python3/dist-packages/oslo_config/cfg.py:2609
2025-07-31 00:36:28.247 125659 DEBUG oslo_service.service [req-e9c283b2-3153-48ab-8dec-e130cc89c46e - - - - -] oslo_messaging_rabbit.rabbit_transient_queues_ttl = 1800 log_opt_values /usr/lib/python3/dist-packages/oslo_config/cfg.py:2609
2025-07-31 00:36:28.248 125659 DEBUG oslo_service.service [req-e9c283b2-3153-48ab-8dec-e130cc89c46e - - - - -] oslo_messaging_rabbit.rpc_conn_pool_size = 30 log_opt_values /usr/lib/python3/dist-packages/oslo_config/cfg.py:2609
2025-07-31 00:36:28.248 125659 DEBUG oslo_service.service [req-e9c283b2-3153-48ab-8dec-e130cc89c46e - - - - -] oslo_messaging_rabbit.ssl = False log_opt_values /usr/lib/python3/dist-packages/oslo_config/cfg.py:2609
2025-07-31 00:36:28.249 125659 DEBUG oslo_service.service [req-e9c283b2-3153-48ab-8dec-e130cc89c46e - - - - -] oslo_messaging_rabbit.ssl_ca_file = log_opt_values /usr/lib/python3/dist-packages/oslo_config/cfg.py:2609
2025-07-31 00:36:28.249 125659 DEBUG oslo_service.service [req-e9c283b2-3153-48ab-8dec-e130cc89c46e - - - - -] oslo_messaging_rabbit.ssl_cert_file = log_opt_values /usr/lib/python3/dist-packages/oslo_config/cfg.py:2609
2025-07-31 00:36:28.249 125659 DEBUG oslo_service.service [req-e9c283b2-3153-48ab-8dec-e130cc89c46e - - - - -] oslo_messaging_rabbit.ssl_key_file = log_opt_values /usr/lib/python3/dist-packages/oslo_config/cfg.py:2609
2025-07-31 00:36:28.249 125659 DEBUG oslo_service.service [req-e9c283b2-3153-48ab-8dec-e130cc89c46e - - - - -] oslo_messaging_rabbit.ssl_version = log_opt_values /usr/lib/python3/dist-packages/oslo_config/cfg.py:2609
2025-07-31 00:36:28.250 125659 DEBUG oslo_service.service [req-e9c283b2-3153-48ab-8dec-e130cc89c46e - - - - -] oslo_messaging_notifications.driver = ['messagingv2'] log_opt_values /usr/lib/python3/dist-packages/oslo_config/cfg.py:2609
2025-07-31 00:36:28.250 125659 DEBUG oslo_service.service [req-e9c283b2-3153-48ab-8dec-e130cc89c46e - - - - -] oslo_messaging_notifications.retry = -1 log_opt_values /usr/lib/python3/dist-packages/oslo_config/cfg.py:2609
2025-07-31 00:36:28.250 125659 DEBUG oslo_service.service [req-e9c283b2-3153-48ab-8dec-e130cc89c46e - - - - -] oslo_messaging_notifications.topics = ['notifications'] log_opt_values /usr/lib/python3/dist-packages/oslo_config/cfg.py:2609
2025-07-31 00:36:28.250 125659 DEBUG oslo_service.service [req-e9c283b2-3153-48ab-8dec-e130cc89c46e - - - - -] oslo_messaging_notifications.transport_url = **** log_opt_values /usr/lib/python3/dist-packages/oslo_config/cfg.py:2609
2025-07-31 00:36:28.250 125659 DEBUG oslo_service.service [req-e9c283b2-3153-48ab-8dec-e130cc89c46e - - - - -] oslo_limit.auth_section = None log_opt_values /usr/lib/python3/dist-packages/oslo_config/cfg.py:2609
2025-07-31 00:36:28.251 125659 DEBUG oslo_service.service [req-e9c283b2-3153-48ab-8dec-e130cc89c46e - - - - -] oslo_limit.auth_type = None log_opt_values /usr/lib/python3/dist-packages/oslo_config/cfg.py:2609
2025-07-31 00:36:28.251 125659 DEBUG oslo_service.service [req-e9c283b2-3153-48ab-8dec-e130cc89c46e - - - - -] oslo_limit.cafile = None log_opt_values /usr/lib/python3/dist-packages/oslo_config/cfg.py:2609
2025-07-31 00:36:28.251 125659 DEBUG oslo_service.service [req-e9c283b2-3153-48ab-8dec-e130cc89c46e - - - - -] oslo_limit.certfile = None log_opt_values /usr/lib/python3/dist-packages/oslo_config/cfg.py:2609
2025-07-31 00:36:28.251 125659 DEBUG oslo_service.service [req-e9c283b2-3153-48ab-8dec-e130cc89c46e - - - - -] oslo_limit.collect_timing = False log_opt_values /usr/lib/python3/dist-packages/oslo_config/cfg.py:2609
2025-07-31 00:36:28.251 125659 DEBUG oslo_service.service [req-e9c283b2-3153-48ab-8dec-e130cc89c46e - - - - -] oslo_limit.connect_retries = None log_opt_values /usr/lib/python3/dist-packages/oslo_config/cfg.py:2609
2025-07-31 00:36:28.252 125659 DEBUG oslo_service.service [req-e9c283b2-3153-48ab-8dec-e130cc89c46e - - - - -] oslo_limit.connect_retry_delay = None log_opt_values /usr/lib/python3/dist-packages/oslo_config/cfg.py:2609
2025-07-31 00:36:28.252 125659 DEBUG oslo_service.service [req-e9c283b2-3153-48ab-8dec-e130cc89c46e - - - - -] oslo_limit.endpoint_id = None log_opt_values /usr/lib/python3/dist-packages/oslo_config/cfg.py:2609
2025-07-31 00:36:28.252 125659 DEBUG oslo_service.service [req-e9c283b2-3153-48ab-8dec-e130cc89c46e - - - - -] oslo_limit.endpoint_override = None log_opt_values /usr/lib/python3/dist-packages/oslo_config/cfg.py:2609
2025-07-31 00:36:28.252 125659 DEBUG oslo_service.service [req-e9c283b2-3153-48ab-8dec-e130cc89c46e - - - - -] oslo_limit.insecure = False log_opt_values /usr/lib/python3/dist-packages/oslo_config/cfg.py:2609
2025-07-31 00:36:28.252 125659 DEBUG oslo_service.service [req-e9c283b2-3153-48ab-8dec-e130cc89c46e - - - - -] oslo_limit.keyfile = None log_opt_values /usr/lib/python3/dist-packages/oslo_config/cfg.py:2609
2025-07-31 00:36:28.252 125659 DEBUG oslo_service.service [req-e9c283b2-3153-48ab-8dec-e130cc89c46e - - - - -] oslo_limit.max_version = None log_opt_values /usr/lib/python3/dist-packages/oslo_config/cfg.py:2609
2025-07-31 00:36:28.252 125659 DEBUG oslo_service.service [req-e9c283b2-3153-48ab-8dec-e130cc89c46e - - - - -] oslo_limit.min_version = None log_opt_values /usr/lib/python3/dist-packages/oslo_config/cfg.py:2609
2025-07-31 00:36:28.253 125659 DEBUG oslo_service.service [req-e9c283b2-3153-48ab-8dec-e130cc89c46e - - - - -] oslo_limit.region_name = None log_opt_values /usr/lib/python3/dist-packages/oslo_config/cfg.py:2609
2025-07-31 00:36:28.253 125659 DEBUG oslo_service.service [req-e9c283b2-3153-48ab-8dec-e130cc89c46e - - - - -] oslo_limit.service_name = None log_opt_values /usr/lib/python3/dist-packages/oslo_config/cfg.py:2609
2025-07-31 00:36:28.253 125659 DEBUG oslo_service.service [req-e9c283b2-3153-48ab-8dec-e130cc89c46e - - - - -] oslo_limit.service_type = None log_opt_values /usr/lib/python3/dist-packages/oslo_config/cfg.py:2609
2025-07-31 00:36:28.253 125659 DEBUG oslo_service.service [req-e9c283b2-3153-48ab-8dec-e130cc89c46e - - - - -] oslo_limit.split_loggers = False log_opt_values /usr/lib/python3/dist-packages/oslo_config/cfg.py:2609
2025-07-31 00:36:28.253 125659 DEBUG oslo_service.service [req-e9c283b2-3153-48ab-8dec-e130cc89c46e - - - - -] oslo_limit.status_code_retries = None log_opt_values /usr/lib/python3/dist-packages/oslo_config/cfg.py:2609
2025-07-31 00:36:28.253 125659 DEBUG oslo_service.service [req-e9c283b2-3153-48ab-8dec-e130cc89c46e - - - - -] oslo_limit.status_code_retry_delay = None log_opt_values /usr/lib/python3/dist-packages/oslo_config/cfg.py:2609
2025-07-31 00:36:28.254 125659 DEBUG oslo_service.service [req-e9c283b2-3153-48ab-8dec-e130cc89c46e - - - - -] oslo_limit.timeout = None log_opt_values /usr/lib/python3/dist-packages/oslo_config/cfg.py:2609
2025-07-31 00:36:28.254 125659 DEBUG oslo_service.service [req-e9c283b2-3153-48ab-8dec-e130cc89c46e - - - - -] oslo_limit.valid_interfaces = None log_opt_values /usr/lib/python3/dist-packages/oslo_config/cfg.py:2609
2025-07-31 00:36:28.254 125659 DEBUG oslo_service.service [req-e9c283b2-3153-48ab-8dec-e130cc89c46e - - - - -] oslo_limit.version = None log_opt_values /usr/lib/python3/dist-packages/oslo_config/cfg.py:2609
2025-07-31 00:36:28.254 125659 DEBUG oslo_service.service [req-e9c283b2-3153-48ab-8dec-e130cc89c46e - - - - -] oslo_reports.file_event_handler = None log_opt_values /usr/lib/python3/dist-packages/oslo_config/cfg.py:2609
2025-07-31 00:36:28.254 125659 DEBUG oslo_service.service [req-e9c283b2-3153-48ab-8dec-e130cc89c46e - - - - -] oslo_reports.file_event_handler_interval = 1 log_opt_values /usr/lib/python3/dist-packages/oslo_config/cfg.py:2609
2025-07-31 00:36:28.254 125659 DEBUG oslo_service.service [req-e9c283b2-3153-48ab-8dec-e130cc89c46e - - - - -] oslo_reports.log_dir = None log_opt_values /usr/lib/python3/dist-packages/oslo_config/cfg.py:2609
2025-07-31 00:36:28.254 125659 DEBUG oslo_service.service [req-e9c283b2-3153-48ab-8dec-e130cc89c46e - - - - -] ******************************************************************************** log_opt_values /usr/lib/python3/dist-packages/oslo_config/cfg.py:2613
2025-07-31 00:36:29.206 126551 DEBUG oslo_messaging._drivers.amqpdriver [-] AMQPListener connection timeout poll /usr/lib/python3/dist-packages/oslo_messaging/_drivers/amqpdriver.py:360
2025-07-31 00:36:29.206 126551 DEBUG oslo_messaging._drivers.amqpdriver [-] Listener is running poll /usr/lib/python3/dist-packages/oslo_messaging/_drivers/amqpdriver.py:343
2025-07-31 00:36:29.206 126551 DEBUG oslo_messaging._drivers.amqpdriver [-] AMQPListener connection consume poll /usr/lib/python3/dist-packages/oslo_messaging/_drivers/amqpdriver.py:357
2025-07-31 00:36:29.208 126549 DEBUG oslo_messaging._drivers.amqpdriver [-] AMQPListener connection timeout poll /usr/lib/python3/dist-packages/oslo_messaging/_drivers/amqpdriver.py:360
2025-07-31 00:36:29.209 126549 DEBUG oslo_messaging._drivers.amqpdriver [-] Listener is running poll /usr/lib/python3/dist-packages/oslo_messaging/_drivers/amqpdriver.py:343
