2025-07-31 00:37:05.284 125659 INFO oslo_service.service [req-e9c283b2-3153-48ab-8dec-e130cc89c46e - - - - -] Child 126551 killed by signal 15
2025-07-31 00:37:05.285 125659 INFO oslo_service.service [req-e9c283b2-3153-48ab-8dec-e130cc89c46e - - - - -] Child 126553 killed by signal 15
2025-07-31 00:37:05.292 125659 INFO oslo_service.service [req-e9c283b2-3153-48ab-8dec-e130cc89c46e - - - - -] Child 126558 killed by signal 15
2025-07-31 00:37:08.930 140405 DEBUG oslo_db.sqlalchemy.engines [req-a86b0e62-76cb-4764-87a8-03edef78d8be - - - - -] MySQL server mode set to STRICT_TRANS_TABLES,STRICT_ALL_TABLES,NO_ZERO_IN_DATE,NO_ZERO_DATE,ERROR_FOR_DIVISION_BY_ZERO,TRADITIONAL,NO_ENGINE_SUBSTITUTION _check_effective_sql_mode /usr/lib/python3/dist-packages/oslo_db/sqlalchemy/engines.py:314
2025-07-31 00:37:09.041 140405 DEBUG nova.context [req-a86b0e62-76cb-4764-87a8-03edef78d8be - - - - -] Found 2 cells: 00000000-0000-0000-0000-000000000000(cell0),81277096-49f8-4f4a-afad-7ac19f84acc6(cell1) load_cells /usr/lib/python3/dist-packages/nova/context.py:464
2025-07-31 00:37:09.045 140405 DEBUG oslo_concurrency.lockutils [req-a86b0e62-76cb-4764-87a8-03edef78d8be - - - - -] Lock "00000000-0000-0000-0000-000000000000" acquired by "nova.context.set_target_cell..get_or_set_cached_cell_and_set_connections" :: waited 0.000s inner /usr/lib/python3/dist-packages/oslo_concurrency/lockutils.py:386
2025-07-31 00:37:09.046 140405 DEBUG oslo_concurrency.lockutils [req-a86b0e62-76cb-4764-87a8-03edef78d8be - - - - -] Lock "00000000-0000-0000-0000-000000000000" "released" by "nova.context.set_target_cell..get_or_set_cached_cell_and_set_connections" :: held 0.001s inner /usr/lib/python3/dist-packages/oslo_concurrency/lockutils.py:400
2025-07-31 00:37:09.047 140405 DEBUG oslo_concurrency.lockutils [req-a86b0e62-76cb-4764-87a8-03edef78d8be - - - - -] Lock "81277096-49f8-4f4a-afad-7ac19f84acc6" acquired by "nova.context.set_target_cell..get_or_set_cached_cell_and_set_connections" :: waited 0.000s inner /usr/lib/python3/dist-packages/oslo_concurrency/lockutils.py:386
2025-07-31 00:37:09.048 140405 DEBUG oslo_concurrency.lockutils [req-a86b0e62-76cb-4764-87a8-03edef78d8be - - - - -] Lock "81277096-49f8-4f4a-afad-7ac19f84acc6" "released" by "nova.context.set_target_cell..get_or_set_cached_cell_and_set_connections" :: held 0.001s inner /usr/lib/python3/dist-packages/oslo_concurrency/lockutils.py:400
2025-07-31 00:37:09.056 140405 DEBUG oslo_db.sqlalchemy.engines [req-a86b0e62-76cb-4764-87a8-03edef78d8be - - - - -] MySQL server mode set to STRICT_TRANS_TABLES,STRICT_ALL_TABLES,NO_ZERO_IN_DATE,NO_ZERO_DATE,ERROR_FOR_DIVISION_BY_ZERO,TRADITIONAL,NO_ENGINE_SUBSTITUTION _check_effective_sql_mode /usr/lib/python3/dist-packages/oslo_db/sqlalchemy/engines.py:314
2025-07-31 00:37:09.059 140405 DEBUG oslo_db.sqlalchemy.engines [req-a86b0e62-76cb-4764-87a8-03edef78d8be - - - - -] MySQL server mode set to STRICT_TRANS_TABLES,STRICT_ALL_TABLES,NO_ZERO_IN_DATE,NO_ZERO_DATE,ERROR_FOR_DIVISION_BY_ZERO,TRADITIONAL,NO_ENGINE_SUBSTITUTION _check_effective_sql_mode /usr/lib/python3/dist-packages/oslo_db/sqlalchemy/engines.py:314
2025-07-31 00:37:09.132 140405 DEBUG oslo_concurrency.lockutils [req-a86b0e62-76cb-4764-87a8-03edef78d8be - - - - -] Acquired lock "singleton_lock" lock /usr/lib/python3/dist-packages/oslo_concurrency/lockutils.py:294
2025-07-31 00:37:09.133 140405 DEBUG oslo_concurrency.lockutils [req-a86b0e62-76cb-4764-87a8-03edef78d8be - - - - -] Releasing lock "singleton_lock" lock /usr/lib/python3/dist-packages/oslo_concurrency/lockutils.py:312
2025-07-31 00:37:09.134 140405 INFO oslo_service.service [req-a86b0e62-76cb-4764-87a8-03edef78d8be - - - - -] Starting 4 workers
2025-07-31 00:37:09.139 140405 DEBUG oslo_service.service [req-a86b0e62-76cb-4764-87a8-03edef78d8be - - - - -] Started child 140709 _start_child /usr/lib/python3/dist-packages/oslo_service/service.py:575
2025-07-31 00:37:09.143 140709 INFO nova.service [-] Starting conductor node (version 25.2.1)
2025-07-31 00:37:09.144 140405 DEBUG oslo_service.service [req-a86b0e62-76cb-4764-87a8-03edef78d8be - - - - -] Started child 140710 _start_child /usr/lib/python3/dist-packages/oslo_service/service.py:575
2025-07-31 00:37:09.148 140710 INFO nova.service [-] Starting conductor node (version 25.2.1)
2025-07-31 00:37:09.149 140405 DEBUG oslo_service.service [req-a86b0e62-76cb-4764-87a8-03edef78d8be - - - - -] Started child 140711 _start_child /usr/lib/python3/dist-packages/oslo_service/service.py:575
2025-07-31 00:37:09.153 140711 INFO nova.service [-] Starting conductor node (version 25.2.1)
2025-07-31 00:37:09.154 140709 DEBUG oslo_db.sqlalchemy.engines [req-68a5be68-764e-4a2a-ba48-50c0bcf1790f - - - - -] MySQL server mode set to STRICT_TRANS_TABLES,STRICT_ALL_TABLES,NO_ZERO_IN_DATE,NO_ZERO_DATE,ERROR_FOR_DIVISION_BY_ZERO,TRADITIONAL,NO_ENGINE_SUBSTITUTION _check_effective_sql_mode /usr/lib/python3/dist-packages/oslo_db/sqlalchemy/engines.py:314
2025-07-31 00:37:09.154 140405 DEBUG oslo_service.service [req-a86b0e62-76cb-4764-87a8-03edef78d8be - - - - -] Started child 140712 _start_child /usr/lib/python3/dist-packages/oslo_service/service.py:575
2025-07-31 00:37:09.156 140405 DEBUG oslo_service.service [req-a86b0e62-76cb-4764-87a8-03edef78d8be - - - - -] Full set of CONF: wait /usr/lib/python3/dist-packages/oslo_service/service.py:649
2025-07-31 00:37:09.156 140405 DEBUG oslo_service.service [req-a86b0e62-76cb-4764-87a8-03edef78d8be - - - - -] ******************************************************************************** log_opt_values /usr/lib/python3/dist-packages/oslo_config/cfg.py:2589
2025-07-31 00:37:09.157 140405 DEBUG oslo_service.service [req-a86b0e62-76cb-4764-87a8-03edef78d8be - - - - -] Configuration options gathered from: log_opt_values /usr/lib/python3/dist-packages/oslo_config/cfg.py:2590
2025-07-31 00:37:09.157 140405 DEBUG oslo_service.service [req-a86b0e62-76cb-4764-87a8-03edef78d8be - - - - -] command line args: ['--config-file=/etc/nova/nova.conf', '--log-file=/var/log/nova/nova-conductor.log'] log_opt_values /usr/lib/python3/dist-packages/oslo_config/cfg.py:2591
2025-07-31 00:37:09.157 140405 DEBUG oslo_service.service [req-a86b0e62-76cb-4764-87a8-03edef78d8be - - - - -] config files: ['/etc/nova/nova.conf'] log_opt_values /usr/lib/python3/dist-packages/oslo_config/cfg.py:2592
2025-07-31 00:37:09.157 140405 DEBUG oslo_service.service [req-a86b0e62-76cb-4764-87a8-03edef78d8be - - - - -] ================================================================================ log_opt_values /usr/lib/python3/dist-packages/oslo_config/cfg.py:2594
2025-07-31 00:37:09.158 140405 DEBUG oslo_service.service [req-a86b0e62-76cb-4764-87a8-03edef78d8be - - - - -] allow_resize_to_same_host = False log_opt_values /usr/lib/python3/dist-packages/oslo_config/cfg.py:2602
2025-07-31 00:37:09.158 140405 DEBUG oslo_service.service [req-a86b0e62-76cb-4764-87a8-03edef78d8be - - - - -] arq_binding_timeout = 300 log_opt_values /usr/lib/python3/dist-packages/oslo_config/cfg.py:2602
2025-07-31 00:37:09.158 140405 DEBUG oslo_service.service [req-a86b0e62-76cb-4764-87a8-03edef78d8be - - - - -] block_device_allocate_retries = 60 log_opt_values /usr/lib/python3/dist-packages/oslo_config/cfg.py:2602
2025-07-31 00:37:09.158 140405 DEBUG oslo_service.service [req-a86b0e62-76cb-4764-87a8-03edef78d8be - - - - -] block_device_allocate_retries_interval = 3 log_opt_values /usr/lib/python3/dist-packages/oslo_config/cfg.py:2602
2025-07-31 00:37:09.158 140405 DEBUG oslo_service.service [req-a86b0e62-76cb-4764-87a8-03edef78d8be - - - - -] cert = self.pem log_opt_values /usr/lib/python3/dist-packages/oslo_config/cfg.py:2602
2025-07-31 00:37:09.159 140405 DEBUG oslo_service.service [req-a86b0e62-76cb-4764-87a8-03edef78d8be - - - - -] compute_driver = libvirt.LibvirtDriver log_opt_values /usr/lib/python3/dist-packages/oslo_config/cfg.py:2602
2025-07-31 00:37:09.159 140405 DEBUG oslo_service.service [req-a86b0e62-76cb-4764-87a8-03edef78d8be - - - - -] compute_monitors = [] log_opt_values /usr/lib/python3/dist-packages/oslo_config/cfg.py:2602
2025-07-31 00:37:09.159 140405 DEBUG oslo_service.service [req-a86b0e62-76cb-4764-87a8-03edef78d8be - - - - -] config_dir = [] log_opt_values /usr/lib/python3/dist-packages/oslo_config/cfg.py:2602
2025-07-31 00:37:09.159 140712 INFO nova.service [-] Starting conductor node (version 25.2.1)
2025-07-31 00:37:09.159 140405 DEBUG oslo_service.service [req-a86b0e62-76cb-4764-87a8-03edef78d8be - - - - -] config_drive_format = iso9660 log_opt_values /usr/lib/python3/dist-packages/oslo_config/cfg.py:2602
2025-07-31 00:37:09.159 140710 DEBUG oslo_db.sqlalchemy.engines [req-44929bc2-8ff5-45dd-b139-1b6c1e3113d8 - - - - -] MySQL server mode set to STRICT_TRANS_TABLES,STRICT_ALL_TABLES,NO_ZERO_IN_DATE,NO_ZERO_DATE,ERROR_FOR_DIVISION_BY_ZERO,TRADITIONAL,NO_ENGINE_SUBSTITUTION _check_effective_sql_mode /usr/lib/python3/dist-packages/oslo_db/sqlalchemy/engines.py:314
2025-07-31 00:37:09.160 140405 DEBUG oslo_service.service [req-a86b0e62-76cb-4764-87a8-03edef78d8be - - - - -] config_file = ['/etc/nova/nova.conf'] log_opt_values /usr/lib/python3/dist-packages/oslo_config/cfg.py:2602
2025-07-31 00:37:09.160 140405 DEBUG oslo_service.service [req-a86b0e62-76cb-4764-87a8-03edef78d8be - - - - -] config_source = [] log_opt_values /usr/lib/python3/dist-packages/oslo_config/cfg.py:2602
2025-07-31 00:37:09.160 140405 DEBUG oslo_service.service [req-a86b0e62-76cb-4764-87a8-03edef78d8be - - - - -] console_host = juju-c4a508-0-lxd-7 log_opt_values /usr/lib/python3/dist-packages/oslo_config/cfg.py:2602
2025-07-31 00:37:09.160 140405 DEBUG oslo_service.service [req-a86b0e62-76cb-4764-87a8-03edef78d8be - - - - -] control_exchange = nova log_opt_values /usr/lib/python3/dist-packages/oslo_config/cfg.py:2602
2025-07-31 00:37:09.160 140405 DEBUG oslo_service.service [req-a86b0e62-76cb-4764-87a8-03edef78d8be - - - - -] cpu_allocation_ratio = 2.0 log_opt_values /usr/lib/python3/dist-packages/oslo_config/cfg.py:2602
2025-07-31 00:37:09.161 140405 DEBUG oslo_service.service [req-a86b0e62-76cb-4764-87a8-03edef78d8be - - - - -] daemon = False log_opt_values /usr/lib/python3/dist-packages/oslo_config/cfg.py:2602
2025-07-31 00:37:09.161 140405 DEBUG oslo_service.service [req-a86b0e62-76cb-4764-87a8-03edef78d8be - - - - -] debug = True log_opt_values /usr/lib/python3/dist-packages/oslo_config/cfg.py:2602
2025-07-31 00:37:09.161 140405 DEBUG oslo_service.service [req-a86b0e62-76cb-4764-87a8-03edef78d8be - - - - -] default_access_ip_network_name = None log_opt_values /usr/lib/python3/dist-packages/oslo_config/cfg.py:2602
2025-07-31 00:37:09.161 140405 DEBUG oslo_service.service [req-a86b0e62-76cb-4764-87a8-03edef78d8be - - - - -] default_availability_zone = nova log_opt_values /usr/lib/python3/dist-packages/oslo_config/cfg.py:2602
2025-07-31 00:37:09.161 140405 DEBUG oslo_service.service [req-a86b0e62-76cb-4764-87a8-03edef78d8be - - - - -] default_ephemeral_format = None log_opt_values /usr/lib/python3/dist-packages/oslo_config/cfg.py:2602
2025-07-31 00:37:09.162 140405 DEBUG oslo_service.service [req-a86b0e62-76cb-4764-87a8-03edef78d8be - - - - -] default_log_levels = ['amqp=WARN', 'amqplib=WARN', 'boto=WARN', 'qpid=WARN', 'sqlalchemy=WARN', 'suds=INFO', 'oslo.messaging=INFO', 'oslo_messaging=DEBUG', 'iso8601=WARN', 'requests.packages.urllib3.connectionpool=WARN', 'urllib3.connectionpool=WARN', 'websocket=WARN', 'requests.packages.urllib3.util.retry=WARN', 'urllib3.util.retry=WARN', 'keystonemiddleware=WARN', 'routes.middleware=WARN', 'stevedore=WARN', 'taskflow=WARN', 'keystoneauth=WARN', 'oslo.cache=INFO', 'dogpile.core.dogpile=INFO', 'glanceclient=WARN', 'oslo.privsep.daemon=INFO'] log_opt_values /usr/lib/python3/dist-packages/oslo_config/cfg.py:2602
2025-07-31 00:37:09.162 140405 DEBUG oslo_service.service [req-a86b0e62-76cb-4764-87a8-03edef78d8be - - - - -] default_schedule_zone = None log_opt_values /usr/lib/python3/dist-packages/oslo_config/cfg.py:2602
2025-07-31 00:37:09.162 140405 DEBUG oslo_service.service [req-a86b0e62-76cb-4764-87a8-03edef78d8be - - - - -] disk_allocation_ratio = 1.0 log_opt_values /usr/lib/python3/dist-packages/oslo_config/cfg.py:2602
2025-07-31 00:37:09.163 140405 DEBUG oslo_service.service [req-a86b0e62-76cb-4764-87a8-03edef78d8be - - - - -] enable_new_services = True log_opt_values /usr/lib/python3/dist-packages/oslo_config/cfg.py:2602
2025-07-31 00:37:09.163 140405 DEBUG oslo_service.service [req-a86b0e62-76cb-4764-87a8-03edef78d8be - - - - -] enabled_apis = ['osapi_compute', 'metadata'] log_opt_values /usr/lib/python3/dist-packages/oslo_config/cfg.py:2602
2025-07-31 00:37:09.163 140405 DEBUG oslo_service.service [req-a86b0e62-76cb-4764-87a8-03edef78d8be - - - - -] enabled_ssl_apis = [] log_opt_values /usr/lib/python3/dist-packages/oslo_config/cfg.py:2602
2025-07-31 00:37:09.164 140405 DEBUG oslo_service.service [req-a86b0e62-76cb-4764-87a8-03edef78d8be - - - - -] fatal_deprecations = False log_opt_values /usr/lib/python3/dist-packages/oslo_config/cfg.py:2602
2025-07-31 00:37:09.166 140405 DEBUG oslo_service.service [req-a86b0e62-76cb-4764-87a8-03edef78d8be - - - - -] flat_injected = False log_opt_values /usr/lib/python3/dist-packages/oslo_config/cfg.py:2602
2025-07-31 00:37:09.166 140405 DEBUG oslo_service.service [req-a86b0e62-76cb-4764-87a8-03edef78d8be - - - - -] force_config_drive = False log_opt_values /usr/lib/python3/dist-packages/oslo_config/cfg.py:2602
2025-07-31 00:37:09.166 140711 DEBUG oslo_db.sqlalchemy.engines [req-1a84abc6-feed-4023-99d8-23a369bb05b9 - - - - -] MySQL server mode set to STRICT_TRANS_TABLES,STRICT_ALL_TABLES,NO_ZERO_IN_DATE,NO_ZERO_DATE,ERROR_FOR_DIVISION_BY_ZERO,TRADITIONAL,NO_ENGINE_SUBSTITUTION _check_effective_sql_mode /usr/lib/python3/dist-packages/oslo_db/sqlalchemy/engines.py:314
2025-07-31 00:37:09.166 140405 DEBUG oslo_service.service [req-a86b0e62-76cb-4764-87a8-03edef78d8be - - - - -] force_raw_images = True log_opt_values /usr/lib/python3/dist-packages/oslo_config/cfg.py:2602
2025-07-31 00:37:09.167 140405 DEBUG oslo_service.service [req-a86b0e62-76cb-4764-87a8-03edef78d8be - - - - -] graceful_shutdown_timeout = 60 log_opt_values /usr/lib/python3/dist-packages/oslo_config/cfg.py:2602
2025-07-31 00:37:09.167 140405 DEBUG oslo_service.service [req-a86b0e62-76cb-4764-87a8-03edef78d8be - - - - -] heal_instance_info_cache_interval = 60 log_opt_values /usr/lib/python3/dist-packages/oslo_config/cfg.py:2602
2025-07-31 00:37:09.167 140405 DEBUG oslo_service.service [req-a86b0e62-76cb-4764-87a8-03edef78d8be - - - - -] host = juju-c4a508-0-lxd-7 log_opt_values /usr/lib/python3/dist-packages/oslo_config/cfg.py:2602
2025-07-31 00:37:09.167 140405 DEBUG oslo_service.service [req-a86b0e62-76cb-4764-87a8-03edef78d8be - - - - -] initial_cpu_allocation_ratio = 16.0 log_opt_values /usr/lib/python3/dist-packages/oslo_config/cfg.py:2602
2025-07-31 00:37:09.167 140405 DEBUG oslo_service.service [req-a86b0e62-76cb-4764-87a8-03edef78d8be - - - - -] initial_disk_allocation_ratio = 1.0 log_opt_values /usr/lib/python3/dist-packages/oslo_config/cfg.py:2602
2025-07-31 00:37:09.168 140405 DEBUG oslo_service.service [req-a86b0e62-76cb-4764-87a8-03edef78d8be - - - - -] initial_ram_allocation_ratio = 1.5 log_opt_values /usr/lib/python3/dist-packages/oslo_config/cfg.py:2602
2025-07-31 00:37:09.168 140405 DEBUG oslo_service.service [req-a86b0e62-76cb-4764-87a8-03edef78d8be - - - - -] injected_network_template = /usr/lib/python3/dist-packages/nova/virt/interfaces.template log_opt_values /usr/lib/python3/dist-packages/oslo_config/cfg.py:2602
2025-07-31 00:37:09.168 140405 DEBUG oslo_service.service [req-a86b0e62-76cb-4764-87a8-03edef78d8be - - - - -] instance_build_timeout = 0 log_opt_values /usr/lib/python3/dist-packages/oslo_config/cfg.py:2602
2025-07-31 00:37:09.168 140405 DEBUG oslo_service.service [req-a86b0e62-76cb-4764-87a8-03edef78d8be - - - - -] instance_delete_interval = 300 log_opt_values /usr/lib/python3/dist-packages/oslo_config/cfg.py:2602
2025-07-31 00:37:09.168 140405 DEBUG oslo_service.service [req-a86b0e62-76cb-4764-87a8-03edef78d8be - - - - -] instance_format = [instance: %(uuid)s] log_opt_values /usr/lib/python3/dist-packages/oslo_config/cfg.py:2602
2025-07-31 00:37:09.169 140405 DEBUG oslo_service.service [req-a86b0e62-76cb-4764-87a8-03edef78d8be - - - - -] instance_name_template = instance-%08x log_opt_values /usr/lib/python3/dist-packages/oslo_config/cfg.py:2602
2025-07-31 00:37:09.169 140405 DEBUG oslo_service.service [req-a86b0e62-76cb-4764-87a8-03edef78d8be - - - - -] instance_usage_audit = False log_opt_values /usr/lib/python3/dist-packages/oslo_config/cfg.py:2602
2025-07-31 00:37:09.169 140405 DEBUG oslo_service.service [req-a86b0e62-76cb-4764-87a8-03edef78d8be - - - - -] instance_usage_audit_period = month log_opt_values /usr/lib/python3/dist-packages/oslo_config/cfg.py:2602
2025-07-31 00:37:09.169 140405 DEBUG oslo_service.service [req-a86b0e62-76cb-4764-87a8-03edef78d8be - - - - -] instance_uuid_format = [instance: %(uuid)s] log_opt_values /usr/lib/python3/dist-packages/oslo_config/cfg.py:2602
2025-07-31 00:37:09.169 140405 DEBUG oslo_service.service [req-a86b0e62-76cb-4764-87a8-03edef78d8be - - - - -] instances_path = /var/lib/nova/instances log_opt_values /usr/lib/python3/dist-packages/oslo_config/cfg.py:2602
2025-07-31 00:37:09.170 140405 DEBUG oslo_service.service [req-a86b0e62-76cb-4764-87a8-03edef78d8be - - - - -] internal_service_availability_zone = internal log_opt_values /usr/lib/python3/dist-packages/oslo_config/cfg.py:2602
2025-07-31 00:37:09.170 140405 DEBUG oslo_service.service [req-a86b0e62-76cb-4764-87a8-03edef78d8be - - - - -] key = None log_opt_values /usr/lib/python3/dist-packages/oslo_config/cfg.py:2602
2025-07-31 00:37:09.170 140405 DEBUG oslo_service.service [req-a86b0e62-76cb-4764-87a8-03edef78d8be - - - - -] live_migration_retry_count = 30 log_opt_values /usr/lib/python3/dist-packages/oslo_config/cfg.py:2602
2025-07-31 00:37:09.170 140405 DEBUG oslo_service.service [req-a86b0e62-76cb-4764-87a8-03edef78d8be - - - - -] log_config_append = None log_opt_values /usr/lib/python3/dist-packages/oslo_config/cfg.py:2602
2025-07-31 00:37:09.170 140405 DEBUG oslo_service.service [req-a86b0e62-76cb-4764-87a8-03edef78d8be - - - - -] log_date_format = %Y-%m-%d %H:%M:%S log_opt_values /usr/lib/python3/dist-packages/oslo_config/cfg.py:2602
2025-07-31 00:37:09.171 140405 DEBUG oslo_service.service [req-a86b0e62-76cb-4764-87a8-03edef78d8be - - - - -] log_dir = /var/log/nova log_opt_values /usr/lib/python3/dist-packages/oslo_config/cfg.py:2602
2025-07-31 00:37:09.171 140405 DEBUG oslo_service.service [req-a86b0e62-76cb-4764-87a8-03edef78d8be - - - - -] log_file = /var/log/nova/nova-conductor.log log_opt_values /usr/lib/python3/dist-packages/oslo_config/cfg.py:2602
2025-07-31 00:37:09.171 140405 DEBUG oslo_service.service [req-a86b0e62-76cb-4764-87a8-03edef78d8be - - - - -] log_options = True log_opt_values /usr/lib/python3/dist-packages/oslo_config/cfg.py:2602
2025-07-31 00:37:09.171 140405 DEBUG oslo_service.service [req-a86b0e62-76cb-4764-87a8-03edef78d8be - - - - -] log_rotate_interval = 1 log_opt_values /usr/lib/python3/dist-packages/oslo_config/cfg.py:2602
2025-07-31 00:37:09.171 140405 DEBUG oslo_service.service [req-a86b0e62-76cb-4764-87a8-03edef78d8be - - - - -] log_rotate_interval_type = days log_opt_values /usr/lib/python3/dist-packages/oslo_config/cfg.py:2602
2025-07-31 00:37:09.172 140405 DEBUG oslo_service.service [req-a86b0e62-76cb-4764-87a8-03edef78d8be - - - - -] log_rotation_type = none log_opt_values /usr/lib/python3/dist-packages/oslo_config/cfg.py:2602
2025-07-31 00:37:09.172 140405 DEBUG oslo_service.service [req-a86b0e62-76cb-4764-87a8-03edef78d8be - - - - -] logging_context_format_string = %(asctime)s.%(msecs)03d %(process)d %(levelname)s %(name)s [%(request_id)s %(user_identity)s] %(instance)s%(message)s log_opt_values /usr/lib/python3/dist-packages/oslo_config/cfg.py:2602
2025-07-31 00:37:09.172 140405 DEBUG oslo_service.service [req-a86b0e62-76cb-4764-87a8-03edef78d8be - - - - -] logging_debug_format_suffix = %(funcName)s %(pathname)s:%(lineno)d log_opt_values /usr/lib/python3/dist-packages/oslo_config/cfg.py:2602
2025-07-31 00:37:09.172 140405 DEBUG oslo_service.service [req-a86b0e62-76cb-4764-87a8-03edef78d8be - - - - -] logging_default_format_string = %(asctime)s.%(msecs)03d %(process)d %(levelname)s %(name)s [-] %(instance)s%(message)s log_opt_values /usr/lib/python3/dist-packages/oslo_config/cfg.py:2602
2025-07-31 00:37:09.173 140405 DEBUG oslo_service.service [req-a86b0e62-76cb-4764-87a8-03edef78d8be - - - - -] logging_exception_prefix = %(asctime)s.%(msecs)03d %(process)d ERROR %(name)s %(instance)s log_opt_values /usr/lib/python3/dist-packages/oslo_config/cfg.py:2602
2025-07-31 00:37:09.173 140405 DEBUG oslo_service.service [req-a86b0e62-76cb-4764-87a8-03edef78d8be - - - - -] logging_user_identity_format = %(user)s %(project)s %(domain)s %(user_domain)s %(project_domain)s log_opt_values /usr/lib/python3/dist-packages/oslo_config/cfg.py:2602
2025-07-31 00:37:09.173 140405 DEBUG oslo_service.service [req-a86b0e62-76cb-4764-87a8-03edef78d8be - - - - -] long_rpc_timeout = 1800 log_opt_values /usr/lib/python3/dist-packages/oslo_config/cfg.py:2602
2025-07-31 00:37:09.173 140405 DEBUG oslo_service.service [req-a86b0e62-76cb-4764-87a8-03edef78d8be - - - - -] max_concurrent_builds = 10 log_opt_values /usr/lib/python3/dist-packages/oslo_config/cfg.py:2602
2025-07-31 00:37:09.173 140710 DEBUG nova.service [req-44929bc2-8ff5-45dd-b139-1b6c1e3113d8 - - - - -] Creating RPC server for service conductor start /usr/lib/python3/dist-packages/nova/service.py:182
2025-07-31 00:37:09.173 140405 DEBUG oslo_service.service [req-a86b0e62-76cb-4764-87a8-03edef78d8be - - - - -] max_concurrent_live_migrations = 1 log_opt_values /usr/lib/python3/dist-packages/oslo_config/cfg.py:2602
2025-07-31 00:37:09.173 140405 DEBUG oslo_service.service [req-a86b0e62-76cb-4764-87a8-03edef78d8be - - - - -] max_concurrent_snapshots = 5 log_opt_values /usr/lib/python3/dist-packages/oslo_config/cfg.py:2602
2025-07-31 00:37:09.174 140405 DEBUG oslo_service.service [req-a86b0e62-76cb-4764-87a8-03edef78d8be - - - - -] max_local_block_devices = 3 log_opt_values /usr/lib/python3/dist-packages/oslo_config/cfg.py:2602
2025-07-31 00:37:09.174 140405 DEBUG oslo_service.service [req-a86b0e62-76cb-4764-87a8-03edef78d8be - - - - -] max_logfile_count = 30 log_opt_values /usr/lib/python3/dist-packages/oslo_config/cfg.py:2602
2025-07-31 00:37:09.174 140405 DEBUG oslo_service.service [req-a86b0e62-76cb-4764-87a8-03edef78d8be - - - - -] max_logfile_size_mb = 200 log_opt_values /usr/lib/python3/dist-packages/oslo_config/cfg.py:2602
2025-07-31 00:37:09.174 140709 DEBUG nova.service [req-68a5be68-764e-4a2a-ba48-50c0bcf1790f - - - - -] Creating RPC server for service conductor start /usr/lib/python3/dist-packages/nova/service.py:182
2025-07-31 00:37:09.174 140405 DEBUG oslo_service.service [req-a86b0e62-76cb-4764-87a8-03edef78d8be - - - - -] maximum_instance_delete_attempts = 5 log_opt_values /usr/lib/python3/dist-packages/oslo_config/cfg.py:2602
2025-07-31 00:37:09.174 140405 DEBUG oslo_service.service [req-a86b0e62-76cb-4764-87a8-03edef78d8be - - - - -] metadata_listen = 0.0.0.0 log_opt_values /usr/lib/python3/dist-packages/oslo_config/cfg.py:2602
2025-07-31 00:37:09.175 140405 DEBUG oslo_service.service [req-a86b0e62-76cb-4764-87a8-03edef78d8be - - - - -] metadata_listen_port = 8765 log_opt_values /usr/lib/python3/dist-packages/oslo_config/cfg.py:2602
2025-07-31 00:37:09.175 140405 DEBUG oslo_service.service [req-a86b0e62-76cb-4764-87a8-03edef78d8be - - - - -] metadata_workers = None log_opt_values /usr/lib/python3/dist-packages/oslo_config/cfg.py:2602
2025-07-31 00:37:09.175 140405 DEBUG oslo_service.service [req-a86b0e62-76cb-4764-87a8-03edef78d8be - - - - -] migrate_max_retries = -1 log_opt_values /usr/lib/python3/dist-packages/oslo_config/cfg.py:2602
2025-07-31 00:37:09.175 140405 DEBUG oslo_service.service [req-a86b0e62-76cb-4764-87a8-03edef78d8be - - - - -] mkisofs_cmd = genisoimage log_opt_values /usr/lib/python3/dist-packages/oslo_config/cfg.py:2602
2025-07-31 00:37:09.175 140405 DEBUG oslo_service.service [req-a86b0e62-76cb-4764-87a8-03edef78d8be - - - - -] my_block_storage_ip = 252.65.59.237 log_opt_values /usr/lib/python3/dist-packages/oslo_config/cfg.py:2602
2025-07-31 00:37:09.175 140405 DEBUG oslo_service.service [req-a86b0e62-76cb-4764-87a8-03edef78d8be - - - - -] my_ip = 252.65.59.237 log_opt_values /usr/lib/python3/dist-packages/oslo_config/cfg.py:2602
2025-07-31 00:37:09.176 140405 DEBUG oslo_service.service [req-a86b0e62-76cb-4764-87a8-03edef78d8be - - - - -] network_allocate_retries = 0 log_opt_values /usr/lib/python3/dist-packages/oslo_config/cfg.py:2602
2025-07-31 00:37:09.176 140405 DEBUG oslo_service.service [req-a86b0e62-76cb-4764-87a8-03edef78d8be - - - - -] non_inheritable_image_properties = ['cache_in_nova', 'bittorrent'] log_opt_values /usr/lib/python3/dist-packages/oslo_config/cfg.py:2602
2025-07-31 00:37:09.176 140405 DEBUG oslo_service.service [req-a86b0e62-76cb-4764-87a8-03edef78d8be - - - - -] osapi_compute_listen = 0.0.0.0 log_opt_values /usr/lib/python3/dist-packages/oslo_config/cfg.py:2602
2025-07-31 00:37:09.176 140405 DEBUG oslo_service.service [req-a86b0e62-76cb-4764-87a8-03edef78d8be - - - - -] osapi_compute_listen_port = 8764 log_opt_values /usr/lib/python3/dist-packages/oslo_config/cfg.py:2602
2025-07-31 00:37:09.176 140405 DEBUG oslo_service.service [req-a86b0e62-76cb-4764-87a8-03edef78d8be - - - - -] osapi_compute_unique_server_name_scope = log_opt_values /usr/lib/python3/dist-packages/oslo_config/cfg.py:2602
2025-07-31 00:37:09.176 140405 DEBUG oslo_service.service [req-a86b0e62-76cb-4764-87a8-03edef78d8be - - - - -] osapi_compute_workers = 4 log_opt_values /usr/lib/python3/dist-packages/oslo_config/cfg.py:2602
2025-07-31 00:37:09.177 140405 DEBUG oslo_service.service [req-a86b0e62-76cb-4764-87a8-03edef78d8be - - - - -] password_length = 12 log_opt_values /usr/lib/python3/dist-packages/oslo_config/cfg.py:2602
2025-07-31 00:37:09.177 140405 DEBUG oslo_service.service [req-a86b0e62-76cb-4764-87a8-03edef78d8be - - - - -] periodic_enable = True log_opt_values /usr/lib/python3/dist-packages/oslo_config/cfg.py:2602
2025-07-31 00:37:09.177 140405 DEBUG oslo_service.service [req-a86b0e62-76cb-4764-87a8-03edef78d8be - - - - -] periodic_fuzzy_delay = 60 log_opt_values /usr/lib/python3/dist-packages/oslo_config/cfg.py:2602
2025-07-31 00:37:09.177 140405 DEBUG oslo_service.service [req-a86b0e62-76cb-4764-87a8-03edef78d8be - - - - -] pointer_model = usbtablet log_opt_values /usr/lib/python3/dist-packages/oslo_config/cfg.py:2602
2025-07-31 00:37:09.177 140405 DEBUG oslo_service.service [req-a86b0e62-76cb-4764-87a8-03edef78d8be - - - - -] preallocate_images = none log_opt_values /usr/lib/python3/dist-packages/oslo_config/cfg.py:2602
2025-07-31 00:37:09.177 140405 DEBUG oslo_service.service [req-a86b0e62-76cb-4764-87a8-03edef78d8be - - - - -] publish_errors = False log_opt_values /usr/lib/python3/dist-packages/oslo_config/cfg.py:2602
2025-07-31 00:37:09.178 140405 DEBUG oslo_service.service [req-a86b0e62-76cb-4764-87a8-03edef78d8be - - - - -] pybasedir = /usr/lib/python3/dist-packages log_opt_values /usr/lib/python3/dist-packages/oslo_config/cfg.py:2602
2025-07-31 00:37:09.178 140405 DEBUG oslo_service.service [req-a86b0e62-76cb-4764-87a8-03edef78d8be - - - - -] ram_allocation_ratio = 0.98 log_opt_values /usr/lib/python3/dist-packages/oslo_config/cfg.py:2602
2025-07-31 00:37:09.178 140405 DEBUG oslo_service.service [req-a86b0e62-76cb-4764-87a8-03edef78d8be - - - - -] rate_limit_burst = 0 log_opt_values /usr/lib/python3/dist-packages/oslo_config/cfg.py:2602
2025-07-31 00:37:09.178 140405 DEBUG oslo_service.service [req-a86b0e62-76cb-4764-87a8-03edef78d8be - - - - -] rate_limit_except_level = CRITICAL log_opt_values /usr/lib/python3/dist-packages/oslo_config/cfg.py:2602
2025-07-31 00:37:09.178 140405 DEBUG oslo_service.service [req-a86b0e62-76cb-4764-87a8-03edef78d8be - - - - -] rate_limit_interval = 0 log_opt_values /usr/lib/python3/dist-packages/oslo_config/cfg.py:2602
2025-07-31 00:37:09.178 140405 DEBUG oslo_service.service [req-a86b0e62-76cb-4764-87a8-03edef78d8be - - - - -] reboot_timeout = 0 log_opt_values /usr/lib/python3/dist-packages/oslo_config/cfg.py:2602
2025-07-31 00:37:09.179 140405 DEBUG oslo_service.service [req-a86b0e62-76cb-4764-87a8-03edef78d8be - - - - -] reclaim_instance_interval = 0 log_opt_values /usr/lib/python3/dist-packages/oslo_config/cfg.py:2602
2025-07-31 00:37:09.179 140405 DEBUG oslo_service.service [req-a86b0e62-76cb-4764-87a8-03edef78d8be - - - - -] record = None log_opt_values /usr/lib/python3/dist-packages/oslo_config/cfg.py:2602
2025-07-31 00:37:09.179 140405 DEBUG oslo_service.service [req-a86b0e62-76cb-4764-87a8-03edef78d8be - - - - -] report_interval = 10 log_opt_values /usr/lib/python3/dist-packages/oslo_config/cfg.py:2602
2025-07-31 00:37:09.179 140405 DEBUG oslo_service.service [req-a86b0e62-76cb-4764-87a8-03edef78d8be - - - - -] rescue_timeout = 0 log_opt_values /usr/lib/python3/dist-packages/oslo_config/cfg.py:2602
2025-07-31 00:37:09.179 140405 DEBUG oslo_service.service [req-a86b0e62-76cb-4764-87a8-03edef78d8be - - - - -] reserved_host_cpus = 0 log_opt_values /usr/lib/python3/dist-packages/oslo_config/cfg.py:2602
2025-07-31 00:37:09.179 140405 DEBUG oslo_service.service [req-a86b0e62-76cb-4764-87a8-03edef78d8be - - - - -] reserved_host_disk_mb = 0 log_opt_values /usr/lib/python3/dist-packages/oslo_config/cfg.py:2602
2025-07-31 00:37:09.180 140405 DEBUG oslo_service.service [req-a86b0e62-76cb-4764-87a8-03edef78d8be - - - - -] reserved_host_memory_mb = 512 log_opt_values /usr/lib/python3/dist-packages/oslo_config/cfg.py:2602
2025-07-31 00:37:09.180 140405 DEBUG oslo_service.service [req-a86b0e62-76cb-4764-87a8-03edef78d8be - - - - -] reserved_huge_pages = None log_opt_values /usr/lib/python3/dist-packages/oslo_config/cfg.py:2602
2025-07-31 00:37:09.180 140405 DEBUG oslo_service.service [req-a86b0e62-76cb-4764-87a8-03edef78d8be - - - - -] resize_confirm_window = 0 log_opt_values /usr/lib/python3/dist-packages/oslo_config/cfg.py:2602
2025-07-31 00:37:09.180 140405 DEBUG oslo_service.service [req-a86b0e62-76cb-4764-87a8-03edef78d8be - - - - -] resize_fs_using_block_device = False log_opt_values /usr/lib/python3/dist-packages/oslo_config/cfg.py:2602
2025-07-31 00:37:09.180 140405 DEBUG oslo_service.service [req-a86b0e62-76cb-4764-87a8-03edef78d8be - - - - -] resume_guests_state_on_host_boot = False log_opt_values /usr/lib/python3/dist-packages/oslo_config/cfg.py:2602
2025-07-31 00:37:09.180 140712 DEBUG oslo_db.sqlalchemy.engines [req-41d96641-8b8a-4fdc-851c-ad3741c399c3 - - - - -] MySQL server mode set to STRICT_TRANS_TABLES,STRICT_ALL_TABLES,NO_ZERO_IN_DATE,NO_ZERO_DATE,ERROR_FOR_DIVISION_BY_ZERO,TRADITIONAL,NO_ENGINE_SUBSTITUTION _check_effective_sql_mode /usr/lib/python3/dist-packages/oslo_db/sqlalchemy/engines.py:314
2025-07-31 00:37:09.181 140405 DEBUG oslo_service.service [req-a86b0e62-76cb-4764-87a8-03edef78d8be - - - - -] rootwrap_config = /etc/nova/rootwrap.conf log_opt_values /usr/lib/python3/dist-packages/oslo_config/cfg.py:2602
2025-07-31 00:37:09.180 140711 DEBUG nova.service [req-1a84abc6-feed-4023-99d8-23a369bb05b9 - - - - -] Creating RPC server for service conductor start /usr/lib/python3/dist-packages/nova/service.py:182
2025-07-31 00:37:09.181 140405 DEBUG oslo_service.service [req-a86b0e62-76cb-4764-87a8-03edef78d8be - - - - -] rpc_response_timeout = 60 log_opt_values /usr/lib/python3/dist-packages/oslo_config/cfg.py:2602
2025-07-31 00:37:09.181 140405 DEBUG oslo_service.service [req-a86b0e62-76cb-4764-87a8-03edef78d8be - - - - -] run_external_periodic_tasks = True log_opt_values /usr/lib/python3/dist-packages/oslo_config/cfg.py:2602
2025-07-31 00:37:09.181 140405 DEBUG oslo_service.service [req-a86b0e62-76cb-4764-87a8-03edef78d8be - - - - -] running_deleted_instance_action = reap log_opt_values /usr/lib/python3/dist-packages/oslo_config/cfg.py:2602
2025-07-31 00:37:09.181 140405 DEBUG oslo_service.service [req-a86b0e62-76cb-4764-87a8-03edef78d8be - - - - -] running_deleted_instance_poll_interval = 1800 log_opt_values /usr/lib/python3/dist-packages/oslo_config/cfg.py:2602
2025-07-31 00:37:09.181 140405 DEBUG oslo_service.service [req-a86b0e62-76cb-4764-87a8-03edef78d8be - - - - -] running_deleted_instance_timeout = 0 log_opt_values /usr/lib/python3/dist-packages/oslo_config/cfg.py:2602
2025-07-31 00:37:09.182 140405 DEBUG oslo_service.service [req-a86b0e62-76cb-4764-87a8-03edef78d8be - - - - -] scheduler_instance_sync_interval = 120 log_opt_values /usr/lib/python3/dist-packages/oslo_config/cfg.py:2602
2025-07-31 00:37:09.182 140405 DEBUG oslo_service.service [req-a86b0e62-76cb-4764-87a8-03edef78d8be - - - - -] service_down_time = 60 log_opt_values /usr/lib/python3/dist-packages/oslo_config/cfg.py:2602
2025-07-31 00:37:09.182 140405 DEBUG oslo_service.service [req-a86b0e62-76cb-4764-87a8-03edef78d8be - - - - -] servicegroup_driver = db log_opt_values /usr/lib/python3/dist-packages/oslo_config/cfg.py:2602
2025-07-31 00:37:09.182 140405 DEBUG oslo_service.service [req-a86b0e62-76cb-4764-87a8-03edef78d8be - - - - -] shelved_offload_time = 0 log_opt_values /usr/lib/python3/dist-packages/oslo_config/cfg.py:2602
2025-07-31 00:37:09.182 140405 DEBUG oslo_service.service [req-a86b0e62-76cb-4764-87a8-03edef78d8be - - - - -] shelved_poll_interval = 3600 log_opt_values /usr/lib/python3/dist-packages/oslo_config/cfg.py:2602
2025-07-31 00:37:09.183 140405 DEBUG oslo_service.service [req-a86b0e62-76cb-4764-87a8-03edef78d8be - - - - -] shutdown_timeout = 60 log_opt_values /usr/lib/python3/dist-packages/oslo_config/cfg.py:2602
2025-07-31 00:37:09.183 140405 DEBUG oslo_service.service [req-a86b0e62-76cb-4764-87a8-03edef78d8be - - - - -] source_is_ipv6 = False log_opt_values /usr/lib/python3/dist-packages/oslo_config/cfg.py:2602
2025-07-31 00:37:09.183 140405 DEBUG oslo_service.service [req-a86b0e62-76cb-4764-87a8-03edef78d8be - - - - -] ssl_only = False log_opt_values /usr/lib/python3/dist-packages/oslo_config/cfg.py:2602
2025-07-31 00:37:09.183 140405 DEBUG oslo_service.service [req-a86b0e62-76cb-4764-87a8-03edef78d8be - - - - -] state_path = /var/lib/nova log_opt_values /usr/lib/python3/dist-packages/oslo_config/cfg.py:2602
2025-07-31 00:37:09.183 140405 DEBUG oslo_service.service [req-a86b0e62-76cb-4764-87a8-03edef78d8be - - - - -] sync_power_state_interval = 600 log_opt_values /usr/lib/python3/dist-packages/oslo_config/cfg.py:2602
2025-07-31 00:37:09.183 140405 DEBUG oslo_service.service [req-a86b0e62-76cb-4764-87a8-03edef78d8be - - - - -] sync_power_state_pool_size = 1000 log_opt_values /usr/lib/python3/dist-packages/oslo_config/cfg.py:2602
2025-07-31 00:37:09.184 140405 DEBUG oslo_service.service [req-a86b0e62-76cb-4764-87a8-03edef78d8be - - - - -] syslog_log_facility = LOG_USER log_opt_values /usr/lib/python3/dist-packages/oslo_config/cfg.py:2602
2025-07-31 00:37:09.184 140405 DEBUG oslo_service.service [req-a86b0e62-76cb-4764-87a8-03edef78d8be - - - - -] tempdir = None log_opt_values /usr/lib/python3/dist-packages/oslo_config/cfg.py:2602
2025-07-31 00:37:09.184 140405 DEBUG oslo_service.service [req-a86b0e62-76cb-4764-87a8-03edef78d8be - - - - -] timeout_nbd = 10 log_opt_values /usr/lib/python3/dist-packages/oslo_config/cfg.py:2602
2025-07-31 00:37:09.185 140405 DEBUG oslo_service.service [req-a86b0e62-76cb-4764-87a8-03edef78d8be - - - - -] transport_url = **** log_opt_values /usr/lib/python3/dist-packages/oslo_config/cfg.py:2602
2025-07-31 00:37:09.186 140405 DEBUG oslo_service.service [req-a86b0e62-76cb-4764-87a8-03edef78d8be - - - - -] update_resources_interval = 0 log_opt_values /usr/lib/python3/dist-packages/oslo_config/cfg.py:2602
2025-07-31 00:37:09.187 140405 DEBUG oslo_service.service [req-a86b0e62-76cb-4764-87a8-03edef78d8be - - - - -] use_cow_images = True log_opt_values /usr/lib/python3/dist-packages/oslo_config/cfg.py:2602
2025-07-31 00:37:09.189 140405 DEBUG oslo_service.service [req-a86b0e62-76cb-4764-87a8-03edef78d8be - - - - -] use_eventlog = False log_opt_values /usr/lib/python3/dist-packages/oslo_config/cfg.py:2602
2025-07-31 00:37:09.189 140405 DEBUG oslo_service.service [req-a86b0e62-76cb-4764-87a8-03edef78d8be - - - - -] use_journal = False log_opt_values /usr/lib/python3/dist-packages/oslo_config/cfg.py:2602
2025-07-31 00:37:09.189 140405 DEBUG oslo_service.service [req-a86b0e62-76cb-4764-87a8-03edef78d8be - - - - -] use_json = False log_opt_values /usr/lib/python3/dist-packages/oslo_config/cfg.py:2602
2025-07-31 00:37:09.190 140405 DEBUG oslo_service.service [req-a86b0e62-76cb-4764-87a8-03edef78d8be - - - - -] use_rootwrap_daemon = False log_opt_values /usr/lib/python3/dist-packages/oslo_config/cfg.py:2602
2025-07-31 00:37:09.190 140405 DEBUG oslo_service.service [req-a86b0e62-76cb-4764-87a8-03edef78d8be - - - - -] use_stderr = False log_opt_values /usr/lib/python3/dist-packages/oslo_config/cfg.py:2602
2025-07-31 00:37:09.191 140405 DEBUG oslo_service.service [req-a86b0e62-76cb-4764-87a8-03edef78d8be - - - - -] use_syslog = False log_opt_values /usr/lib/python3/dist-packages/oslo_config/cfg.py:2602
2025-07-31 00:37:09.192 140405 DEBUG oslo_service.service [req-a86b0e62-76cb-4764-87a8-03edef78d8be - - - - -] vcpu_pin_set = None log_opt_values /usr/lib/python3/dist-packages/oslo_config/cfg.py:2602
2025-07-31 00:37:09.194 140405 DEBUG oslo_service.service [req-a86b0e62-76cb-4764-87a8-03edef78d8be - - - - -] vif_plugging_is_fatal = True log_opt_values /usr/lib/python3/dist-packages/oslo_config/cfg.py:2602
2025-07-31 00:37:09.196 140710 DEBUG oslo_messaging._drivers.amqpdriver [-] Listener is running poll /usr/lib/python3/dist-packages/oslo_messaging/_drivers/amqpdriver.py:343
2025-07-31 00:37:09.197 140710 DEBUG oslo_messaging._drivers.amqpdriver [-] AMQPListener connection consume poll /usr/lib/python3/dist-packages/oslo_messaging/_drivers/amqpdriver.py:357
2025-07-31 00:37:09.196 140405 DEBUG oslo_service.service [req-a86b0e62-76cb-4764-87a8-03edef78d8be - - - - -] vif_plugging_timeout = 300 log_opt_values /usr/lib/python3/dist-packages/oslo_config/cfg.py:2602
2025-07-31 00:37:09.197 140710 DEBUG nova.service [req-44929bc2-8ff5-45dd-b139-1b6c1e3113d8 - - - - -] Join ServiceGroup membership for this service conductor start /usr/lib/python3/dist-packages/nova/service.py:199
2025-07-31 00:37:09.197 140710 DEBUG nova.servicegroup.drivers.db [req-44929bc2-8ff5-45dd-b139-1b6c1e3113d8 - - - - -] DB_Driver: join new ServiceGroup member juju-c4a508-0-lxd-7 to the conductor group, service = join /usr/lib/python3/dist-packages/nova/servicegroup/drivers/db.py:44
2025-07-31 00:37:09.197 140405 DEBUG oslo_service.service [req-a86b0e62-76cb-4764-87a8-03edef78d8be - - - - -] virt_mkfs = [] log_opt_values /usr/lib/python3/dist-packages/oslo_config/cfg.py:2602
2025-07-31 00:37:09.198 140405 DEBUG oslo_service.service [req-a86b0e62-76cb-4764-87a8-03edef78d8be - - - - -] volume_usage_poll_interval = 0 log_opt_values /usr/lib/python3/dist-packages/oslo_config/cfg.py:2602
2025-07-31 00:37:09.198 140405 DEBUG oslo_service.service [req-a86b0e62-76cb-4764-87a8-03edef78d8be - - - - -] watch_log_file = False log_opt_values /usr/lib/python3/dist-packages/oslo_config/cfg.py:2602
2025-07-31 00:37:09.198 140709 DEBUG oslo_messaging._drivers.amqpdriver [-] Listener is running poll /usr/lib/python3/dist-packages/oslo_messaging/_drivers/amqpdriver.py:343
2025-07-31 00:37:09.198 140710 DEBUG oslo_messaging._drivers.amqpdriver [-] received message msg_id: 9430be4310774a31958e896ef92bc318 reply to reply_1d4ebba5136f4a7c8055bc1a3f362bab __call__ /usr/lib/python3/dist-packages/oslo_messaging/_drivers/amqpdriver.py:320
2025-07-31 00:37:09.198 140405 DEBUG oslo_service.service [req-a86b0e62-76cb-4764-87a8-03edef78d8be - - - - -] web = /usr/share/spice-html5 log_opt_values /usr/lib/python3/dist-packages/oslo_config/cfg.py:2602
2025-07-31 00:37:09.198 140709 DEBUG oslo_messaging._drivers.amqpdriver [-] AMQPListener connection consume poll /usr/lib/python3/dist-packages/oslo_messaging/_drivers/amqpdriver.py:357
2025-07-31 00:37:09.199 140405 DEBUG oslo_service.service [req-a86b0e62-76cb-4764-87a8-03edef78d8be - - - - -] oslo_concurrency.disable_process_locking = False log_opt_values /usr/lib/python3/dist-packages/oslo_config/cfg.py:2609
2025-07-31 00:37:09.199 140405 DEBUG oslo_service.service [req-a86b0e62-76cb-4764-87a8-03edef78d8be - - - - -] oslo_concurrency.lock_path = /var/lock/nova log_opt_values /usr/lib/python3/dist-packages/oslo_config/cfg.py:2609
2025-07-31 00:37:09.199 140709 DEBUG nova.service [req-68a5be68-764e-4a2a-ba48-50c0bcf1790f - - - - -] Join ServiceGroup membership for this service conductor start /usr/lib/python3/dist-packages/nova/service.py:199
2025-07-31 00:37:09.199 140405 DEBUG oslo_service.service [req-a86b0e62-76cb-4764-87a8-03edef78d8be - - - - -] oslo_messaging_metrics.metrics_buffer_size = 1000 log_opt_values /usr/lib/python3/dist-packages/oslo_config/cfg.py:2609
2025-07-31 00:37:09.200 140709 DEBUG nova.servicegroup.drivers.db [req-68a5be68-764e-4a2a-ba48-50c0bcf1790f - - - - -] DB_Driver: join new ServiceGroup member juju-c4a508-0-lxd-7 to the conductor group, service = join /usr/lib/python3/dist-packages/nova/servicegroup/drivers/db.py:44
2025-07-31 00:37:09.200 140405 DEBUG oslo_service.service [req-a86b0e62-76cb-4764-87a8-03edef78d8be - - - - -] oslo_messaging_metrics.metrics_enabled = False log_opt_values /usr/lib/python3/dist-packages/oslo_config/cfg.py:2609
2025-07-31 00:37:09.200 140710 DEBUG oslo_messaging._drivers.amqpdriver [-] AMQPListener connection timeout poll /usr/lib/python3/dist-packages/oslo_messaging/_drivers/amqpdriver.py:360
2025-07-31 00:37:09.200 140405 DEBUG oslo_service.service [req-a86b0e62-76cb-4764-87a8-03edef78d8be - - - - -] oslo_messaging_metrics.metrics_process_name = log_opt_values /usr/lib/python3/dist-packages/oslo_config/cfg.py:2609
2025-07-31 00:37:09.200 140710 DEBUG oslo_messaging._drivers.amqpdriver [-] Listener is running poll /usr/lib/python3/dist-packages/oslo_messaging/_drivers/amqpdriver.py:343
2025-07-31 00:37:09.201 140405 DEBUG oslo_service.service [req-a86b0e62-76cb-4764-87a8-03edef78d8be - - - - -] oslo_messaging_metrics.metrics_socket_file = /var/tmp/metrics_collector.sock log_opt_values /usr/lib/python3/dist-packages/oslo_config/cfg.py:2609
2025-07-31 00:37:09.201 140710 DEBUG oslo_messaging._drivers.amqpdriver [-] Poll the incoming message with unique_id: 0a220d3d82bb4791a3cacdcd289ddc19 poll /usr/lib/python3/dist-packages/oslo_messaging/_drivers/amqpdriver.py:346
2025-07-31 00:37:09.201 140710 DEBUG oslo_messaging._drivers.amqpdriver [-] Listener is running poll /usr/lib/python3/dist-packages/oslo_messaging/_drivers/amqpdriver.py:343
2025-07-31 00:37:09.201 140710 DEBUG oslo_messaging._drivers.amqpdriver [-] AMQPListener connection consume poll /usr/lib/python3/dist-packages/oslo_messaging/_drivers/amqpdriver.py:357
2025-07-31 00:37:09.201 140405 DEBUG oslo_service.service [req-a86b0e62-76cb-4764-87a8-03edef78d8be - - - - -] oslo_messaging_metrics.metrics_thread_stop_timeout = 10 log_opt_values /usr/lib/python3/dist-packages/oslo_config/cfg.py:2609
2025-07-31 00:37:09.202 140405 WARNING oslo_config.cfg [req-a86b0e62-76cb-4764-87a8-03edef78d8be - - - - -] Deprecated: Option "auth_strategy" from group "api" is deprecated for removal ( The only non-default choice, ``noauth2``, is for internal development and testing purposes only and should not be used in deployments. This option and its middleware, NoAuthMiddleware[V2_18], will be removed in a future release. ). Its value may be silently ignored in the future.
2025-07-31 00:37:09.202 140405 DEBUG oslo_service.service [req-a86b0e62-76cb-4764-87a8-03edef78d8be - - - - -] api.auth_strategy = keystone log_opt_values /usr/lib/python3/dist-packages/oslo_config/cfg.py:2609
2025-07-31 00:37:09.202 140405 DEBUG oslo_service.service [req-a86b0e62-76cb-4764-87a8-03edef78d8be - - - - -] api.compute_link_prefix = None log_opt_values /usr/lib/python3/dist-packages/oslo_config/cfg.py:2609
2025-07-31 00:37:09.202 140405 DEBUG oslo_service.service [req-a86b0e62-76cb-4764-87a8-03edef78d8be - - - - -] api.config_drive_skip_versions = 1.0 2007-01-19 2007-03-01 2007-08-29 2007-10-10 2007-12-15 2008-02-01 2008-09-01 log_opt_values /usr/lib/python3/dist-packages/oslo_config/cfg.py:2609
2025-07-31 00:37:09.202 140405 DEBUG oslo_service.service [req-a86b0e62-76cb-4764-87a8-03edef78d8be - - - - -] api.dhcp_domain = novalocal log_opt_values /usr/lib/python3/dist-packages/oslo_config/cfg.py:2609
2025-07-31 00:37:09.203 140405 DEBUG oslo_service.service [req-a86b0e62-76cb-4764-87a8-03edef78d8be - - - - -] api.enable_instance_password = True log_opt_values /usr/lib/python3/dist-packages/oslo_config/cfg.py:2609
2025-07-31 00:37:09.203 140405 DEBUG oslo_service.service [req-a86b0e62-76cb-4764-87a8-03edef78d8be - - - - -] api.glance_link_prefix = None log_opt_values /usr/lib/python3/dist-packages/oslo_config/cfg.py:2609
2025-07-31 00:37:09.203 140405 DEBUG oslo_service.service [req-a86b0e62-76cb-4764-87a8-03edef78d8be - - - - -] api.instance_list_cells_batch_fixed_size = 100 log_opt_values /usr/lib/python3/dist-packages/oslo_config/cfg.py:2609
2025-07-31 00:37:09.203 140405 DEBUG oslo_service.service [req-a86b0e62-76cb-4764-87a8-03edef78d8be - - - - -] api.instance_list_cells_batch_strategy = distributed log_opt_values /usr/lib/python3/dist-packages/oslo_config/cfg.py:2609
2025-07-31 00:37:09.204 140405 DEBUG oslo_service.service [req-a86b0e62-76cb-4764-87a8-03edef78d8be - - - - -] api.instance_list_per_project_cells = False log_opt_values /usr/lib/python3/dist-packages/oslo_config/cfg.py:2609
2025-07-31 00:37:09.204 140709 DEBUG oslo_messaging._drivers.amqpdriver [-] AMQPListener connection timeout poll /usr/lib/python3/dist-packages/oslo_messaging/_drivers/amqpdriver.py:360
2025-07-31 00:37:09.204 140709 DEBUG oslo_messaging._drivers.amqpdriver [-] Listener is running poll /usr/lib/python3/dist-packages/oslo_messaging/_drivers/amqpdriver.py:343
2025-07-31 00:37:09.205 140709 DEBUG oslo_messaging._drivers.amqpdriver [-] AMQPListener connection consume poll /usr/lib/python3/dist-packages/oslo_messaging/_drivers/amqpdriver.py:357
2025-07-31 00:37:09.204 140405 DEBUG oslo_service.service [req-a86b0e62-76cb-4764-87a8-03edef78d8be - - - - -] api.list_records_by_skipping_down_cells = True log_opt_values /usr/lib/python3/dist-packages/oslo_config/cfg.py:2609
2025-07-31 00:37:09.206 140710 DEBUG oslo_messaging._drivers.amqpdriver [req-ba99c3f7-86d1-4f70-b0a1-6c4df375f409 - - - - -] sending reply msg_id: 9430be4310774a31958e896ef92bc318 reply queue: reply_1d4ebba5136f4a7c8055bc1a3f362bab time elapsed: 0.006807406999996601s _send_reply /usr/lib/python3/dist-packages/oslo_messaging/_drivers/amqpdriver.py:118
2025-07-31 00:37:09.206 140405 DEBUG oslo_service.service [req-a86b0e62-76cb-4764-87a8-03edef78d8be - - - - -] api.local_metadata_per_cell = False log_opt_values /usr/lib/python3/dist-packages/oslo_config/cfg.py:2609
2025-07-31 00:37:09.206 140405 DEBUG oslo_service.service [req-a86b0e62-76cb-4764-87a8-03edef78d8be - - - - -] api.max_limit = 1000 log_opt_values /usr/lib/python3/dist-packages/oslo_config/cfg.py:2609
2025-07-31 00:37:09.207 140405 DEBUG oslo_service.service [req-a86b0e62-76cb-4764-87a8-03edef78d8be - - - - -] api.metadata_cache_expiration = 15 log_opt_values /usr/lib/python3/dist-packages/oslo_config/cfg.py:2609
2025-07-31 00:37:09.207 140405 DEBUG oslo_service.service [req-a86b0e62-76cb-4764-87a8-03edef78d8be - - - - -] api.neutron_default_tenant_id = default log_opt_values /usr/lib/python3/dist-packages/oslo_config/cfg.py:2609
2025-07-31 00:37:09.207 140405 DEBUG oslo_service.service [req-a86b0e62-76cb-4764-87a8-03edef78d8be - - - - -] api.use_forwarded_for = False log_opt_values /usr/lib/python3/dist-packages/oslo_config/cfg.py:2609
2025-07-31 00:37:09.207 140405 DEBUG oslo_service.service [req-a86b0e62-76cb-4764-87a8-03edef78d8be - - - - -] api.use_neutron_default_nets = False log_opt_values /usr/lib/python3/dist-packages/oslo_config/cfg.py:2609
2025-07-31 00:37:09.208 140711 DEBUG oslo_messaging._drivers.amqpdriver [-] Listener is running poll /usr/lib/python3/dist-packages/oslo_messaging/_drivers/amqpdriver.py:343
2025-07-31 00:37:09.208 140405 DEBUG oslo_service.service [req-a86b0e62-76cb-4764-87a8-03edef78d8be - - - - -] api.vendordata_dynamic_connect_timeout = 5 log_opt_values /usr/lib/python3/dist-packages/oslo_config/cfg.py:2609
2025-07-31 00:37:09.208 140711 DEBUG oslo_messaging._drivers.amqpdriver [-] AMQPListener connection consume poll /usr/lib/python3/dist-packages/oslo_messaging/_drivers/amqpdriver.py:357
2025-07-31 00:37:09.208 140405 DEBUG oslo_service.service [req-a86b0e62-76cb-4764-87a8-03edef78d8be - - - - -] api.vendordata_dynamic_failure_fatal = False log_opt_values /usr/lib/python3/dist-packages/oslo_config/cfg.py:2609
2025-07-31 00:37:09.208 140405 DEBUG oslo_service.service [req-a86b0e62-76cb-4764-87a8-03edef78d8be - - - - -] api.vendordata_dynamic_read_timeout = 5 log_opt_values /usr/lib/python3/dist-packages/oslo_config/cfg.py:2609
2025-07-31 00:37:09.209 140405 DEBUG oslo_service.service [req-a86b0e62-76cb-4764-87a8-03edef78d8be - - - - -] api.vendordata_dynamic_ssl_certfile = log_opt_values /usr/lib/python3/dist-packages/oslo_config/cfg.py:2609
2025-07-31 00:37:09.209 140405 DEBUG oslo_service.service [req-a86b0e62-76cb-4764-87a8-03edef78d8be - - - - -] api.vendordata_dynamic_targets = [] log_opt_values /usr/lib/python3/dist-packages/oslo_config/cfg.py:2609
2025-07-31 00:37:09.209 140711 DEBUG nova.service [req-1a84abc6-feed-4023-99d8-23a369bb05b9 - - - - -] Join ServiceGroup membership for this service conductor start /usr/lib/python3/dist-packages/nova/service.py:199
