2025-07-31 02:20:24.671 7 DEBUG oslo_service.service [-] database.connection = **** log_opt_values /var/lib/kolla/venv/lib/python3.6/site-packages/oslo_config/cfg.py:2611
2025-07-31 02:20:24.671 7 DEBUG oslo_service.service [-] database.connection_debug = 0 log_opt_values /var/lib/kolla/venv/lib/python3.6/site-packages/oslo_config/cfg.py:2611
2025-07-31 02:20:24.671 7 DEBUG oslo_service.service [-] database.connection_parameters = log_opt_values /var/lib/kolla/venv/lib/python3.6/site-packages/oslo_config/cfg.py:2611
2025-07-31 02:20:24.671 7 DEBUG oslo_service.service [-] database.connection_recycle_time = 10 log_opt_values /var/lib/kolla/venv/lib/python3.6/site-packages/oslo_config/cfg.py:2611
2025-07-31 02:20:24.671 7 DEBUG oslo_service.service [-] database.connection_trace = False log_opt_values /var/lib/kolla/venv/lib/python3.6/site-packages/oslo_config/cfg.py:2611
2025-07-31 02:20:24.671 7 DEBUG oslo_service.service [-] database.db_inc_retry_interval = True log_opt_values /var/lib/kolla/venv/lib/python3.6/site-packages/oslo_config/cfg.py:2611
2025-07-31 02:20:24.671 7 DEBUG oslo_service.service [-] database.db_max_retries = 20 log_opt_values /var/lib/kolla/venv/lib/python3.6/site-packages/oslo_config/cfg.py:2611
2025-07-31 02:20:24.671 7 DEBUG oslo_service.service [-] database.db_max_retry_interval = 10 log_opt_values /var/lib/kolla/venv/lib/python3.6/site-packages/oslo_config/cfg.py:2611
2025-07-31 02:20:24.671 7 DEBUG oslo_service.service [-] database.db_retry_interval = 1 log_opt_values /var/lib/kolla/venv/lib/python3.6/site-packages/oslo_config/cfg.py:2611
2025-07-31 02:20:24.672 7 DEBUG oslo_service.service [-] database.max_overflow = 50 log_opt_values /var/lib/kolla/venv/lib/python3.6/site-packages/oslo_config/cfg.py:2611
2025-07-31 02:20:24.672 7 DEBUG oslo_service.service [-] database.max_pool_size = 1 log_opt_values /var/lib/kolla/venv/lib/python3.6/site-packages/oslo_config/cfg.py:2611
2025-07-31 02:20:24.672 7 DEBUG oslo_service.service [-] database.max_retries = -1 log_opt_values /var/lib/kolla/venv/lib/python3.6/site-packages/oslo_config/cfg.py:2611
2025-07-31 02:20:24.672 7 DEBUG oslo_service.service [-] database.mysql_enable_ndb = False log_opt_values /var/lib/kolla/venv/lib/python3.6/site-packages/oslo_config/cfg.py:2611
2025-07-31 02:20:24.672 7 DEBUG oslo_service.service [-] database.mysql_sql_mode = TRADITIONAL log_opt_values /var/lib/kolla/venv/lib/python3.6/site-packages/oslo_config/cfg.py:2611
2025-07-31 02:20:24.672 7 DEBUG oslo_service.service [-] database.pool_timeout = None log_opt_values /var/lib/kolla/venv/lib/python3.6/site-packages/oslo_config/cfg.py:2611
2025-07-31 02:20:24.672 7 DEBUG oslo_service.service [-] database.retry_interval = 10 log_opt_values /var/lib/kolla/venv/lib/python3.6/site-packages/oslo_config/cfg.py:2611
2025-07-31 02:20:24.672 7 DEBUG oslo_service.service [-] database.slave_connection = **** log_opt_values /var/lib/kolla/venv/lib/python3.6/site-packages/oslo_config/cfg.py:2611
2025-07-31 02:20:24.672 7 DEBUG oslo_service.service [-] database.sqlite_synchronous = True log_opt_values /var/lib/kolla/venv/lib/python3.6/site-packages/oslo_config/cfg.py:2611
2025-07-31 02:20:24.672 7 DEBUG oslo_service.service [-] database.use_db_reconnect = False log_opt_values /var/lib/kolla/venv/lib/python3.6/site-packages/oslo_config/cfg.py:2611
2025-07-31 02:20:24.672 7 DEBUG oslo_service.service [-] ******************************************************************************** log_opt_values /var/lib/kolla/venv/lib/python3.6/site-packages/oslo_config/cfg.py:2613
2025-07-31 02:20:24.674 25 DEBUG neutron.services.l3_router.l3_router_plugin [-] neutron.services.l3_router.l3_router_plugin.L3RouterPlugin method start_rpc_listeners called with arguments () {} wrapper /var/lib/kolla/venv/lib/python3.6/site-packages/oslo_log/helpers.py:66
2025-07-31 02:20:24.677 24 DEBUG neutron.services.l3_router.l3_router_plugin [-] neutron.services.l3_router.l3_router_plugin.L3RouterPlugin method start_rpc_listeners called with arguments () {} wrapper /var/lib/kolla/venv/lib/python3.6/site-packages/oslo_log/helpers.py:66
2025-07-31 02:20:24.681 23 DEBUG neutron.services.l3_router.l3_router_plugin [-] neutron.services.l3_router.l3_router_plugin.L3RouterPlugin method start_rpc_listeners called with arguments () {} wrapper /var/lib/kolla/venv/lib/python3.6/site-packages/oslo_log/helpers.py:66
2025-07-31 02:20:26.517 22 DEBUG neutron.wsgi [-] (22) accepted ('10.0.0.19', 56610) server /var/lib/kolla/venv/lib/python3.6/site-packages/eventlet/wsgi.py:1004
2025-07-31 02:20:26.536 22 INFO neutron.wsgi [-] 10.0.0.19 "GET / HTTP/1.1" status: 200 len: 227 time: 0.0150421
2025-07-31 02:20:29.700 23 DEBUG neutron.api.rpc.handlers.dhcp_rpc [req-1f482264-f682-4231-a5bf-9938edbe3204 - - - - -] get_active_networks_info from cn-jenkins-deploy-platform-ansible-os-3731-1 get_active_networks_info /var/lib/kolla/venv/lib/python3.6/site-packages/neutron/api/rpc/handlers/dhcp_rpc.py:159
2025-07-31 02:20:29.760 27 DEBUG neutron_lib.callbacks.manager [req-09bc34d9-fbda-4399-8248-742043e0ca25 - - - - -] Publish callbacks ['neutron.services.segments.db._update_segment_host_mapping_for_agent-8770129603136', 'neutron.services.l3_router.l3_router_plugin.DVRResourceOperationHandler.create_fip_agent_gw_ports--9223372036853018139'] for agent (b61c2491-7aae-4dfb-8ad1-1e94602a19bb), after_create _notify_loop /var/lib/kolla/venv/lib/python3.6/site-packages/neutron_lib/callbacks/manager.py:177
2025-07-31 02:20:29.797 23 DEBUG neutron.scheduler.dhcp_agent_scheduler [req-1f482264-f682-4231-a5bf-9938edbe3204 - - - - -] No non-hosted networks auto_schedule_networks /var/lib/kolla/venv/lib/python3.6/site-packages/neutron/scheduler/dhcp_agent_scheduler.py:60
2025-07-31 02:20:49.860 28 DEBUG neutron_lib.callbacks.manager [req-92c81779-3d55-4913-8e3d-2702944040e8 - - - - -] Publish callbacks ['neutron.services.segments.db._update_segment_host_mapping_for_agent-8770129603136', 'neutron.services.l3_router.l3_router_plugin.DVRResourceOperationHandler.create_fip_agent_gw_ports--9223372036853018139'] for agent (38f484d4-1ef6-4b81-80b7-c361613ea11c), after_create _notify_loop /var/lib/kolla/venv/lib/python3.6/site-packages/neutron_lib/callbacks/manager.py:177
2025-07-31 02:20:56.629 22 DEBUG neutron.wsgi [-] (22) accepted ('10.0.0.19', 48846) server /var/lib/kolla/venv/lib/python3.6/site-packages/eventlet/wsgi.py:1004
2025-07-31 02:20:56.641 22 INFO neutron.wsgi [-] 10.0.0.19 "GET / HTTP/1.1" status: 200 len: 227 time: 0.0106225
2025-07-31 02:20:59.751 26 DEBUG neutron_lib.callbacks.manager [req-90412951-710c-4ddd-9b47-93df66be9346 - - - - -] Publish callbacks ['neutron.services.segments.db._update_segment_host_mapping_for_agent-8770129603136', 'neutron.plugins.ml2.plugin.Ml2Plugin._retry_binding_revived_agents-796691'] for agent (b61c2491-7aae-4dfb-8ad1-1e94602a19bb), after_update _notify_loop /var/lib/kolla/venv/lib/python3.6/site-packages/neutron_lib/callbacks/manager.py:177
2025-07-31 02:21:04.639 29 DEBUG neutron.db.agents_db [req-b7d8b463-5729-4955-bf8e-aa4f25cef8f1 - - - - -] Agent healthcheck: found 2 active agents agent_health_check /var/lib/kolla/venv/lib/python3.6/site-packages/neutron/db/agents_db.py:318
2025-07-31 02:21:19.852 25 DEBUG neutron_lib.callbacks.manager [req-92c81779-3d55-4913-8e3d-2702944040e8 - - - - -] Publish callbacks ['neutron.services.segments.db._update_segment_host_mapping_for_agent-8770129603136', 'neutron.plugins.ml2.plugin.Ml2Plugin._retry_binding_revived_agents-796691'] for agent (38f484d4-1ef6-4b81-80b7-c361613ea11c), after_update _notify_loop /var/lib/kolla/venv/lib/python3.6/site-packages/neutron_lib/callbacks/manager.py:177
2025-07-31 02:21:26.763 22 DEBUG neutron.wsgi [-] (22) accepted ('10.0.0.19', 33312) server /var/lib/kolla/venv/lib/python3.6/site-packages/eventlet/wsgi.py:1004
2025-07-31 02:21:26.774 22 INFO neutron.wsgi [-] 10.0.0.19 "GET / HTTP/1.1" status: 200 len: 227 time: 0.0091946
2025-07-31 02:21:29.737 24 DEBUG neutron_lib.callbacks.manager [req-0341b540-808c-464a-9ae8-7b3c9ab0df29 - - - - -] Publish callbacks ['neutron.services.segments.db._update_segment_host_mapping_for_agent-8770129603136', 'neutron.plugins.ml2.plugin.Ml2Plugin._retry_binding_revived_agents-796691'] for agent (b61c2491-7aae-4dfb-8ad1-1e94602a19bb), after_update _notify_loop /var/lib/kolla/venv/lib/python3.6/site-packages/neutron_lib/callbacks/manager.py:177
2025-07-31 02:21:41.633 29 DEBUG neutron.db.agents_db [req-b7d8b463-5729-4955-bf8e-aa4f25cef8f1 - - - - -] Agent healthcheck: found 2 active agents agent_health_check /var/lib/kolla/venv/lib/python3.6/site-packages/neutron/db/agents_db.py:318
2025-07-31 02:21:49.834 23 DEBUG neutron_lib.callbacks.manager [req-92c81779-3d55-4913-8e3d-2702944040e8 - - - - -] Publish callbacks ['neutron.services.segments.db._update_segment_host_mapping_for_agent-8770129603136', 'neutron.plugins.ml2.plugin.Ml2Plugin._retry_binding_revived_agents-796691'] for agent (38f484d4-1ef6-4b81-80b7-c361613ea11c), after_update _notify_loop /var/lib/kolla/venv/lib/python3.6/site-packages/neutron_lib/callbacks/manager.py:177
2025-07-31 02:21:56.884 22 DEBUG neutron.wsgi [-] (22) accepted ('10.0.0.19', 43758) server /var/lib/kolla/venv/lib/python3.6/site-packages/eventlet/wsgi.py:1004
2025-07-31 02:21:56.890 22 INFO neutron.wsgi [-] 10.0.0.19 "GET / HTTP/1.1" status: 200 len: 227 time: 0.0047939
2025-07-31 02:21:59.718 27 DEBUG neutron_lib.callbacks.manager [req-554a2db6-96c3-4526-bec9-2a65d4a9ebb0 - - - - -] Publish callbacks ['neutron.services.segments.db._update_segment_host_mapping_for_agent-8770129603136', 'neutron.plugins.ml2.plugin.Ml2Plugin._retry_binding_revived_agents-796691'] for agent (b61c2491-7aae-4dfb-8ad1-1e94602a19bb), after_update _notify_loop /var/lib/kolla/venv/lib/python3.6/site-packages/neutron_lib/callbacks/manager.py:177
2025-07-31 02:22:18.631 29 DEBUG neutron.db.agents_db [req-b7d8b463-5729-4955-bf8e-aa4f25cef8f1 - - - - -] Agent healthcheck: found 2 active agents agent_health_check /var/lib/kolla/venv/lib/python3.6/site-packages/neutron/db/agents_db.py:318
2025-07-31 02:22:19.833 28 DEBUG neutron_lib.callbacks.manager [req-92c81779-3d55-4913-8e3d-2702944040e8 - - - - -] Publish callbacks ['neutron.services.segments.db._update_segment_host_mapping_for_agent-8770129603136', 'neutron.plugins.ml2.plugin.Ml2Plugin._retry_binding_revived_agents-796691'] for agent (38f484d4-1ef6-4b81-80b7-c361613ea11c), after_update _notify_loop /var/lib/kolla/venv/lib/python3.6/site-packages/neutron_lib/callbacks/manager.py:177
2025-07-31 02:22:27.001 22 DEBUG neutron.wsgi [-] (22) accepted ('10.0.0.19', 38664) server /var/lib/kolla/venv/lib/python3.6/site-packages/eventlet/wsgi.py:1004
2025-07-31 02:22:27.005 22 INFO neutron.wsgi [-] 10.0.0.19 "GET / HTTP/1.1" status: 200 len: 227 time: 0.0030096
2025-07-31 02:22:29.708 26 DEBUG neutron_lib.callbacks.manager [req-2e4bc875-d81a-49a2-8881-f8ea36bf472e - - - - -] Publish callbacks ['neutron.services.segments.db._update_segment_host_mapping_for_agent-8770129603136', 'neutron.plugins.ml2.plugin.Ml2Plugin._retry_binding_revived_agents-796691'] for agent (b61c2491-7aae-4dfb-8ad1-1e94602a19bb), after_update _notify_loop /var/lib/kolla/venv/lib/python3.6/site-packages/neutron_lib/callbacks/manager.py:177
2025-07-31 02:22:49.822 25 DEBUG neutron_lib.callbacks.manager [req-92c81779-3d55-4913-8e3d-2702944040e8 - - - - -] Publish callbacks ['neutron.services.segments.db._update_segment_host_mapping_for_agent-8770129603136', 'neutron.plugins.ml2.plugin.Ml2Plugin._retry_binding_revived_agents-796691'] for agent (38f484d4-1ef6-4b81-80b7-c361613ea11c), after_update _notify_loop /var/lib/kolla/venv/lib/python3.6/site-packages/neutron_lib/callbacks/manager.py:177
2025-07-31 02:22:55.633 29 DEBUG neutron.db.agents_db [req-b7d8b463-5729-4955-bf8e-aa4f25cef8f1 - - - - -] Agent healthcheck: found 2 active agents agent_health_check /var/lib/kolla/venv/lib/python3.6/site-packages/neutron/db/agents_db.py:318
2025-07-31 02:22:57.113 22 DEBUG neutron.wsgi [-] (22) accepted ('10.0.0.19', 39628) server /var/lib/kolla/venv/lib/python3.6/site-packages/eventlet/wsgi.py:1004
2025-07-31 02:22:57.128 22 INFO neutron.wsgi [-] 10.0.0.19 "GET / HTTP/1.1" status: 200 len: 227 time: 0.0127494
2025-07-31 02:22:59.723 24 DEBUG neutron_lib.callbacks.manager [req-25424e44-2019-4e8d-aca9-efe86bd96257 - - - - -] Publish callbacks ['neutron.services.segments.db._update_segment_host_mapping_for_agent-8770129603136', 'neutron.plugins.ml2.plugin.Ml2Plugin._retry_binding_revived_agents-796691'] for agent (b61c2491-7aae-4dfb-8ad1-1e94602a19bb), after_update _notify_loop /var/lib/kolla/venv/lib/python3.6/site-packages/neutron_lib/callbacks/manager.py:177
2025-07-31 02:23:19.829 23 DEBUG neutron_lib.callbacks.manager [req-92c81779-3d55-4913-8e3d-2702944040e8 - - - - -] Publish callbacks ['neutron.services.segments.db._update_segment_host_mapping_for_agent-8770129603136', 'neutron.plugins.ml2.plugin.Ml2Plugin._retry_binding_revived_agents-796691'] for agent (38f484d4-1ef6-4b81-80b7-c361613ea11c), after_update _notify_loop /var/lib/kolla/venv/lib/python3.6/site-packages/neutron_lib/callbacks/manager.py:177
2025-07-31 02:23:27.247 22 DEBUG neutron.wsgi [-] (22) accepted ('10.0.0.19', 40078) server /var/lib/kolla/venv/lib/python3.6/site-packages/eventlet/wsgi.py:1004
2025-07-31 02:23:27.257 22 INFO neutron.wsgi [-] 10.0.0.19 "GET / HTTP/1.1" status: 200 len: 227 time: 0.0082846
2025-07-31 02:23:29.705 27 DEBUG neutron_lib.callbacks.manager [req-83c18c03-6264-4a9c-a7d6-ad697903363d - - - - -] Publish callbacks ['neutron.services.segments.db._update_segment_host_mapping_for_agent-8770129603136', 'neutron.plugins.ml2.plugin.Ml2Plugin._retry_binding_revived_agents-796691'] for agent (b61c2491-7aae-4dfb-8ad1-1e94602a19bb), after_update _notify_loop /var/lib/kolla/venv/lib/python3.6/site-packages/neutron_lib/callbacks/manager.py:177
2025-07-31 02:23:32.638 29 DEBUG neutron.db.agents_db [req-b7d8b463-5729-4955-bf8e-aa4f25cef8f1 - - - - -] Agent healthcheck: found 2 active agents agent_health_check /var/lib/kolla/venv/lib/python3.6/site-packages/neutron/db/agents_db.py:318
2025-07-31 02:23:49.833 28 DEBUG neutron_lib.callbacks.manager [req-92c81779-3d55-4913-8e3d-2702944040e8 - - - - -] Publish callbacks ['neutron.services.segments.db._update_segment_host_mapping_for_agent-8770129603136', 'neutron.plugins.ml2.plugin.Ml2Plugin._retry_binding_revived_agents-796691'] for agent (38f484d4-1ef6-4b81-80b7-c361613ea11c), after_update _notify_loop /var/lib/kolla/venv/lib/python3.6/site-packages/neutron_lib/callbacks/manager.py:177
2025-07-31 02:23:57.369 22 DEBUG neutron.wsgi [-] (22) accepted ('10.0.0.19', 38838) server /var/lib/kolla/venv/lib/python3.6/site-packages/eventlet/wsgi.py:1004
2025-07-31 02:23:57.373 22 INFO neutron.wsgi [-] 10.0.0.19 "GET / HTTP/1.1" status: 200 len: 227 time: 0.0036938
2025-07-31 02:23:59.690 26 DEBUG neutron_lib.callbacks.manager [req-be69ea76-906d-4d8f-b426-7153f870c8b3 - - - - -] Publish callbacks ['neutron.services.segments.db._update_segment_host_mapping_for_agent-8770129603136', 'neutron.plugins.ml2.plugin.Ml2Plugin._retry_binding_revived_agents-796691'] for agent (b61c2491-7aae-4dfb-8ad1-1e94602a19bb), after_update _notify_loop /var/lib/kolla/venv/lib/python3.6/site-packages/neutron_lib/callbacks/manager.py:177
2025-07-31 02:24:09.641 29 DEBUG neutron.db.agents_db [req-b7d8b463-5729-4955-bf8e-aa4f25cef8f1 - - - - -] Agent healthcheck: found 2 active agents agent_health_check /var/lib/kolla/venv/lib/python3.6/site-packages/neutron/db/agents_db.py:318
2025-07-31 02:24:19.836 25 DEBUG neutron_lib.callbacks.manager [req-92c81779-3d55-4913-8e3d-2702944040e8 - - - - -] Publish callbacks ['neutron.services.segments.db._update_segment_host_mapping_for_agent-8770129603136', 'neutron.plugins.ml2.plugin.Ml2Plugin._retry_binding_revived_agents-796691'] for agent (38f484d4-1ef6-4b81-80b7-c361613ea11c), after_update _notify_loop /var/lib/kolla/venv/lib/python3.6/site-packages/neutron_lib/callbacks/manager.py:177
2025-07-31 02:24:27.446 22 DEBUG neutron.wsgi [-] (22) accepted ('10.0.0.19', 48982) server /var/lib/kolla/venv/lib/python3.6/site-packages/eventlet/wsgi.py:1004
2025-07-31 02:24:27.457 22 INFO neutron.wsgi [-] 10.0.0.19 "GET / HTTP/1.1" status: 200 len: 227 time: 0.0093253
2025-07-31 02:24:29.707 24 DEBUG neutron_lib.callbacks.manager [req-be71c49c-3624-4634-87fa-ce593bf56354 - - - - -] Publish callbacks ['neutron.services.segments.db._update_segment_host_mapping_for_agent-8770129603136', 'neutron.plugins.ml2.plugin.Ml2Plugin._retry_binding_revived_agents-796691'] for agent (b61c2491-7aae-4dfb-8ad1-1e94602a19bb), after_update _notify_loop /var/lib/kolla/venv/lib/python3.6/site-packages/neutron_lib/callbacks/manager.py:177
2025-07-31 02:24:46.644 29 DEBUG neutron.db.agents_db [req-b7d8b463-5729-4955-bf8e-aa4f25cef8f1 - - - - -] Agent healthcheck: found 2 active agents agent_health_check /var/lib/kolla/venv/lib/python3.6/site-packages/neutron/db/agents_db.py:318
2025-07-31 02:24:49.845 23 DEBUG neutron_lib.callbacks.manager [req-92c81779-3d55-4913-8e3d-2702944040e8 - - - - -] Publish callbacks ['neutron.services.segments.db._update_segment_host_mapping_for_agent-8770129603136', 'neutron.plugins.ml2.plugin.Ml2Plugin._retry_binding_revived_agents-796691'] for agent (38f484d4-1ef6-4b81-80b7-c361613ea11c), after_update _notify_loop /var/lib/kolla/venv/lib/python3.6/site-packages/neutron_lib/callbacks/manager.py:177
2025-07-31 02:24:57.522 22 DEBUG neutron.wsgi [-] (22) accepted ('10.0.0.19', 56288) server /var/lib/kolla/venv/lib/python3.6/site-packages/eventlet/wsgi.py:1004
2025-07-31 02:24:57.533 22 INFO neutron.wsgi [-] 10.0.0.19 "GET / HTTP/1.1" status: 200 len: 227 time: 0.0092885
2025-07-31 02:24:59.706 27 DEBUG neutron_lib.callbacks.manager [req-2d270117-da51-43e8-991d-85277c7b8692 - - - - -] Publish callbacks ['neutron.services.segments.db._update_segment_host_mapping_for_agent-8770129603136', 'neutron.plugins.ml2.plugin.Ml2Plugin._retry_binding_revived_agents-796691'] for agent (b61c2491-7aae-4dfb-8ad1-1e94602a19bb), after_update _notify_loop /var/lib/kolla/venv/lib/python3.6/site-packages/neutron_lib/callbacks/manager.py:177
2025-07-31 02:25:19.841 28 DEBUG neutron_lib.callbacks.manager [req-92c81779-3d55-4913-8e3d-2702944040e8 - - - - -] Publish callbacks ['neutron.services.segments.db._update_segment_host_mapping_for_agent-8770129603136', 'neutron.plugins.ml2.plugin.Ml2Plugin._retry_binding_revived_agents-796691'] for agent (38f484d4-1ef6-4b81-80b7-c361613ea11c), after_update _notify_loop /var/lib/kolla/venv/lib/python3.6/site-packages/neutron_lib/callbacks/manager.py:177
2025-07-31 02:25:23.648 29 DEBUG neutron.db.agents_db [req-b7d8b463-5729-4955-bf8e-aa4f25cef8f1 - - - - -] Agent healthcheck: found 2 active agents agent_health_check /var/lib/kolla/venv/lib/python3.6/site-packages/neutron/db/agents_db.py:318
2025-07-31 02:25:27.635 22 DEBUG neutron.wsgi [-] (22) accepted ('10.0.0.19', 57902) server /var/lib/kolla/venv/lib/python3.6/site-packages/eventlet/wsgi.py:1004
2025-07-31 02:25:27.643 22 INFO neutron.wsgi [-] 10.0.0.19 "GET / HTTP/1.1" status: 200 len: 227 time: 0.0064795
2025-07-31 02:25:29.703 26 DEBUG neutron_lib.callbacks.manager [req-4a6620f3-1420-4e5d-b42a-42c4064f9a5e - - - - -] Publish callbacks ['neutron.services.segments.db._update_segment_host_mapping_for_agent-8770129603136', 'neutron.plugins.ml2.plugin.Ml2Plugin._retry_binding_revived_agents-796691'] for agent (b61c2491-7aae-4dfb-8ad1-1e94602a19bb), after_update _notify_loop /var/lib/kolla/venv/lib/python3.6/site-packages/neutron_lib/callbacks/manager.py:177
2025-07-31 02:25:49.856 25 DEBUG neutron_lib.callbacks.manager [req-92c81779-3d55-4913-8e3d-2702944040e8 - - - - -] Publish callbacks ['neutron.services.segments.db._update_segment_host_mapping_for_agent-8770129603136', 'neutron.plugins.ml2.plugin.Ml2Plugin._retry_binding_revived_agents-796691'] for agent (38f484d4-1ef6-4b81-80b7-c361613ea11c), after_update _notify_loop /var/lib/kolla/venv/lib/python3.6/site-packages/neutron_lib/callbacks/manager.py:177
2025-07-31 02:25:57.753 22 DEBUG neutron.wsgi [-] (22) accepted ('10.0.0.19', 33818) server /var/lib/kolla/venv/lib/python3.6/site-packages/eventlet/wsgi.py:1004
2025-07-31 02:25:57.761 22 INFO neutron.wsgi [-] 10.0.0.19 "GET / HTTP/1.1" status: 200 len: 227 time: 0.0062838
2025-07-31 02:25:59.697 24 DEBUG neutron_lib.callbacks.manager [req-c2e124cc-f309-4dce-863f-07c5c5ce7b12 - - - - -] Publish callbacks ['neutron.services.segments.db._update_segment_host_mapping_for_agent-8770129603136', 'neutron.plugins.ml2.plugin.Ml2Plugin._retry_binding_revived_agents-796691'] for agent (b61c2491-7aae-4dfb-8ad1-1e94602a19bb), after_update _notify_loop /var/lib/kolla/venv/lib/python3.6/site-packages/neutron_lib/callbacks/manager.py:177
2025-07-31 02:26:00.651 29 DEBUG neutron.db.agents_db [req-b7d8b463-5729-4955-bf8e-aa4f25cef8f1 - - - - -] Agent healthcheck: found 2 active agents agent_health_check /var/lib/kolla/venv/lib/python3.6/site-packages/neutron/db/agents_db.py:318
2025-07-31 02:26:19.856 23 DEBUG neutron_lib.callbacks.manager [req-92c81779-3d55-4913-8e3d-2702944040e8 - - - - -] Publish callbacks ['neutron.services.segments.db._update_segment_host_mapping_for_agent-8770129603136', 'neutron.plugins.ml2.plugin.Ml2Plugin._retry_binding_revived_agents-796691'] for agent (38f484d4-1ef6-4b81-80b7-c361613ea11c), after_update _notify_loop /var/lib/kolla/venv/lib/python3.6/site-packages/neutron_lib/callbacks/manager.py:177
2025-07-31 02:26:27.872 22 DEBUG neutron.wsgi [-] (22) accepted ('10.0.0.19', 57182) server /var/lib/kolla/venv/lib/python3.6/site-packages/eventlet/wsgi.py:1004
2025-07-31 02:26:27.877 22 INFO neutron.wsgi [-] 10.0.0.19 "GET / HTTP/1.1" status: 200 len: 227 time: 0.0044451
2025-07-31 02:26:29.704 27 DEBUG neutron_lib.callbacks.manager [req-8379cd0b-a28f-46f5-9f72-2aa041a3bbeb - - - - -] Publish callbacks ['neutron.services.segments.db._update_segment_host_mapping_for_agent-8770129603136', 'neutron.plugins.ml2.plugin.Ml2Plugin._retry_binding_revived_agents-796691'] for agent (b61c2491-7aae-4dfb-8ad1-1e94602a19bb), after_update _notify_loop /var/lib/kolla/venv/lib/python3.6/site-packages/neutron_lib/callbacks/manager.py:177
2025-07-31 02:26:37.657 29 DEBUG neutron.db.agents_db [req-b7d8b463-5729-4955-bf8e-aa4f25cef8f1 - - - - -] Agent healthcheck: found 2 active agents agent_health_check /var/lib/kolla/venv/lib/python3.6/site-packages/neutron/db/agents_db.py:318
2025-07-31 02:26:49.861 28 DEBUG neutron_lib.callbacks.manager [req-92c81779-3d55-4913-8e3d-2702944040e8 - - - - -] Publish callbacks ['neutron.services.segments.db._update_segment_host_mapping_for_agent-8770129603136', 'neutron.plugins.ml2.plugin.Ml2Plugin._retry_binding_revived_agents-796691'] for agent (38f484d4-1ef6-4b81-80b7-c361613ea11c), after_update _notify_loop /var/lib/kolla/venv/lib/python3.6/site-packages/neutron_lib/callbacks/manager.py:177
2025-07-31 02:26:57.996 22 DEBUG neutron.wsgi [-] (22) accepted ('10.0.0.19', 40748) server /var/lib/kolla/venv/lib/python3.6/site-packages/eventlet/wsgi.py:1004
2025-07-31 02:26:58.006 22 INFO neutron.wsgi [-] 10.0.0.19 "GET / HTTP/1.1" status: 200 len: 227 time: 0.0082717
2025-07-31 02:26:59.702 26 DEBUG neutron_lib.callbacks.manager [req-ddfd75b9-1244-4e26-8adc-5cd8d63a0183 - - - - -] Publish callbacks ['neutron.services.segments.db._update_segment_host_mapping_for_agent-8770129603136', 'neutron.plugins.ml2.plugin.Ml2Plugin._retry_binding_revived_agents-796691'] for agent (b61c2491-7aae-4dfb-8ad1-1e94602a19bb), after_update _notify_loop /var/lib/kolla/venv/lib/python3.6/site-packages/neutron_lib/callbacks/manager.py:177
2025-07-31 02:27:14.661 29 DEBUG neutron.db.agents_db [req-b7d8b463-5729-4955-bf8e-aa4f25cef8f1 - - - - -] Agent healthcheck: found 2 active agents agent_health_check /var/lib/kolla/venv/lib/python3.6/site-packages/neutron/db/agents_db.py:318
2025-07-31 02:27:19.845 25 DEBUG neutron_lib.callbacks.manager [req-92c81779-3d55-4913-8e3d-2702944040e8 - - - - -] Publish callbacks ['neutron.services.segments.db._update_segment_host_mapping_for_agent-8770129603136', 'neutron.plugins.ml2.plugin.Ml2Plugin._retry_binding_revived_agents-796691'] for agent (38f484d4-1ef6-4b81-80b7-c361613ea11c), after_update _notify_loop /var/lib/kolla/venv/lib/python3.6/site-packages/neutron_lib/callbacks/manager.py:177
2025-07-31 02:27:28.108 22 DEBUG neutron.wsgi [-] (22) accepted ('10.0.0.19', 55804) server /var/lib/kolla/venv/lib/python3.6/site-packages/eventlet/wsgi.py:1004
2025-07-31 02:27:28.115 22 INFO neutron.wsgi [-] 10.0.0.19 "GET / HTTP/1.1" status: 200 len: 227 time: 0.0054092
2025-07-31 02:27:29.696 24 DEBUG neutron_lib.callbacks.manager [req-ecaea488-2188-42ed-8dbc-c2ed353150a3 - - - - -] Publish callbacks ['neutron.services.segments.db._update_segment_host_mapping_for_agent-8770129603136', 'neutron.plugins.ml2.plugin.Ml2Plugin._retry_binding_revived_agents-796691'] for agent (b61c2491-7aae-4dfb-8ad1-1e94602a19bb), after_update _notify_loop /var/lib/kolla/venv/lib/python3.6/site-packages/neutron_lib/callbacks/manager.py:177
2025-07-31 02:27:49.879 23 DEBUG neutron_lib.callbacks.manager [req-92c81779-3d55-4913-8e3d-2702944040e8 - - - - -] Publish callbacks ['neutron.services.segments.db._update_segment_host_mapping_for_agent-8770129603136', 'neutron.plugins.ml2.plugin.Ml2Plugin._retry_binding_revived_agents-796691'] for agent (38f484d4-1ef6-4b81-80b7-c361613ea11c), after_update _notify_loop /var/lib/kolla/venv/lib/python3.6/site-packages/neutron_lib/callbacks/manager.py:177
2025-07-31 02:27:51.668 29 DEBUG neutron.db.agents_db [req-b7d8b463-5729-4955-bf8e-aa4f25cef8f1 - - - - -] Agent healthcheck: found 2 active agents agent_health_check /var/lib/kolla/venv/lib/python3.6/site-packages/neutron/db/agents_db.py:318
2025-07-31 02:27:58.182 22 DEBUG neutron.wsgi [-] (22) accepted ('10.0.0.19', 36722) server /var/lib/kolla/venv/lib/python3.6/site-packages/eventlet/wsgi.py:1004
2025-07-31 02:27:58.188 22 INFO neutron.wsgi [-] 10.0.0.19 "GET / HTTP/1.1" status: 200 len: 227 time: 0.0045297
2025-07-31 02:27:59.705 27 DEBUG neutron_lib.callbacks.manager [req-622f3280-f02d-4989-a774-b66b00e7b3c7 - - - - -] Publish callbacks ['neutron.services.segments.db._update_segment_host_mapping_for_agent-8770129603136', 'neutron.plugins.ml2.plugin.Ml2Plugin._retry_binding_revived_agents-796691'] for agent (b61c2491-7aae-4dfb-8ad1-1e94602a19bb), after_update _notify_loop /var/lib/kolla/venv/lib/python3.6/site-packages/neutron_lib/callbacks/manager.py:177
2025-07-31 02:28:19.872 28 DEBUG neutron_lib.callbacks.manager [req-92c81779-3d55-4913-8e3d-2702944040e8 - - - - -] Publish callbacks ['neutron.services.segments.db._update_segment_host_mapping_for_agent-8770129603136', 'neutron.plugins.ml2.plugin.Ml2Plugin._retry_binding_revived_agents-796691'] for agent (38f484d4-1ef6-4b81-80b7-c361613ea11c), after_update _notify_loop /var/lib/kolla/venv/lib/python3.6/site-packages/neutron_lib/callbacks/manager.py:177
2025-07-31 02:28:28.297 22 DEBUG neutron.wsgi [-] (22) accepted ('10.0.0.19', 55026) server /var/lib/kolla/venv/lib/python3.6/site-packages/eventlet/wsgi.py:1004
2025-07-31 02:28:28.303 22 INFO neutron.wsgi [-] 10.0.0.19 "GET / HTTP/1.1" status: 200 len: 227 time: 0.0055311
2025-07-31 02:28:28.671 29 DEBUG neutron.db.agents_db [req-b7d8b463-5729-4955-bf8e-aa4f25cef8f1 - - - - -] Agent healthcheck: found 2 active agents agent_health_check /var/lib/kolla/venv/lib/python3.6/site-packages/neutron/db/agents_db.py:318
2025-07-31 02:28:29.700 26 DEBUG neutron_lib.callbacks.manager [req-1d106739-e293-4478-9b88-ef5f62a523a6 - - - - -] Publish callbacks ['neutron.services.segments.db._update_segment_host_mapping_for_agent-8770129603136', 'neutron.plugins.ml2.plugin.Ml2Plugin._retry_binding_revived_agents-796691'] for agent (b61c2491-7aae-4dfb-8ad1-1e94602a19bb), after_update _notify_loop /var/lib/kolla/venv/lib/python3.6/site-packages/neutron_lib/callbacks/manager.py:177
2025-07-31 02:28:49.865 25 DEBUG neutron_lib.callbacks.manager [req-92c81779-3d55-4913-8e3d-2702944040e8 - - - - -] Publish callbacks ['neutron.services.segments.db._update_segment_host_mapping_for_agent-8770129603136', 'neutron.plugins.ml2.plugin.Ml2Plugin._retry_binding_revived_agents-796691'] for agent (38f484d4-1ef6-4b81-80b7-c361613ea11c), after_update _notify_loop /var/lib/kolla/venv/lib/python3.6/site-packages/neutron_lib/callbacks/manager.py:177
2025-07-31 02:28:58.407 22 DEBUG neutron.wsgi [-] (22) accepted ('10.0.0.19', 50344) server /var/lib/kolla/venv/lib/python3.6/site-packages/eventlet/wsgi.py:1004
2025-07-31 02:28:58.418 22 INFO neutron.wsgi [-] 10.0.0.19 "GET / HTTP/1.1" status: 200 len: 227 time: 0.0089736
2025-07-31 02:28:59.715 24 DEBUG neutron_lib.callbacks.manager [req-82872c79-80b5-4fda-8024-916f023040f3 - - - - -] Publish callbacks ['neutron.services.segments.db._update_segment_host_mapping_for_agent-8770129603136', 'neutron.plugins.ml2.plugin.Ml2Plugin._retry_binding_revived_agents-796691'] for agent (b61c2491-7aae-4dfb-8ad1-1e94602a19bb), after_update _notify_loop /var/lib/kolla/venv/lib/python3.6/site-packages/neutron_lib/callbacks/manager.py:177
2025-07-31 02:29:05.673 29 DEBUG neutron.db.agents_db [req-b7d8b463-5729-4955-bf8e-aa4f25cef8f1 - - - - -] Agent healthcheck: found 2 active agents agent_health_check /var/lib/kolla/venv/lib/python3.6/site-packages/neutron/db/agents_db.py:318
2025-07-31 02:29:19.861 23 DEBUG neutron_lib.callbacks.manager [req-92c81779-3d55-4913-8e3d-2702944040e8 - - - - -] Publish callbacks ['neutron.services.segments.db._update_segment_host_mapping_for_agent-8770129603136', 'neutron.plugins.ml2.plugin.Ml2Plugin._retry_binding_revived_agents-796691'] for agent (38f484d4-1ef6-4b81-80b7-c361613ea11c), after_update _notify_loop /var/lib/kolla/venv/lib/python3.6/site-packages/neutron_lib/callbacks/manager.py:177
2025-07-31 02:29:28.504 22 DEBUG neutron.wsgi [-] (22) accepted ('10.0.0.19', 36382) server /var/lib/kolla/venv/lib/python3.6/site-packages/eventlet/wsgi.py:1004
2025-07-31 02:29:28.509 22 INFO neutron.wsgi [-] 10.0.0.19 "GET / HTTP/1.1" status: 200 len: 227 time: 0.0042453
2025-07-31 02:29:29.699 27 DEBUG neutron_lib.callbacks.manager [req-d63c9479-22fe-40f9-8cee-97a9a879bdf2 - - - - -] Publish callbacks ['neutron.services.segments.db._update_segment_host_mapping_for_agent-8770129603136', 'neutron.plugins.ml2.plugin.Ml2Plugin._retry_binding_revived_agents-796691'] for agent (b61c2491-7aae-4dfb-8ad1-1e94602a19bb), after_update _notify_loop /var/lib/kolla/venv/lib/python3.6/site-packages/neutron_lib/callbacks/manager.py:177
2025-07-31 02:29:42.675 29 DEBUG neutron.db.agents_db [req-b7d8b463-5729-4955-bf8e-aa4f25cef8f1 - - - - -] Agent healthcheck: found 2 active agents agent_health_check /var/lib/kolla/venv/lib/python3.6/site-packages/neutron/db/agents_db.py:318
2025-07-31 02:29:49.878 28 DEBUG neutron_lib.callbacks.manager [req-92c81779-3d55-4913-8e3d-2702944040e8 - - - - -] Publish callbacks ['neutron.services.segments.db._update_segment_host_mapping_for_agent-8770129603136', 'neutron.plugins.ml2.plugin.Ml2Plugin._retry_binding_revived_agents-796691'] for agent (38f484d4-1ef6-4b81-80b7-c361613ea11c), after_update _notify_loop /var/lib/kolla/venv/lib/python3.6/site-packages/neutron_lib/callbacks/manager.py:177
2025-07-31 02:29:58.648 22 DEBUG neutron.wsgi [-] (22) accepted ('10.0.0.19', 55620) server /var/lib/kolla/venv/lib/python3.6/site-packages/eventlet/wsgi.py:1004
2025-07-31 02:29:58.659 22 INFO neutron.wsgi [-] 10.0.0.19 "GET / HTTP/1.1" status: 200 len: 227 time: 0.0091183
2025-07-31 02:29:59.716 26 DEBUG neutron_lib.callbacks.manager [req-cd661d7a-2361-4e8d-90ca-3a8cac19ee93 - - - - -] Publish callbacks ['neutron.services.segments.db._update_segment_host_mapping_for_agent-8770129603136', 'neutron.plugins.ml2.plugin.Ml2Plugin._retry_binding_revived_agents-796691'] for agent (b61c2491-7aae-4dfb-8ad1-1e94602a19bb), after_update _notify_loop /var/lib/kolla/venv/lib/python3.6/site-packages/neutron_lib/callbacks/manager.py:177
2025-07-31 02:30:19.676 29 DEBUG neutron.db.agents_db [req-b7d8b463-5729-4955-bf8e-aa4f25cef8f1 - - - - -] Agent healthcheck: found 2 active agents agent_health_check /var/lib/kolla/venv/lib/python3.6/site-packages/neutron/db/agents_db.py:318
2025-07-31 02:30:19.885 25 DEBUG neutron_lib.callbacks.manager [req-92c81779-3d55-4913-8e3d-2702944040e8 - - - - -] Publish callbacks ['neutron.services.segments.db._update_segment_host_mapping_for_agent-8770129603136', 'neutron.plugins.ml2.plugin.Ml2Plugin._retry_binding_revived_agents-796691'] for agent (38f484d4-1ef6-4b81-80b7-c361613ea11c), after_update _notify_loop /var/lib/kolla/venv/lib/python3.6/site-packages/neutron_lib/callbacks/manager.py:177
2025-07-31 02:30:28.741 22 DEBUG neutron.wsgi [-] (22) accepted ('10.0.0.19', 36128) server /var/lib/kolla/venv/lib/python3.6/site-packages/eventlet/wsgi.py:1004
2025-07-31 02:30:28.752 22 INFO neutron.wsgi [-] 10.0.0.19 "GET / HTTP/1.1" status: 200 len: 227 time: 0.0088449
2025-07-31 02:30:29.714 24 DEBUG neutron_lib.callbacks.manager [req-1dba4a50-e3d3-43f1-97f0-a34b6353c7ec - - - - -] Publish callbacks ['neutron.services.segments.db._update_segment_host_mapping_for_agent-8770129603136', 'neutron.plugins.ml2.plugin.Ml2Plugin._retry_binding_revived_agents-796691'] for agent (b61c2491-7aae-4dfb-8ad1-1e94602a19bb), after_update _notify_loop /var/lib/kolla/venv/lib/python3.6/site-packages/neutron_lib/callbacks/manager.py:177
2025-07-31 02:30:49.889 23 DEBUG neutron_lib.callbacks.manager [req-92c81779-3d55-4913-8e3d-2702944040e8 - - - - -] Publish callbacks ['neutron.services.segments.db._update_segment_host_mapping_for_agent-8770129603136', 'neutron.plugins.ml2.plugin.Ml2Plugin._retry_binding_revived_agents-796691'] for agent (38f484d4-1ef6-4b81-80b7-c361613ea11c), after_update _notify_loop /var/lib/kolla/venv/lib/python3.6/site-packages/neutron_lib/callbacks/manager.py:177
2025-07-31 02:30:56.673 29 DEBUG neutron.db.agents_db [req-b7d8b463-5729-4955-bf8e-aa4f25cef8f1 - - - - -] Agent healthcheck: found 2 active agents agent_health_check /var/lib/kolla/venv/lib/python3.6/site-packages/neutron/db/agents_db.py:318
2025-07-31 02:30:58.853 22 DEBUG neutron.wsgi [-] (22) accepted ('10.0.0.19', 50234) server /var/lib/kolla/venv/lib/python3.6/site-packages/eventlet/wsgi.py:1004
2025-07-31 02:30:58.858 22 INFO neutron.wsgi [-] 10.0.0.19 "GET / HTTP/1.1" status: 200 len: 227 time: 0.0041311
2025-07-31 02:30:59.692 27 DEBUG neutron_lib.callbacks.manager [req-c26d48f9-afdb-4a8d-9a06-282f004c35db - - - - -] Publish callbacks ['neutron.services.segments.db._update_segment_host_mapping_for_agent-8770129603136', 'neutron.plugins.ml2.plugin.Ml2Plugin._retry_binding_revived_agents-796691'] for agent (b61c2491-7aae-4dfb-8ad1-1e94602a19bb), after_update _notify_loop /var/lib/kolla/venv/lib/python3.6/site-packages/neutron_lib/callbacks/manager.py:177
2025-07-31 02:31:19.883 28 DEBUG neutron_lib.callbacks.manager [req-92c81779-3d55-4913-8e3d-2702944040e8 - - - - -] Publish callbacks ['neutron.services.segments.db._update_segment_host_mapping_for_agent-8770129603136', 'neutron.plugins.ml2.plugin.Ml2Plugin._retry_binding_revived_agents-796691'] for agent (38f484d4-1ef6-4b81-80b7-c361613ea11c), after_update _notify_loop /var/lib/kolla/venv/lib/python3.6/site-packages/neutron_lib/callbacks/manager.py:177
2025-07-31 02:31:28.926 22 DEBUG neutron.wsgi [-] (22) accepted ('10.0.0.19', 42108) server /var/lib/kolla/venv/lib/python3.6/site-packages/eventlet/wsgi.py:1004
2025-07-31 02:31:28.930 22 INFO neutron.wsgi [-] 10.0.0.19 "GET / HTTP/1.1" status: 200 len: 227 time: 0.0034578
2025-07-31 02:31:29.709 26 DEBUG neutron_lib.callbacks.manager [req-130b5ad6-6a3c-4f53-87b9-7b9da8be8ca7 - - - - -] Publish callbacks ['neutron.services.segments.db._update_segment_host_mapping_for_agent-8770129603136', 'neutron.plugins.ml2.plugin.Ml2Plugin._retry_binding_revived_agents-796691'] for agent (b61c2491-7aae-4dfb-8ad1-1e94602a19bb), after_update _notify_loop /var/lib/kolla/venv/lib/python3.6/site-packages/neutron_lib/callbacks/manager.py:177
2025-07-31 02:31:33.680 29 DEBUG neutron.db.agents_db [req-b7d8b463-5729-4955-bf8e-aa4f25cef8f1 - - - - -] Agent healthcheck: found 2 active agents agent_health_check /var/lib/kolla/venv/lib/python3.6/site-packages/neutron/db/agents_db.py:318
2025-07-31 02:31:49.880 25 DEBUG neutron_lib.callbacks.manager [req-92c81779-3d55-4913-8e3d-2702944040e8 - - - - -] Publish callbacks ['neutron.services.segments.db._update_segment_host_mapping_for_agent-8770129603136', 'neutron.plugins.ml2.plugin.Ml2Plugin._retry_binding_revived_agents-796691'] for agent (38f484d4-1ef6-4b81-80b7-c361613ea11c), after_update _notify_loop /var/lib/kolla/venv/lib/python3.6/site-packages/neutron_lib/callbacks/manager.py:177
2025-07-31 02:31:59.002 22 DEBUG neutron.wsgi [-] (22) accepted ('10.0.0.19', 47512) server /var/lib/kolla/venv/lib/python3.6/site-packages/eventlet/wsgi.py:1004
2025-07-31 02:31:59.006 22 INFO neutron.wsgi [-] 10.0.0.19 "GET / HTTP/1.1" status: 200 len: 227 time: 0.0031440
2025-07-31 02:31:59.692 24 DEBUG neutron_lib.callbacks.manager [req-a6eebf3f-7c72-44d5-b8c3-c9940986ddfb - - - - -] Publish callbacks ['neutron.services.segments.db._update_segment_host_mapping_for_agent-8770129603136', 'neutron.plugins.ml2.plugin.Ml2Plugin._retry_binding_revived_agents-796691'] for agent (b61c2491-7aae-4dfb-8ad1-1e94602a19bb), after_update _notify_loop /var/lib/kolla/venv/lib/python3.6/site-packages/neutron_lib/callbacks/manager.py:177
2025-07-31 02:32:10.686 29 DEBUG neutron.db.agents_db [req-b7d8b463-5729-4955-bf8e-aa4f25cef8f1 - - - - -] Agent healthcheck: found 2 active agents agent_health_check /var/lib/kolla/venv/lib/python3.6/site-packages/neutron/db/agents_db.py:318
2025-07-31 02:32:19.880 23 DEBUG neutron_lib.callbacks.manager [req-92c81779-3d55-4913-8e3d-2702944040e8 - - - - -] Publish callbacks ['neutron.services.segments.db._update_segment_host_mapping_for_agent-8770129603136', 'neutron.plugins.ml2.plugin.Ml2Plugin._retry_binding_revived_agents-796691'] for agent (38f484d4-1ef6-4b81-80b7-c361613ea11c), after_update _notify_loop /var/lib/kolla/venv/lib/python3.6/site-packages/neutron_lib/callbacks/manager.py:177
2025-07-31 02:32:29.084 22 DEBUG neutron.wsgi [-] (22) accepted ('10.0.0.19', 52064) server /var/lib/kolla/venv/lib/python3.6/site-packages/eventlet/wsgi.py:1004
2025-07-31 02:32:29.088 22 INFO neutron.wsgi [-] 10.0.0.19 "GET / HTTP/1.1" status: 200 len: 227 time: 0.0033844
2025-07-31 02:32:29.689 27 DEBUG neutron_lib.callbacks.manager [req-87457b5f-0ed8-4e5b-aa3d-47ff471c32a7 - - - - -] Publish callbacks ['neutron.services.segments.db._update_segment_host_mapping_for_agent-8770129603136', 'neutron.plugins.ml2.plugin.Ml2Plugin._retry_binding_revived_agents-796691'] for agent (b61c2491-7aae-4dfb-8ad1-1e94602a19bb), after_update _notify_loop /var/lib/kolla/venv/lib/python3.6/site-packages/neutron_lib/callbacks/manager.py:177
2025-07-31 02:32:47.683 29 DEBUG neutron.db.agents_db [req-b7d8b463-5729-4955-bf8e-aa4f25cef8f1 - - - - -] Agent healthcheck: found 2 active agents agent_health_check /var/lib/kolla/venv/lib/python3.6/site-packages/neutron/db/agents_db.py:318
2025-07-31 02:32:49.887 28 DEBUG neutron_lib.callbacks.manager [req-92c81779-3d55-4913-8e3d-2702944040e8 - - - - -] Publish callbacks ['neutron.services.segments.db._update_segment_host_mapping_for_agent-8770129603136', 'neutron.plugins.ml2.plugin.Ml2Plugin._retry_binding_revived_agents-796691'] for agent (38f484d4-1ef6-4b81-80b7-c361613ea11c), after_update _notify_loop /var/lib/kolla/venv/lib/python3.6/site-packages/neutron_lib/callbacks/manager.py:177
2025-07-31 02:32:59.158 22 DEBUG neutron.wsgi [-] (22) accepted ('10.0.0.19', 43220) server /var/lib/kolla/venv/lib/python3.6/site-packages/eventlet/wsgi.py:1004
2025-07-31 02:32:59.163 22 INFO neutron.wsgi [-] 10.0.0.19 "GET / HTTP/1.1" status: 200 len: 227 time: 0.0039597
2025-07-31 02:32:59.712 26 DEBUG neutron_lib.callbacks.manager [req-d37309a0-90d7-453b-8d1f-b33ef967039e - - - - -] Publish callbacks ['neutron.services.segments.db._update_segment_host_mapping_for_agent-8770129603136', 'neutron.plugins.ml2.plugin.Ml2Plugin._retry_binding_revived_agents-796691'] for agent (b61c2491-7aae-4dfb-8ad1-1e94602a19bb), after_update _notify_loop /var/lib/kolla/venv/lib/python3.6/site-packages/neutron_lib/callbacks/manager.py:177
2025-07-31 02:33:19.886 25 DEBUG neutron_lib.callbacks.manager [req-92c81779-3d55-4913-8e3d-2702944040e8 - - - - -] Publish callbacks ['neutron.services.segments.db._update_segment_host_mapping_for_agent-8770129603136', 'neutron.plugins.ml2.plugin.Ml2Plugin._retry_binding_revived_agents-796691'] for agent (38f484d4-1ef6-4b81-80b7-c361613ea11c), after_update _notify_loop /var/lib/kolla/venv/lib/python3.6/site-packages/neutron_lib/callbacks/manager.py:177
2025-07-31 02:33:24.693 29 DEBUG neutron.db.agents_db [req-b7d8b463-5729-4955-bf8e-aa4f25cef8f1 - - - - -] Agent healthcheck: found 2 active agents agent_health_check /var/lib/kolla/venv/lib/python3.6/site-packages/neutron/db/agents_db.py:318
2025-07-31 02:33:29.240 22 DEBUG neutron.wsgi [-] (22) accepted ('10.0.0.19', 53880) server /var/lib/kolla/venv/lib/python3.6/site-packages/eventlet/wsgi.py:1004
2025-07-31 02:33:29.247 22 INFO neutron.wsgi [-] 10.0.0.19 "GET / HTTP/1.1" status: 200 len: 227 time: 0.0043209
2025-07-31 02:33:29.705 24 DEBUG neutron_lib.callbacks.manager [req-5bc81a53-2c68-4b6d-aa4f-fc6d748eeeef - - - - -] Publish callbacks ['neutron.services.segments.db._update_segment_host_mapping_for_agent-8770129603136', 'neutron.plugins.ml2.plugin.Ml2Plugin._retry_binding_revived_agents-796691'] for agent (b61c2491-7aae-4dfb-8ad1-1e94602a19bb), after_update _notify_loop /var/lib/kolla/venv/lib/python3.6/site-packages/neutron_lib/callbacks/manager.py:177
2025-07-31 02:33:35.984 7 INFO oslo_service.service [-] Caught SIGTERM, stopping children
2025-07-31 02:33:35.986 7 DEBUG oslo_concurrency.lockutils [-] Acquired lock "singleton_lock" lock /var/lib/kolla/venv/lib/python3.6/site-packages/oslo_concurrency/lockutils.py:294
2025-07-31 02:33:35.988 7 DEBUG oslo_concurrency.lockutils [-] Releasing lock "singleton_lock" lock /var/lib/kolla/venv/lib/python3.6/site-packages/oslo_concurrency/lockutils.py:312
2025-07-31 02:33:35.988 7 DEBUG oslo_service.service [-] Stop services. stop /var/lib/kolla/venv/lib/python3.6/site-packages/oslo_service/service.py:695
2025-07-31 02:33:35.991 7 DEBUG neutron.service [-] calling RpcWorker stop() stop /var/lib/kolla/venv/lib/python3.6/site-packages/neutron/service.py:138
2025-07-31 02:33:35.991 7 DEBUG neutron.service [-] calling RpcWorker stop() stop /var/lib/kolla/venv/lib/python3.6/site-packages/neutron/service.py:138
2025-07-31 02:33:35.993 7 DEBUG oslo_service.service [-] Killing children. stop /var/lib/kolla/venv/lib/python3.6/site-packages/oslo_service/service.py:700
2025-07-31 02:33:35.993 7 INFO oslo_service.service [-] Waiting on 8 children to exit
2025-07-31 02:33:35.995 22 INFO neutron.wsgi [-] (22) wsgi exited, is_accepting=True
2025-07-31 02:33:35.994 25 DEBUG neutron.service [-] calling RpcWorker stop() stop /var/lib/kolla/venv/lib/python3.6/site-packages/neutron/service.py:138
2025-07-31 02:33:35.995 29 DEBUG neutron.service [-] calling RpcWorker stop() stop /var/lib/kolla/venv/lib/python3.6/site-packages/neutron/service.py:138
2025-07-31 02:33:35.997 26 DEBUG neutron.service [-] calling RpcWorker stop() stop /var/lib/kolla/venv/lib/python3.6/site-packages/neutron/service.py:138
2025-07-31 02:33:35.997 22 DEBUG oslo_concurrency.lockutils [req-27dca243-925e-4f59-bea3-1d33000c7f8e - - - - -] Acquired lock "singleton_lock" lock /var/lib/kolla/venv/lib/python3.6/site-packages/oslo_concurrency/lockutils.py:294
2025-07-31 02:33:35.996 29 DEBUG neutron.service [-] calling stop on stop /var/lib/kolla/venv/lib/python3.6/site-packages/neutron/service.py:141
2025-07-31 02:33:35.999 22 DEBUG oslo_concurrency.lockutils [req-27dca243-925e-4f59-bea3-1d33000c7f8e - - - - -] Releasing lock "singleton_lock" lock /var/lib/kolla/venv/lib/python3.6/site-packages/oslo_concurrency/lockutils.py:312
2025-07-31 02:33:35.995 25 DEBUG neutron.service [-] calling stop on stop /var/lib/kolla/venv/lib/python3.6/site-packages/neutron/service.py:141
2025-07-31 02:33:35.996 28 DEBUG neutron.service [-] calling RpcWorker stop() stop /var/lib/kolla/venv/lib/python3.6/site-packages/neutron/service.py:138
2025-07-31 02:33:36.002 24 DEBUG neutron.service [-] calling RpcWorker stop() stop /var/lib/kolla/venv/lib/python3.6/site-packages/neutron/service.py:138
2025-07-31 02:33:36.006 27 DEBUG neutron.service [-] calling RpcWorker stop() stop /var/lib/kolla/venv/lib/python3.6/site-packages/neutron/service.py:138
2025-07-31 02:33:36.003 28 DEBUG neutron.service [-] calling stop on stop /var/lib/kolla/venv/lib/python3.6/site-packages/neutron/service.py:141
2025-07-31 02:33:36.003 24 DEBUG neutron.service [-] calling stop on stop /var/lib/kolla/venv/lib/python3.6/site-packages/neutron/service.py:141
2025-07-31 02:33:36.008 23 DEBUG neutron.service [-] calling RpcWorker stop() stop /var/lib/kolla/venv/lib/python3.6/site-packages/neutron/service.py:138
2025-07-31 02:33:36.012 7 INFO oslo_service.service [-] Child 22 exited with status 0
2025-07-31 02:33:36.011 23 DEBUG neutron.service [-] calling stop on stop /var/lib/kolla/venv/lib/python3.6/site-packages/neutron/service.py:141
2025-07-31 02:33:36.011 26 DEBUG neutron.service [-] calling stop on stop /var/lib/kolla/venv/lib/python3.6/site-packages/neutron/service.py:141
2025-07-31 02:33:36.007 27 DEBUG neutron.service [-] calling stop on stop /var/lib/kolla/venv/lib/python3.6/site-packages/neutron/service.py:141
2025-07-31 02:33:37.923 26 DEBUG oslo_concurrency.lockutils [req-27dca243-925e-4f59-bea3-1d33000c7f8e - - - - -] Acquired lock "singleton_lock" lock /var/lib/kolla/venv/lib/python3.6/site-packages/oslo_concurrency/lockutils.py:294
2025-07-31 02:33:37.924 26 DEBUG oslo_concurrency.lockutils [req-27dca243-925e-4f59-bea3-1d33000c7f8e - - - - -] Releasing lock "singleton_lock" lock /var/lib/kolla/venv/lib/python3.6/site-packages/oslo_concurrency/lockutils.py:312
2025-07-31 02:33:37.924 26 DEBUG neutron.service [req-27dca243-925e-4f59-bea3-1d33000c7f8e - - - - -] calling RpcWorker wait() _wait /var/lib/kolla/venv/lib/python3.6/site-packages/neutron/service.py:128
2025-07-31 02:33:37.924 26 DEBUG neutron.service [req-27dca243-925e-4f59-bea3-1d33000c7f8e - - - - -] calling wait on _wait /var/lib/kolla/venv/lib/python3.6/site-packages/neutron/service.py:131
2025-07-31 02:33:37.940 26 WARNING amqp [req-27dca243-925e-4f59-bea3-1d33000c7f8e - - - - -] Received method (60, 30) during closing channel 1. This method will be ignored
2025-07-31 02:33:37.948 26 DEBUG neutron.service [req-27dca243-925e-4f59-bea3-1d33000c7f8e - - - - -] returning from RpcWorker wait() _wait /var/lib/kolla/venv/lib/python3.6/site-packages/neutron/service.py:135
2025-07-31 02:33:37.960 7 INFO oslo_service.service [-] Child 26 exited with status 0
2025-07-31 02:33:39.632 27 DEBUG oslo_concurrency.lockutils [req-27dca243-925e-4f59-bea3-1d33000c7f8e - - - - -] Acquired lock "singleton_lock" lock /var/lib/kolla/venv/lib/python3.6/site-packages/oslo_concurrency/lockutils.py:294
2025-07-31 02:33:39.633 27 DEBUG oslo_concurrency.lockutils [req-27dca243-925e-4f59-bea3-1d33000c7f8e - - - - -] Releasing lock "singleton_lock" lock /var/lib/kolla/venv/lib/python3.6/site-packages/oslo_concurrency/lockutils.py:312
2025-07-31 02:33:39.634 27 DEBUG neutron.service [req-27dca243-925e-4f59-bea3-1d33000c7f8e - - - - -] calling RpcWorker wait() _wait /var/lib/kolla/venv/lib/python3.6/site-packages/neutron/service.py:128
2025-07-31 02:33:39.635 27 DEBUG neutron.service [req-27dca243-925e-4f59-bea3-1d33000c7f8e - - - - -] calling wait on _wait /var/lib/kolla/venv/lib/python3.6/site-packages/neutron/service.py:131
2025-07-31 02:33:39.641 23 DEBUG neutron.service [-] calling stop on stop /var/lib/kolla/venv/lib/python3.6/site-packages/neutron/service.py:141
2025-07-31 02:33:39.643 27 WARNING amqp [req-27dca243-925e-4f59-bea3-1d33000c7f8e - - - - -] Received method (60, 30) during closing channel 1. This method will be ignored
2025-07-31 02:33:39.644 27 DEBUG neutron.service [req-27dca243-925e-4f59-bea3-1d33000c7f8e - - - - -] returning from RpcWorker wait() _wait /var/lib/kolla/venv/lib/python3.6/site-packages/neutron/service.py:135
2025-07-31 02:33:39.648 24 DEBUG neutron.service [-] calling stop on stop /var/lib/kolla/venv/lib/python3.6/site-packages/neutron/service.py:141
2025-07-31 02:33:39.649 28 DEBUG oslo_concurrency.lockutils [req-27dca243-925e-4f59-bea3-1d33000c7f8e - - - - -] Acquired lock "singleton_lock" lock /var/lib/kolla/venv/lib/python3.6/site-packages/oslo_concurrency/lockutils.py:294
2025-07-31 02:33:39.649 28 DEBUG oslo_concurrency.lockutils [req-27dca243-925e-4f59-bea3-1d33000c7f8e - - - - -] Releasing lock "singleton_lock" lock /var/lib/kolla/venv/lib/python3.6/site-packages/oslo_concurrency/lockutils.py:312
2025-07-31 02:33:39.650 28 DEBUG neutron.service [req-27dca243-925e-4f59-bea3-1d33000c7f8e - - - - -] calling RpcWorker wait() _wait /var/lib/kolla/venv/lib/python3.6/site-packages/neutron/service.py:128
2025-07-31 02:33:39.651 28 DEBUG neutron.service [req-27dca243-925e-4f59-bea3-1d33000c7f8e - - - - -] calling wait on _wait /var/lib/kolla/venv/lib/python3.6/site-packages/neutron/service.py:131
2025-07-31 02:33:39.656 7 INFO oslo_service.service [-] Child 27 exited with status 0
2025-07-31 02:33:39.658 28 WARNING amqp [req-27dca243-925e-4f59-bea3-1d33000c7f8e - - - - -] Received method (60, 30) during closing channel 1. This method will be ignored
2025-07-31 02:33:39.660 28 DEBUG neutron.service [req-27dca243-925e-4f59-bea3-1d33000c7f8e - - - - -] returning from RpcWorker wait() _wait /var/lib/kolla/venv/lib/python3.6/site-packages/neutron/service.py:135
