2025-07-28 00:36:42.160 121125 DEBUG oslo_service.service [req-8c4ae639-9e28-4a03-8551-20176c221b18 - - - - -] vault.split_loggers = False log_opt_values /usr/lib/python3/dist-packages/oslo_config/cfg.py:2609
2025-07-28 00:36:42.160 121902 DEBUG oslo_messaging._drivers.amqpdriver [-] Listener is running poll /usr/lib/python3/dist-packages/oslo_messaging/_drivers/amqpdriver.py:343
2025-07-28 00:36:42.160 121125 DEBUG oslo_service.service [req-8c4ae639-9e28-4a03-8551-20176c221b18 - - - - -] vault.ssl_ca_crt_file = None log_opt_values /usr/lib/python3/dist-packages/oslo_config/cfg.py:2609
2025-07-28 00:36:42.160 121902 DEBUG oslo_messaging._drivers.amqpdriver [-] AMQPListener connection consume poll /usr/lib/python3/dist-packages/oslo_messaging/_drivers/amqpdriver.py:357
2025-07-28 00:36:42.160 121125 DEBUG oslo_service.service [req-8c4ae639-9e28-4a03-8551-20176c221b18 - - - - -] vault.timeout = None log_opt_values /usr/lib/python3/dist-packages/oslo_config/cfg.py:2609
2025-07-28 00:36:42.161 121125 DEBUG oslo_service.service [req-8c4ae639-9e28-4a03-8551-20176c221b18 - - - - -] vault.use_ssl = False log_opt_values /usr/lib/python3/dist-packages/oslo_config/cfg.py:2609
2025-07-28 00:36:42.161 121125 DEBUG oslo_service.service [req-8c4ae639-9e28-4a03-8551-20176c221b18 - - - - -] vault.vault_url = http://127.0.0.1:8200 log_opt_values /usr/lib/python3/dist-packages/oslo_config/cfg.py:2609
2025-07-28 00:36:42.161 121902 DEBUG nova.service [req-6b213bf9-d365-420c-a035-523be127f2f1 - - - - -] Join ServiceGroup membership for this service scheduler start /usr/lib/python3/dist-packages/nova/service.py:199
2025-07-28 00:36:42.161 121125 DEBUG oslo_service.service [req-8c4ae639-9e28-4a03-8551-20176c221b18 - - - - -] keystone.cafile = None log_opt_values /usr/lib/python3/dist-packages/oslo_config/cfg.py:2609
2025-07-28 00:36:42.161 121125 DEBUG oslo_service.service [req-8c4ae639-9e28-4a03-8551-20176c221b18 - - - - -] keystone.certfile = None log_opt_values /usr/lib/python3/dist-packages/oslo_config/cfg.py:2609
2025-07-28 00:36:42.161 121902 DEBUG nova.servicegroup.drivers.db [req-6b213bf9-d365-420c-a035-523be127f2f1 - - - - -] DB_Driver: join new ServiceGroup member juju-973b25-0-lxd-7 to the scheduler group, service = join /usr/lib/python3/dist-packages/nova/servicegroup/drivers/db.py:44
2025-07-28 00:36:42.161 121125 DEBUG oslo_service.service [req-8c4ae639-9e28-4a03-8551-20176c221b18 - - - - -] keystone.collect_timing = False log_opt_values /usr/lib/python3/dist-packages/oslo_config/cfg.py:2609
2025-07-28 00:36:42.161 121125 DEBUG oslo_service.service [req-8c4ae639-9e28-4a03-8551-20176c221b18 - - - - -] keystone.connect_retries = None log_opt_values /usr/lib/python3/dist-packages/oslo_config/cfg.py:2609
2025-07-28 00:36:42.162 121125 DEBUG oslo_service.service [req-8c4ae639-9e28-4a03-8551-20176c221b18 - - - - -] keystone.connect_retry_delay = None log_opt_values /usr/lib/python3/dist-packages/oslo_config/cfg.py:2609
2025-07-28 00:36:42.162 121125 DEBUG oslo_service.service [req-8c4ae639-9e28-4a03-8551-20176c221b18 - - - - -] keystone.endpoint_override = None log_opt_values /usr/lib/python3/dist-packages/oslo_config/cfg.py:2609
2025-07-28 00:36:42.162 121125 DEBUG oslo_service.service [req-8c4ae639-9e28-4a03-8551-20176c221b18 - - - - -] keystone.insecure = False log_opt_values /usr/lib/python3/dist-packages/oslo_config/cfg.py:2609
2025-07-28 00:36:42.162 121895 DEBUG oslo_messaging._drivers.amqpdriver [-] Listener is running poll /usr/lib/python3/dist-packages/oslo_messaging/_drivers/amqpdriver.py:343
2025-07-28 00:36:42.162 121125 DEBUG oslo_service.service [req-8c4ae639-9e28-4a03-8551-20176c221b18 - - - - -] keystone.keyfile = None log_opt_values /usr/lib/python3/dist-packages/oslo_config/cfg.py:2609
2025-07-28 00:36:42.162 121895 DEBUG oslo_messaging._drivers.amqpdriver [-] AMQPListener connection consume poll /usr/lib/python3/dist-packages/oslo_messaging/_drivers/amqpdriver.py:357
2025-07-28 00:36:42.162 121125 DEBUG oslo_service.service [req-8c4ae639-9e28-4a03-8551-20176c221b18 - - - - -] keystone.max_version = None log_opt_values /usr/lib/python3/dist-packages/oslo_config/cfg.py:2609
2025-07-28 00:36:42.162 121125 DEBUG oslo_service.service [req-8c4ae639-9e28-4a03-8551-20176c221b18 - - - - -] keystone.min_version = None log_opt_values /usr/lib/python3/dist-packages/oslo_config/cfg.py:2609
2025-07-28 00:36:42.163 121125 DEBUG oslo_service.service [req-8c4ae639-9e28-4a03-8551-20176c221b18 - - - - -] keystone.region_name = None log_opt_values /usr/lib/python3/dist-packages/oslo_config/cfg.py:2609
2025-07-28 00:36:42.163 121125 DEBUG oslo_service.service [req-8c4ae639-9e28-4a03-8551-20176c221b18 - - - - -] keystone.service_name = None log_opt_values /usr/lib/python3/dist-packages/oslo_config/cfg.py:2609
2025-07-28 00:36:42.163 121125 DEBUG oslo_service.service [req-8c4ae639-9e28-4a03-8551-20176c221b18 - - - - -] keystone.service_type = identity log_opt_values /usr/lib/python3/dist-packages/oslo_config/cfg.py:2609
2025-07-28 00:36:42.163 121125 DEBUG oslo_service.service [req-8c4ae639-9e28-4a03-8551-20176c221b18 - - - - -] keystone.split_loggers = False log_opt_values /usr/lib/python3/dist-packages/oslo_config/cfg.py:2609
2025-07-28 00:36:42.163 121125 DEBUG oslo_service.service [req-8c4ae639-9e28-4a03-8551-20176c221b18 - - - - -] keystone.status_code_retries = None log_opt_values /usr/lib/python3/dist-packages/oslo_config/cfg.py:2609
2025-07-28 00:36:42.163 121902 DEBUG oslo_messaging._drivers.amqpdriver [-] AMQPListener connection timeout poll /usr/lib/python3/dist-packages/oslo_messaging/_drivers/amqpdriver.py:360
2025-07-28 00:36:42.163 121125 DEBUG oslo_service.service [req-8c4ae639-9e28-4a03-8551-20176c221b18 - - - - -] keystone.status_code_retry_delay = None log_opt_values /usr/lib/python3/dist-packages/oslo_config/cfg.py:2609
2025-07-28 00:36:42.164 121902 DEBUG oslo_messaging._drivers.amqpdriver [-] Listener is running poll /usr/lib/python3/dist-packages/oslo_messaging/_drivers/amqpdriver.py:343
2025-07-28 00:36:42.164 121125 DEBUG oslo_service.service [req-8c4ae639-9e28-4a03-8551-20176c221b18 - - - - -] keystone.timeout = None log_opt_values /usr/lib/python3/dist-packages/oslo_config/cfg.py:2609
2025-07-28 00:36:42.164 121902 DEBUG oslo_messaging._drivers.amqpdriver [-] AMQPListener connection consume poll /usr/lib/python3/dist-packages/oslo_messaging/_drivers/amqpdriver.py:357
2025-07-28 00:36:42.164 121125 DEBUG oslo_service.service [req-8c4ae639-9e28-4a03-8551-20176c221b18 - - - - -] keystone.valid_interfaces = ['internal', 'public'] log_opt_values /usr/lib/python3/dist-packages/oslo_config/cfg.py:2609
2025-07-28 00:36:42.164 121125 DEBUG oslo_service.service [req-8c4ae639-9e28-4a03-8551-20176c221b18 - - - - -] keystone.version = None log_opt_values /usr/lib/python3/dist-packages/oslo_config/cfg.py:2609
2025-07-28 00:36:42.164 121125 DEBUG oslo_service.service [req-8c4ae639-9e28-4a03-8551-20176c221b18 - - - - -] libvirt.connection_uri = log_opt_values /usr/lib/python3/dist-packages/oslo_config/cfg.py:2609
2025-07-28 00:36:42.164 121125 DEBUG oslo_service.service [req-8c4ae639-9e28-4a03-8551-20176c221b18 - - - - -] libvirt.cpu_mode = None log_opt_values /usr/lib/python3/dist-packages/oslo_config/cfg.py:2609
2025-07-28 00:36:42.165 121125 DEBUG oslo_service.service [req-8c4ae639-9e28-4a03-8551-20176c221b18 - - - - -] libvirt.cpu_model_extra_flags = [] log_opt_values /usr/lib/python3/dist-packages/oslo_config/cfg.py:2609
2025-07-28 00:36:42.165 121125 DEBUG oslo_service.service [req-8c4ae639-9e28-4a03-8551-20176c221b18 - - - - -] libvirt.cpu_models = [] log_opt_values /usr/lib/python3/dist-packages/oslo_config/cfg.py:2609
2025-07-28 00:36:42.165 121125 DEBUG oslo_service.service [req-8c4ae639-9e28-4a03-8551-20176c221b18 - - - - -] libvirt.device_detach_attempts = 8 log_opt_values /usr/lib/python3/dist-packages/oslo_config/cfg.py:2609
2025-07-28 00:36:42.165 121125 DEBUG oslo_service.service [req-8c4ae639-9e28-4a03-8551-20176c221b18 - - - - -] libvirt.device_detach_timeout = 20 log_opt_values /usr/lib/python3/dist-packages/oslo_config/cfg.py:2609
2025-07-28 00:36:42.165 121125 DEBUG oslo_service.service [req-8c4ae639-9e28-4a03-8551-20176c221b18 - - - - -] libvirt.disk_cachemodes = [] log_opt_values /usr/lib/python3/dist-packages/oslo_config/cfg.py:2609
2025-07-28 00:36:42.165 121125 DEBUG oslo_service.service [req-8c4ae639-9e28-4a03-8551-20176c221b18 - - - - -] libvirt.disk_prefix = None log_opt_values /usr/lib/python3/dist-packages/oslo_config/cfg.py:2609
2025-07-28 00:36:42.166 121125 DEBUG oslo_service.service [req-8c4ae639-9e28-4a03-8551-20176c221b18 - - - - -] libvirt.enabled_perf_events = [] log_opt_values /usr/lib/python3/dist-packages/oslo_config/cfg.py:2609
2025-07-28 00:36:42.166 121125 DEBUG oslo_service.service [req-8c4ae639-9e28-4a03-8551-20176c221b18 - - - - -] libvirt.file_backed_memory = 0 log_opt_values /usr/lib/python3/dist-packages/oslo_config/cfg.py:2609
2025-07-28 00:36:42.166 121125 DEBUG oslo_service.service [req-8c4ae639-9e28-4a03-8551-20176c221b18 - - - - -] libvirt.gid_maps = [] log_opt_values /usr/lib/python3/dist-packages/oslo_config/cfg.py:2609
2025-07-28 00:36:42.166 121125 DEBUG oslo_service.service [req-8c4ae639-9e28-4a03-8551-20176c221b18 - - - - -] libvirt.hw_disk_discard = None log_opt_values /usr/lib/python3/dist-packages/oslo_config/cfg.py:2609
2025-07-28 00:36:42.166 121125 DEBUG oslo_service.service [req-8c4ae639-9e28-4a03-8551-20176c221b18 - - - - -] libvirt.hw_machine_type = None log_opt_values /usr/lib/python3/dist-packages/oslo_config/cfg.py:2609
2025-07-28 00:36:42.166 121125 DEBUG oslo_service.service [req-8c4ae639-9e28-4a03-8551-20176c221b18 - - - - -] libvirt.images_rbd_ceph_conf = log_opt_values /usr/lib/python3/dist-packages/oslo_config/cfg.py:2609
2025-07-28 00:36:42.165 121894 DEBUG oslo_messaging._drivers.amqpdriver [-] Listener is running poll /usr/lib/python3/dist-packages/oslo_messaging/_drivers/amqpdriver.py:343
2025-07-28 00:36:42.167 121125 DEBUG oslo_service.service [req-8c4ae639-9e28-4a03-8551-20176c221b18 - - - - -] libvirt.images_rbd_glance_copy_poll_interval = 15 log_opt_values /usr/lib/python3/dist-packages/oslo_config/cfg.py:2609
2025-07-28 00:36:42.167 121894 DEBUG oslo_messaging._drivers.amqpdriver [-] AMQPListener connection consume poll /usr/lib/python3/dist-packages/oslo_messaging/_drivers/amqpdriver.py:357
2025-07-28 00:36:42.167 121125 DEBUG oslo_service.service [req-8c4ae639-9e28-4a03-8551-20176c221b18 - - - - -] libvirt.images_rbd_glance_copy_timeout = 600 log_opt_values /usr/lib/python3/dist-packages/oslo_config/cfg.py:2609
2025-07-28 00:36:42.167 121125 DEBUG oslo_service.service [req-8c4ae639-9e28-4a03-8551-20176c221b18 - - - - -] libvirt.images_rbd_glance_store_name = log_opt_values /usr/lib/python3/dist-packages/oslo_config/cfg.py:2609
2025-07-28 00:36:42.165 121895 DEBUG nova.service [req-b777fe64-81d6-4622-a17a-ee4cc4999163 - - - - -] Join ServiceGroup membership for this service scheduler start /usr/lib/python3/dist-packages/nova/service.py:199
2025-07-28 00:36:42.167 121125 DEBUG oslo_service.service [req-8c4ae639-9e28-4a03-8551-20176c221b18 - - - - -] libvirt.images_rbd_pool = rbd log_opt_values /usr/lib/python3/dist-packages/oslo_config/cfg.py:2609
2025-07-28 00:36:42.167 121895 DEBUG nova.servicegroup.drivers.db [req-b777fe64-81d6-4622-a17a-ee4cc4999163 - - - - -] DB_Driver: join new ServiceGroup member juju-973b25-0-lxd-7 to the scheduler group, service = join /usr/lib/python3/dist-packages/nova/servicegroup/drivers/db.py:44
2025-07-28 00:36:42.167 121125 DEBUG oslo_service.service [req-8c4ae639-9e28-4a03-8551-20176c221b18 - - - - -] libvirt.images_type = default log_opt_values /usr/lib/python3/dist-packages/oslo_config/cfg.py:2609
2025-07-28 00:36:42.168 121125 DEBUG oslo_service.service [req-8c4ae639-9e28-4a03-8551-20176c221b18 - - - - -] libvirt.images_volume_group = None log_opt_values /usr/lib/python3/dist-packages/oslo_config/cfg.py:2609
2025-07-28 00:36:42.168 121125 DEBUG oslo_service.service [req-8c4ae639-9e28-4a03-8551-20176c221b18 - - - - -] libvirt.inject_key = False log_opt_values /usr/lib/python3/dist-packages/oslo_config/cfg.py:2609
2025-07-28 00:36:42.168 121125 DEBUG oslo_service.service [req-8c4ae639-9e28-4a03-8551-20176c221b18 - - - - -] libvirt.inject_partition = -2 log_opt_values /usr/lib/python3/dist-packages/oslo_config/cfg.py:2609
2025-07-28 00:36:42.168 121125 DEBUG oslo_service.service [req-8c4ae639-9e28-4a03-8551-20176c221b18 - - - - -] libvirt.inject_password = False log_opt_values /usr/lib/python3/dist-packages/oslo_config/cfg.py:2609
2025-07-28 00:36:42.169 121125 DEBUG oslo_service.service [req-8c4ae639-9e28-4a03-8551-20176c221b18 - - - - -] libvirt.iscsi_iface = None log_opt_values /usr/lib/python3/dist-packages/oslo_config/cfg.py:2609
2025-07-28 00:36:42.169 121125 DEBUG oslo_service.service [req-8c4ae639-9e28-4a03-8551-20176c221b18 - - - - -] libvirt.iser_use_multipath = False log_opt_values /usr/lib/python3/dist-packages/oslo_config/cfg.py:2609
2025-07-28 00:36:42.169 121125 DEBUG oslo_service.service [req-8c4ae639-9e28-4a03-8551-20176c221b18 - - - - -] libvirt.live_migration_bandwidth = 0 log_opt_values /usr/lib/python3/dist-packages/oslo_config/cfg.py:2609
2025-07-28 00:36:42.169 121125 DEBUG oslo_service.service [req-8c4ae639-9e28-4a03-8551-20176c221b18 - - - - -] libvirt.live_migration_completion_timeout = 800 log_opt_values /usr/lib/python3/dist-packages/oslo_config/cfg.py:2609
2025-07-28 00:36:42.169 121125 DEBUG oslo_service.service [req-8c4ae639-9e28-4a03-8551-20176c221b18 - - - - -] libvirt.live_migration_downtime = 500 log_opt_values /usr/lib/python3/dist-packages/oslo_config/cfg.py:2609
2025-07-28 00:36:42.169 121125 DEBUG oslo_service.service [req-8c4ae639-9e28-4a03-8551-20176c221b18 - - - - -] libvirt.live_migration_downtime_delay = 75 log_opt_values /usr/lib/python3/dist-packages/oslo_config/cfg.py:2609
2025-07-28 00:36:42.169 121894 DEBUG nova.service [req-c7a36213-e2a4-4ede-bbb2-08457935ef05 - - - - -] Join ServiceGroup membership for this service scheduler start /usr/lib/python3/dist-packages/nova/service.py:199
2025-07-28 00:36:42.170 121125 DEBUG oslo_service.service [req-8c4ae639-9e28-4a03-8551-20176c221b18 - - - - -] libvirt.live_migration_downtime_steps = 10 log_opt_values /usr/lib/python3/dist-packages/oslo_config/cfg.py:2609
2025-07-28 00:36:42.170 121125 DEBUG oslo_service.service [req-8c4ae639-9e28-4a03-8551-20176c221b18 - - - - -] libvirt.live_migration_inbound_addr = None log_opt_values /usr/lib/python3/dist-packages/oslo_config/cfg.py:2609
2025-07-28 00:36:42.170 121894 DEBUG nova.servicegroup.drivers.db [req-c7a36213-e2a4-4ede-bbb2-08457935ef05 - - - - -] DB_Driver: join new ServiceGroup member juju-973b25-0-lxd-7 to the scheduler group, service = join /usr/lib/python3/dist-packages/nova/servicegroup/drivers/db.py:44
2025-07-28 00:36:42.170 121125 DEBUG oslo_service.service [req-8c4ae639-9e28-4a03-8551-20176c221b18 - - - - -] libvirt.live_migration_permit_auto_converge = False log_opt_values /usr/lib/python3/dist-packages/oslo_config/cfg.py:2609
2025-07-28 00:36:42.170 121125 DEBUG oslo_service.service [req-8c4ae639-9e28-4a03-8551-20176c221b18 - - - - -] libvirt.live_migration_permit_post_copy = False log_opt_values /usr/lib/python3/dist-packages/oslo_config/cfg.py:2609
2025-07-28 00:36:42.170 121125 DEBUG oslo_service.service [req-8c4ae639-9e28-4a03-8551-20176c221b18 - - - - -] libvirt.live_migration_scheme = None log_opt_values /usr/lib/python3/dist-packages/oslo_config/cfg.py:2609
2025-07-28 00:36:42.170 121125 DEBUG oslo_service.service [req-8c4ae639-9e28-4a03-8551-20176c221b18 - - - - -] libvirt.live_migration_timeout_action = abort log_opt_values /usr/lib/python3/dist-packages/oslo_config/cfg.py:2609
2025-07-28 00:36:42.171 121125 DEBUG oslo_service.service [req-8c4ae639-9e28-4a03-8551-20176c221b18 - - - - -] libvirt.live_migration_tunnelled = False log_opt_values /usr/lib/python3/dist-packages/oslo_config/cfg.py:2609
2025-07-28 00:36:42.171 121125 DEBUG oslo_service.service [req-8c4ae639-9e28-4a03-8551-20176c221b18 - - - - -] libvirt.live_migration_uri = None log_opt_values /usr/lib/python3/dist-packages/oslo_config/cfg.py:2609
2025-07-28 00:36:42.171 121125 DEBUG oslo_service.service [req-8c4ae639-9e28-4a03-8551-20176c221b18 - - - - -] libvirt.live_migration_with_native_tls = False log_opt_values /usr/lib/python3/dist-packages/oslo_config/cfg.py:2609
2025-07-28 00:36:42.172 121125 DEBUG oslo_service.service [req-8c4ae639-9e28-4a03-8551-20176c221b18 - - - - -] libvirt.max_queues = None log_opt_values /usr/lib/python3/dist-packages/oslo_config/cfg.py:2609
2025-07-28 00:36:42.172 121125 DEBUG oslo_service.service [req-8c4ae639-9e28-4a03-8551-20176c221b18 - - - - -] libvirt.mem_stats_period_seconds = 10 log_opt_values /usr/lib/python3/dist-packages/oslo_config/cfg.py:2609
2025-07-28 00:36:42.172 121125 DEBUG oslo_service.service [req-8c4ae639-9e28-4a03-8551-20176c221b18 - - - - -] libvirt.nfs_mount_options = None log_opt_values /usr/lib/python3/dist-packages/oslo_config/cfg.py:2609
2025-07-28 00:36:42.172 121895 DEBUG oslo_messaging._drivers.amqpdriver [-] AMQPListener connection timeout poll /usr/lib/python3/dist-packages/oslo_messaging/_drivers/amqpdriver.py:360
2025-07-28 00:36:42.172 121125 DEBUG oslo_service.service [req-8c4ae639-9e28-4a03-8551-20176c221b18 - - - - -] libvirt.nfs_mount_point_base = /var/lib/nova/mnt log_opt_values /usr/lib/python3/dist-packages/oslo_config/cfg.py:2609
2025-07-28 00:36:42.172 121895 DEBUG oslo_messaging._drivers.amqpdriver [-] Listener is running poll /usr/lib/python3/dist-packages/oslo_messaging/_drivers/amqpdriver.py:343
2025-07-28 00:36:42.173 121125 DEBUG oslo_service.service [req-8c4ae639-9e28-4a03-8551-20176c221b18 - - - - -] libvirt.num_aoe_discover_tries = 3 log_opt_values /usr/lib/python3/dist-packages/oslo_config/cfg.py:2609
2025-07-28 00:36:42.173 121895 DEBUG oslo_messaging._drivers.amqpdriver [-] AMQPListener connection consume poll /usr/lib/python3/dist-packages/oslo_messaging/_drivers/amqpdriver.py:357
2025-07-28 00:36:42.173 121125 DEBUG oslo_service.service [req-8c4ae639-9e28-4a03-8551-20176c221b18 - - - - -] libvirt.num_iser_scan_tries = 5 log_opt_values /usr/lib/python3/dist-packages/oslo_config/cfg.py:2609
2025-07-28 00:36:42.173 121125 DEBUG oslo_service.service [req-8c4ae639-9e28-4a03-8551-20176c221b18 - - - - -] libvirt.num_memory_encrypted_guests = None log_opt_values /usr/lib/python3/dist-packages/oslo_config/cfg.py:2609
2025-07-28 00:36:42.173 121125 DEBUG oslo_service.service [req-8c4ae639-9e28-4a03-8551-20176c221b18 - - - - -] libvirt.num_nvme_discover_tries = 5 log_opt_values /usr/lib/python3/dist-packages/oslo_config/cfg.py:2609
2025-07-28 00:36:42.173 121125 DEBUG oslo_service.service [req-8c4ae639-9e28-4a03-8551-20176c221b18 - - - - -] libvirt.num_pcie_ports = 0 log_opt_values /usr/lib/python3/dist-packages/oslo_config/cfg.py:2609
2025-07-28 00:36:42.173 121125 DEBUG oslo_service.service [req-8c4ae639-9e28-4a03-8551-20176c221b18 - - - - -] libvirt.num_volume_scan_tries = 5 log_opt_values /usr/lib/python3/dist-packages/oslo_config/cfg.py:2609
2025-07-28 00:36:42.173 121894 DEBUG oslo_messaging._drivers.amqpdriver [-] AMQPListener connection timeout poll /usr/lib/python3/dist-packages/oslo_messaging/_drivers/amqpdriver.py:360
2025-07-28 00:36:42.174 121125 DEBUG oslo_service.service [req-8c4ae639-9e28-4a03-8551-20176c221b18 - - - - -] libvirt.pmem_namespaces = [] log_opt_values /usr/lib/python3/dist-packages/oslo_config/cfg.py:2609
2025-07-28 00:36:42.174 121125 DEBUG oslo_service.service [req-8c4ae639-9e28-4a03-8551-20176c221b18 - - - - -] libvirt.quobyte_client_cfg = None log_opt_values /usr/lib/python3/dist-packages/oslo_config/cfg.py:2609
2025-07-28 00:36:42.174 121894 DEBUG oslo_messaging._drivers.amqpdriver [-] Listener is running poll /usr/lib/python3/dist-packages/oslo_messaging/_drivers/amqpdriver.py:343
2025-07-28 00:36:42.174 121125 DEBUG oslo_service.service [req-8c4ae639-9e28-4a03-8551-20176c221b18 - - - - -] libvirt.quobyte_mount_point_base = /var/lib/nova/mnt log_opt_values /usr/lib/python3/dist-packages/oslo_config/cfg.py:2609
2025-07-28 00:36:42.174 121125 DEBUG oslo_service.service [req-8c4ae639-9e28-4a03-8551-20176c221b18 - - - - -] libvirt.rbd_connect_timeout = 5 log_opt_values /usr/lib/python3/dist-packages/oslo_config/cfg.py:2609
2025-07-28 00:36:42.174 121125 DEBUG oslo_service.service [req-8c4ae639-9e28-4a03-8551-20176c221b18 - - - - -] libvirt.rbd_destroy_volume_retries = 12 log_opt_values /usr/lib/python3/dist-packages/oslo_config/cfg.py:2609
2025-07-28 00:36:42.175 121125 DEBUG oslo_service.service [req-8c4ae639-9e28-4a03-8551-20176c221b18 - - - - -] libvirt.rbd_destroy_volume_retry_interval = 5 log_opt_values /usr/lib/python3/dist-packages/oslo_config/cfg.py:2609
2025-07-28 00:36:42.175 121125 DEBUG oslo_service.service [req-8c4ae639-9e28-4a03-8551-20176c221b18 - - - - -] libvirt.rbd_secret_uuid = None log_opt_values /usr/lib/python3/dist-packages/oslo_config/cfg.py:2609
2025-07-28 00:36:42.174 121894 DEBUG oslo_messaging._drivers.amqpdriver [-] AMQPListener connection consume poll /usr/lib/python3/dist-packages/oslo_messaging/_drivers/amqpdriver.py:357
2025-07-28 00:36:42.175 121125 DEBUG oslo_service.service [req-8c4ae639-9e28-4a03-8551-20176c221b18 - - - - -] libvirt.rbd_user = None log_opt_values /usr/lib/python3/dist-packages/oslo_config/cfg.py:2609
2025-07-28 00:36:42.175 121125 DEBUG oslo_service.service [req-8c4ae639-9e28-4a03-8551-20176c221b18 - - - - -] libvirt.realtime_scheduler_priority = 1 log_opt_values /usr/lib/python3/dist-packages/oslo_config/cfg.py:2609
2025-07-28 00:36:42.175 121125 DEBUG oslo_service.service [req-8c4ae639-9e28-4a03-8551-20176c221b18 - - - - -] libvirt.remote_filesystem_transport = ssh log_opt_values /usr/lib/python3/dist-packages/oslo_config/cfg.py:2609
2025-07-28 00:36:42.175 121897 DEBUG oslo_messaging._drivers.amqpdriver [-] Listener is running poll /usr/lib/python3/dist-packages/oslo_messaging/_drivers/amqpdriver.py:343
2025-07-28 00:36:42.175 121125 DEBUG oslo_service.service [req-8c4ae639-9e28-4a03-8551-20176c221b18 - - - - -] libvirt.rescue_image_id = None log_opt_values /usr/lib/python3/dist-packages/oslo_config/cfg.py:2609
2025-07-28 00:36:42.175 121897 DEBUG oslo_messaging._drivers.amqpdriver [-] AMQPListener connection consume poll /usr/lib/python3/dist-packages/oslo_messaging/_drivers/amqpdriver.py:357
2025-07-28 00:36:42.175 121125 DEBUG oslo_service.service [req-8c4ae639-9e28-4a03-8551-20176c221b18 - - - - -] libvirt.rescue_kernel_id = None log_opt_values /usr/lib/python3/dist-packages/oslo_config/cfg.py:2609
2025-07-28 00:36:42.176 121125 DEBUG oslo_service.service [req-8c4ae639-9e28-4a03-8551-20176c221b18 - - - - -] libvirt.rescue_ramdisk_id = None log_opt_values /usr/lib/python3/dist-packages/oslo_config/cfg.py:2609
2025-07-28 00:36:42.176 121125 DEBUG oslo_service.service [req-8c4ae639-9e28-4a03-8551-20176c221b18 - - - - -] libvirt.rng_dev_path = /dev/urandom log_opt_values /usr/lib/python3/dist-packages/oslo_config/cfg.py:2609
2025-07-28 00:36:42.176 121125 DEBUG oslo_service.service [req-8c4ae639-9e28-4a03-8551-20176c221b18 - - - - -] libvirt.rx_queue_size = None log_opt_values /usr/lib/python3/dist-packages/oslo_config/cfg.py:2609
2025-07-28 00:36:42.177 121125 DEBUG oslo_service.service [req-8c4ae639-9e28-4a03-8551-20176c221b18 - - - - -] libvirt.smbfs_mount_options = log_opt_values /usr/lib/python3/dist-packages/oslo_config/cfg.py:2609
2025-07-28 00:36:42.177 121897 DEBUG nova.service [req-84fc4615-bd6b-4748-8ad9-375427fd9a4a - - - - -] Join ServiceGroup membership for this service scheduler start /usr/lib/python3/dist-packages/nova/service.py:199
2025-07-28 00:36:42.177 121125 DEBUG oslo_service.service [req-8c4ae639-9e28-4a03-8551-20176c221b18 - - - - -] libvirt.smbfs_mount_point_base = /var/lib/nova/mnt log_opt_values /usr/lib/python3/dist-packages/oslo_config/cfg.py:2609
2025-07-28 00:36:42.177 121125 DEBUG oslo_service.service [req-8c4ae639-9e28-4a03-8551-20176c221b18 - - - - -] libvirt.snapshot_compression = False log_opt_values /usr/lib/python3/dist-packages/oslo_config/cfg.py:2609
2025-07-28 00:36:42.177 121897 DEBUG nova.servicegroup.drivers.db [req-84fc4615-bd6b-4748-8ad9-375427fd9a4a - - - - -] DB_Driver: join new ServiceGroup member juju-973b25-0-lxd-7 to the scheduler group, service = join /usr/lib/python3/dist-packages/nova/servicegroup/drivers/db.py:44
2025-07-28 00:36:42.177 121125 DEBUG oslo_service.service [req-8c4ae639-9e28-4a03-8551-20176c221b18 - - - - -] libvirt.snapshot_image_format = None log_opt_values /usr/lib/python3/dist-packages/oslo_config/cfg.py:2609
2025-07-28 00:36:42.178 121125 DEBUG oslo_service.service [req-8c4ae639-9e28-4a03-8551-20176c221b18 - - - - -] libvirt.snapshots_directory = /var/lib/nova/instances/snapshots log_opt_values /usr/lib/python3/dist-packages/oslo_config/cfg.py:2609
2025-07-28 00:36:42.178 121125 DEBUG oslo_service.service [req-8c4ae639-9e28-4a03-8551-20176c221b18 - - - - -] libvirt.sparse_logical_volumes = False log_opt_values /usr/lib/python3/dist-packages/oslo_config/cfg.py:2609
2025-07-28 00:36:42.178 121125 DEBUG oslo_service.service [req-8c4ae639-9e28-4a03-8551-20176c221b18 - - - - -] libvirt.swtpm_enabled = False log_opt_values /usr/lib/python3/dist-packages/oslo_config/cfg.py:2609
2025-07-28 00:36:42.178 121125 DEBUG oslo_service.service [req-8c4ae639-9e28-4a03-8551-20176c221b18 - - - - -] libvirt.swtpm_group = tss log_opt_values /usr/lib/python3/dist-packages/oslo_config/cfg.py:2609
2025-07-28 00:36:42.178 121125 DEBUG oslo_service.service [req-8c4ae639-9e28-4a03-8551-20176c221b18 - - - - -] libvirt.swtpm_user = tss log_opt_values /usr/lib/python3/dist-packages/oslo_config/cfg.py:2609
2025-07-28 00:36:42.179 121125 DEBUG oslo_service.service [req-8c4ae639-9e28-4a03-8551-20176c221b18 - - - - -] libvirt.sysinfo_serial = unique log_opt_values /usr/lib/python3/dist-packages/oslo_config/cfg.py:2609
2025-07-28 00:36:42.179 121125 DEBUG oslo_service.service [req-8c4ae639-9e28-4a03-8551-20176c221b18 - - - - -] libvirt.tx_queue_size = None log_opt_values /usr/lib/python3/dist-packages/oslo_config/cfg.py:2609
2025-07-28 00:36:42.179 121897 DEBUG oslo_messaging._drivers.amqpdriver [-] AMQPListener connection timeout poll /usr/lib/python3/dist-packages/oslo_messaging/_drivers/amqpdriver.py:360
2025-07-28 00:36:42.179 121125 DEBUG oslo_service.service [req-8c4ae639-9e28-4a03-8551-20176c221b18 - - - - -] libvirt.uid_maps = [] log_opt_values /usr/lib/python3/dist-packages/oslo_config/cfg.py:2609
2025-07-28 00:36:42.179 121897 DEBUG oslo_messaging._drivers.amqpdriver [-] Listener is running poll /usr/lib/python3/dist-packages/oslo_messaging/_drivers/amqpdriver.py:343
2025-07-28 00:36:42.179 121897 DEBUG oslo_messaging._drivers.amqpdriver [-] AMQPListener connection consume poll /usr/lib/python3/dist-packages/oslo_messaging/_drivers/amqpdriver.py:357
2025-07-28 00:36:42.179 121125 DEBUG oslo_service.service [req-8c4ae639-9e28-4a03-8551-20176c221b18 - - - - -] libvirt.use_virtio_for_bridges = True log_opt_values /usr/lib/python3/dist-packages/oslo_config/cfg.py:2609
2025-07-28 00:36:42.179 121125 DEBUG oslo_service.service [req-8c4ae639-9e28-4a03-8551-20176c221b18 - - - - -] libvirt.virt_type = kvm log_opt_values /usr/lib/python3/dist-packages/oslo_config/cfg.py:2609
2025-07-28 00:36:42.179 121125 DEBUG oslo_service.service [req-8c4ae639-9e28-4a03-8551-20176c221b18 - - - - -] libvirt.volume_clear = zero log_opt_values /usr/lib/python3/dist-packages/oslo_config/cfg.py:2609
2025-07-28 00:36:42.180 121125 DEBUG oslo_service.service [req-8c4ae639-9e28-4a03-8551-20176c221b18 - - - - -] libvirt.volume_clear_size = 0 log_opt_values /usr/lib/python3/dist-packages/oslo_config/cfg.py:2609
2025-07-28 00:36:42.180 121125 DEBUG oslo_service.service [req-8c4ae639-9e28-4a03-8551-20176c221b18 - - - - -] libvirt.volume_use_multipath = False log_opt_values /usr/lib/python3/dist-packages/oslo_config/cfg.py:2609
2025-07-28 00:36:42.180 121125 DEBUG oslo_service.service [req-8c4ae639-9e28-4a03-8551-20176c221b18 - - - - -] libvirt.vzstorage_cache_path = None log_opt_values /usr/lib/python3/dist-packages/oslo_config/cfg.py:2609
2025-07-28 00:36:42.180 121125 DEBUG oslo_service.service [req-8c4ae639-9e28-4a03-8551-20176c221b18 - - - - -] libvirt.vzstorage_log_path = /var/log/vstorage/%(cluster_name)s/nova.log.gz log_opt_values /usr/lib/python3/dist-packages/oslo_config/cfg.py:2609
2025-07-28 00:36:42.180 121125 DEBUG oslo_service.service [req-8c4ae639-9e28-4a03-8551-20176c221b18 - - - - -] libvirt.vzstorage_mount_group = qemu log_opt_values /usr/lib/python3/dist-packages/oslo_config/cfg.py:2609
2025-07-28 00:36:42.180 121125 DEBUG oslo_service.service [req-8c4ae639-9e28-4a03-8551-20176c221b18 - - - - -] libvirt.vzstorage_mount_opts = [] log_opt_values /usr/lib/python3/dist-packages/oslo_config/cfg.py:2609
2025-07-28 00:36:42.181 121125 DEBUG oslo_service.service [req-8c4ae639-9e28-4a03-8551-20176c221b18 - - - - -] libvirt.vzstorage_mount_perms = 0770 log_opt_values /usr/lib/python3/dist-packages/oslo_config/cfg.py:2609
2025-07-28 00:36:42.181 121125 DEBUG oslo_service.service [req-8c4ae639-9e28-4a03-8551-20176c221b18 - - - - -] libvirt.vzstorage_mount_point_base = /var/lib/nova/mnt log_opt_values /usr/lib/python3/dist-packages/oslo_config/cfg.py:2609
2025-07-28 00:36:42.181 121125 DEBUG oslo_service.service [req-8c4ae639-9e28-4a03-8551-20176c221b18 - - - - -] libvirt.vzstorage_mount_user = stack log_opt_values /usr/lib/python3/dist-packages/oslo_config/cfg.py:2609
2025-07-28 00:36:42.181 121125 DEBUG oslo_service.service [req-8c4ae639-9e28-4a03-8551-20176c221b18 - - - - -] libvirt.wait_soft_reboot_seconds = 120 log_opt_values /usr/lib/python3/dist-packages/oslo_config/cfg.py:2609
2025-07-28 00:36:42.181 121125 DEBUG oslo_service.service [req-8c4ae639-9e28-4a03-8551-20176c221b18 - - - - -] neutron.auth_section = None log_opt_values /usr/lib/python3/dist-packages/oslo_config/cfg.py:2609
2025-07-28 00:36:42.182 121125 DEBUG oslo_service.service [req-8c4ae639-9e28-4a03-8551-20176c221b18 - - - - -] neutron.auth_type = password log_opt_values /usr/lib/python3/dist-packages/oslo_config/cfg.py:2609
2025-07-28 00:36:42.182 121125 DEBUG oslo_service.service [req-8c4ae639-9e28-4a03-8551-20176c221b18 - - - - -] neutron.cafile = None log_opt_values /usr/lib/python3/dist-packages/oslo_config/cfg.py:2609
2025-07-28 00:36:42.182 121125 DEBUG oslo_service.service [req-8c4ae639-9e28-4a03-8551-20176c221b18 - - - - -] neutron.certfile = None log_opt_values /usr/lib/python3/dist-packages/oslo_config/cfg.py:2609
2025-07-28 00:36:42.182 121125 DEBUG oslo_service.service [req-8c4ae639-9e28-4a03-8551-20176c221b18 - - - - -] neutron.collect_timing = False log_opt_values /usr/lib/python3/dist-packages/oslo_config/cfg.py:2609
2025-07-28 00:36:42.182 121125 DEBUG oslo_service.service [req-8c4ae639-9e28-4a03-8551-20176c221b18 - - - - -] neutron.connect_retries = None log_opt_values /usr/lib/python3/dist-packages/oslo_config/cfg.py:2609
2025-07-28 00:36:42.183 121125 DEBUG oslo_service.service [req-8c4ae639-9e28-4a03-8551-20176c221b18 - - - - -] neutron.connect_retry_delay = None log_opt_values /usr/lib/python3/dist-packages/oslo_config/cfg.py:2609
2025-07-28 00:36:42.183 121125 DEBUG oslo_service.service [req-8c4ae639-9e28-4a03-8551-20176c221b18 - - - - -] neutron.default_floating_pool = nova log_opt_values /usr/lib/python3/dist-packages/oslo_config/cfg.py:2609
2025-07-28 00:36:42.183 121125 DEBUG oslo_service.service [req-8c4ae639-9e28-4a03-8551-20176c221b18 - - - - -] neutron.endpoint_override = None log_opt_values /usr/lib/python3/dist-packages/oslo_config/cfg.py:2609
2025-07-28 00:36:42.184 121125 DEBUG oslo_service.service [req-8c4ae639-9e28-4a03-8551-20176c221b18 - - - - -] neutron.extension_sync_interval = 600 log_opt_values /usr/lib/python3/dist-packages/oslo_config/cfg.py:2609
2025-07-28 00:36:42.184 121125 DEBUG oslo_service.service [req-8c4ae639-9e28-4a03-8551-20176c221b18 - - - - -] neutron.http_retries = 3 log_opt_values /usr/lib/python3/dist-packages/oslo_config/cfg.py:2609
2025-07-28 00:36:42.184 121125 DEBUG oslo_service.service [req-8c4ae639-9e28-4a03-8551-20176c221b18 - - - - -] neutron.insecure = False log_opt_values /usr/lib/python3/dist-packages/oslo_config/cfg.py:2609
2025-07-28 00:36:42.184 121125 DEBUG oslo_service.service [req-8c4ae639-9e28-4a03-8551-20176c221b18 - - - - -] neutron.keyfile = None log_opt_values /usr/lib/python3/dist-packages/oslo_config/cfg.py:2609
2025-07-28 00:36:42.184 121125 DEBUG oslo_service.service [req-8c4ae639-9e28-4a03-8551-20176c221b18 - - - - -] neutron.max_version = None log_opt_values /usr/lib/python3/dist-packages/oslo_config/cfg.py:2609
2025-07-28 00:36:42.185 121125 DEBUG oslo_service.service [req-8c4ae639-9e28-4a03-8551-20176c221b18 - - - - -] neutron.metadata_proxy_shared_secret = **** log_opt_values /usr/lib/python3/dist-packages/oslo_config/cfg.py:2609
2025-07-28 00:36:42.185 121125 DEBUG oslo_service.service [req-8c4ae639-9e28-4a03-8551-20176c221b18 - - - - -] neutron.min_version = None log_opt_values /usr/lib/python3/dist-packages/oslo_config/cfg.py:2609
2025-07-28 00:36:42.185 121125 DEBUG oslo_service.service [req-8c4ae639-9e28-4a03-8551-20176c221b18 - - - - -] neutron.ovs_bridge = br-int log_opt_values /usr/lib/python3/dist-packages/oslo_config/cfg.py:2609
2025-07-28 00:36:42.185 121125 DEBUG oslo_service.service [req-8c4ae639-9e28-4a03-8551-20176c221b18 - - - - -] neutron.physnets = [] log_opt_values /usr/lib/python3/dist-packages/oslo_config/cfg.py:2609
2025-07-28 00:36:42.185 121125 DEBUG oslo_service.service [req-8c4ae639-9e28-4a03-8551-20176c221b18 - - - - -] neutron.region_name = RegionOne log_opt_values /usr/lib/python3/dist-packages/oslo_config/cfg.py:2609
2025-07-28 00:36:42.185 121125 DEBUG oslo_service.service [req-8c4ae639-9e28-4a03-8551-20176c221b18 - - - - -] neutron.service_metadata_proxy = True log_opt_values /usr/lib/python3/dist-packages/oslo_config/cfg.py:2609
2025-07-28 00:36:42.186 121125 DEBUG oslo_service.service [req-8c4ae639-9e28-4a03-8551-20176c221b18 - - - - -] neutron.service_name = None log_opt_values /usr/lib/python3/dist-packages/oslo_config/cfg.py:2609
2025-07-28 00:36:42.186 121125 DEBUG oslo_service.service [req-8c4ae639-9e28-4a03-8551-20176c221b18 - - - - -] neutron.service_type = network log_opt_values /usr/lib/python3/dist-packages/oslo_config/cfg.py:2609
2025-07-28 00:36:42.186 121125 DEBUG oslo_service.service [req-8c4ae639-9e28-4a03-8551-20176c221b18 - - - - -] neutron.split_loggers = False log_opt_values /usr/lib/python3/dist-packages/oslo_config/cfg.py:2609
2025-07-28 00:36:42.186 121125 DEBUG oslo_service.service [req-8c4ae639-9e28-4a03-8551-20176c221b18 - - - - -] neutron.status_code_retries = None log_opt_values /usr/lib/python3/dist-packages/oslo_config/cfg.py:2609
2025-07-28 00:36:42.186 121125 DEBUG oslo_service.service [req-8c4ae639-9e28-4a03-8551-20176c221b18 - - - - -] neutron.status_code_retry_delay = None log_opt_values /usr/lib/python3/dist-packages/oslo_config/cfg.py:2609
2025-07-28 00:36:42.187 121125 DEBUG oslo_service.service [req-8c4ae639-9e28-4a03-8551-20176c221b18 - - - - -] neutron.timeout = None log_opt_values /usr/lib/python3/dist-packages/oslo_config/cfg.py:2609
2025-07-28 00:36:42.187 121125 DEBUG oslo_service.service [req-8c4ae639-9e28-4a03-8551-20176c221b18 - - - - -] neutron.valid_interfaces = ['internal', 'public'] log_opt_values /usr/lib/python3/dist-packages/oslo_config/cfg.py:2609
2025-07-28 00:36:42.187 121125 DEBUG oslo_service.service [req-8c4ae639-9e28-4a03-8551-20176c221b18 - - - - -] neutron.version = None log_opt_values /usr/lib/python3/dist-packages/oslo_config/cfg.py:2609
2025-07-28 00:36:42.187 121125 DEBUG oslo_service.service [req-8c4ae639-9e28-4a03-8551-20176c221b18 - - - - -] notifications.bdms_in_notifications = False log_opt_values /usr/lib/python3/dist-packages/oslo_config/cfg.py:2609
2025-07-28 00:36:42.188 121125 DEBUG oslo_service.service [req-8c4ae639-9e28-4a03-8551-20176c221b18 - - - - -] notifications.default_level = INFO log_opt_values /usr/lib/python3/dist-packages/oslo_config/cfg.py:2609
2025-07-28 00:36:42.188 121125 DEBUG oslo_service.service [req-8c4ae639-9e28-4a03-8551-20176c221b18 - - - - -] notifications.notification_format = unversioned log_opt_values /usr/lib/python3/dist-packages/oslo_config/cfg.py:2609
2025-07-28 00:36:42.188 121125 DEBUG oslo_service.service [req-8c4ae639-9e28-4a03-8551-20176c221b18 - - - - -] notifications.notify_on_state_change = None log_opt_values /usr/lib/python3/dist-packages/oslo_config/cfg.py:2609
2025-07-28 00:36:42.188 121125 DEBUG oslo_service.service [req-8c4ae639-9e28-4a03-8551-20176c221b18 - - - - -] notifications.versioned_notifications_topics = ['versioned_notifications'] log_opt_values /usr/lib/python3/dist-packages/oslo_config/cfg.py:2609
2025-07-28 00:36:42.188 121125 DEBUG oslo_service.service [req-8c4ae639-9e28-4a03-8551-20176c221b18 - - - - -] pci.alias = [] log_opt_values /usr/lib/python3/dist-packages/oslo_config/cfg.py:2609
2025-07-28 00:36:42.189 121125 DEBUG oslo_service.service [req-8c4ae639-9e28-4a03-8551-20176c221b18 - - - - -] pci.passthrough_whitelist = [] log_opt_values /usr/lib/python3/dist-packages/oslo_config/cfg.py:2609
2025-07-28 00:36:42.189 121125 DEBUG oslo_service.service [req-8c4ae639-9e28-4a03-8551-20176c221b18 - - - - -] placement.auth_section = None log_opt_values /usr/lib/python3/dist-packages/oslo_config/cfg.py:2609
2025-07-28 00:36:42.189 121125 DEBUG oslo_service.service [req-8c4ae639-9e28-4a03-8551-20176c221b18 - - - - -] placement.auth_type = password log_opt_values /usr/lib/python3/dist-packages/oslo_config/cfg.py:2609
2025-07-28 00:36:42.189 121125 DEBUG oslo_service.service [req-8c4ae639-9e28-4a03-8551-20176c221b18 - - - - -] placement.auth_url = http://252.65.151.58:35357 log_opt_values /usr/lib/python3/dist-packages/oslo_config/cfg.py:2609
2025-07-28 00:36:42.193 121125 DEBUG oslo_service.service [req-8c4ae639-9e28-4a03-8551-20176c221b18 - - - - -] placement.cafile = None log_opt_values /usr/lib/python3/dist-packages/oslo_config/cfg.py:2609
2025-07-28 00:36:42.193 121125 DEBUG oslo_service.service [req-8c4ae639-9e28-4a03-8551-20176c221b18 - - - - -] placement.certfile = None log_opt_values /usr/lib/python3/dist-packages/oslo_config/cfg.py:2609
2025-07-28 00:36:42.193 121125 DEBUG oslo_service.service [req-8c4ae639-9e28-4a03-8551-20176c221b18 - - - - -] placement.collect_timing = False log_opt_values /usr/lib/python3/dist-packages/oslo_config/cfg.py:2609
2025-07-28 00:36:42.193 121125 DEBUG oslo_service.service [req-8c4ae639-9e28-4a03-8551-20176c221b18 - - - - -] placement.connect_retries = None log_opt_values /usr/lib/python3/dist-packages/oslo_config/cfg.py:2609
2025-07-28 00:36:42.193 121125 DEBUG oslo_service.service [req-8c4ae639-9e28-4a03-8551-20176c221b18 - - - - -] placement.connect_retry_delay = None log_opt_values /usr/lib/python3/dist-packages/oslo_config/cfg.py:2609
2025-07-28 00:36:42.194 121125 DEBUG oslo_service.service [req-8c4ae639-9e28-4a03-8551-20176c221b18 - - - - -] placement.default_domain_id = None log_opt_values /usr/lib/python3/dist-packages/oslo_config/cfg.py:2609
2025-07-28 00:36:42.194 121125 DEBUG oslo_service.service [req-8c4ae639-9e28-4a03-8551-20176c221b18 - - - - -] placement.default_domain_name = None log_opt_values /usr/lib/python3/dist-packages/oslo_config/cfg.py:2609
2025-07-28 00:36:42.194 121125 DEBUG oslo_service.service [req-8c4ae639-9e28-4a03-8551-20176c221b18 - - - - -] placement.domain_id = None log_opt_values /usr/lib/python3/dist-packages/oslo_config/cfg.py:2609
2025-07-28 00:36:42.195 121125 DEBUG oslo_service.service [req-8c4ae639-9e28-4a03-8551-20176c221b18 - - - - -] placement.domain_name = None log_opt_values /usr/lib/python3/dist-packages/oslo_config/cfg.py:2609
2025-07-28 00:36:42.195 121125 DEBUG oslo_service.service [req-8c4ae639-9e28-4a03-8551-20176c221b18 - - - - -] placement.endpoint_override = None log_opt_values /usr/lib/python3/dist-packages/oslo_config/cfg.py:2609
2025-07-28 00:36:42.195 121125 DEBUG oslo_service.service [req-8c4ae639-9e28-4a03-8551-20176c221b18 - - - - -] placement.insecure = False log_opt_values /usr/lib/python3/dist-packages/oslo_config/cfg.py:2609
2025-07-28 00:36:42.196 121125 DEBUG oslo_service.service [req-8c4ae639-9e28-4a03-8551-20176c221b18 - - - - -] placement.keyfile = None log_opt_values /usr/lib/python3/dist-packages/oslo_config/cfg.py:2609
2025-07-28 00:36:42.196 121125 DEBUG oslo_service.service [req-8c4ae639-9e28-4a03-8551-20176c221b18 - - - - -] placement.max_version = None log_opt_values /usr/lib/python3/dist-packages/oslo_config/cfg.py:2609
2025-07-28 00:36:42.197 121125 DEBUG oslo_service.service [req-8c4ae639-9e28-4a03-8551-20176c221b18 - - - - -] placement.min_version = None log_opt_values /usr/lib/python3/dist-packages/oslo_config/cfg.py:2609
2025-07-28 00:36:42.197 121125 DEBUG oslo_service.service [req-8c4ae639-9e28-4a03-8551-20176c221b18 - - - - -] placement.password = **** log_opt_values /usr/lib/python3/dist-packages/oslo_config/cfg.py:2609
2025-07-28 00:36:42.197 121125 DEBUG oslo_service.service [req-8c4ae639-9e28-4a03-8551-20176c221b18 - - - - -] placement.project_domain_id = None log_opt_values /usr/lib/python3/dist-packages/oslo_config/cfg.py:2609
2025-07-28 00:36:42.197 121125 DEBUG oslo_service.service [req-8c4ae639-9e28-4a03-8551-20176c221b18 - - - - -] placement.project_domain_name = service_domain log_opt_values /usr/lib/python3/dist-packages/oslo_config/cfg.py:2609
2025-07-28 00:36:42.198 121125 DEBUG oslo_service.service [req-8c4ae639-9e28-4a03-8551-20176c221b18 - - - - -] placement.project_id = None log_opt_values /usr/lib/python3/dist-packages/oslo_config/cfg.py:2609
2025-07-28 00:36:42.198 121125 DEBUG oslo_service.service [req-8c4ae639-9e28-4a03-8551-20176c221b18 - - - - -] placement.project_name = services log_opt_values /usr/lib/python3/dist-packages/oslo_config/cfg.py:2609
2025-07-28 00:36:42.201 121125 DEBUG oslo_service.service [req-8c4ae639-9e28-4a03-8551-20176c221b18 - - - - -] placement.region_name = RegionOne log_opt_values /usr/lib/python3/dist-packages/oslo_config/cfg.py:2609
2025-07-28 00:36:42.201 121125 DEBUG oslo_service.service [req-8c4ae639-9e28-4a03-8551-20176c221b18 - - - - -] placement.service_name = None log_opt_values /usr/lib/python3/dist-packages/oslo_config/cfg.py:2609
2025-07-28 00:36:42.201 121125 DEBUG oslo_service.service [req-8c4ae639-9e28-4a03-8551-20176c221b18 - - - - -] placement.service_type = placement log_opt_values /usr/lib/python3/dist-packages/oslo_config/cfg.py:2609
2025-07-28 00:36:42.201 121125 DEBUG oslo_service.service [req-8c4ae639-9e28-4a03-8551-20176c221b18 - - - - -] placement.split_loggers = False log_opt_values /usr/lib/python3/dist-packages/oslo_config/cfg.py:2609
2025-07-28 00:36:42.202 121125 DEBUG oslo_service.service [req-8c4ae639-9e28-4a03-8551-20176c221b18 - - - - -] placement.status_code_retries = None log_opt_values /usr/lib/python3/dist-packages/oslo_config/cfg.py:2609
2025-07-28 00:36:42.202 121125 DEBUG oslo_service.service [req-8c4ae639-9e28-4a03-8551-20176c221b18 - - - - -] placement.status_code_retry_delay = None log_opt_values /usr/lib/python3/dist-packages/oslo_config/cfg.py:2609
2025-07-28 00:36:42.202 121125 DEBUG oslo_service.service [req-8c4ae639-9e28-4a03-8551-20176c221b18 - - - - -] placement.system_scope = None log_opt_values /usr/lib/python3/dist-packages/oslo_config/cfg.py:2609
2025-07-28 00:36:42.202 121125 DEBUG oslo_service.service [req-8c4ae639-9e28-4a03-8551-20176c221b18 - - - - -] placement.timeout = None log_opt_values /usr/lib/python3/dist-packages/oslo_config/cfg.py:2609
2025-07-28 00:36:42.203 121125 DEBUG oslo_service.service [req-8c4ae639-9e28-4a03-8551-20176c221b18 - - - - -] placement.trust_id = None log_opt_values /usr/lib/python3/dist-packages/oslo_config/cfg.py:2609
2025-07-28 00:36:42.204 121125 DEBUG oslo_service.service [req-8c4ae639-9e28-4a03-8551-20176c221b18 - - - - -] placement.user_domain_id = None log_opt_values /usr/lib/python3/dist-packages/oslo_config/cfg.py:2609
2025-07-28 00:36:42.204 121125 DEBUG oslo_service.service [req-8c4ae639-9e28-4a03-8551-20176c221b18 - - - - -] placement.user_domain_name = service_domain log_opt_values /usr/lib/python3/dist-packages/oslo_config/cfg.py:2609
2025-07-28 00:36:42.204 121125 DEBUG oslo_service.service [req-8c4ae639-9e28-4a03-8551-20176c221b18 - - - - -] placement.user_id = None log_opt_values /usr/lib/python3/dist-packages/oslo_config/cfg.py:2609
2025-07-28 00:36:42.204 121125 DEBUG oslo_service.service [req-8c4ae639-9e28-4a03-8551-20176c221b18 - - - - -] placement.username = nova log_opt_values /usr/lib/python3/dist-packages/oslo_config/cfg.py:2609
2025-07-28 00:36:42.205 121125 DEBUG oslo_service.service [req-8c4ae639-9e28-4a03-8551-20176c221b18 - - - - -] placement.valid_interfaces = ['internal', 'public'] log_opt_values /usr/lib/python3/dist-packages/oslo_config/cfg.py:2609
2025-07-28 00:36:42.205 121125 DEBUG oslo_service.service [req-8c4ae639-9e28-4a03-8551-20176c221b18 - - - - -] placement.version = None log_opt_values /usr/lib/python3/dist-packages/oslo_config/cfg.py:2609
2025-07-28 00:36:42.208 121125 DEBUG oslo_service.service [req-8c4ae639-9e28-4a03-8551-20176c221b18 - - - - -] powervm.disk_driver = localdisk log_opt_values /usr/lib/python3/dist-packages/oslo_config/cfg.py:2609
2025-07-28 00:36:42.208 121125 DEBUG oslo_service.service [req-8c4ae639-9e28-4a03-8551-20176c221b18 - - - - -] powervm.proc_units_factor = 0.1 log_opt_values /usr/lib/python3/dist-packages/oslo_config/cfg.py:2609
2025-07-28 00:36:42.208 121125 DEBUG oslo_service.service [req-8c4ae639-9e28-4a03-8551-20176c221b18 - - - - -] powervm.volume_group_name = log_opt_values /usr/lib/python3/dist-packages/oslo_config/cfg.py:2609
2025-07-28 00:36:42.209 121125 DEBUG oslo_service.service [req-8c4ae639-9e28-4a03-8551-20176c221b18 - - - - -] quota.cores = 20 log_opt_values /usr/lib/python3/dist-packages/oslo_config/cfg.py:2609
2025-07-28 00:36:42.209 121125 DEBUG oslo_service.service [req-8c4ae639-9e28-4a03-8551-20176c221b18 - - - - -] quota.count_usage_from_placement = False log_opt_values /usr/lib/python3/dist-packages/oslo_config/cfg.py:2609
2025-07-28 00:36:42.209 121125 DEBUG oslo_service.service [req-8c4ae639-9e28-4a03-8551-20176c221b18 - - - - -] quota.driver = nova.quota.DbQuotaDriver log_opt_values /usr/lib/python3/dist-packages/oslo_config/cfg.py:2609
2025-07-28 00:36:42.211 121125 DEBUG oslo_service.service [req-8c4ae639-9e28-4a03-8551-20176c221b18 - - - - -] quota.injected_file_content_bytes = 10240 log_opt_values /usr/lib/python3/dist-packages/oslo_config/cfg.py:2609
2025-07-28 00:36:42.211 121125 DEBUG oslo_service.service [req-8c4ae639-9e28-4a03-8551-20176c221b18 - - - - -] quota.injected_file_path_length = 255 log_opt_values /usr/lib/python3/dist-packages/oslo_config/cfg.py:2609
2025-07-28 00:36:42.212 121125 DEBUG oslo_service.service [req-8c4ae639-9e28-4a03-8551-20176c221b18 - - - - -] quota.injected_files = 5 log_opt_values /usr/lib/python3/dist-packages/oslo_config/cfg.py:2609
2025-07-28 00:36:42.212 121125 DEBUG oslo_service.service [req-8c4ae639-9e28-4a03-8551-20176c221b18 - - - - -] quota.instances = 10 log_opt_values /usr/lib/python3/dist-packages/oslo_config/cfg.py:2609
2025-07-28 00:36:42.212 121125 DEBUG oslo_service.service [req-8c4ae639-9e28-4a03-8551-20176c221b18 - - - - -] quota.key_pairs = 100 log_opt_values /usr/lib/python3/dist-packages/oslo_config/cfg.py:2609
2025-07-28 00:36:42.212 121125 DEBUG oslo_service.service [req-8c4ae639-9e28-4a03-8551-20176c221b18 - - - - -] quota.metadata_items = 128 log_opt_values /usr/lib/python3/dist-packages/oslo_config/cfg.py:2609
2025-07-28 00:36:42.213 121125 DEBUG oslo_service.service [req-8c4ae639-9e28-4a03-8551-20176c221b18 - - - - -] quota.ram = 51200 log_opt_values /usr/lib/python3/dist-packages/oslo_config/cfg.py:2609
2025-07-28 00:36:42.213 121125 DEBUG oslo_service.service [req-8c4ae639-9e28-4a03-8551-20176c221b18 - - - - -] quota.recheck_quota = True log_opt_values /usr/lib/python3/dist-packages/oslo_config/cfg.py:2609
2025-07-28 00:36:42.213 121125 DEBUG oslo_service.service [req-8c4ae639-9e28-4a03-8551-20176c221b18 - - - - -] quota.server_group_members = 10 log_opt_values /usr/lib/python3/dist-packages/oslo_config/cfg.py:2609
2025-07-28 00:36:42.213 121125 DEBUG oslo_service.service [req-8c4ae639-9e28-4a03-8551-20176c221b18 - - - - -] quota.server_groups = 10 log_opt_values /usr/lib/python3/dist-packages/oslo_config/cfg.py:2609
2025-07-28 00:36:42.214 121125 DEBUG oslo_service.service [req-8c4ae639-9e28-4a03-8551-20176c221b18 - - - - -] rdp.enabled = False log_opt_values /usr/lib/python3/dist-packages/oslo_config/cfg.py:2609
2025-07-28 00:36:42.214 121125 DEBUG oslo_service.service [req-8c4ae639-9e28-4a03-8551-20176c221b18 - - - - -] rdp.html5_proxy_base_url = http://127.0.0.1:6083/ log_opt_values /usr/lib/python3/dist-packages/oslo_config/cfg.py:2609
2025-07-28 00:36:42.214 121125 DEBUG oslo_service.service [req-8c4ae639-9e28-4a03-8551-20176c221b18 - - - - -] scheduler.discover_hosts_in_cells_interval = 30 log_opt_values /usr/lib/python3/dist-packages/oslo_config/cfg.py:2609
2025-07-28 00:36:42.215 121125 DEBUG oslo_service.service [req-8c4ae639-9e28-4a03-8551-20176c221b18 - - - - -] scheduler.enable_isolated_aggregate_filtering = False log_opt_values /usr/lib/python3/dist-packages/oslo_config/cfg.py:2609
2025-07-28 00:36:42.215 121125 DEBUG oslo_service.service [req-8c4ae639-9e28-4a03-8551-20176c221b18 - - - - -] scheduler.image_metadata_prefilter = False log_opt_values /usr/lib/python3/dist-packages/oslo_config/cfg.py:2609
2025-07-28 00:36:42.215 121125 DEBUG oslo_service.service [req-8c4ae639-9e28-4a03-8551-20176c221b18 - - - - -] scheduler.limit_tenants_to_placement_aggregate = False log_opt_values /usr/lib/python3/dist-packages/oslo_config/cfg.py:2609
