2025-07-28 00:35:28.449 115569 DEBUG oslo_service.service [req-cf8cf44a-2175-4293-a8eb-ae77fdcd05ca - - - - -] api_database.mysql_sql_mode = TRADITIONAL log_opt_values /usr/lib/python3/dist-packages/oslo_config/cfg.py:2609
2025-07-28 00:35:28.450 115569 DEBUG oslo_service.service [req-cf8cf44a-2175-4293-a8eb-ae77fdcd05ca - - - - -] api_database.pool_timeout = None log_opt_values /usr/lib/python3/dist-packages/oslo_config/cfg.py:2609
2025-07-28 00:35:28.450 115569 DEBUG oslo_service.service [req-cf8cf44a-2175-4293-a8eb-ae77fdcd05ca - - - - -] api_database.retry_interval = 10 log_opt_values /usr/lib/python3/dist-packages/oslo_config/cfg.py:2609
2025-07-28 00:35:28.450 115569 DEBUG oslo_service.service [req-cf8cf44a-2175-4293-a8eb-ae77fdcd05ca - - - - -] api_database.slave_connection = **** log_opt_values /usr/lib/python3/dist-packages/oslo_config/cfg.py:2609
2025-07-28 00:35:28.451 115569 DEBUG oslo_service.service [req-cf8cf44a-2175-4293-a8eb-ae77fdcd05ca - - - - -] api_database.sqlite_synchronous = True log_opt_values /usr/lib/python3/dist-packages/oslo_config/cfg.py:2609
2025-07-28 00:35:28.451 115569 DEBUG oslo_service.service [req-cf8cf44a-2175-4293-a8eb-ae77fdcd05ca - - - - -] devices.enabled_mdev_types = [] log_opt_values /usr/lib/python3/dist-packages/oslo_config/cfg.py:2609
2025-07-28 00:35:28.452 115569 DEBUG oslo_service.service [req-cf8cf44a-2175-4293-a8eb-ae77fdcd05ca - - - - -] ephemeral_storage_encryption.cipher = aes-xts-plain64 log_opt_values /usr/lib/python3/dist-packages/oslo_config/cfg.py:2609
2025-07-28 00:35:28.452 115569 DEBUG oslo_service.service [req-cf8cf44a-2175-4293-a8eb-ae77fdcd05ca - - - - -] ephemeral_storage_encryption.enabled = False log_opt_values /usr/lib/python3/dist-packages/oslo_config/cfg.py:2609
2025-07-28 00:35:28.452 115569 DEBUG oslo_service.service [req-cf8cf44a-2175-4293-a8eb-ae77fdcd05ca - - - - -] ephemeral_storage_encryption.key_size = 512 log_opt_values /usr/lib/python3/dist-packages/oslo_config/cfg.py:2609
2025-07-28 00:35:28.453 115569 WARNING oslo_config.cfg [req-cf8cf44a-2175-4293-a8eb-ae77fdcd05ca - - - - -] Deprecated: Option "api_servers" from group "glance" is deprecated for removal ( Support for image service configuration via standard keystoneauth1 Adapter options was added in the 17.0.0 Queens release. The api_servers option was retained temporarily to allow consumers time to cut over to a real load balancing solution. ). Its value may be silently ignored in the future.
2025-07-28 00:35:28.453 115569 DEBUG oslo_service.service [req-cf8cf44a-2175-4293-a8eb-ae77fdcd05ca - - - - -] glance.api_servers = ['http://252.65.3.141:9292'] log_opt_values /usr/lib/python3/dist-packages/oslo_config/cfg.py:2609
2025-07-28 00:35:28.453 115569 DEBUG oslo_service.service [req-cf8cf44a-2175-4293-a8eb-ae77fdcd05ca - - - - -] glance.cafile = None log_opt_values /usr/lib/python3/dist-packages/oslo_config/cfg.py:2609
2025-07-28 00:35:28.453 115569 DEBUG oslo_service.service [req-cf8cf44a-2175-4293-a8eb-ae77fdcd05ca - - - - -] glance.certfile = None log_opt_values /usr/lib/python3/dist-packages/oslo_config/cfg.py:2609
2025-07-28 00:35:28.454 115569 DEBUG oslo_service.service [req-cf8cf44a-2175-4293-a8eb-ae77fdcd05ca - - - - -] glance.collect_timing = False log_opt_values /usr/lib/python3/dist-packages/oslo_config/cfg.py:2609
2025-07-28 00:35:28.454 115569 DEBUG oslo_service.service [req-cf8cf44a-2175-4293-a8eb-ae77fdcd05ca - - - - -] glance.connect_retries = None log_opt_values /usr/lib/python3/dist-packages/oslo_config/cfg.py:2609
2025-07-28 00:35:28.454 115569 DEBUG oslo_service.service [req-cf8cf44a-2175-4293-a8eb-ae77fdcd05ca - - - - -] glance.connect_retry_delay = None log_opt_values /usr/lib/python3/dist-packages/oslo_config/cfg.py:2609
2025-07-28 00:35:28.454 115569 DEBUG oslo_service.service [req-cf8cf44a-2175-4293-a8eb-ae77fdcd05ca - - - - -] glance.debug = False log_opt_values /usr/lib/python3/dist-packages/oslo_config/cfg.py:2609
2025-07-28 00:35:28.454 115569 DEBUG oslo_service.service [req-cf8cf44a-2175-4293-a8eb-ae77fdcd05ca - - - - -] glance.default_trusted_certificate_ids = [] log_opt_values /usr/lib/python3/dist-packages/oslo_config/cfg.py:2609
2025-07-28 00:35:28.455 115569 DEBUG oslo_service.service [req-cf8cf44a-2175-4293-a8eb-ae77fdcd05ca - - - - -] glance.enable_certificate_validation = False log_opt_values /usr/lib/python3/dist-packages/oslo_config/cfg.py:2609
2025-07-28 00:35:28.455 115569 DEBUG oslo_service.service [req-cf8cf44a-2175-4293-a8eb-ae77fdcd05ca - - - - -] glance.enable_rbd_download = False log_opt_values /usr/lib/python3/dist-packages/oslo_config/cfg.py:2609
2025-07-28 00:35:28.455 115569 DEBUG oslo_service.service [req-cf8cf44a-2175-4293-a8eb-ae77fdcd05ca - - - - -] glance.endpoint_override = None log_opt_values /usr/lib/python3/dist-packages/oslo_config/cfg.py:2609
2025-07-28 00:35:28.455 115569 DEBUG oslo_service.service [req-cf8cf44a-2175-4293-a8eb-ae77fdcd05ca - - - - -] glance.insecure = False log_opt_values /usr/lib/python3/dist-packages/oslo_config/cfg.py:2609
2025-07-28 00:35:28.455 115569 DEBUG oslo_service.service [req-cf8cf44a-2175-4293-a8eb-ae77fdcd05ca - - - - -] glance.keyfile = None log_opt_values /usr/lib/python3/dist-packages/oslo_config/cfg.py:2609
2025-07-28 00:35:28.455 115569 DEBUG oslo_service.service [req-cf8cf44a-2175-4293-a8eb-ae77fdcd05ca - - - - -] glance.max_version = None log_opt_values /usr/lib/python3/dist-packages/oslo_config/cfg.py:2609
2025-07-28 00:35:28.456 115569 DEBUG oslo_service.service [req-cf8cf44a-2175-4293-a8eb-ae77fdcd05ca - - - - -] glance.min_version = None log_opt_values /usr/lib/python3/dist-packages/oslo_config/cfg.py:2609
2025-07-28 00:35:28.456 115569 DEBUG oslo_service.service [req-cf8cf44a-2175-4293-a8eb-ae77fdcd05ca - - - - -] glance.num_retries = 3 log_opt_values /usr/lib/python3/dist-packages/oslo_config/cfg.py:2609
2025-07-28 00:35:28.456 115569 DEBUG oslo_service.service [req-cf8cf44a-2175-4293-a8eb-ae77fdcd05ca - - - - -] glance.rbd_ceph_conf = log_opt_values /usr/lib/python3/dist-packages/oslo_config/cfg.py:2609
2025-07-28 00:35:28.456 115569 DEBUG oslo_service.service [req-cf8cf44a-2175-4293-a8eb-ae77fdcd05ca - - - - -] glance.rbd_connect_timeout = 5 log_opt_values /usr/lib/python3/dist-packages/oslo_config/cfg.py:2609
2025-07-28 00:35:28.456 115569 DEBUG oslo_service.service [req-cf8cf44a-2175-4293-a8eb-ae77fdcd05ca - - - - -] glance.rbd_pool = log_opt_values /usr/lib/python3/dist-packages/oslo_config/cfg.py:2609
2025-07-28 00:35:28.457 115569 DEBUG oslo_service.service [req-cf8cf44a-2175-4293-a8eb-ae77fdcd05ca - - - - -] glance.rbd_user = log_opt_values /usr/lib/python3/dist-packages/oslo_config/cfg.py:2609
2025-07-28 00:35:28.457 115569 DEBUG oslo_service.service [req-cf8cf44a-2175-4293-a8eb-ae77fdcd05ca - - - - -] glance.region_name = None log_opt_values /usr/lib/python3/dist-packages/oslo_config/cfg.py:2609
2025-07-28 00:35:28.457 115569 DEBUG oslo_service.service [req-cf8cf44a-2175-4293-a8eb-ae77fdcd05ca - - - - -] glance.service_name = None log_opt_values /usr/lib/python3/dist-packages/oslo_config/cfg.py:2609
2025-07-28 00:35:28.457 115569 DEBUG oslo_service.service [req-cf8cf44a-2175-4293-a8eb-ae77fdcd05ca - - - - -] glance.service_type = image log_opt_values /usr/lib/python3/dist-packages/oslo_config/cfg.py:2609
2025-07-28 00:35:28.457 115569 DEBUG oslo_service.service [req-cf8cf44a-2175-4293-a8eb-ae77fdcd05ca - - - - -] glance.split_loggers = False log_opt_values /usr/lib/python3/dist-packages/oslo_config/cfg.py:2609
2025-07-28 00:35:28.457 115569 DEBUG oslo_service.service [req-cf8cf44a-2175-4293-a8eb-ae77fdcd05ca - - - - -] glance.status_code_retries = None log_opt_values /usr/lib/python3/dist-packages/oslo_config/cfg.py:2609
2025-07-28 00:35:28.458 115569 DEBUG oslo_service.service [req-cf8cf44a-2175-4293-a8eb-ae77fdcd05ca - - - - -] glance.status_code_retry_delay = None log_opt_values /usr/lib/python3/dist-packages/oslo_config/cfg.py:2609
2025-07-28 00:35:28.458 115569 DEBUG oslo_service.service [req-cf8cf44a-2175-4293-a8eb-ae77fdcd05ca - - - - -] glance.timeout = None log_opt_values /usr/lib/python3/dist-packages/oslo_config/cfg.py:2609
2025-07-28 00:35:28.458 115569 DEBUG oslo_service.service [req-cf8cf44a-2175-4293-a8eb-ae77fdcd05ca - - - - -] glance.valid_interfaces = ['internal', 'public'] log_opt_values /usr/lib/python3/dist-packages/oslo_config/cfg.py:2609
2025-07-28 00:35:28.458 117030 DEBUG oslo_messaging._drivers.amqpdriver [-] Listener is running poll /usr/lib/python3/dist-packages/oslo_messaging/_drivers/amqpdriver.py:343
2025-07-28 00:35:28.458 115569 DEBUG oslo_service.service [req-cf8cf44a-2175-4293-a8eb-ae77fdcd05ca - - - - -] glance.verify_glance_signatures = False log_opt_values /usr/lib/python3/dist-packages/oslo_config/cfg.py:2609
2025-07-28 00:35:28.458 117030 DEBUG oslo_messaging._drivers.amqpdriver [-] AMQPListener connection consume poll /usr/lib/python3/dist-packages/oslo_messaging/_drivers/amqpdriver.py:357
2025-07-28 00:35:28.458 115569 DEBUG oslo_service.service [req-cf8cf44a-2175-4293-a8eb-ae77fdcd05ca - - - - -] glance.version = None log_opt_values /usr/lib/python3/dist-packages/oslo_config/cfg.py:2609
2025-07-28 00:35:28.458 115569 DEBUG oslo_service.service [req-cf8cf44a-2175-4293-a8eb-ae77fdcd05ca - - - - -] guestfs.debug = False log_opt_values /usr/lib/python3/dist-packages/oslo_config/cfg.py:2609
2025-07-28 00:35:28.459 115569 DEBUG oslo_service.service [req-cf8cf44a-2175-4293-a8eb-ae77fdcd05ca - - - - -] hyperv.config_drive_cdrom = False log_opt_values /usr/lib/python3/dist-packages/oslo_config/cfg.py:2609
2025-07-28 00:35:28.459 117030 DEBUG nova.service [req-beeddd83-8dd0-4fc7-a76d-76435746113f - - - - -] Join ServiceGroup membership for this service scheduler start /usr/lib/python3/dist-packages/nova/service.py:199
2025-07-28 00:35:28.459 115569 DEBUG oslo_service.service [req-cf8cf44a-2175-4293-a8eb-ae77fdcd05ca - - - - -] hyperv.config_drive_inject_password = False log_opt_values /usr/lib/python3/dist-packages/oslo_config/cfg.py:2609
2025-07-28 00:35:28.459 115569 DEBUG oslo_service.service [req-cf8cf44a-2175-4293-a8eb-ae77fdcd05ca - - - - -] hyperv.dynamic_memory_ratio = 1.0 log_opt_values /usr/lib/python3/dist-packages/oslo_config/cfg.py:2609
2025-07-28 00:35:28.459 117030 DEBUG nova.servicegroup.drivers.db [req-beeddd83-8dd0-4fc7-a76d-76435746113f - - - - -] DB_Driver: join new ServiceGroup member juju-973b25-0-lxd-7 to the scheduler group, service = join /usr/lib/python3/dist-packages/nova/servicegroup/drivers/db.py:44
2025-07-28 00:35:28.459 115569 DEBUG oslo_service.service [req-cf8cf44a-2175-4293-a8eb-ae77fdcd05ca - - - - -] hyperv.enable_instance_metrics_collection = False log_opt_values /usr/lib/python3/dist-packages/oslo_config/cfg.py:2609
2025-07-28 00:35:28.459 115569 DEBUG oslo_service.service [req-cf8cf44a-2175-4293-a8eb-ae77fdcd05ca - - - - -] hyperv.enable_remotefx = False log_opt_values /usr/lib/python3/dist-packages/oslo_config/cfg.py:2609
2025-07-28 00:35:28.460 115569 DEBUG oslo_service.service [req-cf8cf44a-2175-4293-a8eb-ae77fdcd05ca - - - - -] hyperv.instances_path_share = log_opt_values /usr/lib/python3/dist-packages/oslo_config/cfg.py:2609
2025-07-28 00:35:28.460 115569 DEBUG oslo_service.service [req-cf8cf44a-2175-4293-a8eb-ae77fdcd05ca - - - - -] hyperv.iscsi_initiator_list = [] log_opt_values /usr/lib/python3/dist-packages/oslo_config/cfg.py:2609
2025-07-28 00:35:28.460 115569 DEBUG oslo_service.service [req-cf8cf44a-2175-4293-a8eb-ae77fdcd05ca - - - - -] hyperv.limit_cpu_features = False log_opt_values /usr/lib/python3/dist-packages/oslo_config/cfg.py:2609
2025-07-28 00:35:28.460 115569 DEBUG oslo_service.service [req-cf8cf44a-2175-4293-a8eb-ae77fdcd05ca - - - - -] hyperv.mounted_disk_query_retry_count = 10 log_opt_values /usr/lib/python3/dist-packages/oslo_config/cfg.py:2609
2025-07-28 00:35:28.460 115569 DEBUG oslo_service.service [req-cf8cf44a-2175-4293-a8eb-ae77fdcd05ca - - - - -] hyperv.mounted_disk_query_retry_interval = 5 log_opt_values /usr/lib/python3/dist-packages/oslo_config/cfg.py:2609
2025-07-28 00:35:28.460 115569 DEBUG oslo_service.service [req-cf8cf44a-2175-4293-a8eb-ae77fdcd05ca - - - - -] hyperv.power_state_check_timeframe = 60 log_opt_values /usr/lib/python3/dist-packages/oslo_config/cfg.py:2609
2025-07-28 00:35:28.461 115569 DEBUG oslo_service.service [req-cf8cf44a-2175-4293-a8eb-ae77fdcd05ca - - - - -] hyperv.power_state_event_polling_interval = 2 log_opt_values /usr/lib/python3/dist-packages/oslo_config/cfg.py:2609
2025-07-28 00:35:28.461 115569 DEBUG oslo_service.service [req-cf8cf44a-2175-4293-a8eb-ae77fdcd05ca - - - - -] hyperv.qemu_img_cmd = qemu-img.exe log_opt_values /usr/lib/python3/dist-packages/oslo_config/cfg.py:2609
2025-07-28 00:35:28.461 115569 DEBUG oslo_service.service [req-cf8cf44a-2175-4293-a8eb-ae77fdcd05ca - - - - -] hyperv.use_multipath_io = False log_opt_values /usr/lib/python3/dist-packages/oslo_config/cfg.py:2609
2025-07-28 00:35:28.461 115569 DEBUG oslo_service.service [req-cf8cf44a-2175-4293-a8eb-ae77fdcd05ca - - - - -] hyperv.volume_attach_retry_count = 10 log_opt_values /usr/lib/python3/dist-packages/oslo_config/cfg.py:2609
2025-07-28 00:35:28.461 117031 DEBUG oslo_messaging._drivers.amqpdriver [-] Listener is running poll /usr/lib/python3/dist-packages/oslo_messaging/_drivers/amqpdriver.py:343
2025-07-28 00:35:28.461 117030 DEBUG oslo_messaging._drivers.amqpdriver [-] AMQPListener connection timeout poll /usr/lib/python3/dist-packages/oslo_messaging/_drivers/amqpdriver.py:360
2025-07-28 00:35:28.461 115569 DEBUG oslo_service.service [req-cf8cf44a-2175-4293-a8eb-ae77fdcd05ca - - - - -] hyperv.volume_attach_retry_interval = 5 log_opt_values /usr/lib/python3/dist-packages/oslo_config/cfg.py:2609
2025-07-28 00:35:28.461 117031 DEBUG oslo_messaging._drivers.amqpdriver [-] AMQPListener connection consume poll /usr/lib/python3/dist-packages/oslo_messaging/_drivers/amqpdriver.py:357
2025-07-28 00:35:28.461 117030 DEBUG oslo_messaging._drivers.amqpdriver [-] Listener is running poll /usr/lib/python3/dist-packages/oslo_messaging/_drivers/amqpdriver.py:343
2025-07-28 00:35:28.461 115569 DEBUG oslo_service.service [req-cf8cf44a-2175-4293-a8eb-ae77fdcd05ca - - - - -] hyperv.vswitch_name = None log_opt_values /usr/lib/python3/dist-packages/oslo_config/cfg.py:2609
2025-07-28 00:35:28.462 117030 DEBUG oslo_messaging._drivers.amqpdriver [-] AMQPListener connection consume poll /usr/lib/python3/dist-packages/oslo_messaging/_drivers/amqpdriver.py:357
2025-07-28 00:35:28.462 115569 DEBUG oslo_service.service [req-cf8cf44a-2175-4293-a8eb-ae77fdcd05ca - - - - -] hyperv.wait_soft_reboot_seconds = 60 log_opt_values /usr/lib/python3/dist-packages/oslo_config/cfg.py:2609
2025-07-28 00:35:28.462 115569 DEBUG oslo_service.service [req-cf8cf44a-2175-4293-a8eb-ae77fdcd05ca - - - - -] mks.enabled = False log_opt_values /usr/lib/python3/dist-packages/oslo_config/cfg.py:2609
2025-07-28 00:35:28.462 117031 DEBUG nova.service [req-5e6eb86f-53cc-4c9b-92cc-606d68955f9d - - - - -] Join ServiceGroup membership for this service scheduler start /usr/lib/python3/dist-packages/nova/service.py:199
2025-07-28 00:35:28.462 117031 DEBUG nova.servicegroup.drivers.db [req-5e6eb86f-53cc-4c9b-92cc-606d68955f9d - - - - -] DB_Driver: join new ServiceGroup member juju-973b25-0-lxd-7 to the scheduler group, service = join /usr/lib/python3/dist-packages/nova/servicegroup/drivers/db.py:44
2025-07-28 00:35:28.462 115569 DEBUG oslo_service.service [req-cf8cf44a-2175-4293-a8eb-ae77fdcd05ca - - - - -] mks.mksproxy_base_url = http://127.0.0.1:6090/ log_opt_values /usr/lib/python3/dist-packages/oslo_config/cfg.py:2609
2025-07-28 00:35:28.463 115569 DEBUG oslo_service.service [req-cf8cf44a-2175-4293-a8eb-ae77fdcd05ca - - - - -] image_cache.manager_interval = 2400 log_opt_values /usr/lib/python3/dist-packages/oslo_config/cfg.py:2609
2025-07-28 00:35:28.463 115569 DEBUG oslo_service.service [req-cf8cf44a-2175-4293-a8eb-ae77fdcd05ca - - - - -] image_cache.precache_concurrency = 1 log_opt_values /usr/lib/python3/dist-packages/oslo_config/cfg.py:2609
2025-07-28 00:35:28.463 115569 DEBUG oslo_service.service [req-cf8cf44a-2175-4293-a8eb-ae77fdcd05ca - - - - -] image_cache.remove_unused_base_images = True log_opt_values /usr/lib/python3/dist-packages/oslo_config/cfg.py:2609
2025-07-28 00:35:28.463 115569 DEBUG oslo_service.service [req-cf8cf44a-2175-4293-a8eb-ae77fdcd05ca - - - - -] image_cache.remove_unused_original_minimum_age_seconds = 86400 log_opt_values /usr/lib/python3/dist-packages/oslo_config/cfg.py:2609
2025-07-28 00:35:28.463 115569 DEBUG oslo_service.service [req-cf8cf44a-2175-4293-a8eb-ae77fdcd05ca - - - - -] image_cache.remove_unused_resized_minimum_age_seconds = 3600 log_opt_values /usr/lib/python3/dist-packages/oslo_config/cfg.py:2609
2025-07-28 00:35:28.463 115569 DEBUG oslo_service.service [req-cf8cf44a-2175-4293-a8eb-ae77fdcd05ca - - - - -] image_cache.subdirectory_name = _base log_opt_values /usr/lib/python3/dist-packages/oslo_config/cfg.py:2609
2025-07-28 00:35:28.464 115569 DEBUG oslo_service.service [req-cf8cf44a-2175-4293-a8eb-ae77fdcd05ca - - - - -] ironic.api_max_retries = 60 log_opt_values /usr/lib/python3/dist-packages/oslo_config/cfg.py:2609
2025-07-28 00:35:28.464 115569 DEBUG oslo_service.service [req-cf8cf44a-2175-4293-a8eb-ae77fdcd05ca - - - - -] ironic.api_retry_interval = 2 log_opt_values /usr/lib/python3/dist-packages/oslo_config/cfg.py:2609
2025-07-28 00:35:28.464 115569 DEBUG oslo_service.service [req-cf8cf44a-2175-4293-a8eb-ae77fdcd05ca - - - - -] ironic.auth_section = None log_opt_values /usr/lib/python3/dist-packages/oslo_config/cfg.py:2609
2025-07-28 00:35:28.464 115569 DEBUG oslo_service.service [req-cf8cf44a-2175-4293-a8eb-ae77fdcd05ca - - - - -] ironic.auth_type = None log_opt_values /usr/lib/python3/dist-packages/oslo_config/cfg.py:2609
2025-07-28 00:35:28.464 115569 DEBUG oslo_service.service [req-cf8cf44a-2175-4293-a8eb-ae77fdcd05ca - - - - -] ironic.cafile = None log_opt_values /usr/lib/python3/dist-packages/oslo_config/cfg.py:2609
2025-07-28 00:35:28.464 115569 DEBUG oslo_service.service [req-cf8cf44a-2175-4293-a8eb-ae77fdcd05ca - - - - -] ironic.certfile = None log_opt_values /usr/lib/python3/dist-packages/oslo_config/cfg.py:2609
2025-07-28 00:35:28.464 117031 DEBUG oslo_messaging._drivers.amqpdriver [-] AMQPListener connection timeout poll /usr/lib/python3/dist-packages/oslo_messaging/_drivers/amqpdriver.py:360
2025-07-28 00:35:28.465 115569 DEBUG oslo_service.service [req-cf8cf44a-2175-4293-a8eb-ae77fdcd05ca - - - - -] ironic.collect_timing = False log_opt_values /usr/lib/python3/dist-packages/oslo_config/cfg.py:2609
2025-07-28 00:35:28.465 117031 DEBUG oslo_messaging._drivers.amqpdriver [-] Listener is running poll /usr/lib/python3/dist-packages/oslo_messaging/_drivers/amqpdriver.py:343
2025-07-28 00:35:28.465 115569 DEBUG oslo_service.service [req-cf8cf44a-2175-4293-a8eb-ae77fdcd05ca - - - - -] ironic.connect_retries = None log_opt_values /usr/lib/python3/dist-packages/oslo_config/cfg.py:2609
2025-07-28 00:35:28.465 117031 DEBUG oslo_messaging._drivers.amqpdriver [-] AMQPListener connection consume poll /usr/lib/python3/dist-packages/oslo_messaging/_drivers/amqpdriver.py:357
2025-07-28 00:35:28.465 115569 DEBUG oslo_service.service [req-cf8cf44a-2175-4293-a8eb-ae77fdcd05ca - - - - -] ironic.connect_retry_delay = None log_opt_values /usr/lib/python3/dist-packages/oslo_config/cfg.py:2609
2025-07-28 00:35:28.465 115569 DEBUG oslo_service.service [req-cf8cf44a-2175-4293-a8eb-ae77fdcd05ca - - - - -] ironic.endpoint_override = None log_opt_values /usr/lib/python3/dist-packages/oslo_config/cfg.py:2609
2025-07-28 00:35:28.465 115569 DEBUG oslo_service.service [req-cf8cf44a-2175-4293-a8eb-ae77fdcd05ca - - - - -] ironic.insecure = False log_opt_values /usr/lib/python3/dist-packages/oslo_config/cfg.py:2609
2025-07-28 00:35:28.465 115569 DEBUG oslo_service.service [req-cf8cf44a-2175-4293-a8eb-ae77fdcd05ca - - - - -] ironic.keyfile = None log_opt_values /usr/lib/python3/dist-packages/oslo_config/cfg.py:2609
2025-07-28 00:35:28.466 115569 DEBUG oslo_service.service [req-cf8cf44a-2175-4293-a8eb-ae77fdcd05ca - - - - -] ironic.max_version = None log_opt_values /usr/lib/python3/dist-packages/oslo_config/cfg.py:2609
2025-07-28 00:35:28.466 115569 DEBUG oslo_service.service [req-cf8cf44a-2175-4293-a8eb-ae77fdcd05ca - - - - -] ironic.min_version = None log_opt_values /usr/lib/python3/dist-packages/oslo_config/cfg.py:2609
2025-07-28 00:35:28.466 115569 DEBUG oslo_service.service [req-cf8cf44a-2175-4293-a8eb-ae77fdcd05ca - - - - -] ironic.partition_key = None log_opt_values /usr/lib/python3/dist-packages/oslo_config/cfg.py:2609
2025-07-28 00:35:28.466 117027 DEBUG oslo_messaging._drivers.amqpdriver [-] Listener is running poll /usr/lib/python3/dist-packages/oslo_messaging/_drivers/amqpdriver.py:343
2025-07-28 00:35:28.466 117027 DEBUG oslo_messaging._drivers.amqpdriver [-] AMQPListener connection consume poll /usr/lib/python3/dist-packages/oslo_messaging/_drivers/amqpdriver.py:357
2025-07-28 00:35:28.466 115569 DEBUG oslo_service.service [req-cf8cf44a-2175-4293-a8eb-ae77fdcd05ca - - - - -] ironic.peer_list = [] log_opt_values /usr/lib/python3/dist-packages/oslo_config/cfg.py:2609
2025-07-28 00:35:28.467 115569 DEBUG oslo_service.service [req-cf8cf44a-2175-4293-a8eb-ae77fdcd05ca - - - - -] ironic.region_name = None log_opt_values /usr/lib/python3/dist-packages/oslo_config/cfg.py:2609
2025-07-28 00:35:28.467 115569 DEBUG oslo_service.service [req-cf8cf44a-2175-4293-a8eb-ae77fdcd05ca - - - - -] ironic.serial_console_state_timeout = 10 log_opt_values /usr/lib/python3/dist-packages/oslo_config/cfg.py:2609
2025-07-28 00:35:28.467 117028 DEBUG oslo_messaging._drivers.amqpdriver [-] Listener is running poll /usr/lib/python3/dist-packages/oslo_messaging/_drivers/amqpdriver.py:343
2025-07-28 00:35:28.467 115569 DEBUG oslo_service.service [req-cf8cf44a-2175-4293-a8eb-ae77fdcd05ca - - - - -] ironic.service_name = None log_opt_values /usr/lib/python3/dist-packages/oslo_config/cfg.py:2609
2025-07-28 00:35:28.467 117028 DEBUG oslo_messaging._drivers.amqpdriver [-] AMQPListener connection consume poll /usr/lib/python3/dist-packages/oslo_messaging/_drivers/amqpdriver.py:357
2025-07-28 00:35:28.467 115569 DEBUG oslo_service.service [req-cf8cf44a-2175-4293-a8eb-ae77fdcd05ca - - - - -] ironic.service_type = baremetal log_opt_values /usr/lib/python3/dist-packages/oslo_config/cfg.py:2609
2025-07-28 00:35:28.468 115569 DEBUG oslo_service.service [req-cf8cf44a-2175-4293-a8eb-ae77fdcd05ca - - - - -] ironic.split_loggers = False log_opt_values /usr/lib/python3/dist-packages/oslo_config/cfg.py:2609
2025-07-28 00:35:28.468 115569 DEBUG oslo_service.service [req-cf8cf44a-2175-4293-a8eb-ae77fdcd05ca - - - - -] ironic.status_code_retries = None log_opt_values /usr/lib/python3/dist-packages/oslo_config/cfg.py:2609
2025-07-28 00:35:28.468 115569 DEBUG oslo_service.service [req-cf8cf44a-2175-4293-a8eb-ae77fdcd05ca - - - - -] ironic.status_code_retry_delay = None log_opt_values /usr/lib/python3/dist-packages/oslo_config/cfg.py:2609
2025-07-28 00:35:28.468 115569 DEBUG oslo_service.service [req-cf8cf44a-2175-4293-a8eb-ae77fdcd05ca - - - - -] ironic.timeout = None log_opt_values /usr/lib/python3/dist-packages/oslo_config/cfg.py:2609
2025-07-28 00:35:28.468 117027 DEBUG nova.service [req-ce9ca872-b08a-47ec-a0cb-f828de8592f6 - - - - -] Join ServiceGroup membership for this service scheduler start /usr/lib/python3/dist-packages/nova/service.py:199
2025-07-28 00:35:28.469 115569 DEBUG oslo_service.service [req-cf8cf44a-2175-4293-a8eb-ae77fdcd05ca - - - - -] ironic.valid_interfaces = ['internal', 'public'] log_opt_values /usr/lib/python3/dist-packages/oslo_config/cfg.py:2609
2025-07-28 00:35:28.469 117028 DEBUG nova.service [req-b1167fd7-1375-4350-bc93-72a7765a0432 - - - - -] Join ServiceGroup membership for this service scheduler start /usr/lib/python3/dist-packages/nova/service.py:199
2025-07-28 00:35:28.469 117027 DEBUG nova.servicegroup.drivers.db [req-ce9ca872-b08a-47ec-a0cb-f828de8592f6 - - - - -] DB_Driver: join new ServiceGroup member juju-973b25-0-lxd-7 to the scheduler group, service = join /usr/lib/python3/dist-packages/nova/servicegroup/drivers/db.py:44
2025-07-28 00:35:28.469 115569 DEBUG oslo_service.service [req-cf8cf44a-2175-4293-a8eb-ae77fdcd05ca - - - - -] ironic.version = None log_opt_values /usr/lib/python3/dist-packages/oslo_config/cfg.py:2609
2025-07-28 00:35:28.469 117028 DEBUG nova.servicegroup.drivers.db [req-b1167fd7-1375-4350-bc93-72a7765a0432 - - - - -] DB_Driver: join new ServiceGroup member juju-973b25-0-lxd-7 to the scheduler group, service = join /usr/lib/python3/dist-packages/nova/servicegroup/drivers/db.py:44
2025-07-28 00:35:28.469 117027 DEBUG oslo_messaging._drivers.amqpdriver [-] AMQPListener connection timeout poll /usr/lib/python3/dist-packages/oslo_messaging/_drivers/amqpdriver.py:360
2025-07-28 00:35:28.469 117027 DEBUG oslo_messaging._drivers.amqpdriver [-] Listener is running poll /usr/lib/python3/dist-packages/oslo_messaging/_drivers/amqpdriver.py:343
2025-07-28 00:35:28.469 115569 DEBUG oslo_service.service [req-cf8cf44a-2175-4293-a8eb-ae77fdcd05ca - - - - -] key_manager.backend = barbican log_opt_values /usr/lib/python3/dist-packages/oslo_config/cfg.py:2609
2025-07-28 00:35:28.470 117027 DEBUG oslo_messaging._drivers.amqpdriver [-] AMQPListener connection consume poll /usr/lib/python3/dist-packages/oslo_messaging/_drivers/amqpdriver.py:357
2025-07-28 00:35:28.470 115569 DEBUG oslo_service.service [req-cf8cf44a-2175-4293-a8eb-ae77fdcd05ca - - - - -] key_manager.fixed_key = **** log_opt_values /usr/lib/python3/dist-packages/oslo_config/cfg.py:2609
2025-07-28 00:35:28.470 115569 DEBUG oslo_service.service [req-cf8cf44a-2175-4293-a8eb-ae77fdcd05ca - - - - -] barbican.auth_endpoint = http://localhost/identity/v3 log_opt_values /usr/lib/python3/dist-packages/oslo_config/cfg.py:2609
2025-07-28 00:35:28.470 115569 DEBUG oslo_service.service [req-cf8cf44a-2175-4293-a8eb-ae77fdcd05ca - - - - -] barbican.barbican_api_version = None log_opt_values /usr/lib/python3/dist-packages/oslo_config/cfg.py:2609
2025-07-28 00:35:28.470 115569 DEBUG oslo_service.service [req-cf8cf44a-2175-4293-a8eb-ae77fdcd05ca - - - - -] barbican.barbican_endpoint = None log_opt_values /usr/lib/python3/dist-packages/oslo_config/cfg.py:2609
2025-07-28 00:35:28.471 115569 DEBUG oslo_service.service [req-cf8cf44a-2175-4293-a8eb-ae77fdcd05ca - - - - -] barbican.barbican_endpoint_type = public log_opt_values /usr/lib/python3/dist-packages/oslo_config/cfg.py:2609
2025-07-28 00:35:28.471 117028 DEBUG oslo_messaging._drivers.amqpdriver [-] AMQPListener connection timeout poll /usr/lib/python3/dist-packages/oslo_messaging/_drivers/amqpdriver.py:360
2025-07-28 00:35:28.471 117028 DEBUG oslo_messaging._drivers.amqpdriver [-] Listener is running poll /usr/lib/python3/dist-packages/oslo_messaging/_drivers/amqpdriver.py:343
2025-07-28 00:35:28.471 115569 DEBUG oslo_service.service [req-cf8cf44a-2175-4293-a8eb-ae77fdcd05ca - - - - -] barbican.barbican_region_name = None log_opt_values /usr/lib/python3/dist-packages/oslo_config/cfg.py:2609
2025-07-28 00:35:28.471 117028 DEBUG oslo_messaging._drivers.amqpdriver [-] AMQPListener connection consume poll /usr/lib/python3/dist-packages/oslo_messaging/_drivers/amqpdriver.py:357
2025-07-28 00:35:28.471 115569 DEBUG oslo_service.service [req-cf8cf44a-2175-4293-a8eb-ae77fdcd05ca - - - - -] barbican.cafile = None log_opt_values /usr/lib/python3/dist-packages/oslo_config/cfg.py:2609
2025-07-28 00:35:28.471 115569 DEBUG oslo_service.service [req-cf8cf44a-2175-4293-a8eb-ae77fdcd05ca - - - - -] barbican.certfile = None log_opt_values /usr/lib/python3/dist-packages/oslo_config/cfg.py:2609
2025-07-28 00:35:28.472 115569 DEBUG oslo_service.service [req-cf8cf44a-2175-4293-a8eb-ae77fdcd05ca - - - - -] barbican.collect_timing = False log_opt_values /usr/lib/python3/dist-packages/oslo_config/cfg.py:2609
2025-07-28 00:35:28.472 115569 DEBUG oslo_service.service [req-cf8cf44a-2175-4293-a8eb-ae77fdcd05ca - - - - -] barbican.insecure = False log_opt_values /usr/lib/python3/dist-packages/oslo_config/cfg.py:2609
2025-07-28 00:35:28.472 115569 DEBUG oslo_service.service [req-cf8cf44a-2175-4293-a8eb-ae77fdcd05ca - - - - -] barbican.keyfile = None log_opt_values /usr/lib/python3/dist-packages/oslo_config/cfg.py:2609
2025-07-28 00:35:28.472 115569 DEBUG oslo_service.service [req-cf8cf44a-2175-4293-a8eb-ae77fdcd05ca - - - - -] barbican.number_of_retries = 60 log_opt_values /usr/lib/python3/dist-packages/oslo_config/cfg.py:2609
2025-07-28 00:35:28.472 115569 DEBUG oslo_service.service [req-cf8cf44a-2175-4293-a8eb-ae77fdcd05ca - - - - -] barbican.retry_delay = 1 log_opt_values /usr/lib/python3/dist-packages/oslo_config/cfg.py:2609
2025-07-28 00:35:28.473 115569 DEBUG oslo_service.service [req-cf8cf44a-2175-4293-a8eb-ae77fdcd05ca - - - - -] barbican.send_service_user_token = False log_opt_values /usr/lib/python3/dist-packages/oslo_config/cfg.py:2609
2025-07-28 00:35:28.473 115569 DEBUG oslo_service.service [req-cf8cf44a-2175-4293-a8eb-ae77fdcd05ca - - - - -] barbican.split_loggers = False log_opt_values /usr/lib/python3/dist-packages/oslo_config/cfg.py:2609
2025-07-28 00:35:28.473 115569 DEBUG oslo_service.service [req-cf8cf44a-2175-4293-a8eb-ae77fdcd05ca - - - - -] barbican.timeout = None log_opt_values /usr/lib/python3/dist-packages/oslo_config/cfg.py:2609
2025-07-28 00:35:28.473 115569 DEBUG oslo_service.service [req-cf8cf44a-2175-4293-a8eb-ae77fdcd05ca - - - - -] barbican.verify_ssl = True log_opt_values /usr/lib/python3/dist-packages/oslo_config/cfg.py:2609
2025-07-28 00:35:28.473 115569 DEBUG oslo_service.service [req-cf8cf44a-2175-4293-a8eb-ae77fdcd05ca - - - - -] barbican.verify_ssl_path = None log_opt_values /usr/lib/python3/dist-packages/oslo_config/cfg.py:2609
2025-07-28 00:35:28.474 115569 DEBUG oslo_service.service [req-cf8cf44a-2175-4293-a8eb-ae77fdcd05ca - - - - -] barbican_service_user.auth_section = None log_opt_values /usr/lib/python3/dist-packages/oslo_config/cfg.py:2609
2025-07-28 00:35:28.474 115569 DEBUG oslo_service.service [req-cf8cf44a-2175-4293-a8eb-ae77fdcd05ca - - - - -] barbican_service_user.auth_type = None log_opt_values /usr/lib/python3/dist-packages/oslo_config/cfg.py:2609
2025-07-28 00:35:28.474 115569 DEBUG oslo_service.service [req-cf8cf44a-2175-4293-a8eb-ae77fdcd05ca - - - - -] barbican_service_user.cafile = None log_opt_values /usr/lib/python3/dist-packages/oslo_config/cfg.py:2609
2025-07-28 00:35:28.474 115569 DEBUG oslo_service.service [req-cf8cf44a-2175-4293-a8eb-ae77fdcd05ca - - - - -] barbican_service_user.certfile = None log_opt_values /usr/lib/python3/dist-packages/oslo_config/cfg.py:2609
2025-07-28 00:35:28.474 115569 DEBUG oslo_service.service [req-cf8cf44a-2175-4293-a8eb-ae77fdcd05ca - - - - -] barbican_service_user.collect_timing = False log_opt_values /usr/lib/python3/dist-packages/oslo_config/cfg.py:2609
2025-07-28 00:35:28.474 115569 DEBUG oslo_service.service [req-cf8cf44a-2175-4293-a8eb-ae77fdcd05ca - - - - -] barbican_service_user.insecure = False log_opt_values /usr/lib/python3/dist-packages/oslo_config/cfg.py:2609
2025-07-28 00:35:28.475 115569 DEBUG oslo_service.service [req-cf8cf44a-2175-4293-a8eb-ae77fdcd05ca - - - - -] barbican_service_user.keyfile = None log_opt_values /usr/lib/python3/dist-packages/oslo_config/cfg.py:2609
2025-07-28 00:35:28.475 115569 DEBUG oslo_service.service [req-cf8cf44a-2175-4293-a8eb-ae77fdcd05ca - - - - -] barbican_service_user.split_loggers = False log_opt_values /usr/lib/python3/dist-packages/oslo_config/cfg.py:2609
2025-07-28 00:35:28.475 115569 DEBUG oslo_service.service [req-cf8cf44a-2175-4293-a8eb-ae77fdcd05ca - - - - -] barbican_service_user.timeout = None log_opt_values /usr/lib/python3/dist-packages/oslo_config/cfg.py:2609
2025-07-28 00:35:28.475 115569 DEBUG oslo_service.service [req-cf8cf44a-2175-4293-a8eb-ae77fdcd05ca - - - - -] vault.approle_role_id = None log_opt_values /usr/lib/python3/dist-packages/oslo_config/cfg.py:2609
2025-07-28 00:35:28.475 115569 DEBUG oslo_service.service [req-cf8cf44a-2175-4293-a8eb-ae77fdcd05ca - - - - -] vault.approle_secret_id = None log_opt_values /usr/lib/python3/dist-packages/oslo_config/cfg.py:2609
2025-07-28 00:35:28.476 115569 DEBUG oslo_service.service [req-cf8cf44a-2175-4293-a8eb-ae77fdcd05ca - - - - -] vault.cafile = None log_opt_values /usr/lib/python3/dist-packages/oslo_config/cfg.py:2609
2025-07-28 00:35:28.476 115569 DEBUG oslo_service.service [req-cf8cf44a-2175-4293-a8eb-ae77fdcd05ca - - - - -] vault.certfile = None log_opt_values /usr/lib/python3/dist-packages/oslo_config/cfg.py:2609
2025-07-28 00:35:28.476 115569 DEBUG oslo_service.service [req-cf8cf44a-2175-4293-a8eb-ae77fdcd05ca - - - - -] vault.collect_timing = False log_opt_values /usr/lib/python3/dist-packages/oslo_config/cfg.py:2609
2025-07-28 00:35:28.476 115569 DEBUG oslo_service.service [req-cf8cf44a-2175-4293-a8eb-ae77fdcd05ca - - - - -] vault.insecure = False log_opt_values /usr/lib/python3/dist-packages/oslo_config/cfg.py:2609
2025-07-28 00:35:28.477 115569 DEBUG oslo_service.service [req-cf8cf44a-2175-4293-a8eb-ae77fdcd05ca - - - - -] vault.keyfile = None log_opt_values /usr/lib/python3/dist-packages/oslo_config/cfg.py:2609
2025-07-28 00:35:28.477 115569 DEBUG oslo_service.service [req-cf8cf44a-2175-4293-a8eb-ae77fdcd05ca - - - - -] vault.kv_mountpoint = secret log_opt_values /usr/lib/python3/dist-packages/oslo_config/cfg.py:2609
2025-07-28 00:35:28.477 115569 DEBUG oslo_service.service [req-cf8cf44a-2175-4293-a8eb-ae77fdcd05ca - - - - -] vault.kv_version = 2 log_opt_values /usr/lib/python3/dist-packages/oslo_config/cfg.py:2609
2025-07-28 00:35:28.477 115569 DEBUG oslo_service.service [req-cf8cf44a-2175-4293-a8eb-ae77fdcd05ca - - - - -] vault.namespace = None log_opt_values /usr/lib/python3/dist-packages/oslo_config/cfg.py:2609
2025-07-28 00:35:28.477 115569 DEBUG oslo_service.service [req-cf8cf44a-2175-4293-a8eb-ae77fdcd05ca - - - - -] vault.root_token_id = None log_opt_values /usr/lib/python3/dist-packages/oslo_config/cfg.py:2609
2025-07-28 00:35:28.478 115569 DEBUG oslo_service.service [req-cf8cf44a-2175-4293-a8eb-ae77fdcd05ca - - - - -] vault.split_loggers = False log_opt_values /usr/lib/python3/dist-packages/oslo_config/cfg.py:2609
2025-07-28 00:35:28.478 115569 DEBUG oslo_service.service [req-cf8cf44a-2175-4293-a8eb-ae77fdcd05ca - - - - -] vault.ssl_ca_crt_file = None log_opt_values /usr/lib/python3/dist-packages/oslo_config/cfg.py:2609
2025-07-28 00:35:28.478 115569 DEBUG oslo_service.service [req-cf8cf44a-2175-4293-a8eb-ae77fdcd05ca - - - - -] vault.timeout = None log_opt_values /usr/lib/python3/dist-packages/oslo_config/cfg.py:2609
2025-07-28 00:35:28.478 115569 DEBUG oslo_service.service [req-cf8cf44a-2175-4293-a8eb-ae77fdcd05ca - - - - -] vault.use_ssl = False log_opt_values /usr/lib/python3/dist-packages/oslo_config/cfg.py:2609
2025-07-28 00:35:28.479 115569 DEBUG oslo_service.service [req-cf8cf44a-2175-4293-a8eb-ae77fdcd05ca - - - - -] vault.vault_url = http://127.0.0.1:8200 log_opt_values /usr/lib/python3/dist-packages/oslo_config/cfg.py:2609
2025-07-28 00:35:28.479 115569 DEBUG oslo_service.service [req-cf8cf44a-2175-4293-a8eb-ae77fdcd05ca - - - - -] keystone.cafile = None log_opt_values /usr/lib/python3/dist-packages/oslo_config/cfg.py:2609
2025-07-28 00:35:28.479 115569 DEBUG oslo_service.service [req-cf8cf44a-2175-4293-a8eb-ae77fdcd05ca - - - - -] keystone.certfile = None log_opt_values /usr/lib/python3/dist-packages/oslo_config/cfg.py:2609
2025-07-28 00:35:28.480 115569 DEBUG oslo_service.service [req-cf8cf44a-2175-4293-a8eb-ae77fdcd05ca - - - - -] keystone.collect_timing = False log_opt_values /usr/lib/python3/dist-packages/oslo_config/cfg.py:2609
2025-07-28 00:35:28.480 115569 DEBUG oslo_service.service [req-cf8cf44a-2175-4293-a8eb-ae77fdcd05ca - - - - -] keystone.connect_retries = None log_opt_values /usr/lib/python3/dist-packages/oslo_config/cfg.py:2609
2025-07-28 00:35:28.480 115569 DEBUG oslo_service.service [req-cf8cf44a-2175-4293-a8eb-ae77fdcd05ca - - - - -] keystone.connect_retry_delay = None log_opt_values /usr/lib/python3/dist-packages/oslo_config/cfg.py:2609
2025-07-28 00:35:28.481 115569 DEBUG oslo_service.service [req-cf8cf44a-2175-4293-a8eb-ae77fdcd05ca - - - - -] keystone.endpoint_override = None log_opt_values /usr/lib/python3/dist-packages/oslo_config/cfg.py:2609
2025-07-28 00:35:28.481 115569 DEBUG oslo_service.service [req-cf8cf44a-2175-4293-a8eb-ae77fdcd05ca - - - - -] keystone.insecure = False log_opt_values /usr/lib/python3/dist-packages/oslo_config/cfg.py:2609
2025-07-28 00:35:28.481 115569 DEBUG oslo_service.service [req-cf8cf44a-2175-4293-a8eb-ae77fdcd05ca - - - - -] keystone.keyfile = None log_opt_values /usr/lib/python3/dist-packages/oslo_config/cfg.py:2609
2025-07-28 00:35:28.481 115569 DEBUG oslo_service.service [req-cf8cf44a-2175-4293-a8eb-ae77fdcd05ca - - - - -] keystone.max_version = None log_opt_values /usr/lib/python3/dist-packages/oslo_config/cfg.py:2609
2025-07-28 00:35:28.481 115569 DEBUG oslo_service.service [req-cf8cf44a-2175-4293-a8eb-ae77fdcd05ca - - - - -] keystone.min_version = None log_opt_values /usr/lib/python3/dist-packages/oslo_config/cfg.py:2609
2025-07-28 00:35:28.482 115569 DEBUG oslo_service.service [req-cf8cf44a-2175-4293-a8eb-ae77fdcd05ca - - - - -] keystone.region_name = None log_opt_values /usr/lib/python3/dist-packages/oslo_config/cfg.py:2609
2025-07-28 00:35:28.482 115569 DEBUG oslo_service.service [req-cf8cf44a-2175-4293-a8eb-ae77fdcd05ca - - - - -] keystone.service_name = None log_opt_values /usr/lib/python3/dist-packages/oslo_config/cfg.py:2609
2025-07-28 00:35:28.482 115569 DEBUG oslo_service.service [req-cf8cf44a-2175-4293-a8eb-ae77fdcd05ca - - - - -] keystone.service_type = identity log_opt_values /usr/lib/python3/dist-packages/oslo_config/cfg.py:2609
2025-07-28 00:35:28.482 115569 DEBUG oslo_service.service [req-cf8cf44a-2175-4293-a8eb-ae77fdcd05ca - - - - -] keystone.split_loggers = False log_opt_values /usr/lib/python3/dist-packages/oslo_config/cfg.py:2609
2025-07-28 00:35:28.482 115569 DEBUG oslo_service.service [req-cf8cf44a-2175-4293-a8eb-ae77fdcd05ca - - - - -] keystone.status_code_retries = None log_opt_values /usr/lib/python3/dist-packages/oslo_config/cfg.py:2609
2025-07-28 00:35:28.482 115569 DEBUG oslo_service.service [req-cf8cf44a-2175-4293-a8eb-ae77fdcd05ca - - - - -] keystone.status_code_retry_delay = None log_opt_values /usr/lib/python3/dist-packages/oslo_config/cfg.py:2609
2025-07-28 00:35:28.483 115569 DEBUG oslo_service.service [req-cf8cf44a-2175-4293-a8eb-ae77fdcd05ca - - - - -] keystone.timeout = None log_opt_values /usr/lib/python3/dist-packages/oslo_config/cfg.py:2609
2025-07-28 00:35:28.483 115569 DEBUG oslo_service.service [req-cf8cf44a-2175-4293-a8eb-ae77fdcd05ca - - - - -] keystone.valid_interfaces = ['internal', 'public'] log_opt_values /usr/lib/python3/dist-packages/oslo_config/cfg.py:2609
2025-07-28 00:35:28.483 115569 DEBUG oslo_service.service [req-cf8cf44a-2175-4293-a8eb-ae77fdcd05ca - - - - -] keystone.version = None log_opt_values /usr/lib/python3/dist-packages/oslo_config/cfg.py:2609
2025-07-28 00:35:28.483 115569 DEBUG oslo_service.service [req-cf8cf44a-2175-4293-a8eb-ae77fdcd05ca - - - - -] libvirt.connection_uri = log_opt_values /usr/lib/python3/dist-packages/oslo_config/cfg.py:2609
2025-07-28 00:35:28.483 115569 DEBUG oslo_service.service [req-cf8cf44a-2175-4293-a8eb-ae77fdcd05ca - - - - -] libvirt.cpu_mode = None log_opt_values /usr/lib/python3/dist-packages/oslo_config/cfg.py:2609
2025-07-28 00:35:28.484 115569 DEBUG oslo_service.service [req-cf8cf44a-2175-4293-a8eb-ae77fdcd05ca - - - - -] libvirt.cpu_model_extra_flags = [] log_opt_values /usr/lib/python3/dist-packages/oslo_config/cfg.py:2609
2025-07-28 00:35:28.484 115569 DEBUG oslo_service.service [req-cf8cf44a-2175-4293-a8eb-ae77fdcd05ca - - - - -] libvirt.cpu_models = [] log_opt_values /usr/lib/python3/dist-packages/oslo_config/cfg.py:2609
2025-07-28 00:35:28.484 115569 DEBUG oslo_service.service [req-cf8cf44a-2175-4293-a8eb-ae77fdcd05ca - - - - -] libvirt.device_detach_attempts = 8 log_opt_values /usr/lib/python3/dist-packages/oslo_config/cfg.py:2609
2025-07-28 00:35:28.484 115569 DEBUG oslo_service.service [req-cf8cf44a-2175-4293-a8eb-ae77fdcd05ca - - - - -] libvirt.device_detach_timeout = 20 log_opt_values /usr/lib/python3/dist-packages/oslo_config/cfg.py:2609
2025-07-28 00:35:28.484 115569 DEBUG oslo_service.service [req-cf8cf44a-2175-4293-a8eb-ae77fdcd05ca - - - - -] libvirt.disk_cachemodes = [] log_opt_values /usr/lib/python3/dist-packages/oslo_config/cfg.py:2609
2025-07-28 00:35:28.484 115569 DEBUG oslo_service.service [req-cf8cf44a-2175-4293-a8eb-ae77fdcd05ca - - - - -] libvirt.disk_prefix = None log_opt_values /usr/lib/python3/dist-packages/oslo_config/cfg.py:2609
2025-07-28 00:35:28.485 115569 DEBUG oslo_service.service [req-cf8cf44a-2175-4293-a8eb-ae77fdcd05ca - - - - -] libvirt.enabled_perf_events = [] log_opt_values /usr/lib/python3/dist-packages/oslo_config/cfg.py:2609
2025-07-28 00:35:28.485 115569 DEBUG oslo_service.service [req-cf8cf44a-2175-4293-a8eb-ae77fdcd05ca - - - - -] libvirt.file_backed_memory = 0 log_opt_values /usr/lib/python3/dist-packages/oslo_config/cfg.py:2609
2025-07-28 00:35:28.485 115569 DEBUG oslo_service.service [req-cf8cf44a-2175-4293-a8eb-ae77fdcd05ca - - - - -] libvirt.gid_maps = [] log_opt_values /usr/lib/python3/dist-packages/oslo_config/cfg.py:2609
2025-07-28 00:35:28.485 115569 DEBUG oslo_service.service [req-cf8cf44a-2175-4293-a8eb-ae77fdcd05ca - - - - -] libvirt.hw_disk_discard = None log_opt_values /usr/lib/python3/dist-packages/oslo_config/cfg.py:2609
2025-07-28 00:35:28.485 115569 DEBUG oslo_service.service [req-cf8cf44a-2175-4293-a8eb-ae77fdcd05ca - - - - -] libvirt.hw_machine_type = None log_opt_values /usr/lib/python3/dist-packages/oslo_config/cfg.py:2609
2025-07-28 00:35:28.485 115569 DEBUG oslo_service.service [req-cf8cf44a-2175-4293-a8eb-ae77fdcd05ca - - - - -] libvirt.images_rbd_ceph_conf = log_opt_values /usr/lib/python3/dist-packages/oslo_config/cfg.py:2609
2025-07-28 00:35:28.486 115569 DEBUG oslo_service.service [req-cf8cf44a-2175-4293-a8eb-ae77fdcd05ca - - - - -] libvirt.images_rbd_glance_copy_poll_interval = 15 log_opt_values /usr/lib/python3/dist-packages/oslo_config/cfg.py:2609
2025-07-28 00:35:28.486 115569 DEBUG oslo_service.service [req-cf8cf44a-2175-4293-a8eb-ae77fdcd05ca - - - - -] libvirt.images_rbd_glance_copy_timeout = 600 log_opt_values /usr/lib/python3/dist-packages/oslo_config/cfg.py:2609
2025-07-28 00:35:28.486 115569 DEBUG oslo_service.service [req-cf8cf44a-2175-4293-a8eb-ae77fdcd05ca - - - - -] libvirt.images_rbd_glance_store_name = log_opt_values /usr/lib/python3/dist-packages/oslo_config/cfg.py:2609
2025-07-28 00:35:28.486 115569 DEBUG oslo_service.service [req-cf8cf44a-2175-4293-a8eb-ae77fdcd05ca - - - - -] libvirt.images_rbd_pool = rbd log_opt_values /usr/lib/python3/dist-packages/oslo_config/cfg.py:2609
2025-07-28 00:35:28.487 115569 DEBUG oslo_service.service [req-cf8cf44a-2175-4293-a8eb-ae77fdcd05ca - - - - -] libvirt.images_type = default log_opt_values /usr/lib/python3/dist-packages/oslo_config/cfg.py:2609
2025-07-28 00:35:28.487 115569 DEBUG oslo_service.service [req-cf8cf44a-2175-4293-a8eb-ae77fdcd05ca - - - - -] libvirt.images_volume_group = None log_opt_values /usr/lib/python3/dist-packages/oslo_config/cfg.py:2609
2025-07-28 00:35:28.487 115569 DEBUG oslo_service.service [req-cf8cf44a-2175-4293-a8eb-ae77fdcd05ca - - - - -] libvirt.inject_key = False log_opt_values /usr/lib/python3/dist-packages/oslo_config/cfg.py:2609
2025-07-28 00:35:28.487 115569 DEBUG oslo_service.service [req-cf8cf44a-2175-4293-a8eb-ae77fdcd05ca - - - - -] libvirt.inject_partition = -2 log_opt_values /usr/lib/python3/dist-packages/oslo_config/cfg.py:2609
2025-07-28 00:35:28.487 115569 DEBUG oslo_service.service [req-cf8cf44a-2175-4293-a8eb-ae77fdcd05ca - - - - -] libvirt.inject_password = False log_opt_values /usr/lib/python3/dist-packages/oslo_config/cfg.py:2609
2025-07-28 00:35:28.487 115569 DEBUG oslo_service.service [req-cf8cf44a-2175-4293-a8eb-ae77fdcd05ca - - - - -] libvirt.iscsi_iface = None log_opt_values /usr/lib/python3/dist-packages/oslo_config/cfg.py:2609
2025-07-28 00:35:28.488 115569 DEBUG oslo_service.service [req-cf8cf44a-2175-4293-a8eb-ae77fdcd05ca - - - - -] libvirt.iser_use_multipath = False log_opt_values /usr/lib/python3/dist-packages/oslo_config/cfg.py:2609
2025-07-28 00:35:28.488 115569 DEBUG oslo_service.service [req-cf8cf44a-2175-4293-a8eb-ae77fdcd05ca - - - - -] libvirt.live_migration_bandwidth = 0 log_opt_values /usr/lib/python3/dist-packages/oslo_config/cfg.py:2609
2025-07-28 00:35:28.488 115569 DEBUG oslo_service.service [req-cf8cf44a-2175-4293-a8eb-ae77fdcd05ca - - - - -] libvirt.live_migration_completion_timeout = 800 log_opt_values /usr/lib/python3/dist-packages/oslo_config/cfg.py:2609
2025-07-28 00:35:28.488 115569 DEBUG oslo_service.service [req-cf8cf44a-2175-4293-a8eb-ae77fdcd05ca - - - - -] libvirt.live_migration_downtime = 500 log_opt_values /usr/lib/python3/dist-packages/oslo_config/cfg.py:2609
2025-07-28 00:35:28.488 115569 DEBUG oslo_service.service [req-cf8cf44a-2175-4293-a8eb-ae77fdcd05ca - - - - -] libvirt.live_migration_downtime_delay = 75 log_opt_values /usr/lib/python3/dist-packages/oslo_config/cfg.py:2609
2025-07-28 00:35:28.488 115569 DEBUG oslo_service.service [req-cf8cf44a-2175-4293-a8eb-ae77fdcd05ca - - - - -] libvirt.live_migration_downtime_steps = 10 log_opt_values /usr/lib/python3/dist-packages/oslo_config/cfg.py:2609
2025-07-28 00:35:28.489 115569 DEBUG oslo_service.service [req-cf8cf44a-2175-4293-a8eb-ae77fdcd05ca - - - - -] libvirt.live_migration_inbound_addr = None log_opt_values /usr/lib/python3/dist-packages/oslo_config/cfg.py:2609
2025-07-28 00:35:28.489 115569 DEBUG oslo_service.service [req-cf8cf44a-2175-4293-a8eb-ae77fdcd05ca - - - - -] libvirt.live_migration_permit_auto_converge = False log_opt_values /usr/lib/python3/dist-packages/oslo_config/cfg.py:2609
2025-07-28 00:35:28.489 115569 DEBUG oslo_service.service [req-cf8cf44a-2175-4293-a8eb-ae77fdcd05ca - - - - -] libvirt.live_migration_permit_post_copy = False log_opt_values /usr/lib/python3/dist-packages/oslo_config/cfg.py:2609
2025-07-28 00:35:28.489 115569 DEBUG oslo_service.service [req-cf8cf44a-2175-4293-a8eb-ae77fdcd05ca - - - - -] libvirt.live_migration_scheme = None log_opt_values /usr/lib/python3/dist-packages/oslo_config/cfg.py:2609
2025-07-28 00:35:28.489 115569 DEBUG oslo_service.service [req-cf8cf44a-2175-4293-a8eb-ae77fdcd05ca - - - - -] libvirt.live_migration_timeout_action = abort log_opt_values /usr/lib/python3/dist-packages/oslo_config/cfg.py:2609
2025-07-28 00:35:28.489 115569 DEBUG oslo_service.service [req-cf8cf44a-2175-4293-a8eb-ae77fdcd05ca - - - - -] libvirt.live_migration_tunnelled = False log_opt_values /usr/lib/python3/dist-packages/oslo_config/cfg.py:2609
2025-07-28 00:35:28.490 115569 DEBUG oslo_service.service [req-cf8cf44a-2175-4293-a8eb-ae77fdcd05ca - - - - -] libvirt.live_migration_uri = None log_opt_values /usr/lib/python3/dist-packages/oslo_config/cfg.py:2609
2025-07-28 00:35:28.490 115569 DEBUG oslo_service.service [req-cf8cf44a-2175-4293-a8eb-ae77fdcd05ca - - - - -] libvirt.live_migration_with_native_tls = False log_opt_values /usr/lib/python3/dist-packages/oslo_config/cfg.py:2609
2025-07-28 00:35:28.490 115569 DEBUG oslo_service.service [req-cf8cf44a-2175-4293-a8eb-ae77fdcd05ca - - - - -] libvirt.max_queues = None log_opt_values /usr/lib/python3/dist-packages/oslo_config/cfg.py:2609
2025-07-28 00:35:28.490 115569 DEBUG oslo_service.service [req-cf8cf44a-2175-4293-a8eb-ae77fdcd05ca - - - - -] libvirt.mem_stats_period_seconds = 10 log_opt_values /usr/lib/python3/dist-packages/oslo_config/cfg.py:2609
2025-07-28 00:35:28.490 115569 DEBUG oslo_service.service [req-cf8cf44a-2175-4293-a8eb-ae77fdcd05ca - - - - -] libvirt.nfs_mount_options = None log_opt_values /usr/lib/python3/dist-packages/oslo_config/cfg.py:2609
2025-07-28 00:35:28.490 115569 DEBUG oslo_service.service [req-cf8cf44a-2175-4293-a8eb-ae77fdcd05ca - - - - -] libvirt.nfs_mount_point_base = /var/lib/nova/mnt log_opt_values /usr/lib/python3/dist-packages/oslo_config/cfg.py:2609
2025-07-28 00:35:28.491 115569 DEBUG oslo_service.service [req-cf8cf44a-2175-4293-a8eb-ae77fdcd05ca - - - - -] libvirt.num_aoe_discover_tries = 3 log_opt_values /usr/lib/python3/dist-packages/oslo_config/cfg.py:2609
2025-07-28 00:35:28.491 115569 DEBUG oslo_service.service [req-cf8cf44a-2175-4293-a8eb-ae77fdcd05ca - - - - -] libvirt.num_iser_scan_tries = 5 log_opt_values /usr/lib/python3/dist-packages/oslo_config/cfg.py:2609
2025-07-28 00:35:28.491 115569 DEBUG oslo_service.service [req-cf8cf44a-2175-4293-a8eb-ae77fdcd05ca - - - - -] libvirt.num_memory_encrypted_guests = None log_opt_values /usr/lib/python3/dist-packages/oslo_config/cfg.py:2609
2025-07-28 00:35:28.491 115569 DEBUG oslo_service.service [req-cf8cf44a-2175-4293-a8eb-ae77fdcd05ca - - - - -] libvirt.num_nvme_discover_tries = 5 log_opt_values /usr/lib/python3/dist-packages/oslo_config/cfg.py:2609
2025-07-28 00:35:28.491 115569 DEBUG oslo_service.service [req-cf8cf44a-2175-4293-a8eb-ae77fdcd05ca - - - - -] libvirt.num_pcie_ports = 0 log_opt_values /usr/lib/python3/dist-packages/oslo_config/cfg.py:2609
2025-07-28 00:35:28.491 115569 DEBUG oslo_service.service [req-cf8cf44a-2175-4293-a8eb-ae77fdcd05ca - - - - -] libvirt.num_volume_scan_tries = 5 log_opt_values /usr/lib/python3/dist-packages/oslo_config/cfg.py:2609
2025-07-28 00:35:28.492 115569 DEBUG oslo_service.service [req-cf8cf44a-2175-4293-a8eb-ae77fdcd05ca - - - - -] libvirt.pmem_namespaces = [] log_opt_values /usr/lib/python3/dist-packages/oslo_config/cfg.py:2609
2025-07-28 00:35:28.492 115569 DEBUG oslo_service.service [req-cf8cf44a-2175-4293-a8eb-ae77fdcd05ca - - - - -] libvirt.quobyte_client_cfg = None log_opt_values /usr/lib/python3/dist-packages/oslo_config/cfg.py:2609
