2025-07-28 00:37:23.764 136127 DEBUG oslo_service.service [req-1268757a-7079-43f8-8928-eb7886df7028 - - - - -] use_cow_images = True log_opt_values /usr/lib/python3/dist-packages/oslo_config/cfg.py:2602
2025-07-28 00:37:23.764 136552 DEBUG nova.service [req-939720dd-47a1-4672-b937-4c51f64d9ca1 - - - - -] Creating RPC server for service conductor start /usr/lib/python3/dist-packages/nova/service.py:182
2025-07-28 00:37:23.764 136127 DEBUG oslo_service.service [req-1268757a-7079-43f8-8928-eb7886df7028 - - - - -] use_eventlog = False log_opt_values /usr/lib/python3/dist-packages/oslo_config/cfg.py:2602
2025-07-28 00:37:23.765 136127 DEBUG oslo_service.service [req-1268757a-7079-43f8-8928-eb7886df7028 - - - - -] use_journal = False log_opt_values /usr/lib/python3/dist-packages/oslo_config/cfg.py:2602
2025-07-28 00:37:23.765 136127 DEBUG oslo_service.service [req-1268757a-7079-43f8-8928-eb7886df7028 - - - - -] use_json = False log_opt_values /usr/lib/python3/dist-packages/oslo_config/cfg.py:2602
2025-07-28 00:37:23.765 136127 DEBUG oslo_service.service [req-1268757a-7079-43f8-8928-eb7886df7028 - - - - -] use_rootwrap_daemon = False log_opt_values /usr/lib/python3/dist-packages/oslo_config/cfg.py:2602
2025-07-28 00:37:23.765 136127 DEBUG oslo_service.service [req-1268757a-7079-43f8-8928-eb7886df7028 - - - - -] use_stderr = False log_opt_values /usr/lib/python3/dist-packages/oslo_config/cfg.py:2602
2025-07-28 00:37:23.765 136127 DEBUG oslo_service.service [req-1268757a-7079-43f8-8928-eb7886df7028 - - - - -] use_syslog = False log_opt_values /usr/lib/python3/dist-packages/oslo_config/cfg.py:2602
2025-07-28 00:37:23.765 136127 DEBUG oslo_service.service [req-1268757a-7079-43f8-8928-eb7886df7028 - - - - -] vcpu_pin_set = None log_opt_values /usr/lib/python3/dist-packages/oslo_config/cfg.py:2602
2025-07-28 00:37:23.765 136127 DEBUG oslo_service.service [req-1268757a-7079-43f8-8928-eb7886df7028 - - - - -] vif_plugging_is_fatal = True log_opt_values /usr/lib/python3/dist-packages/oslo_config/cfg.py:2602
2025-07-28 00:37:23.766 136127 DEBUG oslo_service.service [req-1268757a-7079-43f8-8928-eb7886df7028 - - - - -] vif_plugging_timeout = 300 log_opt_values /usr/lib/python3/dist-packages/oslo_config/cfg.py:2602
2025-07-28 00:37:23.766 136127 DEBUG oslo_service.service [req-1268757a-7079-43f8-8928-eb7886df7028 - - - - -] virt_mkfs = [] log_opt_values /usr/lib/python3/dist-packages/oslo_config/cfg.py:2602
2025-07-28 00:37:23.766 136127 DEBUG oslo_service.service [req-1268757a-7079-43f8-8928-eb7886df7028 - - - - -] volume_usage_poll_interval = 0 log_opt_values /usr/lib/python3/dist-packages/oslo_config/cfg.py:2602
2025-07-28 00:37:23.766 136127 DEBUG oslo_service.service [req-1268757a-7079-43f8-8928-eb7886df7028 - - - - -] watch_log_file = False log_opt_values /usr/lib/python3/dist-packages/oslo_config/cfg.py:2602
2025-07-28 00:37:23.766 136127 DEBUG oslo_service.service [req-1268757a-7079-43f8-8928-eb7886df7028 - - - - -] web = /usr/share/spice-html5 log_opt_values /usr/lib/python3/dist-packages/oslo_config/cfg.py:2602
2025-07-28 00:37:23.766 136127 DEBUG oslo_service.service [req-1268757a-7079-43f8-8928-eb7886df7028 - - - - -] oslo_concurrency.disable_process_locking = False log_opt_values /usr/lib/python3/dist-packages/oslo_config/cfg.py:2609
2025-07-28 00:37:23.767 136127 DEBUG oslo_service.service [req-1268757a-7079-43f8-8928-eb7886df7028 - - - - -] oslo_concurrency.lock_path = /var/lock/nova log_opt_values /usr/lib/python3/dist-packages/oslo_config/cfg.py:2609
2025-07-28 00:37:23.767 136127 DEBUG oslo_service.service [req-1268757a-7079-43f8-8928-eb7886df7028 - - - - -] oslo_messaging_metrics.metrics_buffer_size = 1000 log_opt_values /usr/lib/python3/dist-packages/oslo_config/cfg.py:2609
2025-07-28 00:37:23.767 136127 DEBUG oslo_service.service [req-1268757a-7079-43f8-8928-eb7886df7028 - - - - -] oslo_messaging_metrics.metrics_enabled = False log_opt_values /usr/lib/python3/dist-packages/oslo_config/cfg.py:2609
2025-07-28 00:37:23.767 136127 DEBUG oslo_service.service [req-1268757a-7079-43f8-8928-eb7886df7028 - - - - -] oslo_messaging_metrics.metrics_process_name = log_opt_values /usr/lib/python3/dist-packages/oslo_config/cfg.py:2609
2025-07-28 00:37:23.767 136127 DEBUG oslo_service.service [req-1268757a-7079-43f8-8928-eb7886df7028 - - - - -] oslo_messaging_metrics.metrics_socket_file = /var/tmp/metrics_collector.sock log_opt_values /usr/lib/python3/dist-packages/oslo_config/cfg.py:2609
2025-07-28 00:37:23.768 136127 DEBUG oslo_service.service [req-1268757a-7079-43f8-8928-eb7886df7028 - - - - -] oslo_messaging_metrics.metrics_thread_stop_timeout = 10 log_opt_values /usr/lib/python3/dist-packages/oslo_config/cfg.py:2609
2025-07-28 00:37:23.768 136127 WARNING oslo_config.cfg [req-1268757a-7079-43f8-8928-eb7886df7028 - - - - -] Deprecated: Option "auth_strategy" from group "api" is deprecated for removal ( The only non-default choice, ``noauth2``, is for internal development and testing purposes only and should not be used in deployments. This option and its middleware, NoAuthMiddleware[V2_18], will be removed in a future release. ). Its value may be silently ignored in the future.
2025-07-28 00:37:23.768 136127 DEBUG oslo_service.service [req-1268757a-7079-43f8-8928-eb7886df7028 - - - - -] api.auth_strategy = keystone log_opt_values /usr/lib/python3/dist-packages/oslo_config/cfg.py:2609
2025-07-28 00:37:23.768 136127 DEBUG oslo_service.service [req-1268757a-7079-43f8-8928-eb7886df7028 - - - - -] api.compute_link_prefix = None log_opt_values /usr/lib/python3/dist-packages/oslo_config/cfg.py:2609
2025-07-28 00:37:23.769 136127 DEBUG oslo_service.service [req-1268757a-7079-43f8-8928-eb7886df7028 - - - - -] api.config_drive_skip_versions = 1.0 2007-01-19 2007-03-01 2007-08-29 2007-10-10 2007-12-15 2008-02-01 2008-09-01 log_opt_values /usr/lib/python3/dist-packages/oslo_config/cfg.py:2609
2025-07-28 00:37:23.769 136127 DEBUG oslo_service.service [req-1268757a-7079-43f8-8928-eb7886df7028 - - - - -] api.dhcp_domain = novalocal log_opt_values /usr/lib/python3/dist-packages/oslo_config/cfg.py:2609
2025-07-28 00:37:23.769 136127 DEBUG oslo_service.service [req-1268757a-7079-43f8-8928-eb7886df7028 - - - - -] api.enable_instance_password = True log_opt_values /usr/lib/python3/dist-packages/oslo_config/cfg.py:2609
2025-07-28 00:37:23.769 136127 DEBUG oslo_service.service [req-1268757a-7079-43f8-8928-eb7886df7028 - - - - -] api.glance_link_prefix = None log_opt_values /usr/lib/python3/dist-packages/oslo_config/cfg.py:2609
2025-07-28 00:37:23.769 136127 DEBUG oslo_service.service [req-1268757a-7079-43f8-8928-eb7886df7028 - - - - -] api.instance_list_cells_batch_fixed_size = 100 log_opt_values /usr/lib/python3/dist-packages/oslo_config/cfg.py:2609
2025-07-28 00:37:23.769 136127 DEBUG oslo_service.service [req-1268757a-7079-43f8-8928-eb7886df7028 - - - - -] api.instance_list_cells_batch_strategy = distributed log_opt_values /usr/lib/python3/dist-packages/oslo_config/cfg.py:2609
2025-07-28 00:37:23.770 136127 DEBUG oslo_service.service [req-1268757a-7079-43f8-8928-eb7886df7028 - - - - -] api.instance_list_per_project_cells = False log_opt_values /usr/lib/python3/dist-packages/oslo_config/cfg.py:2609
2025-07-28 00:37:23.770 136127 DEBUG oslo_service.service [req-1268757a-7079-43f8-8928-eb7886df7028 - - - - -] api.list_records_by_skipping_down_cells = True log_opt_values /usr/lib/python3/dist-packages/oslo_config/cfg.py:2609
2025-07-28 00:37:23.770 136127 DEBUG oslo_service.service [req-1268757a-7079-43f8-8928-eb7886df7028 - - - - -] api.local_metadata_per_cell = False log_opt_values /usr/lib/python3/dist-packages/oslo_config/cfg.py:2609
2025-07-28 00:37:23.770 136127 DEBUG oslo_service.service [req-1268757a-7079-43f8-8928-eb7886df7028 - - - - -] api.max_limit = 1000 log_opt_values /usr/lib/python3/dist-packages/oslo_config/cfg.py:2609
2025-07-28 00:37:23.770 136127 DEBUG oslo_service.service [req-1268757a-7079-43f8-8928-eb7886df7028 - - - - -] api.metadata_cache_expiration = 15 log_opt_values /usr/lib/python3/dist-packages/oslo_config/cfg.py:2609
2025-07-28 00:37:23.770 136127 DEBUG oslo_service.service [req-1268757a-7079-43f8-8928-eb7886df7028 - - - - -] api.neutron_default_tenant_id = default log_opt_values /usr/lib/python3/dist-packages/oslo_config/cfg.py:2609
2025-07-28 00:37:23.771 136127 DEBUG oslo_service.service [req-1268757a-7079-43f8-8928-eb7886df7028 - - - - -] api.use_forwarded_for = False log_opt_values /usr/lib/python3/dist-packages/oslo_config/cfg.py:2609
2025-07-28 00:37:23.771 136127 DEBUG oslo_service.service [req-1268757a-7079-43f8-8928-eb7886df7028 - - - - -] api.use_neutron_default_nets = False log_opt_values /usr/lib/python3/dist-packages/oslo_config/cfg.py:2609
2025-07-28 00:37:23.771 136127 DEBUG oslo_service.service [req-1268757a-7079-43f8-8928-eb7886df7028 - - - - -] api.vendordata_dynamic_connect_timeout = 5 log_opt_values /usr/lib/python3/dist-packages/oslo_config/cfg.py:2609
2025-07-28 00:37:23.771 136127 DEBUG oslo_service.service [req-1268757a-7079-43f8-8928-eb7886df7028 - - - - -] api.vendordata_dynamic_failure_fatal = False log_opt_values /usr/lib/python3/dist-packages/oslo_config/cfg.py:2609
2025-07-28 00:37:23.771 136127 DEBUG oslo_service.service [req-1268757a-7079-43f8-8928-eb7886df7028 - - - - -] api.vendordata_dynamic_read_timeout = 5 log_opt_values /usr/lib/python3/dist-packages/oslo_config/cfg.py:2609
2025-07-28 00:37:23.771 136127 DEBUG oslo_service.service [req-1268757a-7079-43f8-8928-eb7886df7028 - - - - -] api.vendordata_dynamic_ssl_certfile = log_opt_values /usr/lib/python3/dist-packages/oslo_config/cfg.py:2609
2025-07-28 00:37:23.771 136127 DEBUG oslo_service.service [req-1268757a-7079-43f8-8928-eb7886df7028 - - - - -] api.vendordata_dynamic_targets = [] log_opt_values /usr/lib/python3/dist-packages/oslo_config/cfg.py:2609
2025-07-28 00:37:23.772 136127 DEBUG oslo_service.service [req-1268757a-7079-43f8-8928-eb7886df7028 - - - - -] api.vendordata_jsonfile_path = None log_opt_values /usr/lib/python3/dist-packages/oslo_config/cfg.py:2609
2025-07-28 00:37:23.772 136127 DEBUG oslo_service.service [req-1268757a-7079-43f8-8928-eb7886df7028 - - - - -] api.vendordata_providers = ['StaticJSON'] log_opt_values /usr/lib/python3/dist-packages/oslo_config/cfg.py:2609
2025-07-28 00:37:23.772 136549 DEBUG oslo_messaging._drivers.amqpdriver [-] Listener is running poll /usr/lib/python3/dist-packages/oslo_messaging/_drivers/amqpdriver.py:343
2025-07-28 00:37:23.772 136549 DEBUG oslo_messaging._drivers.amqpdriver [-] AMQPListener connection consume poll /usr/lib/python3/dist-packages/oslo_messaging/_drivers/amqpdriver.py:357
2025-07-28 00:37:23.772 136127 DEBUG oslo_service.service [req-1268757a-7079-43f8-8928-eb7886df7028 - - - - -] cache.backend = dogpile.cache.null log_opt_values /usr/lib/python3/dist-packages/oslo_config/cfg.py:2609
2025-07-28 00:37:23.772 136127 DEBUG oslo_service.service [req-1268757a-7079-43f8-8928-eb7886df7028 - - - - -] cache.backend_argument = **** log_opt_values /usr/lib/python3/dist-packages/oslo_config/cfg.py:2609
2025-07-28 00:37:23.772 136127 DEBUG oslo_service.service [req-1268757a-7079-43f8-8928-eb7886df7028 - - - - -] cache.config_prefix = cache.oslo log_opt_values /usr/lib/python3/dist-packages/oslo_config/cfg.py:2609
2025-07-28 00:37:23.773 136127 DEBUG oslo_service.service [req-1268757a-7079-43f8-8928-eb7886df7028 - - - - -] cache.debug_cache_backend = False log_opt_values /usr/lib/python3/dist-packages/oslo_config/cfg.py:2609
2025-07-28 00:37:23.772 136549 DEBUG nova.service [req-cc84dd3f-0d13-4618-b619-734a908aa554 - - - - -] Join ServiceGroup membership for this service conductor start /usr/lib/python3/dist-packages/nova/service.py:199
2025-07-28 00:37:23.773 136127 DEBUG oslo_service.service [req-1268757a-7079-43f8-8928-eb7886df7028 - - - - -] cache.enabled = False log_opt_values /usr/lib/python3/dist-packages/oslo_config/cfg.py:2609
2025-07-28 00:37:23.773 136549 DEBUG nova.servicegroup.drivers.db [req-cc84dd3f-0d13-4618-b619-734a908aa554 - - - - -] DB_Driver: join new ServiceGroup member juju-973b25-0-lxd-7 to the conductor group, service = join /usr/lib/python3/dist-packages/nova/servicegroup/drivers/db.py:44
2025-07-28 00:37:23.773 136127 DEBUG oslo_service.service [req-1268757a-7079-43f8-8928-eb7886df7028 - - - - -] cache.expiration_time = 600 log_opt_values /usr/lib/python3/dist-packages/oslo_config/cfg.py:2609
2025-07-28 00:37:23.773 136127 DEBUG oslo_service.service [req-1268757a-7079-43f8-8928-eb7886df7028 - - - - -] cache.memcache_dead_retry = 300 log_opt_values /usr/lib/python3/dist-packages/oslo_config/cfg.py:2609
2025-07-28 00:37:23.773 136127 DEBUG oslo_service.service [req-1268757a-7079-43f8-8928-eb7886df7028 - - - - -] cache.memcache_pool_connection_get_timeout = 10 log_opt_values /usr/lib/python3/dist-packages/oslo_config/cfg.py:2609
2025-07-28 00:37:23.773 136127 DEBUG oslo_service.service [req-1268757a-7079-43f8-8928-eb7886df7028 - - - - -] cache.memcache_pool_flush_on_reconnect = False log_opt_values /usr/lib/python3/dist-packages/oslo_config/cfg.py:2609
2025-07-28 00:37:23.774 136127 DEBUG oslo_service.service [req-1268757a-7079-43f8-8928-eb7886df7028 - - - - -] cache.memcache_pool_maxsize = 10 log_opt_values /usr/lib/python3/dist-packages/oslo_config/cfg.py:2609
2025-07-28 00:37:23.774 136127 DEBUG oslo_service.service [req-1268757a-7079-43f8-8928-eb7886df7028 - - - - -] cache.memcache_pool_unused_timeout = 60 log_opt_values /usr/lib/python3/dist-packages/oslo_config/cfg.py:2609
2025-07-28 00:37:23.774 136127 DEBUG oslo_service.service [req-1268757a-7079-43f8-8928-eb7886df7028 - - - - -] cache.memcache_servers = ['localhost:11211'] log_opt_values /usr/lib/python3/dist-packages/oslo_config/cfg.py:2609
2025-07-28 00:37:23.774 136127 DEBUG oslo_service.service [req-1268757a-7079-43f8-8928-eb7886df7028 - - - - -] cache.memcache_socket_timeout = 1.0 log_opt_values /usr/lib/python3/dist-packages/oslo_config/cfg.py:2609
2025-07-28 00:37:23.774 136127 DEBUG oslo_service.service [req-1268757a-7079-43f8-8928-eb7886df7028 - - - - -] cache.proxies = [] log_opt_values /usr/lib/python3/dist-packages/oslo_config/cfg.py:2609
2025-07-28 00:37:23.774 136127 DEBUG oslo_service.service [req-1268757a-7079-43f8-8928-eb7886df7028 - - - - -] cache.tls_allowed_ciphers = None log_opt_values /usr/lib/python3/dist-packages/oslo_config/cfg.py:2609
2025-07-28 00:37:23.775 136127 DEBUG oslo_service.service [req-1268757a-7079-43f8-8928-eb7886df7028 - - - - -] cache.tls_cafile = None log_opt_values /usr/lib/python3/dist-packages/oslo_config/cfg.py:2609
2025-07-28 00:37:23.775 136127 DEBUG oslo_service.service [req-1268757a-7079-43f8-8928-eb7886df7028 - - - - -] cache.tls_certfile = None log_opt_values /usr/lib/python3/dist-packages/oslo_config/cfg.py:2609
2025-07-28 00:37:23.775 136127 DEBUG oslo_service.service [req-1268757a-7079-43f8-8928-eb7886df7028 - - - - -] cache.tls_enabled = False log_opt_values /usr/lib/python3/dist-packages/oslo_config/cfg.py:2609
2025-07-28 00:37:23.775 136127 DEBUG oslo_service.service [req-1268757a-7079-43f8-8928-eb7886df7028 - - - - -] cache.tls_keyfile = None log_opt_values /usr/lib/python3/dist-packages/oslo_config/cfg.py:2609
2025-07-28 00:37:23.775 136127 DEBUG oslo_service.service [req-1268757a-7079-43f8-8928-eb7886df7028 - - - - -] cinder.auth_section = None log_opt_values /usr/lib/python3/dist-packages/oslo_config/cfg.py:2609
2025-07-28 00:37:23.775 136127 DEBUG oslo_service.service [req-1268757a-7079-43f8-8928-eb7886df7028 - - - - -] cinder.auth_type = None log_opt_values /usr/lib/python3/dist-packages/oslo_config/cfg.py:2609
2025-07-28 00:37:23.775 136549 DEBUG oslo_messaging._drivers.amqpdriver [-] AMQPListener connection timeout poll /usr/lib/python3/dist-packages/oslo_messaging/_drivers/amqpdriver.py:360
2025-07-28 00:37:23.776 136127 DEBUG oslo_service.service [req-1268757a-7079-43f8-8928-eb7886df7028 - - - - -] cinder.cafile = None log_opt_values /usr/lib/python3/dist-packages/oslo_config/cfg.py:2609
2025-07-28 00:37:23.776 136549 DEBUG oslo_messaging._drivers.amqpdriver [-] Listener is running poll /usr/lib/python3/dist-packages/oslo_messaging/_drivers/amqpdriver.py:343
2025-07-28 00:37:23.776 136127 DEBUG oslo_service.service [req-1268757a-7079-43f8-8928-eb7886df7028 - - - - -] cinder.catalog_info = volumev3::publicURL log_opt_values /usr/lib/python3/dist-packages/oslo_config/cfg.py:2609
2025-07-28 00:37:23.776 136549 DEBUG oslo_messaging._drivers.amqpdriver [-] AMQPListener connection consume poll /usr/lib/python3/dist-packages/oslo_messaging/_drivers/amqpdriver.py:357
2025-07-28 00:37:23.776 136127 DEBUG oslo_service.service [req-1268757a-7079-43f8-8928-eb7886df7028 - - - - -] cinder.certfile = None log_opt_values /usr/lib/python3/dist-packages/oslo_config/cfg.py:2609
2025-07-28 00:37:23.776 136127 DEBUG oslo_service.service [req-1268757a-7079-43f8-8928-eb7886df7028 - - - - -] cinder.collect_timing = False log_opt_values /usr/lib/python3/dist-packages/oslo_config/cfg.py:2609
2025-07-28 00:37:23.776 136127 DEBUG oslo_service.service [req-1268757a-7079-43f8-8928-eb7886df7028 - - - - -] cinder.cross_az_attach = True log_opt_values /usr/lib/python3/dist-packages/oslo_config/cfg.py:2609
2025-07-28 00:37:23.776 136127 DEBUG oslo_service.service [req-1268757a-7079-43f8-8928-eb7886df7028 - - - - -] cinder.debug = False log_opt_values /usr/lib/python3/dist-packages/oslo_config/cfg.py:2609
2025-07-28 00:37:23.777 136127 DEBUG oslo_service.service [req-1268757a-7079-43f8-8928-eb7886df7028 - - - - -] cinder.endpoint_template = None log_opt_values /usr/lib/python3/dist-packages/oslo_config/cfg.py:2609
2025-07-28 00:37:23.777 136127 DEBUG oslo_service.service [req-1268757a-7079-43f8-8928-eb7886df7028 - - - - -] cinder.http_retries = 3 log_opt_values /usr/lib/python3/dist-packages/oslo_config/cfg.py:2609
2025-07-28 00:37:23.777 136127 DEBUG oslo_service.service [req-1268757a-7079-43f8-8928-eb7886df7028 - - - - -] cinder.insecure = False log_opt_values /usr/lib/python3/dist-packages/oslo_config/cfg.py:2609
2025-07-28 00:37:23.777 136127 DEBUG oslo_service.service [req-1268757a-7079-43f8-8928-eb7886df7028 - - - - -] cinder.keyfile = None log_opt_values /usr/lib/python3/dist-packages/oslo_config/cfg.py:2609
2025-07-28 00:37:23.777 136127 DEBUG oslo_service.service [req-1268757a-7079-43f8-8928-eb7886df7028 - - - - -] cinder.os_region_name = None log_opt_values /usr/lib/python3/dist-packages/oslo_config/cfg.py:2609
2025-07-28 00:37:23.777 136127 DEBUG oslo_service.service [req-1268757a-7079-43f8-8928-eb7886df7028 - - - - -] cinder.split_loggers = False log_opt_values /usr/lib/python3/dist-packages/oslo_config/cfg.py:2609
2025-07-28 00:37:23.778 136127 DEBUG oslo_service.service [req-1268757a-7079-43f8-8928-eb7886df7028 - - - - -] cinder.timeout = None log_opt_values /usr/lib/python3/dist-packages/oslo_config/cfg.py:2609
2025-07-28 00:37:23.778 136127 DEBUG oslo_service.service [req-1268757a-7079-43f8-8928-eb7886df7028 - - - - -] compute.consecutive_build_service_disable_threshold = 10 log_opt_values /usr/lib/python3/dist-packages/oslo_config/cfg.py:2609
2025-07-28 00:37:23.778 136127 DEBUG oslo_service.service [req-1268757a-7079-43f8-8928-eb7886df7028 - - - - -] compute.cpu_dedicated_set = None log_opt_values /usr/lib/python3/dist-packages/oslo_config/cfg.py:2609
2025-07-28 00:37:23.778 136127 DEBUG oslo_service.service [req-1268757a-7079-43f8-8928-eb7886df7028 - - - - -] compute.cpu_shared_set = None log_opt_values /usr/lib/python3/dist-packages/oslo_config/cfg.py:2609
2025-07-28 00:37:23.778 136127 DEBUG oslo_service.service [req-1268757a-7079-43f8-8928-eb7886df7028 - - - - -] compute.image_type_exclude_list = [] log_opt_values /usr/lib/python3/dist-packages/oslo_config/cfg.py:2609
2025-07-28 00:37:23.778 136127 DEBUG oslo_service.service [req-1268757a-7079-43f8-8928-eb7886df7028 - - - - -] compute.live_migration_wait_for_vif_plug = True log_opt_values /usr/lib/python3/dist-packages/oslo_config/cfg.py:2609
2025-07-28 00:37:23.778 136127 DEBUG oslo_service.service [req-1268757a-7079-43f8-8928-eb7886df7028 - - - - -] compute.max_concurrent_disk_ops = 0 log_opt_values /usr/lib/python3/dist-packages/oslo_config/cfg.py:2609
2025-07-28 00:37:23.779 136127 DEBUG oslo_service.service [req-1268757a-7079-43f8-8928-eb7886df7028 - - - - -] compute.max_disk_devices_to_attach = -1 log_opt_values /usr/lib/python3/dist-packages/oslo_config/cfg.py:2609
2025-07-28 00:37:23.779 136127 DEBUG oslo_service.service [req-1268757a-7079-43f8-8928-eb7886df7028 - - - - -] compute.packing_host_numa_cells_allocation_strategy = True log_opt_values /usr/lib/python3/dist-packages/oslo_config/cfg.py:2609
2025-07-28 00:37:23.779 136127 DEBUG oslo_service.service [req-1268757a-7079-43f8-8928-eb7886df7028 - - - - -] compute.provider_config_location = /etc/nova/provider_config/ log_opt_values /usr/lib/python3/dist-packages/oslo_config/cfg.py:2609
2025-07-28 00:37:23.779 136127 DEBUG oslo_service.service [req-1268757a-7079-43f8-8928-eb7886df7028 - - - - -] compute.resource_provider_association_refresh = 300 log_opt_values /usr/lib/python3/dist-packages/oslo_config/cfg.py:2609
2025-07-28 00:37:23.779 136127 DEBUG oslo_service.service [req-1268757a-7079-43f8-8928-eb7886df7028 - - - - -] compute.shutdown_retry_interval = 10 log_opt_values /usr/lib/python3/dist-packages/oslo_config/cfg.py:2609
2025-07-28 00:37:23.779 136127 DEBUG oslo_service.service [req-1268757a-7079-43f8-8928-eb7886df7028 - - - - -] compute.vmdk_allowed_types = ['streamOptimized', 'monolithicSparse'] log_opt_values /usr/lib/python3/dist-packages/oslo_config/cfg.py:2609
2025-07-28 00:37:23.780 136127 DEBUG oslo_service.service [req-1268757a-7079-43f8-8928-eb7886df7028 - - - - -] conductor.workers = 4 log_opt_values /usr/lib/python3/dist-packages/oslo_config/cfg.py:2609
2025-07-28 00:37:23.780 136127 DEBUG oslo_service.service [req-1268757a-7079-43f8-8928-eb7886df7028 - - - - -] console.allowed_origins = [] log_opt_values /usr/lib/python3/dist-packages/oslo_config/cfg.py:2609
2025-07-28 00:37:23.780 136127 DEBUG oslo_service.service [req-1268757a-7079-43f8-8928-eb7886df7028 - - - - -] console.ssl_ciphers = None log_opt_values /usr/lib/python3/dist-packages/oslo_config/cfg.py:2609
2025-07-28 00:37:23.780 136127 DEBUG oslo_service.service [req-1268757a-7079-43f8-8928-eb7886df7028 - - - - -] console.ssl_minimum_version = default log_opt_values /usr/lib/python3/dist-packages/oslo_config/cfg.py:2609
2025-07-28 00:37:23.780 136127 DEBUG oslo_service.service [req-1268757a-7079-43f8-8928-eb7886df7028 - - - - -] consoleauth.token_ttl = 600 log_opt_values /usr/lib/python3/dist-packages/oslo_config/cfg.py:2609
2025-07-28 00:37:23.781 136127 DEBUG oslo_service.service [req-1268757a-7079-43f8-8928-eb7886df7028 - - - - -] cyborg.cafile = None log_opt_values /usr/lib/python3/dist-packages/oslo_config/cfg.py:2609
2025-07-28 00:37:23.781 136127 DEBUG oslo_service.service [req-1268757a-7079-43f8-8928-eb7886df7028 - - - - -] cyborg.certfile = None log_opt_values /usr/lib/python3/dist-packages/oslo_config/cfg.py:2609
2025-07-28 00:37:23.781 136127 DEBUG oslo_service.service [req-1268757a-7079-43f8-8928-eb7886df7028 - - - - -] cyborg.collect_timing = False log_opt_values /usr/lib/python3/dist-packages/oslo_config/cfg.py:2609
2025-07-28 00:37:23.781 136127 DEBUG oslo_service.service [req-1268757a-7079-43f8-8928-eb7886df7028 - - - - -] cyborg.connect_retries = None log_opt_values /usr/lib/python3/dist-packages/oslo_config/cfg.py:2609
2025-07-28 00:37:23.781 136127 DEBUG oslo_service.service [req-1268757a-7079-43f8-8928-eb7886df7028 - - - - -] cyborg.connect_retry_delay = None log_opt_values /usr/lib/python3/dist-packages/oslo_config/cfg.py:2609
2025-07-28 00:37:23.781 136127 DEBUG oslo_service.service [req-1268757a-7079-43f8-8928-eb7886df7028 - - - - -] cyborg.endpoint_override = None log_opt_values /usr/lib/python3/dist-packages/oslo_config/cfg.py:2609
2025-07-28 00:37:23.781 136127 DEBUG oslo_service.service [req-1268757a-7079-43f8-8928-eb7886df7028 - - - - -] cyborg.insecure = False log_opt_values /usr/lib/python3/dist-packages/oslo_config/cfg.py:2609
2025-07-28 00:37:23.782 136127 DEBUG oslo_service.service [req-1268757a-7079-43f8-8928-eb7886df7028 - - - - -] cyborg.keyfile = None log_opt_values /usr/lib/python3/dist-packages/oslo_config/cfg.py:2609
2025-07-28 00:37:23.782 136127 DEBUG oslo_service.service [req-1268757a-7079-43f8-8928-eb7886df7028 - - - - -] cyborg.max_version = None log_opt_values /usr/lib/python3/dist-packages/oslo_config/cfg.py:2609
2025-07-28 00:37:23.782 136127 DEBUG oslo_service.service [req-1268757a-7079-43f8-8928-eb7886df7028 - - - - -] cyborg.min_version = None log_opt_values /usr/lib/python3/dist-packages/oslo_config/cfg.py:2609
2025-07-28 00:37:23.782 136127 DEBUG oslo_service.service [req-1268757a-7079-43f8-8928-eb7886df7028 - - - - -] cyborg.region_name = None log_opt_values /usr/lib/python3/dist-packages/oslo_config/cfg.py:2609
2025-07-28 00:37:23.782 136127 DEBUG oslo_service.service [req-1268757a-7079-43f8-8928-eb7886df7028 - - - - -] cyborg.service_name = None log_opt_values /usr/lib/python3/dist-packages/oslo_config/cfg.py:2609
2025-07-28 00:37:23.783 136127 DEBUG oslo_service.service [req-1268757a-7079-43f8-8928-eb7886df7028 - - - - -] cyborg.service_type = accelerator log_opt_values /usr/lib/python3/dist-packages/oslo_config/cfg.py:2609
2025-07-28 00:37:23.783 136127 DEBUG oslo_service.service [req-1268757a-7079-43f8-8928-eb7886df7028 - - - - -] cyborg.split_loggers = False log_opt_values /usr/lib/python3/dist-packages/oslo_config/cfg.py:2609
2025-07-28 00:37:23.783 136127 DEBUG oslo_service.service [req-1268757a-7079-43f8-8928-eb7886df7028 - - - - -] cyborg.status_code_retries = None log_opt_values /usr/lib/python3/dist-packages/oslo_config/cfg.py:2609
2025-07-28 00:37:23.783 136127 DEBUG oslo_service.service [req-1268757a-7079-43f8-8928-eb7886df7028 - - - - -] cyborg.status_code_retry_delay = None log_opt_values /usr/lib/python3/dist-packages/oslo_config/cfg.py:2609
2025-07-28 00:37:23.783 136127 DEBUG oslo_service.service [req-1268757a-7079-43f8-8928-eb7886df7028 - - - - -] cyborg.timeout = None log_opt_values /usr/lib/python3/dist-packages/oslo_config/cfg.py:2609
2025-07-28 00:37:23.783 136127 DEBUG oslo_service.service [req-1268757a-7079-43f8-8928-eb7886df7028 - - - - -] cyborg.valid_interfaces = ['internal', 'public'] log_opt_values /usr/lib/python3/dist-packages/oslo_config/cfg.py:2609
2025-07-28 00:37:23.784 136127 DEBUG oslo_service.service [req-1268757a-7079-43f8-8928-eb7886df7028 - - - - -] cyborg.version = None log_opt_values /usr/lib/python3/dist-packages/oslo_config/cfg.py:2609
2025-07-28 00:37:23.784 136127 DEBUG oslo_service.service [req-1268757a-7079-43f8-8928-eb7886df7028 - - - - -] database.backend = sqlalchemy log_opt_values /usr/lib/python3/dist-packages/oslo_config/cfg.py:2609
2025-07-28 00:37:23.784 136127 DEBUG oslo_service.service [req-1268757a-7079-43f8-8928-eb7886df7028 - - - - -] database.connection = **** log_opt_values /usr/lib/python3/dist-packages/oslo_config/cfg.py:2609
2025-07-28 00:37:23.784 136127 DEBUG oslo_service.service [req-1268757a-7079-43f8-8928-eb7886df7028 - - - - -] database.connection_debug = 0 log_opt_values /usr/lib/python3/dist-packages/oslo_config/cfg.py:2609
2025-07-28 00:37:23.784 136127 DEBUG oslo_service.service [req-1268757a-7079-43f8-8928-eb7886df7028 - - - - -] database.connection_parameters = log_opt_values /usr/lib/python3/dist-packages/oslo_config/cfg.py:2609
2025-07-28 00:37:23.784 136127 DEBUG oslo_service.service [req-1268757a-7079-43f8-8928-eb7886df7028 - - - - -] database.connection_recycle_time = 3600 log_opt_values /usr/lib/python3/dist-packages/oslo_config/cfg.py:2609
2025-07-28 00:37:23.785 136127 DEBUG oslo_service.service [req-1268757a-7079-43f8-8928-eb7886df7028 - - - - -] database.connection_trace = False log_opt_values /usr/lib/python3/dist-packages/oslo_config/cfg.py:2609
2025-07-28 00:37:23.785 136127 DEBUG oslo_service.service [req-1268757a-7079-43f8-8928-eb7886df7028 - - - - -] database.db_inc_retry_interval = True log_opt_values /usr/lib/python3/dist-packages/oslo_config/cfg.py:2609
2025-07-28 00:37:23.785 136127 DEBUG oslo_service.service [req-1268757a-7079-43f8-8928-eb7886df7028 - - - - -] database.db_max_retries = 20 log_opt_values /usr/lib/python3/dist-packages/oslo_config/cfg.py:2609
2025-07-28 00:37:23.785 136127 DEBUG oslo_service.service [req-1268757a-7079-43f8-8928-eb7886df7028 - - - - -] database.db_max_retry_interval = 10 log_opt_values /usr/lib/python3/dist-packages/oslo_config/cfg.py:2609
2025-07-28 00:37:23.785 136127 DEBUG oslo_service.service [req-1268757a-7079-43f8-8928-eb7886df7028 - - - - -] database.db_retry_interval = 1 log_opt_values /usr/lib/python3/dist-packages/oslo_config/cfg.py:2609
2025-07-28 00:37:23.785 136127 DEBUG oslo_service.service [req-1268757a-7079-43f8-8928-eb7886df7028 - - - - -] database.max_overflow = 50 log_opt_values /usr/lib/python3/dist-packages/oslo_config/cfg.py:2609
2025-07-28 00:37:23.786 136127 DEBUG oslo_service.service [req-1268757a-7079-43f8-8928-eb7886df7028 - - - - -] database.max_pool_size = 4 log_opt_values /usr/lib/python3/dist-packages/oslo_config/cfg.py:2609
2025-07-28 00:37:23.786 136127 DEBUG oslo_service.service [req-1268757a-7079-43f8-8928-eb7886df7028 - - - - -] database.max_retries = 10 log_opt_values /usr/lib/python3/dist-packages/oslo_config/cfg.py:2609
2025-07-28 00:37:23.786 136551 DEBUG oslo_messaging._drivers.amqpdriver [-] Listener is running poll /usr/lib/python3/dist-packages/oslo_messaging/_drivers/amqpdriver.py:343
2025-07-28 00:37:23.786 136127 DEBUG oslo_service.service [req-1268757a-7079-43f8-8928-eb7886df7028 - - - - -] database.mysql_enable_ndb = False log_opt_values /usr/lib/python3/dist-packages/oslo_config/cfg.py:2609
2025-07-28 00:37:23.786 136552 DEBUG oslo_messaging._drivers.amqpdriver [-] Listener is running poll /usr/lib/python3/dist-packages/oslo_messaging/_drivers/amqpdriver.py:343
2025-07-28 00:37:23.786 136551 DEBUG oslo_messaging._drivers.amqpdriver [-] AMQPListener connection consume poll /usr/lib/python3/dist-packages/oslo_messaging/_drivers/amqpdriver.py:357
2025-07-28 00:37:23.786 136127 DEBUG oslo_service.service [req-1268757a-7079-43f8-8928-eb7886df7028 - - - - -] database.mysql_sql_mode = TRADITIONAL log_opt_values /usr/lib/python3/dist-packages/oslo_config/cfg.py:2609
2025-07-28 00:37:23.786 136552 DEBUG oslo_messaging._drivers.amqpdriver [-] AMQPListener connection consume poll /usr/lib/python3/dist-packages/oslo_messaging/_drivers/amqpdriver.py:357
2025-07-28 00:37:23.786 136127 DEBUG oslo_service.service [req-1268757a-7079-43f8-8928-eb7886df7028 - - - - -] database.pool_timeout = None log_opt_values /usr/lib/python3/dist-packages/oslo_config/cfg.py:2609
2025-07-28 00:37:23.786 136127 DEBUG oslo_service.service [req-1268757a-7079-43f8-8928-eb7886df7028 - - - - -] database.retry_interval = 10 log_opt_values /usr/lib/python3/dist-packages/oslo_config/cfg.py:2609
2025-07-28 00:37:23.787 136127 DEBUG oslo_service.service [req-1268757a-7079-43f8-8928-eb7886df7028 - - - - -] database.slave_connection = **** log_opt_values /usr/lib/python3/dist-packages/oslo_config/cfg.py:2609
2025-07-28 00:37:23.786 136551 DEBUG nova.service [req-55b8eb37-88f1-4551-b647-7d29ec909d18 - - - - -] Join ServiceGroup membership for this service conductor start /usr/lib/python3/dist-packages/nova/service.py:199
2025-07-28 00:37:23.786 136552 DEBUG nova.service [req-939720dd-47a1-4672-b937-4c51f64d9ca1 - - - - -] Join ServiceGroup membership for this service conductor start /usr/lib/python3/dist-packages/nova/service.py:199
2025-07-28 00:37:23.787 136127 DEBUG oslo_service.service [req-1268757a-7079-43f8-8928-eb7886df7028 - - - - -] database.sqlite_synchronous = True log_opt_values /usr/lib/python3/dist-packages/oslo_config/cfg.py:2609
2025-07-28 00:37:23.787 136551 DEBUG nova.servicegroup.drivers.db [req-55b8eb37-88f1-4551-b647-7d29ec909d18 - - - - -] DB_Driver: join new ServiceGroup member juju-973b25-0-lxd-7 to the conductor group, service = join /usr/lib/python3/dist-packages/nova/servicegroup/drivers/db.py:44
2025-07-28 00:37:23.787 136127 DEBUG oslo_service.service [req-1268757a-7079-43f8-8928-eb7886df7028 - - - - -] database.use_db_reconnect = False log_opt_values /usr/lib/python3/dist-packages/oslo_config/cfg.py:2609
2025-07-28 00:37:23.787 136552 DEBUG nova.servicegroup.drivers.db [req-939720dd-47a1-4672-b937-4c51f64d9ca1 - - - - -] DB_Driver: join new ServiceGroup member juju-973b25-0-lxd-7 to the conductor group, service = join /usr/lib/python3/dist-packages/nova/servicegroup/drivers/db.py:44
2025-07-28 00:37:23.787 136127 DEBUG oslo_service.service [req-1268757a-7079-43f8-8928-eb7886df7028 - - - - -] api_database.backend = sqlalchemy log_opt_values /usr/lib/python3/dist-packages/oslo_config/cfg.py:2609
2025-07-28 00:37:23.787 136127 DEBUG oslo_service.service [req-1268757a-7079-43f8-8928-eb7886df7028 - - - - -] api_database.connection = **** log_opt_values /usr/lib/python3/dist-packages/oslo_config/cfg.py:2609
2025-07-28 00:37:23.787 136127 DEBUG oslo_service.service [req-1268757a-7079-43f8-8928-eb7886df7028 - - - - -] api_database.connection_debug = 0 log_opt_values /usr/lib/python3/dist-packages/oslo_config/cfg.py:2609
2025-07-28 00:37:23.787 136127 DEBUG oslo_service.service [req-1268757a-7079-43f8-8928-eb7886df7028 - - - - -] api_database.connection_parameters = log_opt_values /usr/lib/python3/dist-packages/oslo_config/cfg.py:2609
2025-07-28 00:37:23.788 136127 DEBUG oslo_service.service [req-1268757a-7079-43f8-8928-eb7886df7028 - - - - -] api_database.connection_recycle_time = 3600 log_opt_values /usr/lib/python3/dist-packages/oslo_config/cfg.py:2609
2025-07-28 00:37:23.788 136127 DEBUG oslo_service.service [req-1268757a-7079-43f8-8928-eb7886df7028 - - - - -] api_database.connection_trace = False log_opt_values /usr/lib/python3/dist-packages/oslo_config/cfg.py:2609
2025-07-28 00:37:23.788 136127 DEBUG oslo_service.service [req-1268757a-7079-43f8-8928-eb7886df7028 - - - - -] api_database.db_inc_retry_interval = True log_opt_values /usr/lib/python3/dist-packages/oslo_config/cfg.py:2609
2025-07-28 00:37:23.788 136127 DEBUG oslo_service.service [req-1268757a-7079-43f8-8928-eb7886df7028 - - - - -] api_database.db_max_retries = 20 log_opt_values /usr/lib/python3/dist-packages/oslo_config/cfg.py:2609
2025-07-28 00:37:23.788 136127 DEBUG oslo_service.service [req-1268757a-7079-43f8-8928-eb7886df7028 - - - - -] api_database.db_max_retry_interval = 10 log_opt_values /usr/lib/python3/dist-packages/oslo_config/cfg.py:2609
2025-07-28 00:37:23.788 136127 DEBUG oslo_service.service [req-1268757a-7079-43f8-8928-eb7886df7028 - - - - -] api_database.db_retry_interval = 1 log_opt_values /usr/lib/python3/dist-packages/oslo_config/cfg.py:2609
2025-07-28 00:37:23.789 136127 DEBUG oslo_service.service [req-1268757a-7079-43f8-8928-eb7886df7028 - - - - -] api_database.max_overflow = 50 log_opt_values /usr/lib/python3/dist-packages/oslo_config/cfg.py:2609
2025-07-28 00:37:23.789 136127 DEBUG oslo_service.service [req-1268757a-7079-43f8-8928-eb7886df7028 - - - - -] api_database.max_pool_size = 4 log_opt_values /usr/lib/python3/dist-packages/oslo_config/cfg.py:2609
2025-07-28 00:37:23.789 136127 DEBUG oslo_service.service [req-1268757a-7079-43f8-8928-eb7886df7028 - - - - -] api_database.max_retries = 10 log_opt_values /usr/lib/python3/dist-packages/oslo_config/cfg.py:2609
2025-07-28 00:37:23.789 136127 DEBUG oslo_service.service [req-1268757a-7079-43f8-8928-eb7886df7028 - - - - -] api_database.mysql_enable_ndb = False log_opt_values /usr/lib/python3/dist-packages/oslo_config/cfg.py:2609
2025-07-28 00:37:23.789 136551 DEBUG oslo_messaging._drivers.amqpdriver [-] AMQPListener connection timeout poll /usr/lib/python3/dist-packages/oslo_messaging/_drivers/amqpdriver.py:360
2025-07-28 00:37:23.789 136127 DEBUG oslo_service.service [req-1268757a-7079-43f8-8928-eb7886df7028 - - - - -] api_database.mysql_sql_mode = TRADITIONAL log_opt_values /usr/lib/python3/dist-packages/oslo_config/cfg.py:2609
2025-07-28 00:37:23.789 136552 DEBUG oslo_messaging._drivers.amqpdriver [-] AMQPListener connection timeout poll /usr/lib/python3/dist-packages/oslo_messaging/_drivers/amqpdriver.py:360
2025-07-28 00:37:23.789 136551 DEBUG oslo_messaging._drivers.amqpdriver [-] Listener is running poll /usr/lib/python3/dist-packages/oslo_messaging/_drivers/amqpdriver.py:343
2025-07-28 00:37:23.789 136127 DEBUG oslo_service.service [req-1268757a-7079-43f8-8928-eb7886df7028 - - - - -] api_database.pool_timeout = None log_opt_values /usr/lib/python3/dist-packages/oslo_config/cfg.py:2609
2025-07-28 00:37:23.790 136551 DEBUG oslo_messaging._drivers.amqpdriver [-] AMQPListener connection consume poll /usr/lib/python3/dist-packages/oslo_messaging/_drivers/amqpdriver.py:357
2025-07-28 00:37:23.789 136552 DEBUG oslo_messaging._drivers.amqpdriver [-] Listener is running poll /usr/lib/python3/dist-packages/oslo_messaging/_drivers/amqpdriver.py:343
2025-07-28 00:37:23.790 136127 DEBUG oslo_service.service [req-1268757a-7079-43f8-8928-eb7886df7028 - - - - -] api_database.retry_interval = 10 log_opt_values /usr/lib/python3/dist-packages/oslo_config/cfg.py:2609
2025-07-28 00:37:23.790 136552 DEBUG oslo_messaging._drivers.amqpdriver [-] AMQPListener connection consume poll /usr/lib/python3/dist-packages/oslo_messaging/_drivers/amqpdriver.py:357
2025-07-28 00:37:23.790 136127 DEBUG oslo_service.service [req-1268757a-7079-43f8-8928-eb7886df7028 - - - - -] api_database.slave_connection = **** log_opt_values /usr/lib/python3/dist-packages/oslo_config/cfg.py:2609
2025-07-28 00:37:23.790 136127 DEBUG oslo_service.service [req-1268757a-7079-43f8-8928-eb7886df7028 - - - - -] api_database.sqlite_synchronous = True log_opt_values /usr/lib/python3/dist-packages/oslo_config/cfg.py:2609
2025-07-28 00:37:23.790 136127 DEBUG oslo_service.service [req-1268757a-7079-43f8-8928-eb7886df7028 - - - - -] devices.enabled_mdev_types = [] log_opt_values /usr/lib/python3/dist-packages/oslo_config/cfg.py:2609
2025-07-28 00:37:23.790 136127 DEBUG oslo_service.service [req-1268757a-7079-43f8-8928-eb7886df7028 - - - - -] ephemeral_storage_encryption.cipher = aes-xts-plain64 log_opt_values /usr/lib/python3/dist-packages/oslo_config/cfg.py:2609
2025-07-28 00:37:23.790 136127 DEBUG oslo_service.service [req-1268757a-7079-43f8-8928-eb7886df7028 - - - - -] ephemeral_storage_encryption.enabled = False log_opt_values /usr/lib/python3/dist-packages/oslo_config/cfg.py:2609
2025-07-28 00:37:23.791 136127 DEBUG oslo_service.service [req-1268757a-7079-43f8-8928-eb7886df7028 - - - - -] ephemeral_storage_encryption.key_size = 512 log_opt_values /usr/lib/python3/dist-packages/oslo_config/cfg.py:2609
2025-07-28 00:37:23.791 136127 WARNING oslo_config.cfg [req-1268757a-7079-43f8-8928-eb7886df7028 - - - - -] Deprecated: Option "api_servers" from group "glance" is deprecated for removal ( Support for image service configuration via standard keystoneauth1 Adapter options was added in the 17.0.0 Queens release. The api_servers option was retained temporarily to allow consumers time to cut over to a real load balancing solution. ). Its value may be silently ignored in the future.
2025-07-28 00:37:23.791 136127 DEBUG oslo_service.service [req-1268757a-7079-43f8-8928-eb7886df7028 - - - - -] glance.api_servers = ['http://252.65.3.141:9292'] log_opt_values /usr/lib/python3/dist-packages/oslo_config/cfg.py:2609
2025-07-28 00:37:23.791 136127 DEBUG oslo_service.service [req-1268757a-7079-43f8-8928-eb7886df7028 - - - - -] glance.cafile = None log_opt_values /usr/lib/python3/dist-packages/oslo_config/cfg.py:2609
2025-07-28 00:37:23.792 136127 DEBUG oslo_service.service [req-1268757a-7079-43f8-8928-eb7886df7028 - - - - -] glance.certfile = None log_opt_values /usr/lib/python3/dist-packages/oslo_config/cfg.py:2609
2025-07-28 00:37:23.792 136127 DEBUG oslo_service.service [req-1268757a-7079-43f8-8928-eb7886df7028 - - - - -] glance.collect_timing = False log_opt_values /usr/lib/python3/dist-packages/oslo_config/cfg.py:2609
2025-07-28 00:37:23.792 136127 DEBUG oslo_service.service [req-1268757a-7079-43f8-8928-eb7886df7028 - - - - -] glance.connect_retries = None log_opt_values /usr/lib/python3/dist-packages/oslo_config/cfg.py:2609
2025-07-28 00:37:23.792 136127 DEBUG oslo_service.service [req-1268757a-7079-43f8-8928-eb7886df7028 - - - - -] glance.connect_retry_delay = None log_opt_values /usr/lib/python3/dist-packages/oslo_config/cfg.py:2609
2025-07-28 00:37:23.792 136127 DEBUG oslo_service.service [req-1268757a-7079-43f8-8928-eb7886df7028 - - - - -] glance.debug = False log_opt_values /usr/lib/python3/dist-packages/oslo_config/cfg.py:2609
2025-07-28 00:37:23.792 136127 DEBUG oslo_service.service [req-1268757a-7079-43f8-8928-eb7886df7028 - - - - -] glance.default_trusted_certificate_ids = [] log_opt_values /usr/lib/python3/dist-packages/oslo_config/cfg.py:2609
2025-07-28 00:37:23.793 136127 DEBUG oslo_service.service [req-1268757a-7079-43f8-8928-eb7886df7028 - - - - -] glance.enable_certificate_validation = False log_opt_values /usr/lib/python3/dist-packages/oslo_config/cfg.py:2609
2025-07-28 00:37:23.793 136127 DEBUG oslo_service.service [req-1268757a-7079-43f8-8928-eb7886df7028 - - - - -] glance.enable_rbd_download = False log_opt_values /usr/lib/python3/dist-packages/oslo_config/cfg.py:2609
2025-07-28 00:37:23.793 136127 DEBUG oslo_service.service [req-1268757a-7079-43f8-8928-eb7886df7028 - - - - -] glance.endpoint_override = None log_opt_values /usr/lib/python3/dist-packages/oslo_config/cfg.py:2609
2025-07-28 00:37:23.793 136127 DEBUG oslo_service.service [req-1268757a-7079-43f8-8928-eb7886df7028 - - - - -] glance.insecure = False log_opt_values /usr/lib/python3/dist-packages/oslo_config/cfg.py:2609
2025-07-28 00:37:23.794 136127 DEBUG oslo_service.service [req-1268757a-7079-43f8-8928-eb7886df7028 - - - - -] glance.keyfile = None log_opt_values /usr/lib/python3/dist-packages/oslo_config/cfg.py:2609
2025-07-28 00:37:23.794 136127 DEBUG oslo_service.service [req-1268757a-7079-43f8-8928-eb7886df7028 - - - - -] glance.max_version = None log_opt_values /usr/lib/python3/dist-packages/oslo_config/cfg.py:2609
2025-07-28 00:37:23.794 136127 DEBUG oslo_service.service [req-1268757a-7079-43f8-8928-eb7886df7028 - - - - -] glance.min_version = None log_opt_values /usr/lib/python3/dist-packages/oslo_config/cfg.py:2609
2025-07-28 00:37:23.794 136127 DEBUG oslo_service.service [req-1268757a-7079-43f8-8928-eb7886df7028 - - - - -] glance.num_retries = 3 log_opt_values /usr/lib/python3/dist-packages/oslo_config/cfg.py:2609
2025-07-28 00:37:23.794 136127 DEBUG oslo_service.service [req-1268757a-7079-43f8-8928-eb7886df7028 - - - - -] glance.rbd_ceph_conf = log_opt_values /usr/lib/python3/dist-packages/oslo_config/cfg.py:2609
2025-07-28 00:37:23.794 136127 DEBUG oslo_service.service [req-1268757a-7079-43f8-8928-eb7886df7028 - - - - -] glance.rbd_connect_timeout = 5 log_opt_values /usr/lib/python3/dist-packages/oslo_config/cfg.py:2609
2025-07-28 00:37:23.795 136127 DEBUG oslo_service.service [req-1268757a-7079-43f8-8928-eb7886df7028 - - - - -] glance.rbd_pool = log_opt_values /usr/lib/python3/dist-packages/oslo_config/cfg.py:2609
2025-07-28 00:37:23.795 136127 DEBUG oslo_service.service [req-1268757a-7079-43f8-8928-eb7886df7028 - - - - -] glance.rbd_user = log_opt_values /usr/lib/python3/dist-packages/oslo_config/cfg.py:2609
2025-07-28 00:37:23.795 136127 DEBUG oslo_service.service [req-1268757a-7079-43f8-8928-eb7886df7028 - - - - -] glance.region_name = None log_opt_values /usr/lib/python3/dist-packages/oslo_config/cfg.py:2609
2025-07-28 00:37:23.795 136127 DEBUG oslo_service.service [req-1268757a-7079-43f8-8928-eb7886df7028 - - - - -] glance.service_name = None log_opt_values /usr/lib/python3/dist-packages/oslo_config/cfg.py:2609
2025-07-28 00:37:23.795 136127 DEBUG oslo_service.service [req-1268757a-7079-43f8-8928-eb7886df7028 - - - - -] glance.service_type = image log_opt_values /usr/lib/python3/dist-packages/oslo_config/cfg.py:2609
2025-07-28 00:37:23.795 136550 DEBUG oslo_messaging._drivers.amqpdriver [-] Listener is running poll /usr/lib/python3/dist-packages/oslo_messaging/_drivers/amqpdriver.py:343
2025-07-28 00:37:23.796 136127 DEBUG oslo_service.service [req-1268757a-7079-43f8-8928-eb7886df7028 - - - - -] glance.split_loggers = False log_opt_values /usr/lib/python3/dist-packages/oslo_config/cfg.py:2609
2025-07-28 00:37:23.796 136550 DEBUG oslo_messaging._drivers.amqpdriver [-] AMQPListener connection consume poll /usr/lib/python3/dist-packages/oslo_messaging/_drivers/amqpdriver.py:357
2025-07-28 00:37:23.796 136127 DEBUG oslo_service.service [req-1268757a-7079-43f8-8928-eb7886df7028 - - - - -] glance.status_code_retries = None log_opt_values /usr/lib/python3/dist-packages/oslo_config/cfg.py:2609
2025-07-28 00:37:23.796 136127 DEBUG oslo_service.service [req-1268757a-7079-43f8-8928-eb7886df7028 - - - - -] glance.status_code_retry_delay = None log_opt_values /usr/lib/python3/dist-packages/oslo_config/cfg.py:2609
2025-07-28 00:37:23.796 136127 DEBUG oslo_service.service [req-1268757a-7079-43f8-8928-eb7886df7028 - - - - -] glance.timeout = None log_opt_values /usr/lib/python3/dist-packages/oslo_config/cfg.py:2609
2025-07-28 00:37:23.796 136127 DEBUG oslo_service.service [req-1268757a-7079-43f8-8928-eb7886df7028 - - - - -] glance.valid_interfaces = ['internal', 'public'] log_opt_values /usr/lib/python3/dist-packages/oslo_config/cfg.py:2609
2025-07-28 00:37:23.796 136550 DEBUG nova.service [req-ec703678-e7de-4bba-98aa-01fe6b345a49 - - - - -] Join ServiceGroup membership for this service conductor start /usr/lib/python3/dist-packages/nova/service.py:199
2025-07-28 00:37:23.796 136127 DEBUG oslo_service.service [req-1268757a-7079-43f8-8928-eb7886df7028 - - - - -] glance.verify_glance_signatures = False log_opt_values /usr/lib/python3/dist-packages/oslo_config/cfg.py:2609
2025-07-28 00:37:23.797 136127 DEBUG oslo_service.service [req-1268757a-7079-43f8-8928-eb7886df7028 - - - - -] glance.version = None log_opt_values /usr/lib/python3/dist-packages/oslo_config/cfg.py:2609
2025-07-28 00:37:23.796 136550 DEBUG nova.servicegroup.drivers.db [req-ec703678-e7de-4bba-98aa-01fe6b345a49 - - - - -] DB_Driver: join new ServiceGroup member juju-973b25-0-lxd-7 to the conductor group, service = join /usr/lib/python3/dist-packages/nova/servicegroup/drivers/db.py:44
2025-07-28 00:37:23.797 136127 DEBUG oslo_service.service [req-1268757a-7079-43f8-8928-eb7886df7028 - - - - -] guestfs.debug = False log_opt_values /usr/lib/python3/dist-packages/oslo_config/cfg.py:2609
2025-07-28 00:37:23.797 136127 DEBUG oslo_service.service [req-1268757a-7079-43f8-8928-eb7886df7028 - - - - -] hyperv.config_drive_cdrom = False log_opt_values /usr/lib/python3/dist-packages/oslo_config/cfg.py:2609
2025-07-28 00:37:23.797 136127 DEBUG oslo_service.service [req-1268757a-7079-43f8-8928-eb7886df7028 - - - - -] hyperv.config_drive_inject_password = False log_opt_values /usr/lib/python3/dist-packages/oslo_config/cfg.py:2609
2025-07-28 00:37:23.797 136127 DEBUG oslo_service.service [req-1268757a-7079-43f8-8928-eb7886df7028 - - - - -] hyperv.dynamic_memory_ratio = 1.0 log_opt_values /usr/lib/python3/dist-packages/oslo_config/cfg.py:2609
2025-07-28 00:37:23.797 136127 DEBUG oslo_service.service [req-1268757a-7079-43f8-8928-eb7886df7028 - - - - -] hyperv.enable_instance_metrics_collection = False log_opt_values /usr/lib/python3/dist-packages/oslo_config/cfg.py:2609
2025-07-28 00:37:23.798 136127 DEBUG oslo_service.service [req-1268757a-7079-43f8-8928-eb7886df7028 - - - - -] hyperv.enable_remotefx = False log_opt_values /usr/lib/python3/dist-packages/oslo_config/cfg.py:2609
2025-07-28 00:37:23.798 136127 DEBUG oslo_service.service [req-1268757a-7079-43f8-8928-eb7886df7028 - - - - -] hyperv.instances_path_share = log_opt_values /usr/lib/python3/dist-packages/oslo_config/cfg.py:2609
2025-07-28 00:37:23.798 136127 DEBUG oslo_service.service [req-1268757a-7079-43f8-8928-eb7886df7028 - - - - -] hyperv.iscsi_initiator_list = [] log_opt_values /usr/lib/python3/dist-packages/oslo_config/cfg.py:2609
2025-07-28 00:37:23.798 136127 DEBUG oslo_service.service [req-1268757a-7079-43f8-8928-eb7886df7028 - - - - -] hyperv.limit_cpu_features = False log_opt_values /usr/lib/python3/dist-packages/oslo_config/cfg.py:2609
2025-07-28 00:37:23.798 136127 DEBUG oslo_service.service [req-1268757a-7079-43f8-8928-eb7886df7028 - - - - -] hyperv.mounted_disk_query_retry_count = 10 log_opt_values /usr/lib/python3/dist-packages/oslo_config/cfg.py:2609
2025-07-28 00:37:23.798 136127 DEBUG oslo_service.service [req-1268757a-7079-43f8-8928-eb7886df7028 - - - - -] hyperv.mounted_disk_query_retry_interval = 5 log_opt_values /usr/lib/python3/dist-packages/oslo_config/cfg.py:2609
2025-07-28 00:37:23.799 136127 DEBUG oslo_service.service [req-1268757a-7079-43f8-8928-eb7886df7028 - - - - -] hyperv.power_state_check_timeframe = 60 log_opt_values /usr/lib/python3/dist-packages/oslo_config/cfg.py:2609
2025-07-28 00:37:23.799 136550 DEBUG oslo_messaging._drivers.amqpdriver [-] AMQPListener connection timeout poll /usr/lib/python3/dist-packages/oslo_messaging/_drivers/amqpdriver.py:360
2025-07-28 00:37:23.799 136127 DEBUG oslo_service.service [req-1268757a-7079-43f8-8928-eb7886df7028 - - - - -] hyperv.power_state_event_polling_interval = 2 log_opt_values /usr/lib/python3/dist-packages/oslo_config/cfg.py:2609
2025-07-28 00:37:23.799 136550 DEBUG oslo_messaging._drivers.amqpdriver [-] Listener is running poll /usr/lib/python3/dist-packages/oslo_messaging/_drivers/amqpdriver.py:343
2025-07-28 00:37:23.799 136127 DEBUG oslo_service.service [req-1268757a-7079-43f8-8928-eb7886df7028 - - - - -] hyperv.qemu_img_cmd = qemu-img.exe log_opt_values /usr/lib/python3/dist-packages/oslo_config/cfg.py:2609
2025-07-28 00:37:23.799 136550 DEBUG oslo_messaging._drivers.amqpdriver [-] AMQPListener connection consume poll /usr/lib/python3/dist-packages/oslo_messaging/_drivers/amqpdriver.py:357
