2025-07-28 00:36:34.801 38062 DEBUG oslo_service.service [-] database.connection_debug = 0 log_opt_values /usr/lib/python3/dist-packages/oslo_config/cfg.py:2609
2025-07-28 00:36:34.802 38062 DEBUG oslo_service.service [-] database.connection_parameters = log_opt_values /usr/lib/python3/dist-packages/oslo_config/cfg.py:2609
2025-07-28 00:36:34.802 38062 DEBUG oslo_service.service [-] database.connection_recycle_time = 3600 log_opt_values /usr/lib/python3/dist-packages/oslo_config/cfg.py:2609
2025-07-28 00:36:34.802 38062 DEBUG oslo_service.service [-] database.connection_trace = False log_opt_values /usr/lib/python3/dist-packages/oslo_config/cfg.py:2609
2025-07-28 00:36:34.802 38062 DEBUG oslo_service.service [-] database.db_inc_retry_interval = True log_opt_values /usr/lib/python3/dist-packages/oslo_config/cfg.py:2609
2025-07-28 00:36:34.802 38062 DEBUG oslo_service.service [-] database.db_max_retries = 20 log_opt_values /usr/lib/python3/dist-packages/oslo_config/cfg.py:2609
2025-07-28 00:36:34.802 38062 DEBUG oslo_service.service [-] database.db_max_retry_interval = 10 log_opt_values /usr/lib/python3/dist-packages/oslo_config/cfg.py:2609
2025-07-28 00:36:34.802 38062 DEBUG oslo_service.service [-] database.db_retry_interval = 1 log_opt_values /usr/lib/python3/dist-packages/oslo_config/cfg.py:2609
2025-07-28 00:36:34.802 38062 DEBUG oslo_service.service [-] database.max_overflow = 50 log_opt_values /usr/lib/python3/dist-packages/oslo_config/cfg.py:2609
2025-07-28 00:36:34.803 38062 DEBUG oslo_service.service [-] database.max_pool_size = 5 log_opt_values /usr/lib/python3/dist-packages/oslo_config/cfg.py:2609
2025-07-28 00:36:34.803 38062 DEBUG oslo_service.service [-] database.max_retries = 10 log_opt_values /usr/lib/python3/dist-packages/oslo_config/cfg.py:2609
2025-07-28 00:36:34.803 38062 DEBUG oslo_service.service [-] database.mysql_enable_ndb = False log_opt_values /usr/lib/python3/dist-packages/oslo_config/cfg.py:2609
2025-07-28 00:36:34.803 38062 DEBUG oslo_service.service [-] database.mysql_sql_mode = TRADITIONAL log_opt_values /usr/lib/python3/dist-packages/oslo_config/cfg.py:2609
2025-07-28 00:36:34.803 38062 DEBUG oslo_service.service [-] database.pool_timeout = None log_opt_values /usr/lib/python3/dist-packages/oslo_config/cfg.py:2609
2025-07-28 00:36:34.803 38062 DEBUG oslo_service.service [-] database.retry_interval = 10 log_opt_values /usr/lib/python3/dist-packages/oslo_config/cfg.py:2609
2025-07-28 00:36:34.803 38062 DEBUG oslo_service.service [-] database.slave_connection = **** log_opt_values /usr/lib/python3/dist-packages/oslo_config/cfg.py:2609
2025-07-28 00:36:34.803 38062 DEBUG oslo_service.service [-] database.sqlite_synchronous = True log_opt_values /usr/lib/python3/dist-packages/oslo_config/cfg.py:2609
2025-07-28 00:36:34.803 38062 DEBUG oslo_service.service [-] database.use_db_reconnect = False log_opt_values /usr/lib/python3/dist-packages/oslo_config/cfg.py:2609
2025-07-28 00:36:34.804 38062 DEBUG oslo_service.service [-] oslo_messaging_metrics.metrics_buffer_size = 1000 log_opt_values /usr/lib/python3/dist-packages/oslo_config/cfg.py:2609
2025-07-28 00:36:34.804 38062 DEBUG oslo_service.service [-] oslo_messaging_metrics.metrics_enabled = False log_opt_values /usr/lib/python3/dist-packages/oslo_config/cfg.py:2609
2025-07-28 00:36:34.804 38062 DEBUG oslo_service.service [-] oslo_messaging_metrics.metrics_process_name = log_opt_values /usr/lib/python3/dist-packages/oslo_config/cfg.py:2609
2025-07-28 00:36:34.804 38285 INFO heat.engine.worker [-] Starting engine_worker (1.4) in engine eea739d8-e498-4894-86c6-633d33ed481a.
2025-07-28 00:36:34.804 38062 DEBUG oslo_service.service [-] oslo_messaging_metrics.metrics_socket_file = /var/tmp/metrics_collector.sock log_opt_values /usr/lib/python3/dist-packages/oslo_config/cfg.py:2609
2025-07-28 00:36:34.804 38062 DEBUG oslo_service.service [-] oslo_messaging_metrics.metrics_thread_stop_timeout = 10 log_opt_values /usr/lib/python3/dist-packages/oslo_config/cfg.py:2609
2025-07-28 00:36:34.804 38062 DEBUG oslo_service.service [-] oslo_policy.enforce_new_defaults = False log_opt_values /usr/lib/python3/dist-packages/oslo_config/cfg.py:2609
2025-07-28 00:36:34.804 38062 DEBUG oslo_service.service [-] oslo_policy.enforce_scope = False log_opt_values /usr/lib/python3/dist-packages/oslo_config/cfg.py:2609
2025-07-28 00:36:34.804 38062 DEBUG oslo_service.service [-] oslo_policy.policy_default_rule = default log_opt_values /usr/lib/python3/dist-packages/oslo_config/cfg.py:2609
2025-07-28 00:36:34.804 38062 DEBUG oslo_service.service [-] oslo_policy.policy_dirs = ['policy.d'] log_opt_values /usr/lib/python3/dist-packages/oslo_config/cfg.py:2609
2025-07-28 00:36:34.805 38062 DEBUG oslo_service.service [-] oslo_policy.policy_file = policy.yaml log_opt_values /usr/lib/python3/dist-packages/oslo_config/cfg.py:2609
2025-07-28 00:36:34.805 38062 DEBUG oslo_service.service [-] oslo_policy.remote_content_type = application/x-www-form-urlencoded log_opt_values /usr/lib/python3/dist-packages/oslo_config/cfg.py:2609
2025-07-28 00:36:34.805 38062 DEBUG oslo_service.service [-] oslo_policy.remote_ssl_ca_crt_file = None log_opt_values /usr/lib/python3/dist-packages/oslo_config/cfg.py:2609
2025-07-28 00:36:34.805 38062 DEBUG oslo_service.service [-] oslo_policy.remote_ssl_client_crt_file = None log_opt_values /usr/lib/python3/dist-packages/oslo_config/cfg.py:2609
2025-07-28 00:36:34.805 38062 DEBUG oslo_service.service [-] oslo_policy.remote_ssl_client_key_file = None log_opt_values /usr/lib/python3/dist-packages/oslo_config/cfg.py:2609
2025-07-28 00:36:34.805 38062 DEBUG oslo_service.service [-] oslo_policy.remote_ssl_verify_server_crt = False log_opt_values /usr/lib/python3/dist-packages/oslo_config/cfg.py:2609
2025-07-28 00:36:34.805 38062 DEBUG oslo_service.service [-] trustee.auth_section = None log_opt_values /usr/lib/python3/dist-packages/oslo_config/cfg.py:2609
2025-07-28 00:36:34.806 38062 WARNING oslo_config.cfg [-] Deprecated: Option "auth_plugin" from group "trustee" is deprecated. Use option "auth_type" from group "trustee".
2025-07-28 00:36:34.806 38062 DEBUG oslo_service.service [-] trustee.auth_type = password log_opt_values /usr/lib/python3/dist-packages/oslo_config/cfg.py:2609
2025-07-28 00:36:34.806 38062 DEBUG oslo_service.service [-] oslo_versionedobjects.fatal_exception_format_errors = False log_opt_values /usr/lib/python3/dist-packages/oslo_config/cfg.py:2609
2025-07-28 00:36:34.806 38062 DEBUG oslo_service.service [-] oslo_messaging_rabbit.amqp_auto_delete = False log_opt_values /usr/lib/python3/dist-packages/oslo_config/cfg.py:2609
2025-07-28 00:36:34.806 38062 DEBUG oslo_service.service [-] oslo_messaging_rabbit.amqp_durable_queues = False log_opt_values /usr/lib/python3/dist-packages/oslo_config/cfg.py:2609
2025-07-28 00:36:34.806 38062 DEBUG oslo_service.service [-] oslo_messaging_rabbit.conn_pool_min_size = 2 log_opt_values /usr/lib/python3/dist-packages/oslo_config/cfg.py:2609
2025-07-28 00:36:34.806 38062 DEBUG oslo_service.service [-] oslo_messaging_rabbit.conn_pool_ttl = 1200 log_opt_values /usr/lib/python3/dist-packages/oslo_config/cfg.py:2609
2025-07-28 00:36:34.806 38062 DEBUG oslo_service.service [-] oslo_messaging_rabbit.direct_mandatory_flag = True log_opt_values /usr/lib/python3/dist-packages/oslo_config/cfg.py:2609
2025-07-28 00:36:34.807 38062 DEBUG oslo_service.service [-] oslo_messaging_rabbit.enable_cancel_on_failover = False log_opt_values /usr/lib/python3/dist-packages/oslo_config/cfg.py:2609
2025-07-28 00:36:34.807 38062 DEBUG oslo_service.service [-] oslo_messaging_rabbit.heartbeat_in_pthread = False log_opt_values /usr/lib/python3/dist-packages/oslo_config/cfg.py:2609
2025-07-28 00:36:34.807 38062 DEBUG oslo_service.service [-] oslo_messaging_rabbit.heartbeat_rate = 2 log_opt_values /usr/lib/python3/dist-packages/oslo_config/cfg.py:2609
2025-07-28 00:36:34.807 38062 DEBUG oslo_service.service [-] oslo_messaging_rabbit.heartbeat_timeout_threshold = 60 log_opt_values /usr/lib/python3/dist-packages/oslo_config/cfg.py:2609
2025-07-28 00:36:34.807 38062 DEBUG oslo_service.service [-] oslo_messaging_rabbit.kombu_compression = None log_opt_values /usr/lib/python3/dist-packages/oslo_config/cfg.py:2609
2025-07-28 00:36:34.807 38062 DEBUG oslo_service.service [-] oslo_messaging_rabbit.kombu_failover_strategy = round-robin log_opt_values /usr/lib/python3/dist-packages/oslo_config/cfg.py:2609
2025-07-28 00:36:34.807 38062 DEBUG oslo_service.service [-] oslo_messaging_rabbit.kombu_missing_consumer_retry_timeout = 60 log_opt_values /usr/lib/python3/dist-packages/oslo_config/cfg.py:2609
2025-07-28 00:36:34.807 38062 DEBUG oslo_service.service [-] oslo_messaging_rabbit.kombu_reconnect_delay = 1.0 log_opt_values /usr/lib/python3/dist-packages/oslo_config/cfg.py:2609
2025-07-28 00:36:34.807 38062 DEBUG oslo_service.service [-] oslo_messaging_rabbit.rabbit_ha_queues = False log_opt_values /usr/lib/python3/dist-packages/oslo_config/cfg.py:2609
2025-07-28 00:36:34.808 38062 DEBUG oslo_service.service [-] oslo_messaging_rabbit.rabbit_interval_max = 30 log_opt_values /usr/lib/python3/dist-packages/oslo_config/cfg.py:2609
2025-07-28 00:36:34.808 38062 DEBUG oslo_service.service [-] oslo_messaging_rabbit.rabbit_login_method = AMQPLAIN log_opt_values /usr/lib/python3/dist-packages/oslo_config/cfg.py:2609
2025-07-28 00:36:34.808 38062 DEBUG oslo_service.service [-] oslo_messaging_rabbit.rabbit_qos_prefetch_count = 0 log_opt_values /usr/lib/python3/dist-packages/oslo_config/cfg.py:2609
2025-07-28 00:36:34.808 38062 DEBUG oslo_service.service [-] oslo_messaging_rabbit.rabbit_quorum_queue = False log_opt_values /usr/lib/python3/dist-packages/oslo_config/cfg.py:2609
2025-07-28 00:36:34.808 38062 DEBUG oslo_service.service [-] oslo_messaging_rabbit.rabbit_retry_backoff = 2 log_opt_values /usr/lib/python3/dist-packages/oslo_config/cfg.py:2609
2025-07-28 00:36:34.808 38062 DEBUG oslo_service.service [-] oslo_messaging_rabbit.rabbit_retry_interval = 1 log_opt_values /usr/lib/python3/dist-packages/oslo_config/cfg.py:2609
2025-07-28 00:36:34.808 38062 DEBUG oslo_service.service [-] oslo_messaging_rabbit.rabbit_transient_queues_ttl = 1800 log_opt_values /usr/lib/python3/dist-packages/oslo_config/cfg.py:2609
2025-07-28 00:36:34.808 38062 DEBUG oslo_service.service [-] oslo_messaging_rabbit.rpc_conn_pool_size = 30 log_opt_values /usr/lib/python3/dist-packages/oslo_config/cfg.py:2609
2025-07-28 00:36:34.808 38062 DEBUG oslo_service.service [-] oslo_messaging_rabbit.ssl = False log_opt_values /usr/lib/python3/dist-packages/oslo_config/cfg.py:2609
2025-07-28 00:36:34.809 38062 DEBUG oslo_service.service [-] oslo_messaging_rabbit.ssl_ca_file = log_opt_values /usr/lib/python3/dist-packages/oslo_config/cfg.py:2609
2025-07-28 00:36:34.809 38062 DEBUG oslo_service.service [-] oslo_messaging_rabbit.ssl_cert_file = log_opt_values /usr/lib/python3/dist-packages/oslo_config/cfg.py:2609
2025-07-28 00:36:34.809 38062 DEBUG oslo_service.service [-] oslo_messaging_rabbit.ssl_key_file = log_opt_values /usr/lib/python3/dist-packages/oslo_config/cfg.py:2609
2025-07-28 00:36:34.809 38062 DEBUG oslo_service.service [-] oslo_messaging_rabbit.ssl_version = log_opt_values /usr/lib/python3/dist-packages/oslo_config/cfg.py:2609
2025-07-28 00:36:34.809 38062 DEBUG oslo_service.service [-] oslo_messaging_notifications.driver = [] log_opt_values /usr/lib/python3/dist-packages/oslo_config/cfg.py:2609
2025-07-28 00:36:34.809 38062 DEBUG oslo_service.service [-] oslo_messaging_notifications.retry = -1 log_opt_values /usr/lib/python3/dist-packages/oslo_config/cfg.py:2609
2025-07-28 00:36:34.809 38062 DEBUG oslo_service.service [-] oslo_messaging_notifications.topics = ['notifications'] log_opt_values /usr/lib/python3/dist-packages/oslo_config/cfg.py:2609
2025-07-28 00:36:34.809 38062 DEBUG oslo_service.service [-] oslo_messaging_notifications.transport_url = **** log_opt_values /usr/lib/python3/dist-packages/oslo_config/cfg.py:2609
2025-07-28 00:36:34.810 38062 DEBUG oslo_service.service [-] cache.backend = dogpile.cache.null log_opt_values /usr/lib/python3/dist-packages/oslo_config/cfg.py:2609
2025-07-28 00:36:34.810 38062 DEBUG oslo_service.service [-] cache.backend_argument = **** log_opt_values /usr/lib/python3/dist-packages/oslo_config/cfg.py:2609
2025-07-28 00:36:34.810 38062 DEBUG oslo_service.service [-] cache.config_prefix = cache.oslo log_opt_values /usr/lib/python3/dist-packages/oslo_config/cfg.py:2609
2025-07-28 00:36:34.810 38062 DEBUG oslo_service.service [-] cache.debug_cache_backend = False log_opt_values /usr/lib/python3/dist-packages/oslo_config/cfg.py:2609
2025-07-28 00:36:34.810 38062 DEBUG oslo_service.service [-] cache.enabled = False log_opt_values /usr/lib/python3/dist-packages/oslo_config/cfg.py:2609
2025-07-28 00:36:34.810 38062 DEBUG oslo_service.service [-] cache.expiration_time = 600 log_opt_values /usr/lib/python3/dist-packages/oslo_config/cfg.py:2609
2025-07-28 00:36:34.810 38062 DEBUG oslo_service.service [-] cache.memcache_dead_retry = 300 log_opt_values /usr/lib/python3/dist-packages/oslo_config/cfg.py:2609
2025-07-28 00:36:34.810 38062 DEBUG oslo_service.service [-] cache.memcache_pool_connection_get_timeout = 10 log_opt_values /usr/lib/python3/dist-packages/oslo_config/cfg.py:2609
2025-07-28 00:36:34.810 38062 DEBUG oslo_service.service [-] cache.memcache_pool_flush_on_reconnect = False log_opt_values /usr/lib/python3/dist-packages/oslo_config/cfg.py:2609
2025-07-28 00:36:34.810 38062 DEBUG oslo_service.service [-] cache.memcache_pool_maxsize = 10 log_opt_values /usr/lib/python3/dist-packages/oslo_config/cfg.py:2609
2025-07-28 00:36:34.811 38062 DEBUG oslo_service.service [-] cache.memcache_pool_unused_timeout = 60 log_opt_values /usr/lib/python3/dist-packages/oslo_config/cfg.py:2609
2025-07-28 00:36:34.811 38062 DEBUG oslo_service.service [-] cache.memcache_servers = ['localhost:11211'] log_opt_values /usr/lib/python3/dist-packages/oslo_config/cfg.py:2609
2025-07-28 00:36:34.811 38062 DEBUG oslo_service.service [-] cache.memcache_socket_timeout = 1.0 log_opt_values /usr/lib/python3/dist-packages/oslo_config/cfg.py:2609
2025-07-28 00:36:34.811 38062 DEBUG oslo_service.service [-] cache.proxies = [] log_opt_values /usr/lib/python3/dist-packages/oslo_config/cfg.py:2609
2025-07-28 00:36:34.811 38062 DEBUG oslo_service.service [-] cache.tls_allowed_ciphers = None log_opt_values /usr/lib/python3/dist-packages/oslo_config/cfg.py:2609
2025-07-28 00:36:34.811 38062 DEBUG oslo_service.service [-] cache.tls_cafile = None log_opt_values /usr/lib/python3/dist-packages/oslo_config/cfg.py:2609
2025-07-28 00:36:34.811 38062 DEBUG oslo_service.service [-] cache.tls_certfile = None log_opt_values /usr/lib/python3/dist-packages/oslo_config/cfg.py:2609
2025-07-28 00:36:34.811 38062 DEBUG oslo_service.service [-] cache.tls_enabled = False log_opt_values /usr/lib/python3/dist-packages/oslo_config/cfg.py:2609
2025-07-28 00:36:34.811 38062 DEBUG oslo_service.service [-] cache.tls_keyfile = None log_opt_values /usr/lib/python3/dist-packages/oslo_config/cfg.py:2609
2025-07-28 00:36:34.812 38062 DEBUG oslo_service.service [-] constraint_validation_cache.caching = True log_opt_values /usr/lib/python3/dist-packages/oslo_config/cfg.py:2609
2025-07-28 00:36:34.812 38062 DEBUG oslo_service.service [-] constraint_validation_cache.expiration_time = 60 log_opt_values /usr/lib/python3/dist-packages/oslo_config/cfg.py:2609
2025-07-28 00:36:34.812 38062 DEBUG oslo_service.service [-] service_extension_cache.caching = True log_opt_values /usr/lib/python3/dist-packages/oslo_config/cfg.py:2609
2025-07-28 00:36:34.812 38062 DEBUG oslo_service.service [-] service_extension_cache.expiration_time = 3600 log_opt_values /usr/lib/python3/dist-packages/oslo_config/cfg.py:2609
2025-07-28 00:36:34.812 38062 DEBUG oslo_service.service [-] resource_finder_cache.caching = True log_opt_values /usr/lib/python3/dist-packages/oslo_config/cfg.py:2609
2025-07-28 00:36:34.812 38062 DEBUG oslo_service.service [-] resource_finder_cache.expiration_time = 3600 log_opt_values /usr/lib/python3/dist-packages/oslo_config/cfg.py:2609
2025-07-28 00:36:34.812 38062 DEBUG oslo_service.service [-] yaql.limit_iterators = 200 log_opt_values /usr/lib/python3/dist-packages/oslo_config/cfg.py:2609
2025-07-28 00:36:34.812 38062 DEBUG oslo_service.service [-] yaql.memory_quota = 10000 log_opt_values /usr/lib/python3/dist-packages/oslo_config/cfg.py:2609
2025-07-28 00:36:34.812 38062 DEBUG oslo_service.service [-] ******************************************************************************** log_opt_values /usr/lib/python3/dist-packages/oslo_config/cfg.py:2613
2025-07-28 00:36:34.813 38284 INFO heat.engine.worker [-] Starting engine_worker (1.4) in engine 321a090e-0d2b-41b5-9c3c-af4594c75002.
2025-07-28 00:36:34.858 38285 DEBUG oslo_db.sqlalchemy.engines [req-61eb7bbd-43d4-458e-b36a-4bc9d61890c8 - - - - -] MySQL server mode set to STRICT_TRANS_TABLES,STRICT_ALL_TABLES,NO_ZERO_IN_DATE,NO_ZERO_DATE,ERROR_FOR_DIVISION_BY_ZERO,TRADITIONAL,NO_ENGINE_SUBSTITUTION _check_effective_sql_mode /usr/lib/python3/dist-packages/oslo_db/sqlalchemy/engines.py:314
2025-07-28 00:36:34.859 38282 DEBUG oslo_db.sqlalchemy.engines [req-a3b84a78-8757-4508-b7f5-95aaca0c67f7 - - - - -] MySQL server mode set to STRICT_TRANS_TABLES,STRICT_ALL_TABLES,NO_ZERO_IN_DATE,NO_ZERO_DATE,ERROR_FOR_DIVISION_BY_ZERO,TRADITIONAL,NO_ENGINE_SUBSTITUTION _check_effective_sql_mode /usr/lib/python3/dist-packages/oslo_db/sqlalchemy/engines.py:314
2025-07-28 00:36:34.870 38283 DEBUG oslo_db.sqlalchemy.engines [req-b8b9068f-88f0-4505-84e8-9b54c2b2717d - - - - -] MySQL server mode set to STRICT_TRANS_TABLES,STRICT_ALL_TABLES,NO_ZERO_IN_DATE,NO_ZERO_DATE,ERROR_FOR_DIVISION_BY_ZERO,TRADITIONAL,NO_ENGINE_SUBSTITUTION _check_effective_sql_mode /usr/lib/python3/dist-packages/oslo_db/sqlalchemy/engines.py:314
2025-07-28 00:36:34.873 38284 DEBUG oslo_db.sqlalchemy.engines [req-4d3b055f-205e-4233-b3ea-01714c705d84 - - - - -] MySQL server mode set to STRICT_TRANS_TABLES,STRICT_ALL_TABLES,NO_ZERO_IN_DATE,NO_ZERO_DATE,ERROR_FOR_DIVISION_BY_ZERO,TRADITIONAL,NO_ENGINE_SUBSTITUTION _check_effective_sql_mode /usr/lib/python3/dist-packages/oslo_db/sqlalchemy/engines.py:314
2025-07-28 00:36:34.931 38285 DEBUG heat.engine.service [req-36239449-9835-441d-8e3d-8e1617dd070e - - - - -] Service 60623b8d-8e0d-4d23-b2c9-1b8caf3f443b is started service_manage_report /usr/lib/python3/dist-packages/heat/engine/service.py:2363
2025-07-28 00:36:34.942 38283 DEBUG heat.engine.service [req-7ac6eb34-fec0-47b1-b5dc-3268467f78a0 - - - - -] Service 78785bd8-477d-4414-9a2c-a1c104e387a3 is started service_manage_report /usr/lib/python3/dist-packages/heat/engine/service.py:2363
2025-07-28 00:36:34.943 38282 DEBUG heat.engine.service [req-e8cb456b-cc0c-4095-8041-6bdfdcdfad5e - - - - -] Service e13da125-ee9f-4600-8753-9569ab832172 is started service_manage_report /usr/lib/python3/dist-packages/heat/engine/service.py:2363
2025-07-28 00:36:34.945 38284 DEBUG heat.engine.service [req-6699a97f-3c0f-49d3-82d0-d8d7958dcdd3 - - - - -] Service 804f15dd-4283-4386-a0df-822f8663a2a2 is started service_manage_report /usr/lib/python3/dist-packages/heat/engine/service.py:2363
2025-07-28 00:36:34.948 38285 DEBUG heat.engine.service [req-36239449-9835-441d-8e3d-8e1617dd070e - - - - -] Service 60623b8d-8e0d-4d23-b2c9-1b8caf3f443b is updated service_manage_report /usr/lib/python3/dist-packages/heat/engine/service.py:2370
2025-07-28 00:36:34.967 38282 DEBUG heat.engine.service [req-e8cb456b-cc0c-4095-8041-6bdfdcdfad5e - - - - -] Service e13da125-ee9f-4600-8753-9569ab832172 is updated service_manage_report /usr/lib/python3/dist-packages/heat/engine/service.py:2370
2025-07-28 00:36:34.968 38284 DEBUG heat.engine.service [req-6699a97f-3c0f-49d3-82d0-d8d7958dcdd3 - - - - -] Service 804f15dd-4283-4386-a0df-822f8663a2a2 is updated service_manage_report /usr/lib/python3/dist-packages/heat/engine/service.py:2370
2025-07-28 00:36:34.968 38283 DEBUG heat.engine.service [req-7ac6eb34-fec0-47b1-b5dc-3268467f78a0 - - - - -] Service 78785bd8-477d-4414-9a2c-a1c104e387a3 is updated service_manage_report /usr/lib/python3/dist-packages/heat/engine/service.py:2370
2025-07-28 00:37:34.925 38285 DEBUG heat.engine.service [req-1475aa60-3631-4b76-9579-606818fc1eba - - - - -] Service 60623b8d-8e0d-4d23-b2c9-1b8caf3f443b is updated service_manage_report /usr/lib/python3/dist-packages/heat/engine/service.py:2370
2025-07-28 00:37:34.931 38282 DEBUG heat.engine.service [req-2a5f759c-e0b3-4ab1-bb5e-5c35024fe4f8 - - - - -] Service e13da125-ee9f-4600-8753-9569ab832172 is updated service_manage_report /usr/lib/python3/dist-packages/heat/engine/service.py:2370
2025-07-28 00:37:34.943 38283 DEBUG heat.engine.service [req-8c7673ac-14cd-4ea6-9267-f2404e1a35fc - - - - -] Service 78785bd8-477d-4414-9a2c-a1c104e387a3 is updated service_manage_report /usr/lib/python3/dist-packages/heat/engine/service.py:2370
2025-07-28 00:37:34.947 38284 DEBUG heat.engine.service [req-0bccebe1-eb55-462a-bceb-6cc434e1867f - - - - -] Service 804f15dd-4283-4386-a0df-822f8663a2a2 is updated service_manage_report /usr/lib/python3/dist-packages/heat/engine/service.py:2370
2025-07-28 00:38:34.919 38285 DEBUG heat.engine.service [req-da2f7bdf-fb9e-471d-8727-5700848ba635 - - - - -] Service 60623b8d-8e0d-4d23-b2c9-1b8caf3f443b is updated service_manage_report /usr/lib/python3/dist-packages/heat/engine/service.py:2370
2025-07-28 00:38:34.938 38282 DEBUG heat.engine.service [req-927c7bd6-18ca-45f5-93ba-5029fbca0d49 - - - - -] Service e13da125-ee9f-4600-8753-9569ab832172 is updated service_manage_report /usr/lib/python3/dist-packages/heat/engine/service.py:2370
2025-07-28 00:38:34.940 38284 DEBUG heat.engine.service [req-73e930ee-41be-403f-86c0-dc872eda46f0 - - - - -] Service 804f15dd-4283-4386-a0df-822f8663a2a2 is updated service_manage_report /usr/lib/python3/dist-packages/heat/engine/service.py:2370
2025-07-28 00:38:34.945 38283 DEBUG heat.engine.service [req-8af4c66d-13aa-4616-b51b-b8ea4bcc6682 - - - - -] Service 78785bd8-477d-4414-9a2c-a1c104e387a3 is updated service_manage_report /usr/lib/python3/dist-packages/heat/engine/service.py:2370
2025-07-28 00:39:34.927 38285 DEBUG heat.engine.service [req-143b69e7-4b1c-47d4-b890-0982c084650c - - - - -] Service 60623b8d-8e0d-4d23-b2c9-1b8caf3f443b is updated service_manage_report /usr/lib/python3/dist-packages/heat/engine/service.py:2370
2025-07-28 00:39:34.934 38282 DEBUG heat.engine.service [req-619e9485-d7cb-484a-b742-e4d0afdb0f66 - - - - -] Service e13da125-ee9f-4600-8753-9569ab832172 is updated service_manage_report /usr/lib/python3/dist-packages/heat/engine/service.py:2370
2025-07-28 00:39:34.947 38284 DEBUG heat.engine.service [req-5fa33f41-d790-403d-9e3c-8224cb297801 - - - - -] Service 804f15dd-4283-4386-a0df-822f8663a2a2 is updated service_manage_report /usr/lib/python3/dist-packages/heat/engine/service.py:2370
2025-07-28 00:39:34.950 38283 DEBUG heat.engine.service [req-0bcb1b7d-d430-4ea0-9a36-8aecc6d8ba27 - - - - -] Service 78785bd8-477d-4414-9a2c-a1c104e387a3 is updated service_manage_report /usr/lib/python3/dist-packages/heat/engine/service.py:2370
2025-07-28 00:40:34.924 38285 DEBUG heat.engine.service [req-1c740b54-8e3f-4d5d-bfb5-9dec73d17bbb - - - - -] Service 60623b8d-8e0d-4d23-b2c9-1b8caf3f443b is updated service_manage_report /usr/lib/python3/dist-packages/heat/engine/service.py:2370
2025-07-28 00:40:34.931 38282 DEBUG heat.engine.service [req-ae2c9231-4056-4406-a2e4-05d9ffb149a6 - - - - -] Service e13da125-ee9f-4600-8753-9569ab832172 is updated service_manage_report /usr/lib/python3/dist-packages/heat/engine/service.py:2370
2025-07-28 00:40:34.945 38284 DEBUG heat.engine.service [req-a2d3660c-07af-4633-8cd0-54643dd93c25 - - - - -] Service 804f15dd-4283-4386-a0df-822f8663a2a2 is updated service_manage_report /usr/lib/python3/dist-packages/heat/engine/service.py:2370
2025-07-28 00:40:34.958 38283 DEBUG heat.engine.service [req-49f261c9-a30c-4d65-83ae-65b8a6f7d8ab - - - - -] Service 78785bd8-477d-4414-9a2c-a1c104e387a3 is updated service_manage_report /usr/lib/python3/dist-packages/heat/engine/service.py:2370
2025-07-28 00:41:34.919 38285 DEBUG heat.engine.service [req-0468568b-72fe-4a31-a39a-7e6bf7325709 - - - - -] Service 60623b8d-8e0d-4d23-b2c9-1b8caf3f443b is updated service_manage_report /usr/lib/python3/dist-packages/heat/engine/service.py:2370
2025-07-28 00:41:34.927 38282 DEBUG heat.engine.service [req-d4896299-2308-4d9d-bd38-02622f072661 - - - - -] Service e13da125-ee9f-4600-8753-9569ab832172 is updated service_manage_report /usr/lib/python3/dist-packages/heat/engine/service.py:2370
2025-07-28 00:41:34.942 38284 DEBUG heat.engine.service [req-a811975a-2af5-4d1e-93d5-ce3f1b36b2df - - - - -] Service 804f15dd-4283-4386-a0df-822f8663a2a2 is updated service_manage_report /usr/lib/python3/dist-packages/heat/engine/service.py:2370
2025-07-28 00:41:34.951 38283 DEBUG heat.engine.service [req-267e2009-4ae0-4c91-b807-3398ba6e92e2 - - - - -] Service 78785bd8-477d-4414-9a2c-a1c104e387a3 is updated service_manage_report /usr/lib/python3/dist-packages/heat/engine/service.py:2370
2025-07-28 00:42:34.922 38282 DEBUG heat.engine.service [req-f53ac2ff-129d-4238-a540-79f9279ebf44 - - - - -] Service e13da125-ee9f-4600-8753-9569ab832172 is updated service_manage_report /usr/lib/python3/dist-packages/heat/engine/service.py:2370
2025-07-28 00:42:34.925 38285 DEBUG heat.engine.service [req-9441a100-b549-4d62-b801-e41338e3d845 - - - - -] Service 60623b8d-8e0d-4d23-b2c9-1b8caf3f443b is updated service_manage_report /usr/lib/python3/dist-packages/heat/engine/service.py:2370
2025-07-28 00:42:34.937 38284 DEBUG heat.engine.service [req-ddbbaaea-08de-4177-8df8-7f9be22c7d28 - - - - -] Service 804f15dd-4283-4386-a0df-822f8663a2a2 is updated service_manage_report /usr/lib/python3/dist-packages/heat/engine/service.py:2370
2025-07-28 00:42:34.961 38283 DEBUG heat.engine.service [req-a7d15354-eec6-4584-9680-9ad542346049 - - - - -] Service 78785bd8-477d-4414-9a2c-a1c104e387a3 is updated service_manage_report /usr/lib/python3/dist-packages/heat/engine/service.py:2370
2025-07-28 00:43:34.921 38285 DEBUG heat.engine.service [req-fef10df1-4043-48ef-90cf-cf719999a1a9 - - - - -] Service 60623b8d-8e0d-4d23-b2c9-1b8caf3f443b is updated service_manage_report /usr/lib/python3/dist-packages/heat/engine/service.py:2370
2025-07-28 00:43:34.927 38282 DEBUG heat.engine.service [req-d07c8490-2d39-433a-8281-7f8c777f33d5 - - - - -] Service e13da125-ee9f-4600-8753-9569ab832172 is updated service_manage_report /usr/lib/python3/dist-packages/heat/engine/service.py:2370
2025-07-28 00:43:34.942 38284 DEBUG heat.engine.service [req-b761d4f3-c109-4dcf-9713-87cf7f102608 - - - - -] Service 804f15dd-4283-4386-a0df-822f8663a2a2 is updated service_manage_report /usr/lib/python3/dist-packages/heat/engine/service.py:2370
2025-07-28 00:43:34.958 38283 DEBUG heat.engine.service [req-0d3592d3-2053-4df3-9676-917435af1258 - - - - -] Service 78785bd8-477d-4414-9a2c-a1c104e387a3 is updated service_manage_report /usr/lib/python3/dist-packages/heat/engine/service.py:2370
2025-07-28 00:44:34.919 38285 DEBUG heat.engine.service [req-8bd8839c-45ac-4930-94a4-acc415ab784d - - - - -] Service 60623b8d-8e0d-4d23-b2c9-1b8caf3f443b is updated service_manage_report /usr/lib/python3/dist-packages/heat/engine/service.py:2370
2025-07-28 00:44:34.931 38282 DEBUG heat.engine.service [req-4391ec5b-76fa-43da-aaba-81fd1c981b7d - - - - -] Service e13da125-ee9f-4600-8753-9569ab832172 is updated service_manage_report /usr/lib/python3/dist-packages/heat/engine/service.py:2370
2025-07-28 00:44:34.945 38284 DEBUG heat.engine.service [req-c1852393-eec4-4899-a98c-2f3048daa343 - - - - -] Service 804f15dd-4283-4386-a0df-822f8663a2a2 is updated service_manage_report /usr/lib/python3/dist-packages/heat/engine/service.py:2370
2025-07-28 00:44:34.952 38283 DEBUG heat.engine.service [req-044654c9-f2e7-48c7-b4cf-eb1816fe6c8e - - - - -] Service 78785bd8-477d-4414-9a2c-a1c104e387a3 is updated service_manage_report /usr/lib/python3/dist-packages/heat/engine/service.py:2370
2025-07-28 00:45:34.916 38285 DEBUG heat.engine.service [req-dc693274-fe34-43fe-817a-0248acb52aca - - - - -] Service 60623b8d-8e0d-4d23-b2c9-1b8caf3f443b is updated service_manage_report /usr/lib/python3/dist-packages/heat/engine/service.py:2370
2025-07-28 00:45:34.934 38282 DEBUG heat.engine.service [req-c29d976a-d392-4c53-b99d-50b5fbec47ac - - - - -] Service e13da125-ee9f-4600-8753-9569ab832172 is updated service_manage_report /usr/lib/python3/dist-packages/heat/engine/service.py:2370
2025-07-28 00:45:34.948 38284 DEBUG heat.engine.service [req-abd27e53-f6ea-4977-896f-4c89a4b4f20c - - - - -] Service 804f15dd-4283-4386-a0df-822f8663a2a2 is updated service_manage_report /usr/lib/python3/dist-packages/heat/engine/service.py:2370
2025-07-28 00:45:34.956 38283 DEBUG heat.engine.service [req-eabfaed4-d79b-49fb-bb7e-47e9da24d672 - - - - -] Service 78785bd8-477d-4414-9a2c-a1c104e387a3 is updated service_manage_report /usr/lib/python3/dist-packages/heat/engine/service.py:2370
2025-07-28 00:46:34.910 38285 DEBUG heat.engine.service [req-d6507462-faa8-4f2e-840e-62d308d69177 - - - - -] Service 60623b8d-8e0d-4d23-b2c9-1b8caf3f443b is updated service_manage_report /usr/lib/python3/dist-packages/heat/engine/service.py:2370
2025-07-28 00:46:34.937 38282 DEBUG heat.engine.service [req-6088a97e-2b5e-4bd1-9762-6a0cb133d626 - - - - -] Service e13da125-ee9f-4600-8753-9569ab832172 is updated service_manage_report /usr/lib/python3/dist-packages/heat/engine/service.py:2370
2025-07-28 00:46:34.951 38284 DEBUG heat.engine.service [req-1ed73b8d-9b48-4946-a3e8-b6ed0e103b17 - - - - -] Service 804f15dd-4283-4386-a0df-822f8663a2a2 is updated service_manage_report /usr/lib/python3/dist-packages/heat/engine/service.py:2370
2025-07-28 00:46:34.959 38283 DEBUG heat.engine.service [req-5a6ad829-ac68-4a8a-bfdb-9afaad7b2880 - - - - -] Service 78785bd8-477d-4414-9a2c-a1c104e387a3 is updated service_manage_report /usr/lib/python3/dist-packages/heat/engine/service.py:2370
2025-07-28 00:47:34.914 38285 DEBUG heat.engine.service [req-23b4666e-bac6-4957-a838-330e9b36168c - - - - -] Service 60623b8d-8e0d-4d23-b2c9-1b8caf3f443b is updated service_manage_report /usr/lib/python3/dist-packages/heat/engine/service.py:2370
2025-07-28 00:47:34.945 38282 DEBUG heat.engine.service [req-3c12def5-b40f-493e-82d3-dcfbf9f044aa - - - - -] Service e13da125-ee9f-4600-8753-9569ab832172 is updated service_manage_report /usr/lib/python3/dist-packages/heat/engine/service.py:2370
2025-07-28 00:47:34.959 38284 DEBUG heat.engine.service [req-35d274b9-a4c9-44c6-b227-1a045cb19b91 - - - - -] Service 804f15dd-4283-4386-a0df-822f8663a2a2 is updated service_manage_report /usr/lib/python3/dist-packages/heat/engine/service.py:2370
2025-07-28 00:47:34.964 38283 DEBUG heat.engine.service [req-cd1ee5cf-1e11-4646-9da6-a2849b3a94c3 - - - - -] Service 78785bd8-477d-4414-9a2c-a1c104e387a3 is updated service_manage_report /usr/lib/python3/dist-packages/heat/engine/service.py:2370
2025-07-28 00:48:34.921 38285 DEBUG heat.engine.service [req-15e648ff-dd69-40e1-9585-02028b87ec22 - - - - -] Service 60623b8d-8e0d-4d23-b2c9-1b8caf3f443b is updated service_manage_report /usr/lib/python3/dist-packages/heat/engine/service.py:2370
2025-07-28 00:48:34.938 38282 DEBUG heat.engine.service [req-24a33d52-f778-4252-987e-e7d3681d4233 - - - - -] Service e13da125-ee9f-4600-8753-9569ab832172 is updated service_manage_report /usr/lib/python3/dist-packages/heat/engine/service.py:2370
2025-07-28 00:48:34.952 38284 DEBUG heat.engine.service [req-9b5d4622-088e-4001-8c67-47214e4eb98d - - - - -] Service 804f15dd-4283-4386-a0df-822f8663a2a2 is updated service_manage_report /usr/lib/python3/dist-packages/heat/engine/service.py:2370
2025-07-28 00:48:34.967 38283 DEBUG heat.engine.service [req-e77a5c38-69d2-477d-b49f-daba885d6db3 - - - - -] Service 78785bd8-477d-4414-9a2c-a1c104e387a3 is updated service_manage_report /usr/lib/python3/dist-packages/heat/engine/service.py:2370
2025-07-28 00:49:34.916 38285 DEBUG heat.engine.service [req-3bf4015a-8665-4565-be0d-6aafabb302af - - - - -] Service 60623b8d-8e0d-4d23-b2c9-1b8caf3f443b is updated service_manage_report /usr/lib/python3/dist-packages/heat/engine/service.py:2370
2025-07-28 00:49:34.941 38282 DEBUG heat.engine.service [req-27a64bfa-0456-4c4e-903b-e8c769467201 - - - - -] Service e13da125-ee9f-4600-8753-9569ab832172 is updated service_manage_report /usr/lib/python3/dist-packages/heat/engine/service.py:2370
2025-07-28 00:49:34.958 38284 DEBUG heat.engine.service [req-41339555-4907-4d58-b50a-517eb332258b - - - - -] Service 804f15dd-4283-4386-a0df-822f8663a2a2 is updated service_manage_report /usr/lib/python3/dist-packages/heat/engine/service.py:2370
2025-07-28 00:49:34.973 38283 DEBUG heat.engine.service [req-55a96c84-a945-41af-94cf-e62ed3a8b5ce - - - - -] Service 78785bd8-477d-4414-9a2c-a1c104e387a3 is updated service_manage_report /usr/lib/python3/dist-packages/heat/engine/service.py:2370
2025-07-28 00:50:34.920 38285 DEBUG heat.engine.service [req-7fff2e38-e481-45c7-8360-0fde0b7eceb8 - - - - -] Service 60623b8d-8e0d-4d23-b2c9-1b8caf3f443b is updated service_manage_report /usr/lib/python3/dist-packages/heat/engine/service.py:2370
2025-07-28 00:50:34.945 38282 DEBUG heat.engine.service [req-f62a63bf-14c2-4777-9349-1845771ed0e7 - - - - -] Service e13da125-ee9f-4600-8753-9569ab832172 is updated service_manage_report /usr/lib/python3/dist-packages/heat/engine/service.py:2370
2025-07-28 00:50:34.950 38284 DEBUG heat.engine.service [req-8ab89feb-260a-4e73-b419-535a7aa34155 - - - - -] Service 804f15dd-4283-4386-a0df-822f8663a2a2 is updated service_manage_report /usr/lib/python3/dist-packages/heat/engine/service.py:2370
2025-07-28 00:50:34.965 38283 DEBUG heat.engine.service [req-56fdfb8d-34e8-473d-bd1d-d23060544eb6 - - - - -] Service 78785bd8-477d-4414-9a2c-a1c104e387a3 is updated service_manage_report /usr/lib/python3/dist-packages/heat/engine/service.py:2370
2025-07-28 00:51:34.926 38285 DEBUG heat.engine.service [req-47ecafca-3b01-4d41-85dd-ed059d6ecd21 - - - - -] Service 60623b8d-8e0d-4d23-b2c9-1b8caf3f443b is updated service_manage_report /usr/lib/python3/dist-packages/heat/engine/service.py:2370
2025-07-28 00:51:34.952 38282 DEBUG heat.engine.service [req-284b13ef-1f3e-41d3-9228-7a42923ea789 - - - - -] Service e13da125-ee9f-4600-8753-9569ab832172 is updated service_manage_report /usr/lib/python3/dist-packages/heat/engine/service.py:2370
2025-07-28 00:51:34.954 38284 DEBUG heat.engine.service [req-f4b68f8b-ac94-498c-aa4b-a8080b6b6c57 - - - - -] Service 804f15dd-4283-4386-a0df-822f8663a2a2 is updated service_manage_report /usr/lib/python3/dist-packages/heat/engine/service.py:2370
2025-07-28 00:51:34.967 38283 DEBUG heat.engine.service [req-a7eea8b3-ec8d-463b-8c10-07925017c123 - - - - -] Service 78785bd8-477d-4414-9a2c-a1c104e387a3 is updated service_manage_report /usr/lib/python3/dist-packages/heat/engine/service.py:2370
2025-07-28 00:52:34.922 38285 DEBUG heat.engine.service [req-d8c3191b-8db3-4370-8a1b-0b71f830bb2e - - - - -] Service 60623b8d-8e0d-4d23-b2c9-1b8caf3f443b is updated service_manage_report /usr/lib/python3/dist-packages/heat/engine/service.py:2370
2025-07-28 00:52:34.959 38282 DEBUG heat.engine.service [req-1a341487-6936-4762-9559-99bf5198b976 - - - - -] Service e13da125-ee9f-4600-8753-9569ab832172 is updated service_manage_report /usr/lib/python3/dist-packages/heat/engine/service.py:2370
2025-07-28 00:52:34.962 38284 DEBUG heat.engine.service [req-6d0a6479-82e3-4b82-933d-d42c3d6329c4 - - - - -] Service 804f15dd-4283-4386-a0df-822f8663a2a2 is updated service_manage_report /usr/lib/python3/dist-packages/heat/engine/service.py:2370
2025-07-28 00:52:34.969 38283 DEBUG heat.engine.service [req-d3ef086f-c49d-48d5-8dfe-a963d8778698 - - - - -] Service 78785bd8-477d-4414-9a2c-a1c104e387a3 is updated service_manage_report /usr/lib/python3/dist-packages/heat/engine/service.py:2370
2025-07-28 00:53:34.917 38285 DEBUG heat.engine.service [req-a1fda4c1-4e54-4b81-901f-aecd4c585b36 - - - - -] Service 60623b8d-8e0d-4d23-b2c9-1b8caf3f443b is updated service_manage_report /usr/lib/python3/dist-packages/heat/engine/service.py:2370
2025-07-28 00:53:34.954 38282 DEBUG heat.engine.service [req-f81f5fa6-c873-4cc9-bada-bdfb2d62f2ee - - - - -] Service e13da125-ee9f-4600-8753-9569ab832172 is updated service_manage_report /usr/lib/python3/dist-packages/heat/engine/service.py:2370
2025-07-28 00:53:34.958 38284 DEBUG heat.engine.service [req-3ddf6560-da1e-493a-8164-311de26fe00a - - - - -] Service 804f15dd-4283-4386-a0df-822f8663a2a2 is updated service_manage_report /usr/lib/python3/dist-packages/heat/engine/service.py:2370
2025-07-28 00:53:34.973 38283 DEBUG heat.engine.service [req-9a2e6751-2426-4534-a028-d0e1c120ab49 - - - - -] Service 78785bd8-477d-4414-9a2c-a1c104e387a3 is updated service_manage_report /usr/lib/python3/dist-packages/heat/engine/service.py:2370
2025-07-28 00:54:34.922 38285 DEBUG heat.engine.service [req-ed5dd318-33e4-4aa7-8514-a45f1588a362 - - - - -] Service 60623b8d-8e0d-4d23-b2c9-1b8caf3f443b is updated service_manage_report /usr/lib/python3/dist-packages/heat/engine/service.py:2370
2025-07-28 00:54:34.957 38284 DEBUG heat.engine.service [req-c05b33ec-f3cb-4aae-a0f3-79763778fa32 - - - - -] Service 804f15dd-4283-4386-a0df-822f8663a2a2 is updated service_manage_report /usr/lib/python3/dist-packages/heat/engine/service.py:2370
2025-07-28 00:54:34.959 38282 DEBUG heat.engine.service [req-2ab53f0f-3228-452f-b925-ad3c02f8a1eb - - - - -] Service e13da125-ee9f-4600-8753-9569ab832172 is updated service_manage_report /usr/lib/python3/dist-packages/heat/engine/service.py:2370
2025-07-28 00:54:34.980 38283 DEBUG heat.engine.service [req-074bb192-cd89-42b9-930b-ea0e630943c1 - - - - -] Service 78785bd8-477d-4414-9a2c-a1c104e387a3 is updated service_manage_report /usr/lib/python3/dist-packages/heat/engine/service.py:2370
2025-07-28 00:55:34.929 38285 DEBUG heat.engine.service [req-be379c95-3def-4066-96ce-e476a23acd22 - - - - -] Service 60623b8d-8e0d-4d23-b2c9-1b8caf3f443b is updated service_manage_report /usr/lib/python3/dist-packages/heat/engine/service.py:2370
2025-07-28 00:55:34.950 38284 DEBUG heat.engine.service [req-f9b95762-54bb-468b-b264-d754f00793fd - - - - -] Service 804f15dd-4283-4386-a0df-822f8663a2a2 is updated service_manage_report /usr/lib/python3/dist-packages/heat/engine/service.py:2370
2025-07-28 00:55:34.963 38282 DEBUG heat.engine.service [req-6f2a3797-99aa-47cb-b31e-aac19724f09d - - - - -] Service e13da125-ee9f-4600-8753-9569ab832172 is updated service_manage_report /usr/lib/python3/dist-packages/heat/engine/service.py:2370
2025-07-28 00:55:34.975 38283 DEBUG heat.engine.service [req-6332c10e-2257-4c22-ad58-43b59ac9bf69 - - - - -] Service 78785bd8-477d-4414-9a2c-a1c104e387a3 is updated service_manage_report /usr/lib/python3/dist-packages/heat/engine/service.py:2370
2025-07-28 00:56:34.924 38285 DEBUG heat.engine.service [req-f9334503-7507-40bb-8359-30c529991c18 - - - - -] Service 60623b8d-8e0d-4d23-b2c9-1b8caf3f443b is updated service_manage_report /usr/lib/python3/dist-packages/heat/engine/service.py:2370
2025-07-28 00:56:34.955 38284 DEBUG heat.engine.service [req-7bc87203-0b0a-49b5-94e2-6889e1190fb5 - - - - -] Service 804f15dd-4283-4386-a0df-822f8663a2a2 is updated service_manage_report /usr/lib/python3/dist-packages/heat/engine/service.py:2370
2025-07-28 00:56:34.965 38282 DEBUG heat.engine.service [req-52b194a2-48ea-4872-850c-3f7c8411fd7e - - - - -] Service e13da125-ee9f-4600-8753-9569ab832172 is updated service_manage_report /usr/lib/python3/dist-packages/heat/engine/service.py:2370
2025-07-28 00:56:34.978 38283 DEBUG heat.engine.service [req-bd98de2c-d81f-44fa-af3c-6341859b7353 - - - - -] Service 78785bd8-477d-4414-9a2c-a1c104e387a3 is updated service_manage_report /usr/lib/python3/dist-packages/heat/engine/service.py:2370
2025-07-28 00:57:34.932 38285 DEBUG heat.engine.service [req-ab281fe9-dded-4a7a-b3f5-63ad75327ea2 - - - - -] Service 60623b8d-8e0d-4d23-b2c9-1b8caf3f443b is updated service_manage_report /usr/lib/python3/dist-packages/heat/engine/service.py:2370
2025-07-28 00:57:34.958 38284 DEBUG heat.engine.service [req-069fb363-8d22-4724-a613-ccfa6476fed3 - - - - -] Service 804f15dd-4283-4386-a0df-822f8663a2a2 is updated service_manage_report /usr/lib/python3/dist-packages/heat/engine/service.py:2370
2025-07-28 00:57:34.969 38282 DEBUG heat.engine.service [req-2cecfb0b-0288-4b82-940b-8b1ed8403355 - - - - -] Service e13da125-ee9f-4600-8753-9569ab832172 is updated service_manage_report /usr/lib/python3/dist-packages/heat/engine/service.py:2370
2025-07-28 00:57:34.981 38283 DEBUG heat.engine.service [req-652c903f-4c57-4f30-9546-3c924aea7913 - - - - -] Service 78785bd8-477d-4414-9a2c-a1c104e387a3 is updated service_manage_report /usr/lib/python3/dist-packages/heat/engine/service.py:2370
2025-07-28 00:58:34.930 38285 DEBUG heat.engine.service [req-81db9c3f-fad4-4724-9912-941bd32ff98d - - - - -] Service 60623b8d-8e0d-4d23-b2c9-1b8caf3f443b is updated service_manage_report /usr/lib/python3/dist-packages/heat/engine/service.py:2370
2025-07-28 00:58:34.963 38284 DEBUG heat.engine.service [req-325bcda6-118d-45e9-a000-6e68f135df17 - - - - -] Service 804f15dd-4283-4386-a0df-822f8663a2a2 is updated service_manage_report /usr/lib/python3/dist-packages/heat/engine/service.py:2370
2025-07-28 00:58:34.972 38282 DEBUG heat.engine.service [req-05fe3bb6-3b43-42e5-8704-e15739a430cd - - - - -] Service e13da125-ee9f-4600-8753-9569ab832172 is updated service_manage_report /usr/lib/python3/dist-packages/heat/engine/service.py:2370
2025-07-28 00:58:34.985 38283 DEBUG heat.engine.service [req-27d311f2-b64b-442b-8760-b7c938ca8e52 - - - - -] Service 78785bd8-477d-4414-9a2c-a1c104e387a3 is updated service_manage_report /usr/lib/python3/dist-packages/heat/engine/service.py:2370
2025-07-28 00:59:34.924 38285 DEBUG heat.engine.service [req-3387e6bd-0d46-436c-ade0-8fd823359896 - - - - -] Service 60623b8d-8e0d-4d23-b2c9-1b8caf3f443b is updated service_manage_report /usr/lib/python3/dist-packages/heat/engine/service.py:2370
2025-07-28 00:59:34.968 38284 DEBUG heat.engine.service [req-d435f04d-1f86-43de-9a7b-a3d632eee2ea - - - - -] Service 804f15dd-4283-4386-a0df-822f8663a2a2 is updated service_manage_report /usr/lib/python3/dist-packages/heat/engine/service.py:2370
2025-07-28 00:59:34.976 38282 DEBUG heat.engine.service [req-3f6ffa05-f9ac-42bd-b3c2-5a2694d59dde - - - - -] Service e13da125-ee9f-4600-8753-9569ab832172 is updated service_manage_report /usr/lib/python3/dist-packages/heat/engine/service.py:2370
2025-07-28 00:59:34.988 38283 DEBUG heat.engine.service [req-569a5d6b-da0c-4f0f-807f-232cd65057c2 - - - - -] Service 78785bd8-477d-4414-9a2c-a1c104e387a3 is updated service_manage_report /usr/lib/python3/dist-packages/heat/engine/service.py:2370
2025-07-28 01:00:34.929 38285 DEBUG heat.engine.service [req-2166c04b-680b-45c7-8eb3-687336072363 - - - - -] Service 60623b8d-8e0d-4d23-b2c9-1b8caf3f443b is updated service_manage_report /usr/lib/python3/dist-packages/heat/engine/service.py:2370
2025-07-28 01:00:34.974 38284 DEBUG heat.engine.service [req-273fc3e3-08c1-4a25-9912-6f809bec48c0 - - - - -] Service 804f15dd-4283-4386-a0df-822f8663a2a2 is updated service_manage_report /usr/lib/python3/dist-packages/heat/engine/service.py:2370
2025-07-28 01:00:34.981 38282 DEBUG heat.engine.service [req-0a5220b7-f761-4530-9c61-e786b095edda - - - - -] Service e13da125-ee9f-4600-8753-9569ab832172 is updated service_manage_report /usr/lib/python3/dist-packages/heat/engine/service.py:2370
2025-07-28 01:00:34.992 38283 DEBUG heat.engine.service [req-57860b91-7070-483c-9836-6ee792740300 - - - - -] Service 78785bd8-477d-4414-9a2c-a1c104e387a3 is updated service_manage_report /usr/lib/python3/dist-packages/heat/engine/service.py:2370
2025-07-28 01:01:34.933 38285 DEBUG heat.engine.service [req-7873fabc-3081-4e96-b73f-f24401030d4e - - - - -] Service 60623b8d-8e0d-4d23-b2c9-1b8caf3f443b is updated service_manage_report /usr/lib/python3/dist-packages/heat/engine/service.py:2370
2025-07-28 01:01:34.967 38284 DEBUG heat.engine.service [req-e5aada92-6a2e-4eec-a749-4982705c4ea0 - - - - -] Service 804f15dd-4283-4386-a0df-822f8663a2a2 is updated service_manage_report /usr/lib/python3/dist-packages/heat/engine/service.py:2370
2025-07-28 01:01:34.986 38282 DEBUG heat.engine.service [req-1c67c290-4d2a-432d-b6bc-ef8c2cb4fb23 - - - - -] Service e13da125-ee9f-4600-8753-9569ab832172 is updated service_manage_report /usr/lib/python3/dist-packages/heat/engine/service.py:2370
2025-07-28 01:01:34.995 38283 DEBUG heat.engine.service [req-6b3eb7fb-57bc-4afc-9773-1a479cbde2b3 - - - - -] Service 78785bd8-477d-4414-9a2c-a1c104e387a3 is updated service_manage_report /usr/lib/python3/dist-packages/heat/engine/service.py:2370
2025-07-28 01:02:34.937 38285 DEBUG heat.engine.service [req-d4f2b105-4f4b-4be5-972b-1e63d914ff7e - - - - -] Service 60623b8d-8e0d-4d23-b2c9-1b8caf3f443b is updated service_manage_report /usr/lib/python3/dist-packages/heat/engine/service.py:2370
2025-07-28 01:02:34.972 38284 DEBUG heat.engine.service [req-a3b77e53-a32d-452d-94e3-a3c0613838fb - - - - -] Service 804f15dd-4283-4386-a0df-822f8663a2a2 is updated service_manage_report /usr/lib/python3/dist-packages/heat/engine/service.py:2370
2025-07-28 01:02:34.991 38282 DEBUG heat.engine.service [req-b8e6f1c9-ada4-40df-8eac-1318b1cc8ad5 - - - - -] Service e13da125-ee9f-4600-8753-9569ab832172 is updated service_manage_report /usr/lib/python3/dist-packages/heat/engine/service.py:2370
2025-07-28 01:02:34.999 38283 DEBUG heat.engine.service [req-f170706d-afab-40d9-b333-9e3c9cb81c46 - - - - -] Service 78785bd8-477d-4414-9a2c-a1c104e387a3 is updated service_manage_report /usr/lib/python3/dist-packages/heat/engine/service.py:2370
2025-07-28 01:03:34.943 38285 DEBUG heat.engine.service [req-e5e9e2fb-87e4-49c8-9ad8-d9b48e812e27 - - - - -] Service 60623b8d-8e0d-4d23-b2c9-1b8caf3f443b is updated service_manage_report /usr/lib/python3/dist-packages/heat/engine/service.py:2370
2025-07-28 01:03:34.976 38284 DEBUG heat.engine.service [req-0b691824-a3ac-4a06-ad83-3e6ed7245ac5 - - - - -] Service 804f15dd-4283-4386-a0df-822f8663a2a2 is updated service_manage_report /usr/lib/python3/dist-packages/heat/engine/service.py:2370
2025-07-28 01:03:34.995 38282 DEBUG heat.engine.service [req-2edcb23b-a600-4895-9d79-c6f10fd0de73 - - - - -] Service e13da125-ee9f-4600-8753-9569ab832172 is updated service_manage_report /usr/lib/python3/dist-packages/heat/engine/service.py:2370
2025-07-28 01:03:35.007 38283 DEBUG heat.engine.service [req-75219c97-4475-46ee-8784-e70e220d0efe - - - - -] Service 78785bd8-477d-4414-9a2c-a1c104e387a3 is updated service_manage_report /usr/lib/python3/dist-packages/heat/engine/service.py:2370
2025-07-28 01:04:34.939 38285 DEBUG heat.engine.service [req-e4eb25bc-341f-4981-86ae-e4d7b967d49d - - - - -] Service 60623b8d-8e0d-4d23-b2c9-1b8caf3f443b is updated service_manage_report /usr/lib/python3/dist-packages/heat/engine/service.py:2370
2025-07-28 01:04:34.981 38284 DEBUG heat.engine.service [req-a9cf861b-0715-4cd1-a9db-8a3be3b3b496 - - - - -] Service 804f15dd-4283-4386-a0df-822f8663a2a2 is updated service_manage_report /usr/lib/python3/dist-packages/heat/engine/service.py:2370
2025-07-28 01:04:35.001 38282 DEBUG heat.engine.service [req-912d5741-360f-4033-a7a6-066065438325 - - - - -] Service e13da125-ee9f-4600-8753-9569ab832172 is updated service_manage_report /usr/lib/python3/dist-packages/heat/engine/service.py:2370
2025-07-28 01:04:35.002 38283 DEBUG heat.engine.service [req-407bcf34-d846-421a-9744-c2bfad4b4949 - - - - -] Service 78785bd8-477d-4414-9a2c-a1c104e387a3 is updated service_manage_report /usr/lib/python3/dist-packages/heat/engine/service.py:2370
2025-07-28 01:05:34.935 38285 DEBUG heat.engine.service [req-84a9d7c8-d9a9-4fec-bc31-274c8d990d46 - - - - -] Service 60623b8d-8e0d-4d23-b2c9-1b8caf3f443b is updated service_manage_report /usr/lib/python3/dist-packages/heat/engine/service.py:2370
2025-07-28 01:05:34.985 38284 DEBUG heat.engine.service [req-7c5165fa-0223-411e-90f2-87b7f60bcb07 - - - - -] Service 804f15dd-4283-4386-a0df-822f8663a2a2 is updated service_manage_report /usr/lib/python3/dist-packages/heat/engine/service.py:2370
2025-07-28 01:05:34.996 38282 DEBUG heat.engine.service [req-6b190d3a-51f9-4c31-992c-38dd4f78a65d - - - - -] Service e13da125-ee9f-4600-8753-9569ab832172 is updated service_manage_report /usr/lib/python3/dist-packages/heat/engine/service.py:2370
2025-07-28 01:05:35.007 38283 DEBUG heat.engine.service [req-f3020878-04aa-4443-94da-f8d3056b6a2b - - - - -] Service 78785bd8-477d-4414-9a2c-a1c104e387a3 is updated service_manage_report /usr/lib/python3/dist-packages/heat/engine/service.py:2370
2025-07-28 01:06:34.939 38285 DEBUG heat.engine.service [req-2d9843eb-35ec-48cc-94cb-ef5aad67408a - - - - -] Service 60623b8d-8e0d-4d23-b2c9-1b8caf3f443b is updated service_manage_report /usr/lib/python3/dist-packages/heat/engine/service.py:2370
2025-07-28 01:06:34.992 38284 DEBUG heat.engine.service [req-4dfa42a8-a426-4708-b59d-c4d91f7cd660 - - - - -] Service 804f15dd-4283-4386-a0df-822f8663a2a2 is updated service_manage_report /usr/lib/python3/dist-packages/heat/engine/service.py:2370
2025-07-28 01:06:35.005 38282 DEBUG heat.engine.service [req-34d846c5-f6cb-4c21-a296-f26c92124ee8 - - - - -] Service e13da125-ee9f-4600-8753-9569ab832172 is updated service_manage_report /usr/lib/python3/dist-packages/heat/engine/service.py:2370
2025-07-28 01:06:35.013 38283 DEBUG heat.engine.service [req-8de315e9-185b-4986-b2f0-8aabac582ae6 - - - - -] Service 78785bd8-477d-4414-9a2c-a1c104e387a3 is updated service_manage_report /usr/lib/python3/dist-packages/heat/engine/service.py:2370
2025-07-28 01:07:34.943 38285 DEBUG heat.engine.service [req-fc6fecdc-554d-45e8-8d5a-5980d953e1e8 - - - - -] Service 60623b8d-8e0d-4d23-b2c9-1b8caf3f443b is updated service_manage_report /usr/lib/python3/dist-packages/heat/engine/service.py:2370
