2025-07-24 00:41:29.576 125642 DEBUG oslo_service.service [req-6694396b-0275-480d-a896-edfab90632f0 - - - - -] wsgi.ssl_ca_file = None log_opt_values /usr/lib/python3/dist-packages/oslo_config/cfg.py:2609
2025-07-24 00:41:29.577 125642 DEBUG oslo_service.service [req-6694396b-0275-480d-a896-edfab90632f0 - - - - -] wsgi.ssl_cert_file = None log_opt_values /usr/lib/python3/dist-packages/oslo_config/cfg.py:2609
2025-07-24 00:41:29.577 125642 DEBUG oslo_service.service [req-6694396b-0275-480d-a896-edfab90632f0 - - - - -] wsgi.ssl_key_file = None log_opt_values /usr/lib/python3/dist-packages/oslo_config/cfg.py:2609
2025-07-24 00:41:29.577 125642 DEBUG oslo_service.service [req-6694396b-0275-480d-a896-edfab90632f0 - - - - -] wsgi.tcp_keepidle = 600 log_opt_values /usr/lib/python3/dist-packages/oslo_config/cfg.py:2609
2025-07-24 00:41:29.577 125642 DEBUG oslo_service.service [req-6694396b-0275-480d-a896-edfab90632f0 - - - - -] wsgi.wsgi_log_format = %(client_ip)s "%(request_line)s" status: %(status_code)s len: %(body_length)s time: %(wall_seconds).7f log_opt_values /usr/lib/python3/dist-packages/oslo_config/cfg.py:2609
2025-07-24 00:41:29.577 125642 DEBUG oslo_service.service [req-6694396b-0275-480d-a896-edfab90632f0 - - - - -] zvm.ca_file = None log_opt_values /usr/lib/python3/dist-packages/oslo_config/cfg.py:2609
2025-07-24 00:41:29.577 125642 DEBUG oslo_service.service [req-6694396b-0275-480d-a896-edfab90632f0 - - - - -] zvm.cloud_connector_url = None log_opt_values /usr/lib/python3/dist-packages/oslo_config/cfg.py:2609
2025-07-24 00:41:29.578 125642 DEBUG oslo_service.service [req-6694396b-0275-480d-a896-edfab90632f0 - - - - -] zvm.image_tmp_path = /var/lib/nova/images log_opt_values /usr/lib/python3/dist-packages/oslo_config/cfg.py:2609
2025-07-24 00:41:29.578 125642 DEBUG oslo_service.service [req-6694396b-0275-480d-a896-edfab90632f0 - - - - -] zvm.reachable_timeout = 300 log_opt_values /usr/lib/python3/dist-packages/oslo_config/cfg.py:2609
2025-07-24 00:41:29.578 125642 DEBUG oslo_service.service [req-6694396b-0275-480d-a896-edfab90632f0 - - - - -] oslo_messaging_metrics.metrics_buffer_size = 1000 log_opt_values /usr/lib/python3/dist-packages/oslo_config/cfg.py:2609
2025-07-24 00:41:29.578 125642 DEBUG oslo_service.service [req-6694396b-0275-480d-a896-edfab90632f0 - - - - -] oslo_messaging_metrics.metrics_enabled = False log_opt_values /usr/lib/python3/dist-packages/oslo_config/cfg.py:2609
2025-07-24 00:41:29.580 125642 DEBUG oslo_service.service [req-6694396b-0275-480d-a896-edfab90632f0 - - - - -] oslo_messaging_metrics.metrics_process_name = log_opt_values /usr/lib/python3/dist-packages/oslo_config/cfg.py:2609
2025-07-24 00:41:29.580 125642 DEBUG oslo_service.service [req-6694396b-0275-480d-a896-edfab90632f0 - - - - -] oslo_messaging_metrics.metrics_socket_file = /var/tmp/metrics_collector.sock log_opt_values /usr/lib/python3/dist-packages/oslo_config/cfg.py:2609
2025-07-24 00:41:29.580 125642 DEBUG oslo_service.service [req-6694396b-0275-480d-a896-edfab90632f0 - - - - -] oslo_messaging_metrics.metrics_thread_stop_timeout = 10 log_opt_values /usr/lib/python3/dist-packages/oslo_config/cfg.py:2609
2025-07-24 00:41:29.580 125642 DEBUG oslo_service.service [req-6694396b-0275-480d-a896-edfab90632f0 - - - - -] oslo_policy.enforce_new_defaults = False log_opt_values /usr/lib/python3/dist-packages/oslo_config/cfg.py:2609
2025-07-24 00:41:29.580 125642 DEBUG oslo_service.service [req-6694396b-0275-480d-a896-edfab90632f0 - - - - -] oslo_policy.enforce_scope = False log_opt_values /usr/lib/python3/dist-packages/oslo_config/cfg.py:2609
2025-07-24 00:41:29.580 125642 DEBUG oslo_service.service [req-6694396b-0275-480d-a896-edfab90632f0 - - - - -] oslo_policy.policy_default_rule = default log_opt_values /usr/lib/python3/dist-packages/oslo_config/cfg.py:2609
2025-07-24 00:41:29.581 125642 DEBUG oslo_service.service [req-6694396b-0275-480d-a896-edfab90632f0 - - - - -] oslo_policy.policy_dirs = ['policy.d'] log_opt_values /usr/lib/python3/dist-packages/oslo_config/cfg.py:2609
2025-07-24 00:41:29.581 125642 DEBUG oslo_service.service [req-6694396b-0275-480d-a896-edfab90632f0 - - - - -] oslo_policy.policy_file = policy.yaml log_opt_values /usr/lib/python3/dist-packages/oslo_config/cfg.py:2609
2025-07-24 00:41:29.581 125642 DEBUG oslo_service.service [req-6694396b-0275-480d-a896-edfab90632f0 - - - - -] oslo_policy.remote_content_type = application/x-www-form-urlencoded log_opt_values /usr/lib/python3/dist-packages/oslo_config/cfg.py:2609
2025-07-24 00:41:29.581 125642 DEBUG oslo_service.service [req-6694396b-0275-480d-a896-edfab90632f0 - - - - -] oslo_policy.remote_ssl_ca_crt_file = None log_opt_values /usr/lib/python3/dist-packages/oslo_config/cfg.py:2609
2025-07-24 00:41:29.581 125642 DEBUG oslo_service.service [req-6694396b-0275-480d-a896-edfab90632f0 - - - - -] oslo_policy.remote_ssl_client_crt_file = None log_opt_values /usr/lib/python3/dist-packages/oslo_config/cfg.py:2609
2025-07-24 00:41:29.582 125642 DEBUG oslo_service.service [req-6694396b-0275-480d-a896-edfab90632f0 - - - - -] oslo_policy.remote_ssl_client_key_file = None log_opt_values /usr/lib/python3/dist-packages/oslo_config/cfg.py:2609
2025-07-24 00:41:29.582 125642 DEBUG oslo_service.service [req-6694396b-0275-480d-a896-edfab90632f0 - - - - -] oslo_policy.remote_ssl_verify_server_crt = False log_opt_values /usr/lib/python3/dist-packages/oslo_config/cfg.py:2609
2025-07-24 00:41:29.582 125642 DEBUG oslo_service.service [req-6694396b-0275-480d-a896-edfab90632f0 - - - - -] oslo_versionedobjects.fatal_exception_format_errors = False log_opt_values /usr/lib/python3/dist-packages/oslo_config/cfg.py:2609
2025-07-24 00:41:29.582 125642 DEBUG oslo_service.service [req-6694396b-0275-480d-a896-edfab90632f0 - - - - -] oslo_middleware.http_basic_auth_user_file = /etc/htpasswd log_opt_values /usr/lib/python3/dist-packages/oslo_config/cfg.py:2609
2025-07-24 00:41:29.582 125642 DEBUG oslo_service.service [req-6694396b-0275-480d-a896-edfab90632f0 - - - - -] profiler.connection_string = messaging:// log_opt_values /usr/lib/python3/dist-packages/oslo_config/cfg.py:2609
2025-07-24 00:41:29.583 125642 DEBUG oslo_service.service [req-6694396b-0275-480d-a896-edfab90632f0 - - - - -] profiler.enabled = False log_opt_values /usr/lib/python3/dist-packages/oslo_config/cfg.py:2609
2025-07-24 00:41:29.583 125642 DEBUG oslo_service.service [req-6694396b-0275-480d-a896-edfab90632f0 - - - - -] profiler.es_doc_type = notification log_opt_values /usr/lib/python3/dist-packages/oslo_config/cfg.py:2609
2025-07-24 00:41:29.583 125642 DEBUG oslo_service.service [req-6694396b-0275-480d-a896-edfab90632f0 - - - - -] profiler.es_scroll_size = 10000 log_opt_values /usr/lib/python3/dist-packages/oslo_config/cfg.py:2609
2025-07-24 00:41:29.583 125642 DEBUG oslo_service.service [req-6694396b-0275-480d-a896-edfab90632f0 - - - - -] profiler.es_scroll_time = 2m log_opt_values /usr/lib/python3/dist-packages/oslo_config/cfg.py:2609
2025-07-24 00:41:29.583 125642 DEBUG oslo_service.service [req-6694396b-0275-480d-a896-edfab90632f0 - - - - -] profiler.filter_error_trace = False log_opt_values /usr/lib/python3/dist-packages/oslo_config/cfg.py:2609
2025-07-24 00:41:29.583 125642 DEBUG oslo_service.service [req-6694396b-0275-480d-a896-edfab90632f0 - - - - -] profiler.hmac_keys = SECRET_KEY log_opt_values /usr/lib/python3/dist-packages/oslo_config/cfg.py:2609
2025-07-24 00:41:29.584 125642 DEBUG oslo_service.service [req-6694396b-0275-480d-a896-edfab90632f0 - - - - -] profiler.sentinel_service_name = mymaster log_opt_values /usr/lib/python3/dist-packages/oslo_config/cfg.py:2609
2025-07-24 00:41:29.584 125642 DEBUG oslo_service.service [req-6694396b-0275-480d-a896-edfab90632f0 - - - - -] profiler.socket_timeout = 0.1 log_opt_values /usr/lib/python3/dist-packages/oslo_config/cfg.py:2609
2025-07-24 00:41:29.584 125642 DEBUG oslo_service.service [req-6694396b-0275-480d-a896-edfab90632f0 - - - - -] profiler.trace_sqlalchemy = False log_opt_values /usr/lib/python3/dist-packages/oslo_config/cfg.py:2609
2025-07-24 00:41:29.584 125642 DEBUG oslo_service.service [req-6694396b-0275-480d-a896-edfab90632f0 - - - - -] remote_debug.host = None log_opt_values /usr/lib/python3/dist-packages/oslo_config/cfg.py:2609
2025-07-24 00:41:29.584 125642 DEBUG oslo_service.service [req-6694396b-0275-480d-a896-edfab90632f0 - - - - -] remote_debug.port = None log_opt_values /usr/lib/python3/dist-packages/oslo_config/cfg.py:2609
2025-07-24 00:41:29.584 125642 DEBUG oslo_service.service [req-6694396b-0275-480d-a896-edfab90632f0 - - - - -] oslo_messaging_rabbit.amqp_auto_delete = False log_opt_values /usr/lib/python3/dist-packages/oslo_config/cfg.py:2609
2025-07-24 00:41:29.585 125642 DEBUG oslo_service.service [req-6694396b-0275-480d-a896-edfab90632f0 - - - - -] oslo_messaging_rabbit.amqp_durable_queues = False log_opt_values /usr/lib/python3/dist-packages/oslo_config/cfg.py:2609
2025-07-24 00:41:29.585 125642 DEBUG oslo_service.service [req-6694396b-0275-480d-a896-edfab90632f0 - - - - -] oslo_messaging_rabbit.conn_pool_min_size = 2 log_opt_values /usr/lib/python3/dist-packages/oslo_config/cfg.py:2609
2025-07-24 00:41:29.585 125642 DEBUG oslo_service.service [req-6694396b-0275-480d-a896-edfab90632f0 - - - - -] oslo_messaging_rabbit.conn_pool_ttl = 1200 log_opt_values /usr/lib/python3/dist-packages/oslo_config/cfg.py:2609
2025-07-24 00:41:29.585 125642 DEBUG oslo_service.service [req-6694396b-0275-480d-a896-edfab90632f0 - - - - -] oslo_messaging_rabbit.direct_mandatory_flag = True log_opt_values /usr/lib/python3/dist-packages/oslo_config/cfg.py:2609
2025-07-24 00:41:29.586 125642 DEBUG oslo_service.service [req-6694396b-0275-480d-a896-edfab90632f0 - - - - -] oslo_messaging_rabbit.enable_cancel_on_failover = False log_opt_values /usr/lib/python3/dist-packages/oslo_config/cfg.py:2609
2025-07-24 00:41:29.586 125642 DEBUG oslo_service.service [req-6694396b-0275-480d-a896-edfab90632f0 - - - - -] oslo_messaging_rabbit.heartbeat_in_pthread = False log_opt_values /usr/lib/python3/dist-packages/oslo_config/cfg.py:2609
2025-07-24 00:41:29.587 125642 DEBUG oslo_service.service [req-6694396b-0275-480d-a896-edfab90632f0 - - - - -] oslo_messaging_rabbit.heartbeat_rate = 2 log_opt_values /usr/lib/python3/dist-packages/oslo_config/cfg.py:2609
2025-07-24 00:41:29.587 125642 DEBUG oslo_service.service [req-6694396b-0275-480d-a896-edfab90632f0 - - - - -] oslo_messaging_rabbit.heartbeat_timeout_threshold = 60 log_opt_values /usr/lib/python3/dist-packages/oslo_config/cfg.py:2609
2025-07-24 00:41:29.587 125642 DEBUG oslo_service.service [req-6694396b-0275-480d-a896-edfab90632f0 - - - - -] oslo_messaging_rabbit.kombu_compression = None log_opt_values /usr/lib/python3/dist-packages/oslo_config/cfg.py:2609
2025-07-24 00:41:29.587 125642 DEBUG oslo_service.service [req-6694396b-0275-480d-a896-edfab90632f0 - - - - -] oslo_messaging_rabbit.kombu_failover_strategy = round-robin log_opt_values /usr/lib/python3/dist-packages/oslo_config/cfg.py:2609
2025-07-24 00:41:29.588 125642 DEBUG oslo_service.service [req-6694396b-0275-480d-a896-edfab90632f0 - - - - -] oslo_messaging_rabbit.kombu_missing_consumer_retry_timeout = 60 log_opt_values /usr/lib/python3/dist-packages/oslo_config/cfg.py:2609
2025-07-24 00:41:29.588 125642 DEBUG oslo_service.service [req-6694396b-0275-480d-a896-edfab90632f0 - - - - -] oslo_messaging_rabbit.kombu_reconnect_delay = 1.0 log_opt_values /usr/lib/python3/dist-packages/oslo_config/cfg.py:2609
2025-07-24 00:41:29.588 125642 DEBUG oslo_service.service [req-6694396b-0275-480d-a896-edfab90632f0 - - - - -] oslo_messaging_rabbit.rabbit_ha_queues = False log_opt_values /usr/lib/python3/dist-packages/oslo_config/cfg.py:2609
2025-07-24 00:41:29.588 125642 DEBUG oslo_service.service [req-6694396b-0275-480d-a896-edfab90632f0 - - - - -] oslo_messaging_rabbit.rabbit_interval_max = 30 log_opt_values /usr/lib/python3/dist-packages/oslo_config/cfg.py:2609
2025-07-24 00:41:29.588 125642 DEBUG oslo_service.service [req-6694396b-0275-480d-a896-edfab90632f0 - - - - -] oslo_messaging_rabbit.rabbit_login_method = AMQPLAIN log_opt_values /usr/lib/python3/dist-packages/oslo_config/cfg.py:2609
2025-07-24 00:41:29.588 125642 DEBUG oslo_service.service [req-6694396b-0275-480d-a896-edfab90632f0 - - - - -] oslo_messaging_rabbit.rabbit_qos_prefetch_count = 0 log_opt_values /usr/lib/python3/dist-packages/oslo_config/cfg.py:2609
2025-07-24 00:41:29.589 125642 DEBUG oslo_service.service [req-6694396b-0275-480d-a896-edfab90632f0 - - - - -] oslo_messaging_rabbit.rabbit_quorum_queue = False log_opt_values /usr/lib/python3/dist-packages/oslo_config/cfg.py:2609
2025-07-24 00:41:29.589 125642 DEBUG oslo_service.service [req-6694396b-0275-480d-a896-edfab90632f0 - - - - -] oslo_messaging_rabbit.rabbit_retry_backoff = 2 log_opt_values /usr/lib/python3/dist-packages/oslo_config/cfg.py:2609
2025-07-24 00:41:29.589 125642 DEBUG oslo_service.service [req-6694396b-0275-480d-a896-edfab90632f0 - - - - -] oslo_messaging_rabbit.rabbit_retry_interval = 1 log_opt_values /usr/lib/python3/dist-packages/oslo_config/cfg.py:2609
2025-07-24 00:41:29.589 125642 DEBUG oslo_service.service [req-6694396b-0275-480d-a896-edfab90632f0 - - - - -] oslo_messaging_rabbit.rabbit_transient_queues_ttl = 1800 log_opt_values /usr/lib/python3/dist-packages/oslo_config/cfg.py:2609
2025-07-24 00:41:29.589 125642 DEBUG oslo_service.service [req-6694396b-0275-480d-a896-edfab90632f0 - - - - -] oslo_messaging_rabbit.rpc_conn_pool_size = 30 log_opt_values /usr/lib/python3/dist-packages/oslo_config/cfg.py:2609
2025-07-24 00:41:29.589 125642 DEBUG oslo_service.service [req-6694396b-0275-480d-a896-edfab90632f0 - - - - -] oslo_messaging_rabbit.ssl = False log_opt_values /usr/lib/python3/dist-packages/oslo_config/cfg.py:2609
2025-07-24 00:41:29.590 125642 DEBUG oslo_service.service [req-6694396b-0275-480d-a896-edfab90632f0 - - - - -] oslo_messaging_rabbit.ssl_ca_file = log_opt_values /usr/lib/python3/dist-packages/oslo_config/cfg.py:2609
2025-07-24 00:41:29.590 125642 DEBUG oslo_service.service [req-6694396b-0275-480d-a896-edfab90632f0 - - - - -] oslo_messaging_rabbit.ssl_cert_file = log_opt_values /usr/lib/python3/dist-packages/oslo_config/cfg.py:2609
2025-07-24 00:41:29.590 125642 DEBUG oslo_service.service [req-6694396b-0275-480d-a896-edfab90632f0 - - - - -] oslo_messaging_rabbit.ssl_key_file = log_opt_values /usr/lib/python3/dist-packages/oslo_config/cfg.py:2609
2025-07-24 00:41:29.590 125642 DEBUG oslo_service.service [req-6694396b-0275-480d-a896-edfab90632f0 - - - - -] oslo_messaging_rabbit.ssl_version = log_opt_values /usr/lib/python3/dist-packages/oslo_config/cfg.py:2609
2025-07-24 00:41:29.590 125642 DEBUG oslo_service.service [req-6694396b-0275-480d-a896-edfab90632f0 - - - - -] oslo_messaging_notifications.driver = ['messagingv2'] log_opt_values /usr/lib/python3/dist-packages/oslo_config/cfg.py:2609
2025-07-24 00:41:29.591 125642 DEBUG oslo_service.service [req-6694396b-0275-480d-a896-edfab90632f0 - - - - -] oslo_messaging_notifications.retry = -1 log_opt_values /usr/lib/python3/dist-packages/oslo_config/cfg.py:2609
2025-07-24 00:41:29.591 125642 DEBUG oslo_service.service [req-6694396b-0275-480d-a896-edfab90632f0 - - - - -] oslo_messaging_notifications.topics = ['notifications'] log_opt_values /usr/lib/python3/dist-packages/oslo_config/cfg.py:2609
2025-07-24 00:41:29.592 125642 DEBUG oslo_service.service [req-6694396b-0275-480d-a896-edfab90632f0 - - - - -] oslo_messaging_notifications.transport_url = **** log_opt_values /usr/lib/python3/dist-packages/oslo_config/cfg.py:2609
2025-07-24 00:41:29.592 125642 DEBUG oslo_service.service [req-6694396b-0275-480d-a896-edfab90632f0 - - - - -] oslo_limit.auth_section = None log_opt_values /usr/lib/python3/dist-packages/oslo_config/cfg.py:2609
2025-07-24 00:41:29.592 125642 DEBUG oslo_service.service [req-6694396b-0275-480d-a896-edfab90632f0 - - - - -] oslo_limit.auth_type = None log_opt_values /usr/lib/python3/dist-packages/oslo_config/cfg.py:2609
2025-07-24 00:41:29.592 125642 DEBUG oslo_service.service [req-6694396b-0275-480d-a896-edfab90632f0 - - - - -] oslo_limit.cafile = None log_opt_values /usr/lib/python3/dist-packages/oslo_config/cfg.py:2609
2025-07-24 00:41:29.592 125642 DEBUG oslo_service.service [req-6694396b-0275-480d-a896-edfab90632f0 - - - - -] oslo_limit.certfile = None log_opt_values /usr/lib/python3/dist-packages/oslo_config/cfg.py:2609
2025-07-24 00:41:29.593 125642 DEBUG oslo_service.service [req-6694396b-0275-480d-a896-edfab90632f0 - - - - -] oslo_limit.collect_timing = False log_opt_values /usr/lib/python3/dist-packages/oslo_config/cfg.py:2609
2025-07-24 00:41:29.593 125642 DEBUG oslo_service.service [req-6694396b-0275-480d-a896-edfab90632f0 - - - - -] oslo_limit.connect_retries = None log_opt_values /usr/lib/python3/dist-packages/oslo_config/cfg.py:2609
2025-07-24 00:41:29.593 125642 DEBUG oslo_service.service [req-6694396b-0275-480d-a896-edfab90632f0 - - - - -] oslo_limit.connect_retry_delay = None log_opt_values /usr/lib/python3/dist-packages/oslo_config/cfg.py:2609
2025-07-24 00:41:29.593 125642 DEBUG oslo_service.service [req-6694396b-0275-480d-a896-edfab90632f0 - - - - -] oslo_limit.endpoint_id = None log_opt_values /usr/lib/python3/dist-packages/oslo_config/cfg.py:2609
2025-07-24 00:41:29.593 125642 DEBUG oslo_service.service [req-6694396b-0275-480d-a896-edfab90632f0 - - - - -] oslo_limit.endpoint_override = None log_opt_values /usr/lib/python3/dist-packages/oslo_config/cfg.py:2609
2025-07-24 00:41:29.593 125642 DEBUG oslo_service.service [req-6694396b-0275-480d-a896-edfab90632f0 - - - - -] oslo_limit.insecure = False log_opt_values /usr/lib/python3/dist-packages/oslo_config/cfg.py:2609
2025-07-24 00:41:29.594 125642 DEBUG oslo_service.service [req-6694396b-0275-480d-a896-edfab90632f0 - - - - -] oslo_limit.keyfile = None log_opt_values /usr/lib/python3/dist-packages/oslo_config/cfg.py:2609
2025-07-24 00:41:29.594 125642 DEBUG oslo_service.service [req-6694396b-0275-480d-a896-edfab90632f0 - - - - -] oslo_limit.max_version = None log_opt_values /usr/lib/python3/dist-packages/oslo_config/cfg.py:2609
2025-07-24 00:41:29.594 125642 DEBUG oslo_service.service [req-6694396b-0275-480d-a896-edfab90632f0 - - - - -] oslo_limit.min_version = None log_opt_values /usr/lib/python3/dist-packages/oslo_config/cfg.py:2609
2025-07-24 00:41:29.594 125642 DEBUG oslo_service.service [req-6694396b-0275-480d-a896-edfab90632f0 - - - - -] oslo_limit.region_name = None log_opt_values /usr/lib/python3/dist-packages/oslo_config/cfg.py:2609
2025-07-24 00:41:29.594 125642 DEBUG oslo_service.service [req-6694396b-0275-480d-a896-edfab90632f0 - - - - -] oslo_limit.service_name = None log_opt_values /usr/lib/python3/dist-packages/oslo_config/cfg.py:2609
2025-07-24 00:41:29.594 125642 DEBUG oslo_service.service [req-6694396b-0275-480d-a896-edfab90632f0 - - - - -] oslo_limit.service_type = None log_opt_values /usr/lib/python3/dist-packages/oslo_config/cfg.py:2609
2025-07-24 00:41:29.594 125642 DEBUG oslo_service.service [req-6694396b-0275-480d-a896-edfab90632f0 - - - - -] oslo_limit.split_loggers = False log_opt_values /usr/lib/python3/dist-packages/oslo_config/cfg.py:2609
2025-07-24 00:41:29.595 125642 DEBUG oslo_service.service [req-6694396b-0275-480d-a896-edfab90632f0 - - - - -] oslo_limit.status_code_retries = None log_opt_values /usr/lib/python3/dist-packages/oslo_config/cfg.py:2609
2025-07-24 00:41:29.595 125642 DEBUG oslo_service.service [req-6694396b-0275-480d-a896-edfab90632f0 - - - - -] oslo_limit.status_code_retry_delay = None log_opt_values /usr/lib/python3/dist-packages/oslo_config/cfg.py:2609
2025-07-24 00:41:29.595 125642 DEBUG oslo_service.service [req-6694396b-0275-480d-a896-edfab90632f0 - - - - -] oslo_limit.timeout = None log_opt_values /usr/lib/python3/dist-packages/oslo_config/cfg.py:2609
2025-07-24 00:41:29.595 125642 DEBUG oslo_service.service [req-6694396b-0275-480d-a896-edfab90632f0 - - - - -] oslo_limit.valid_interfaces = None log_opt_values /usr/lib/python3/dist-packages/oslo_config/cfg.py:2609
2025-07-24 00:41:29.595 125642 DEBUG oslo_service.service [req-6694396b-0275-480d-a896-edfab90632f0 - - - - -] oslo_limit.version = None log_opt_values /usr/lib/python3/dist-packages/oslo_config/cfg.py:2609
2025-07-24 00:41:29.596 125642 DEBUG oslo_service.service [req-6694396b-0275-480d-a896-edfab90632f0 - - - - -] oslo_reports.file_event_handler = None log_opt_values /usr/lib/python3/dist-packages/oslo_config/cfg.py:2609
2025-07-24 00:41:29.596 125642 DEBUG oslo_service.service [req-6694396b-0275-480d-a896-edfab90632f0 - - - - -] oslo_reports.file_event_handler_interval = 1 log_opt_values /usr/lib/python3/dist-packages/oslo_config/cfg.py:2609
2025-07-24 00:41:29.596 125642 DEBUG oslo_service.service [req-6694396b-0275-480d-a896-edfab90632f0 - - - - -] oslo_reports.log_dir = None log_opt_values /usr/lib/python3/dist-packages/oslo_config/cfg.py:2609
2025-07-24 00:41:29.596 125642 DEBUG oslo_service.service [req-6694396b-0275-480d-a896-edfab90632f0 - - - - -] ******************************************************************************** log_opt_values /usr/lib/python3/dist-packages/oslo_config/cfg.py:2613
2025-07-24 00:41:30.534 126463 DEBUG oslo_messaging._drivers.amqpdriver [-] AMQPListener connection timeout poll /usr/lib/python3/dist-packages/oslo_messaging/_drivers/amqpdriver.py:360
2025-07-24 00:41:30.534 126463 DEBUG oslo_messaging._drivers.amqpdriver [-] Listener is running poll /usr/lib/python3/dist-packages/oslo_messaging/_drivers/amqpdriver.py:343
2025-07-24 00:41:30.535 126463 DEBUG oslo_messaging._drivers.amqpdriver [-] AMQPListener connection consume poll /usr/lib/python3/dist-packages/oslo_messaging/_drivers/amqpdriver.py:357
2025-07-24 00:41:30.538 126460 DEBUG oslo_messaging._drivers.amqpdriver [-] AMQPListener connection timeout poll /usr/lib/python3/dist-packages/oslo_messaging/_drivers/amqpdriver.py:360
2025-07-24 00:41:30.538 126460 DEBUG oslo_messaging._drivers.amqpdriver [-] Listener is running poll /usr/lib/python3/dist-packages/oslo_messaging/_drivers/amqpdriver.py:343
2025-07-24 00:41:30.539 126460 DEBUG oslo_messaging._drivers.amqpdriver [-] AMQPListener connection consume poll /usr/lib/python3/dist-packages/oslo_messaging/_drivers/amqpdriver.py:357
2025-07-24 00:41:30.543 126462 DEBUG oslo_messaging._drivers.amqpdriver [-] AMQPListener connection timeout poll /usr/lib/python3/dist-packages/oslo_messaging/_drivers/amqpdriver.py:360
2025-07-24 00:41:30.544 126462 DEBUG oslo_messaging._drivers.amqpdriver [-] Listener is running poll /usr/lib/python3/dist-packages/oslo_messaging/_drivers/amqpdriver.py:343
2025-07-24 00:41:30.543 126461 DEBUG oslo_messaging._drivers.amqpdriver [-] AMQPListener connection timeout poll /usr/lib/python3/dist-packages/oslo_messaging/_drivers/amqpdriver.py:360
2025-07-24 00:41:30.544 126462 DEBUG oslo_messaging._drivers.amqpdriver [-] AMQPListener connection consume poll /usr/lib/python3/dist-packages/oslo_messaging/_drivers/amqpdriver.py:357
2025-07-24 00:41:30.544 126461 DEBUG oslo_messaging._drivers.amqpdriver [-] Listener is running poll /usr/lib/python3/dist-packages/oslo_messaging/_drivers/amqpdriver.py:343
2025-07-24 00:41:30.544 126461 DEBUG oslo_messaging._drivers.amqpdriver [-] AMQPListener connection consume poll /usr/lib/python3/dist-packages/oslo_messaging/_drivers/amqpdriver.py:357
2025-07-24 00:41:32.538 126463 DEBUG oslo_messaging._drivers.amqpdriver [-] AMQPListener connection timeout poll /usr/lib/python3/dist-packages/oslo_messaging/_drivers/amqpdriver.py:360
2025-07-24 00:41:32.539 126463 DEBUG oslo_messaging._drivers.amqpdriver [-] Listener is running poll /usr/lib/python3/dist-packages/oslo_messaging/_drivers/amqpdriver.py:343
2025-07-24 00:41:32.539 126463 DEBUG oslo_messaging._drivers.amqpdriver [-] AMQPListener connection consume poll /usr/lib/python3/dist-packages/oslo_messaging/_drivers/amqpdriver.py:357
2025-07-24 00:41:32.542 126460 DEBUG oslo_messaging._drivers.amqpdriver [-] AMQPListener connection timeout poll /usr/lib/python3/dist-packages/oslo_messaging/_drivers/amqpdriver.py:360
2025-07-24 00:41:32.543 126460 DEBUG oslo_messaging._drivers.amqpdriver [-] Listener is running poll /usr/lib/python3/dist-packages/oslo_messaging/_drivers/amqpdriver.py:343
2025-07-24 00:41:32.544 126460 DEBUG oslo_messaging._drivers.amqpdriver [-] AMQPListener connection consume poll /usr/lib/python3/dist-packages/oslo_messaging/_drivers/amqpdriver.py:357
2025-07-24 00:41:32.547 126461 DEBUG oslo_messaging._drivers.amqpdriver [-] AMQPListener connection timeout poll /usr/lib/python3/dist-packages/oslo_messaging/_drivers/amqpdriver.py:360
2025-07-24 00:41:32.548 126461 DEBUG oslo_messaging._drivers.amqpdriver [-] Listener is running poll /usr/lib/python3/dist-packages/oslo_messaging/_drivers/amqpdriver.py:343
2025-07-24 00:41:32.548 126461 DEBUG oslo_messaging._drivers.amqpdriver [-] AMQPListener connection consume poll /usr/lib/python3/dist-packages/oslo_messaging/_drivers/amqpdriver.py:357
2025-07-24 00:41:32.547 126462 DEBUG oslo_messaging._drivers.amqpdriver [-] AMQPListener connection timeout poll /usr/lib/python3/dist-packages/oslo_messaging/_drivers/amqpdriver.py:360
2025-07-24 00:41:32.548 126462 DEBUG oslo_messaging._drivers.amqpdriver [-] Listener is running poll /usr/lib/python3/dist-packages/oslo_messaging/_drivers/amqpdriver.py:343
2025-07-24 00:41:32.548 126462 DEBUG oslo_messaging._drivers.amqpdriver [-] AMQPListener connection consume poll /usr/lib/python3/dist-packages/oslo_messaging/_drivers/amqpdriver.py:357
2025-07-24 00:41:35.541 126461 DEBUG oslo_service.periodic_task [req-7bea4304-8f8c-4da6-b8b5-8ac231a0c061 - - - - -] Running periodic task SchedulerManager._discover_hosts_in_cells run_periodic_tasks /usr/lib/python3/dist-packages/oslo_service/periodic_task.py:210
2025-07-24 00:41:35.544 126461 DEBUG oslo_db.sqlalchemy.engines [req-7bea4304-8f8c-4da6-b8b5-8ac231a0c061 - - - - -] Parent process 125642 forked (126461) with an open database connection, which is being discarded and recreated. checkout /usr/lib/python3/dist-packages/oslo_db/sqlalchemy/engines.py:413
2025-07-24 00:41:35.558 126461 DEBUG oslo_concurrency.lockutils [req-7bea4304-8f8c-4da6-b8b5-8ac231a0c061 - - - - -] Lock "1cb300f8-4a52-4c13-a664-26ccccd9170a" acquired by "nova.context.set_target_cell..get_or_set_cached_cell_and_set_connections" :: waited 0.000s inner /usr/lib/python3/dist-packages/oslo_concurrency/lockutils.py:386
2025-07-24 00:41:35.560 126461 DEBUG oslo_concurrency.lockutils [req-7bea4304-8f8c-4da6-b8b5-8ac231a0c061 - - - - -] Lock "1cb300f8-4a52-4c13-a664-26ccccd9170a" "released" by "nova.context.set_target_cell..get_or_set_cached_cell_and_set_connections" :: held 0.002s inner /usr/lib/python3/dist-packages/oslo_concurrency/lockutils.py:400
2025-07-24 00:41:35.567 126461 DEBUG oslo_db.sqlalchemy.engines [req-7bea4304-8f8c-4da6-b8b5-8ac231a0c061 - - - - -] MySQL server mode set to STRICT_TRANS_TABLES,STRICT_ALL_TABLES,NO_ZERO_IN_DATE,NO_ZERO_DATE,ERROR_FOR_DIVISION_BY_ZERO,TRADITIONAL,NO_ENGINE_SUBSTITUTION _check_effective_sql_mode /usr/lib/python3/dist-packages/oslo_db/sqlalchemy/engines.py:314
2025-07-24 00:41:36.542 126463 DEBUG oslo_messaging._drivers.amqpdriver [-] AMQPListener connection timeout poll /usr/lib/python3/dist-packages/oslo_messaging/_drivers/amqpdriver.py:360
2025-07-24 00:41:36.543 126463 DEBUG oslo_messaging._drivers.amqpdriver [-] Listener is running poll /usr/lib/python3/dist-packages/oslo_messaging/_drivers/amqpdriver.py:343
2025-07-24 00:41:36.545 126463 DEBUG oslo_messaging._drivers.amqpdriver [-] AMQPListener connection consume poll /usr/lib/python3/dist-packages/oslo_messaging/_drivers/amqpdriver.py:357
2025-07-24 00:41:36.547 126460 DEBUG oslo_messaging._drivers.amqpdriver [-] AMQPListener connection timeout poll /usr/lib/python3/dist-packages/oslo_messaging/_drivers/amqpdriver.py:360
2025-07-24 00:41:36.547 126460 DEBUG oslo_messaging._drivers.amqpdriver [-] Listener is running poll /usr/lib/python3/dist-packages/oslo_messaging/_drivers/amqpdriver.py:343
2025-07-24 00:41:36.548 126460 DEBUG oslo_messaging._drivers.amqpdriver [-] AMQPListener connection consume poll /usr/lib/python3/dist-packages/oslo_messaging/_drivers/amqpdriver.py:357
2025-07-24 00:41:36.550 126461 DEBUG oslo_messaging._drivers.amqpdriver [-] AMQPListener connection timeout poll /usr/lib/python3/dist-packages/oslo_messaging/_drivers/amqpdriver.py:360
2025-07-24 00:41:36.551 126462 DEBUG oslo_messaging._drivers.amqpdriver [-] AMQPListener connection timeout poll /usr/lib/python3/dist-packages/oslo_messaging/_drivers/amqpdriver.py:360
2025-07-24 00:41:36.552 126462 DEBUG oslo_messaging._drivers.amqpdriver [-] Listener is running poll /usr/lib/python3/dist-packages/oslo_messaging/_drivers/amqpdriver.py:343
2025-07-24 00:41:36.552 126461 DEBUG oslo_messaging._drivers.amqpdriver [-] Listener is running poll /usr/lib/python3/dist-packages/oslo_messaging/_drivers/amqpdriver.py:343
2025-07-24 00:41:36.552 126462 DEBUG oslo_messaging._drivers.amqpdriver [-] AMQPListener connection consume poll /usr/lib/python3/dist-packages/oslo_messaging/_drivers/amqpdriver.py:357
2025-07-24 00:41:36.552 126461 DEBUG oslo_messaging._drivers.amqpdriver [-] AMQPListener connection consume poll /usr/lib/python3/dist-packages/oslo_messaging/_drivers/amqpdriver.py:357
2025-07-24 00:41:40.529 126463 DEBUG oslo_service.periodic_task [req-ae246035-c472-4b5e-a308-9c29c0df3b92 - - - - -] Running periodic task SchedulerManager._discover_hosts_in_cells run_periodic_tasks /usr/lib/python3/dist-packages/oslo_service/periodic_task.py:210
2025-07-24 00:41:40.532 126463 DEBUG oslo_db.sqlalchemy.engines [req-ae246035-c472-4b5e-a308-9c29c0df3b92 - - - - -] Parent process 125642 forked (126463) with an open database connection, which is being discarded and recreated. checkout /usr/lib/python3/dist-packages/oslo_db/sqlalchemy/engines.py:413
2025-07-24 00:41:40.550 126463 DEBUG oslo_concurrency.lockutils [req-ae246035-c472-4b5e-a308-9c29c0df3b92 - - - - -] Lock "1cb300f8-4a52-4c13-a664-26ccccd9170a" acquired by "nova.context.set_target_cell..get_or_set_cached_cell_and_set_connections" :: waited 0.000s inner /usr/lib/python3/dist-packages/oslo_concurrency/lockutils.py:386
2025-07-24 00:41:40.555 126463 DEBUG oslo_concurrency.lockutils [req-ae246035-c472-4b5e-a308-9c29c0df3b92 - - - - -] Lock "1cb300f8-4a52-4c13-a664-26ccccd9170a" "released" by "nova.context.set_target_cell..get_or_set_cached_cell_and_set_connections" :: held 0.006s inner /usr/lib/python3/dist-packages/oslo_concurrency/lockutils.py:400
2025-07-24 00:41:40.569 126463 DEBUG oslo_db.sqlalchemy.engines [req-ae246035-c472-4b5e-a308-9c29c0df3b92 - - - - -] MySQL server mode set to STRICT_TRANS_TABLES,STRICT_ALL_TABLES,NO_ZERO_IN_DATE,NO_ZERO_DATE,ERROR_FOR_DIVISION_BY_ZERO,TRADITIONAL,NO_ENGINE_SUBSTITUTION _check_effective_sql_mode /usr/lib/python3/dist-packages/oslo_db/sqlalchemy/engines.py:314
2025-07-24 00:41:44.548 126463 DEBUG oslo_messaging._drivers.amqpdriver [-] AMQPListener connection timeout poll /usr/lib/python3/dist-packages/oslo_messaging/_drivers/amqpdriver.py:360
2025-07-24 00:41:44.549 126463 DEBUG oslo_messaging._drivers.amqpdriver [-] Listener is running poll /usr/lib/python3/dist-packages/oslo_messaging/_drivers/amqpdriver.py:343
2025-07-24 00:41:44.549 126463 DEBUG oslo_messaging._drivers.amqpdriver [-] AMQPListener connection consume poll /usr/lib/python3/dist-packages/oslo_messaging/_drivers/amqpdriver.py:357
2025-07-24 00:41:44.551 126460 DEBUG oslo_messaging._drivers.amqpdriver [-] AMQPListener connection timeout poll /usr/lib/python3/dist-packages/oslo_messaging/_drivers/amqpdriver.py:360
2025-07-24 00:41:44.551 126460 DEBUG oslo_messaging._drivers.amqpdriver [-] Listener is running poll /usr/lib/python3/dist-packages/oslo_messaging/_drivers/amqpdriver.py:343
2025-07-24 00:41:44.552 126460 DEBUG oslo_messaging._drivers.amqpdriver [-] AMQPListener connection consume poll /usr/lib/python3/dist-packages/oslo_messaging/_drivers/amqpdriver.py:357
2025-07-24 00:41:44.554 126461 DEBUG oslo_messaging._drivers.amqpdriver [-] AMQPListener connection timeout poll /usr/lib/python3/dist-packages/oslo_messaging/_drivers/amqpdriver.py:360
2025-07-24 00:41:44.554 126461 DEBUG oslo_messaging._drivers.amqpdriver [-] Listener is running poll /usr/lib/python3/dist-packages/oslo_messaging/_drivers/amqpdriver.py:343
2025-07-24 00:41:44.554 126461 DEBUG oslo_messaging._drivers.amqpdriver [-] AMQPListener connection consume poll /usr/lib/python3/dist-packages/oslo_messaging/_drivers/amqpdriver.py:357
2025-07-24 00:41:44.556 126462 DEBUG oslo_messaging._drivers.amqpdriver [-] AMQPListener connection timeout poll /usr/lib/python3/dist-packages/oslo_messaging/_drivers/amqpdriver.py:360
2025-07-24 00:41:44.556 126462 DEBUG oslo_messaging._drivers.amqpdriver [-] Listener is running poll /usr/lib/python3/dist-packages/oslo_messaging/_drivers/amqpdriver.py:343
2025-07-24 00:41:44.557 126462 DEBUG oslo_messaging._drivers.amqpdriver [-] AMQPListener connection consume poll /usr/lib/python3/dist-packages/oslo_messaging/_drivers/amqpdriver.py:357
2025-07-24 00:42:05.589 126461 DEBUG oslo_service.periodic_task [req-7bea4304-8f8c-4da6-b8b5-8ac231a0c061 - - - - -] Running periodic task SchedulerManager._discover_hosts_in_cells run_periodic_tasks /usr/lib/python3/dist-packages/oslo_service/periodic_task.py:210
2025-07-24 00:42:05.600 126461 DEBUG oslo_concurrency.lockutils [req-7d56a1f9-1388-4011-8cf6-426a1f9d5295 - - - - -] Lock "1cb300f8-4a52-4c13-a664-26ccccd9170a" acquired by "nova.context.set_target_cell..get_or_set_cached_cell_and_set_connections" :: waited 0.000s inner /usr/lib/python3/dist-packages/oslo_concurrency/lockutils.py:386
2025-07-24 00:42:05.600 126461 DEBUG oslo_concurrency.lockutils [req-7d56a1f9-1388-4011-8cf6-426a1f9d5295 - - - - -] Lock "1cb300f8-4a52-4c13-a664-26ccccd9170a" "released" by "nova.context.set_target_cell..get_or_set_cached_cell_and_set_connections" :: held 0.000s inner /usr/lib/python3/dist-packages/oslo_concurrency/lockutils.py:400
2025-07-24 00:42:06.541 126462 DEBUG oslo_service.periodic_task [req-ffbf836f-b828-40fb-8355-f76eafdd015b - - - - -] Running periodic task SchedulerManager._discover_hosts_in_cells run_periodic_tasks /usr/lib/python3/dist-packages/oslo_service/periodic_task.py:210
2025-07-24 00:42:06.543 126462 DEBUG oslo_db.sqlalchemy.engines [req-ffbf836f-b828-40fb-8355-f76eafdd015b - - - - -] Parent process 125642 forked (126462) with an open database connection, which is being discarded and recreated. checkout /usr/lib/python3/dist-packages/oslo_db/sqlalchemy/engines.py:413
2025-07-24 00:42:06.561 126462 DEBUG oslo_concurrency.lockutils [req-ffbf836f-b828-40fb-8355-f76eafdd015b - - - - -] Lock "1cb300f8-4a52-4c13-a664-26ccccd9170a" acquired by "nova.context.set_target_cell..get_or_set_cached_cell_and_set_connections" :: waited 0.000s inner /usr/lib/python3/dist-packages/oslo_concurrency/lockutils.py:386
2025-07-24 00:42:06.565 126462 DEBUG oslo_concurrency.lockutils [req-ffbf836f-b828-40fb-8355-f76eafdd015b - - - - -] Lock "1cb300f8-4a52-4c13-a664-26ccccd9170a" "released" by "nova.context.set_target_cell..get_or_set_cached_cell_and_set_connections" :: held 0.004s inner /usr/lib/python3/dist-packages/oslo_concurrency/lockutils.py:400
2025-07-24 00:42:06.578 126462 DEBUG oslo_db.sqlalchemy.engines [req-ffbf836f-b828-40fb-8355-f76eafdd015b - - - - -] MySQL server mode set to STRICT_TRANS_TABLES,STRICT_ALL_TABLES,NO_ZERO_IN_DATE,NO_ZERO_DATE,ERROR_FOR_DIVISION_BY_ZERO,TRADITIONAL,NO_ENGINE_SUBSTITUTION _check_effective_sql_mode /usr/lib/python3/dist-packages/oslo_db/sqlalchemy/engines.py:314
2025-07-24 00:42:10.618 126463 DEBUG oslo_service.periodic_task [req-ae246035-c472-4b5e-a308-9c29c0df3b92 - - - - -] Running periodic task SchedulerManager._discover_hosts_in_cells run_periodic_tasks /usr/lib/python3/dist-packages/oslo_service/periodic_task.py:210
2025-07-24 00:42:10.624 126463 DEBUG oslo_concurrency.lockutils [req-85f7c459-ce1c-438b-8e07-aaae1f1a7961 - - - - -] Lock "1cb300f8-4a52-4c13-a664-26ccccd9170a" acquired by "nova.context.set_target_cell..get_or_set_cached_cell_and_set_connections" :: waited 0.000s inner /usr/lib/python3/dist-packages/oslo_concurrency/lockutils.py:386
2025-07-24 00:42:10.624 126463 DEBUG oslo_concurrency.lockutils [req-85f7c459-ce1c-438b-8e07-aaae1f1a7961 - - - - -] Lock "1cb300f8-4a52-4c13-a664-26ccccd9170a" "released" by "nova.context.set_target_cell..get_or_set_cached_cell_and_set_connections" :: held 0.000s inner /usr/lib/python3/dist-packages/oslo_concurrency/lockutils.py:400
2025-07-24 00:42:14.515 126463 DEBUG oslo_messaging._drivers.amqpdriver [-] AMQPListener connection timeout poll /usr/lib/python3/dist-packages/oslo_messaging/_drivers/amqpdriver.py:360
2025-07-24 00:42:14.515 126463 DEBUG oslo_messaging._drivers.amqpdriver [-] Listener is running poll /usr/lib/python3/dist-packages/oslo_messaging/_drivers/amqpdriver.py:343
2025-07-24 00:42:14.516 126463 DEBUG oslo_messaging._drivers.amqpdriver [-] AMQPListener connection consume poll /usr/lib/python3/dist-packages/oslo_messaging/_drivers/amqpdriver.py:357
2025-07-24 00:42:14.516 126460 DEBUG oslo_messaging._drivers.amqpdriver [-] AMQPListener connection timeout poll /usr/lib/python3/dist-packages/oslo_messaging/_drivers/amqpdriver.py:360
2025-07-24 00:42:14.517 126460 DEBUG oslo_messaging._drivers.amqpdriver [-] Listener is running poll /usr/lib/python3/dist-packages/oslo_messaging/_drivers/amqpdriver.py:343
2025-07-24 00:42:14.517 126460 DEBUG oslo_messaging._drivers.amqpdriver [-] AMQPListener connection consume poll /usr/lib/python3/dist-packages/oslo_messaging/_drivers/amqpdriver.py:357
2025-07-24 00:42:14.523 126461 DEBUG oslo_messaging._drivers.amqpdriver [-] AMQPListener connection timeout poll /usr/lib/python3/dist-packages/oslo_messaging/_drivers/amqpdriver.py:360
2025-07-24 00:42:14.523 126461 DEBUG oslo_messaging._drivers.amqpdriver [-] Listener is running poll /usr/lib/python3/dist-packages/oslo_messaging/_drivers/amqpdriver.py:343
2025-07-24 00:42:14.523 126461 DEBUG oslo_messaging._drivers.amqpdriver [-] AMQPListener connection consume poll /usr/lib/python3/dist-packages/oslo_messaging/_drivers/amqpdriver.py:357
2025-07-24 00:42:14.529 126462 DEBUG oslo_messaging._drivers.amqpdriver [-] AMQPListener connection timeout poll /usr/lib/python3/dist-packages/oslo_messaging/_drivers/amqpdriver.py:360
2025-07-24 00:42:14.530 126462 DEBUG oslo_messaging._drivers.amqpdriver [-] Listener is running poll /usr/lib/python3/dist-packages/oslo_messaging/_drivers/amqpdriver.py:343
2025-07-24 00:42:14.531 126462 DEBUG oslo_messaging._drivers.amqpdriver [-] AMQPListener connection consume poll /usr/lib/python3/dist-packages/oslo_messaging/_drivers/amqpdriver.py:357
2025-07-24 00:42:22.539 126460 DEBUG oslo_service.periodic_task [req-199c0295-082c-48fd-8696-5cf4a2bf837e - - - - -] Running periodic task SchedulerManager._discover_hosts_in_cells run_periodic_tasks /usr/lib/python3/dist-packages/oslo_service/periodic_task.py:210
2025-07-24 00:42:22.541 126460 DEBUG oslo_db.sqlalchemy.engines [req-199c0295-082c-48fd-8696-5cf4a2bf837e - - - - -] Parent process 125642 forked (126460) with an open database connection, which is being discarded and recreated. checkout /usr/lib/python3/dist-packages/oslo_db/sqlalchemy/engines.py:413
2025-07-24 00:42:22.558 126460 DEBUG oslo_concurrency.lockutils [req-199c0295-082c-48fd-8696-5cf4a2bf837e - - - - -] Lock "1cb300f8-4a52-4c13-a664-26ccccd9170a" acquired by "nova.context.set_target_cell..get_or_set_cached_cell_and_set_connections" :: waited 0.000s inner /usr/lib/python3/dist-packages/oslo_concurrency/lockutils.py:386
2025-07-24 00:42:22.563 126460 DEBUG oslo_concurrency.lockutils [req-199c0295-082c-48fd-8696-5cf4a2bf837e - - - - -] Lock "1cb300f8-4a52-4c13-a664-26ccccd9170a" "released" by "nova.context.set_target_cell..get_or_set_cached_cell_and_set_connections" :: held 0.005s inner /usr/lib/python3/dist-packages/oslo_concurrency/lockutils.py:400
2025-07-24 00:42:22.577 126460 DEBUG oslo_db.sqlalchemy.engines [req-199c0295-082c-48fd-8696-5cf4a2bf837e - - - - -] MySQL server mode set to STRICT_TRANS_TABLES,STRICT_ALL_TABLES,NO_ZERO_IN_DATE,NO_ZERO_DATE,ERROR_FOR_DIVISION_BY_ZERO,TRADITIONAL,NO_ENGINE_SUBSTITUTION _check_effective_sql_mode /usr/lib/python3/dist-packages/oslo_db/sqlalchemy/engines.py:314
2025-07-24 00:42:36.544 126461 DEBUG oslo_service.periodic_task [req-7d56a1f9-1388-4011-8cf6-426a1f9d5295 - - - - -] Running periodic task SchedulerManager._discover_hosts_in_cells run_periodic_tasks /usr/lib/python3/dist-packages/oslo_service/periodic_task.py:210
2025-07-24 00:42:36.556 126461 DEBUG oslo_concurrency.lockutils [req-de108102-3e3b-4ae7-8496-f2cae178989d - - - - -] Lock "1cb300f8-4a52-4c13-a664-26ccccd9170a" acquired by "nova.context.set_target_cell..get_or_set_cached_cell_and_set_connections" :: waited 0.000s inner /usr/lib/python3/dist-packages/oslo_concurrency/lockutils.py:386
2025-07-24 00:42:36.557 126461 DEBUG oslo_concurrency.lockutils [req-de108102-3e3b-4ae7-8496-f2cae178989d - - - - -] Lock "1cb300f8-4a52-4c13-a664-26ccccd9170a" "released" by "nova.context.set_target_cell..get_or_set_cached_cell_and_set_connections" :: held 0.001s inner /usr/lib/python3/dist-packages/oslo_concurrency/lockutils.py:400
2025-07-24 00:42:36.614 126462 DEBUG oslo_service.periodic_task [req-ffbf836f-b828-40fb-8355-f76eafdd015b - - - - -] Running periodic task SchedulerManager._discover_hosts_in_cells run_periodic_tasks /usr/lib/python3/dist-packages/oslo_service/periodic_task.py:210
2025-07-24 00:42:36.626 126462 DEBUG oslo_concurrency.lockutils [req-af3baf63-8ce8-4ef1-b240-d8e421a8b991 - - - - -] Lock "1cb300f8-4a52-4c13-a664-26ccccd9170a" acquired by "nova.context.set_target_cell..get_or_set_cached_cell_and_set_connections" :: waited 0.000s inner /usr/lib/python3/dist-packages/oslo_concurrency/lockutils.py:386
2025-07-24 00:42:36.627 126462 DEBUG oslo_concurrency.lockutils [req-af3baf63-8ce8-4ef1-b240-d8e421a8b991 - - - - -] Lock "1cb300f8-4a52-4c13-a664-26ccccd9170a" "released" by "nova.context.set_target_cell..get_or_set_cached_cell_and_set_connections" :: held 0.001s inner /usr/lib/python3/dist-packages/oslo_concurrency/lockutils.py:400
2025-07-24 00:42:41.532 126463 DEBUG oslo_service.periodic_task [req-85f7c459-ce1c-438b-8e07-aaae1f1a7961 - - - - -] Running periodic task SchedulerManager._discover_hosts_in_cells run_periodic_tasks /usr/lib/python3/dist-packages/oslo_service/periodic_task.py:210
2025-07-24 00:42:41.545 126463 DEBUG oslo_concurrency.lockutils [req-71ba2014-2782-4a87-a8c3-24ac4fc33e3d - - - - -] Lock "1cb300f8-4a52-4c13-a664-26ccccd9170a" acquired by "nova.context.set_target_cell..get_or_set_cached_cell_and_set_connections" :: waited 0.000s inner /usr/lib/python3/dist-packages/oslo_concurrency/lockutils.py:386
2025-07-24 00:42:41.546 126463 DEBUG oslo_concurrency.lockutils [req-71ba2014-2782-4a87-a8c3-24ac4fc33e3d - - - - -] Lock "1cb300f8-4a52-4c13-a664-26ccccd9170a" "released" by "nova.context.set_target_cell..get_or_set_cached_cell_and_set_connections" :: held 0.001s inner /usr/lib/python3/dist-packages/oslo_concurrency/lockutils.py:400
2025-07-24 00:42:46.519 126463 DEBUG oslo_messaging._drivers.amqpdriver [-] AMQPListener connection timeout poll /usr/lib/python3/dist-packages/oslo_messaging/_drivers/amqpdriver.py:360
2025-07-24 00:42:46.520 126463 DEBUG oslo_messaging._drivers.amqpdriver [-] Listener is running poll /usr/lib/python3/dist-packages/oslo_messaging/_drivers/amqpdriver.py:343
2025-07-24 00:42:46.520 126460 DEBUG oslo_messaging._drivers.amqpdriver [-] AMQPListener connection timeout poll /usr/lib/python3/dist-packages/oslo_messaging/_drivers/amqpdriver.py:360
2025-07-24 00:42:46.520 126463 DEBUG oslo_messaging._drivers.amqpdriver [-] AMQPListener connection consume poll /usr/lib/python3/dist-packages/oslo_messaging/_drivers/amqpdriver.py:357
2025-07-24 00:42:46.521 126460 DEBUG oslo_messaging._drivers.amqpdriver [-] Listener is running poll /usr/lib/python3/dist-packages/oslo_messaging/_drivers/amqpdriver.py:343
2025-07-24 00:42:46.521 126460 DEBUG oslo_messaging._drivers.amqpdriver [-] AMQPListener connection consume poll /usr/lib/python3/dist-packages/oslo_messaging/_drivers/amqpdriver.py:357
2025-07-24 00:42:46.527 126461 DEBUG oslo_messaging._drivers.amqpdriver [-] AMQPListener connection timeout poll /usr/lib/python3/dist-packages/oslo_messaging/_drivers/amqpdriver.py:360
2025-07-24 00:42:46.528 126461 DEBUG oslo_messaging._drivers.amqpdriver [-] Listener is running poll /usr/lib/python3/dist-packages/oslo_messaging/_drivers/amqpdriver.py:343
2025-07-24 00:42:46.528 126461 DEBUG oslo_messaging._drivers.amqpdriver [-] AMQPListener connection consume poll /usr/lib/python3/dist-packages/oslo_messaging/_drivers/amqpdriver.py:357
2025-07-24 00:42:46.535 126462 DEBUG oslo_messaging._drivers.amqpdriver [-] AMQPListener connection timeout poll /usr/lib/python3/dist-packages/oslo_messaging/_drivers/amqpdriver.py:360
2025-07-24 00:42:46.537 126462 DEBUG oslo_messaging._drivers.amqpdriver [-] Listener is running poll /usr/lib/python3/dist-packages/oslo_messaging/_drivers/amqpdriver.py:343
2025-07-24 00:42:46.538 126462 DEBUG oslo_messaging._drivers.amqpdriver [-] AMQPListener connection consume poll /usr/lib/python3/dist-packages/oslo_messaging/_drivers/amqpdriver.py:357
2025-07-24 00:42:52.603 126460 DEBUG oslo_service.periodic_task [req-199c0295-082c-48fd-8696-5cf4a2bf837e - - - - -] Running periodic task SchedulerManager._discover_hosts_in_cells run_periodic_tasks /usr/lib/python3/dist-packages/oslo_service/periodic_task.py:210
2025-07-24 00:42:52.616 126460 DEBUG oslo_concurrency.lockutils [req-1c8357d9-4c93-4347-a3d9-215a5884b1a8 - - - - -] Lock "1cb300f8-4a52-4c13-a664-26ccccd9170a" acquired by "nova.context.set_target_cell..get_or_set_cached_cell_and_set_connections" :: waited 0.000s inner /usr/lib/python3/dist-packages/oslo_concurrency/lockutils.py:386
2025-07-24 00:42:52.617 126460 DEBUG oslo_concurrency.lockutils [req-1c8357d9-4c93-4347-a3d9-215a5884b1a8 - - - - -] Lock "1cb300f8-4a52-4c13-a664-26ccccd9170a" "released" by "nova.context.set_target_cell..get_or_set_cached_cell_and_set_connections" :: held 0.001s inner /usr/lib/python3/dist-packages/oslo_concurrency/lockutils.py:400
2025-07-24 00:43:06.570 126461 DEBUG oslo_service.periodic_task [req-de108102-3e3b-4ae7-8496-f2cae178989d - - - - -] Running periodic task SchedulerManager._discover_hosts_in_cells run_periodic_tasks /usr/lib/python3/dist-packages/oslo_service/periodic_task.py:210
2025-07-24 00:43:06.584 126461 DEBUG oslo_concurrency.lockutils [req-85fd5df5-6a08-4dd1-85c5-c1ef9bb1fd4d - - - - -] Lock "1cb300f8-4a52-4c13-a664-26ccccd9170a" acquired by "nova.context.set_target_cell..get_or_set_cached_cell_and_set_connections" :: waited 0.000s inner /usr/lib/python3/dist-packages/oslo_concurrency/lockutils.py:386
2025-07-24 00:43:06.585 126461 DEBUG oslo_concurrency.lockutils [req-85fd5df5-6a08-4dd1-85c5-c1ef9bb1fd4d - - - - -] Lock "1cb300f8-4a52-4c13-a664-26ccccd9170a" "released" by "nova.context.set_target_cell..get_or_set_cached_cell_and_set_connections" :: held 0.001s inner /usr/lib/python3/dist-packages/oslo_concurrency/lockutils.py:400
2025-07-24 00:43:06.641 126462 DEBUG oslo_service.periodic_task [req-af3baf63-8ce8-4ef1-b240-d8e421a8b991 - - - - -] Running periodic task SchedulerManager._discover_hosts_in_cells run_periodic_tasks /usr/lib/python3/dist-packages/oslo_service/periodic_task.py:210
2025-07-24 00:43:06.655 126462 DEBUG oslo_concurrency.lockutils [req-c24aaeef-eeab-4296-87f8-14f06e7998e8 - - - - -] Lock "1cb300f8-4a52-4c13-a664-26ccccd9170a" acquired by "nova.context.set_target_cell..get_or_set_cached_cell_and_set_connections" :: waited 0.000s inner /usr/lib/python3/dist-packages/oslo_concurrency/lockutils.py:386
2025-07-24 00:43:06.655 126462 DEBUG oslo_concurrency.lockutils [req-c24aaeef-eeab-4296-87f8-14f06e7998e8 - - - - -] Lock "1cb300f8-4a52-4c13-a664-26ccccd9170a" "released" by "nova.context.set_target_cell..get_or_set_cached_cell_and_set_connections" :: held 0.000s inner /usr/lib/python3/dist-packages/oslo_concurrency/lockutils.py:400
2025-07-24 00:43:11.569 126463 DEBUG oslo_service.periodic_task [req-71ba2014-2782-4a87-a8c3-24ac4fc33e3d - - - - -] Running periodic task SchedulerManager._discover_hosts_in_cells run_periodic_tasks /usr/lib/python3/dist-packages/oslo_service/periodic_task.py:210
2025-07-24 00:43:11.580 126463 DEBUG oslo_concurrency.lockutils [req-38d9d352-460a-47c3-937c-bb3d9ee82369 - - - - -] Lock "1cb300f8-4a52-4c13-a664-26ccccd9170a" acquired by "nova.context.set_target_cell..get_or_set_cached_cell_and_set_connections" :: waited 0.000s inner /usr/lib/python3/dist-packages/oslo_concurrency/lockutils.py:386
2025-07-24 00:43:11.581 126463 DEBUG oslo_concurrency.lockutils [req-38d9d352-460a-47c3-937c-bb3d9ee82369 - - - - -] Lock "1cb300f8-4a52-4c13-a664-26ccccd9170a" "released" by "nova.context.set_target_cell..get_or_set_cached_cell_and_set_connections" :: held 0.001s inner /usr/lib/python3/dist-packages/oslo_concurrency/lockutils.py:400
2025-07-24 00:43:22.637 126460 DEBUG oslo_service.periodic_task [req-1c8357d9-4c93-4347-a3d9-215a5884b1a8 - - - - -] Running periodic task SchedulerManager._discover_hosts_in_cells run_periodic_tasks /usr/lib/python3/dist-packages/oslo_service/periodic_task.py:210
2025-07-24 00:43:22.643 126460 DEBUG oslo_concurrency.lockutils [req-fb14646b-8059-4c76-ac7b-ca885429549a - - - - -] Lock "1cb300f8-4a52-4c13-a664-26ccccd9170a" acquired by "nova.context.set_target_cell..get_or_set_cached_cell_and_set_connections" :: waited 0.000s inner /usr/lib/python3/dist-packages/oslo_concurrency/lockutils.py:386
