2025-07-24 00:36:52.138 37443 DEBUG oslo_service.service [-] database.connection = **** log_opt_values /usr/lib/python3/dist-packages/oslo_config/cfg.py:2609
2025-07-24 00:36:52.138 37443 DEBUG oslo_service.service [-] database.connection_debug = 0 log_opt_values /usr/lib/python3/dist-packages/oslo_config/cfg.py:2609
2025-07-24 00:36:52.138 37443 DEBUG oslo_service.service [-] database.connection_parameters = log_opt_values /usr/lib/python3/dist-packages/oslo_config/cfg.py:2609
2025-07-24 00:36:52.139 37443 DEBUG oslo_service.service [-] database.connection_recycle_time = 3600 log_opt_values /usr/lib/python3/dist-packages/oslo_config/cfg.py:2609
2025-07-24 00:36:52.139 37443 DEBUG oslo_service.service [-] database.connection_trace = False log_opt_values /usr/lib/python3/dist-packages/oslo_config/cfg.py:2609
2025-07-24 00:36:52.139 37443 DEBUG oslo_service.service [-] database.db_inc_retry_interval = True log_opt_values /usr/lib/python3/dist-packages/oslo_config/cfg.py:2609
2025-07-24 00:36:52.139 37443 DEBUG oslo_service.service [-] database.db_max_retries = 20 log_opt_values /usr/lib/python3/dist-packages/oslo_config/cfg.py:2609
2025-07-24 00:36:52.139 37443 DEBUG oslo_service.service [-] database.db_max_retry_interval = 10 log_opt_values /usr/lib/python3/dist-packages/oslo_config/cfg.py:2609
2025-07-24 00:36:52.139 37443 DEBUG oslo_service.service [-] database.db_retry_interval = 1 log_opt_values /usr/lib/python3/dist-packages/oslo_config/cfg.py:2609
2025-07-24 00:36:52.139 37443 DEBUG oslo_service.service [-] database.max_overflow = 50 log_opt_values /usr/lib/python3/dist-packages/oslo_config/cfg.py:2609
2025-07-24 00:36:52.139 37443 DEBUG oslo_service.service [-] database.max_pool_size = 5 log_opt_values /usr/lib/python3/dist-packages/oslo_config/cfg.py:2609
2025-07-24 00:36:52.140 37443 DEBUG oslo_service.service [-] database.max_retries = 10 log_opt_values /usr/lib/python3/dist-packages/oslo_config/cfg.py:2609
2025-07-24 00:36:52.140 37443 DEBUG oslo_service.service [-] database.mysql_enable_ndb = False log_opt_values /usr/lib/python3/dist-packages/oslo_config/cfg.py:2609
2025-07-24 00:36:52.140 37443 DEBUG oslo_service.service [-] database.mysql_sql_mode = TRADITIONAL log_opt_values /usr/lib/python3/dist-packages/oslo_config/cfg.py:2609
2025-07-24 00:36:52.140 37443 DEBUG oslo_service.service [-] database.pool_timeout = None log_opt_values /usr/lib/python3/dist-packages/oslo_config/cfg.py:2609
2025-07-24 00:36:52.140 37443 DEBUG oslo_service.service [-] database.retry_interval = 10 log_opt_values /usr/lib/python3/dist-packages/oslo_config/cfg.py:2609
2025-07-24 00:36:52.140 37443 DEBUG oslo_service.service [-] database.slave_connection = **** log_opt_values /usr/lib/python3/dist-packages/oslo_config/cfg.py:2609
2025-07-24 00:36:52.140 37443 DEBUG oslo_service.service [-] database.sqlite_synchronous = True log_opt_values /usr/lib/python3/dist-packages/oslo_config/cfg.py:2609
2025-07-24 00:36:52.140 37443 DEBUG oslo_service.service [-] database.use_db_reconnect = False log_opt_values /usr/lib/python3/dist-packages/oslo_config/cfg.py:2609
2025-07-24 00:36:52.141 37443 DEBUG oslo_service.service [-] oslo_messaging_metrics.metrics_buffer_size = 1000 log_opt_values /usr/lib/python3/dist-packages/oslo_config/cfg.py:2609
2025-07-24 00:36:52.141 37443 DEBUG oslo_service.service [-] oslo_messaging_metrics.metrics_enabled = False log_opt_values /usr/lib/python3/dist-packages/oslo_config/cfg.py:2609
2025-07-24 00:36:52.141 37443 DEBUG oslo_service.service [-] oslo_messaging_metrics.metrics_process_name = log_opt_values /usr/lib/python3/dist-packages/oslo_config/cfg.py:2609
2025-07-24 00:36:52.141 37443 DEBUG oslo_service.service [-] oslo_messaging_metrics.metrics_socket_file = /var/tmp/metrics_collector.sock log_opt_values /usr/lib/python3/dist-packages/oslo_config/cfg.py:2609
2025-07-24 00:36:52.141 37443 DEBUG oslo_service.service [-] oslo_messaging_metrics.metrics_thread_stop_timeout = 10 log_opt_values /usr/lib/python3/dist-packages/oslo_config/cfg.py:2609
2025-07-24 00:36:52.141 37443 DEBUG oslo_service.service [-] oslo_policy.enforce_new_defaults = False log_opt_values /usr/lib/python3/dist-packages/oslo_config/cfg.py:2609
2025-07-24 00:36:52.141 37443 DEBUG oslo_service.service [-] oslo_policy.enforce_scope = False log_opt_values /usr/lib/python3/dist-packages/oslo_config/cfg.py:2609
2025-07-24 00:36:52.141 37443 DEBUG oslo_service.service [-] oslo_policy.policy_default_rule = default log_opt_values /usr/lib/python3/dist-packages/oslo_config/cfg.py:2609
2025-07-24 00:36:52.142 37443 DEBUG oslo_service.service [-] oslo_policy.policy_dirs = ['policy.d'] log_opt_values /usr/lib/python3/dist-packages/oslo_config/cfg.py:2609
2025-07-24 00:36:52.142 37443 DEBUG oslo_service.service [-] oslo_policy.policy_file = policy.yaml log_opt_values /usr/lib/python3/dist-packages/oslo_config/cfg.py:2609
2025-07-24 00:36:52.142 37443 DEBUG oslo_service.service [-] oslo_policy.remote_content_type = application/x-www-form-urlencoded log_opt_values /usr/lib/python3/dist-packages/oslo_config/cfg.py:2609
2025-07-24 00:36:52.142 37443 DEBUG oslo_service.service [-] oslo_policy.remote_ssl_ca_crt_file = None log_opt_values /usr/lib/python3/dist-packages/oslo_config/cfg.py:2609
2025-07-24 00:36:52.142 37443 DEBUG oslo_service.service [-] oslo_policy.remote_ssl_client_crt_file = None log_opt_values /usr/lib/python3/dist-packages/oslo_config/cfg.py:2609
2025-07-24 00:36:52.142 37443 DEBUG oslo_service.service [-] oslo_policy.remote_ssl_client_key_file = None log_opt_values /usr/lib/python3/dist-packages/oslo_config/cfg.py:2609
2025-07-24 00:36:52.142 37443 DEBUG oslo_service.service [-] oslo_policy.remote_ssl_verify_server_crt = False log_opt_values /usr/lib/python3/dist-packages/oslo_config/cfg.py:2609
2025-07-24 00:36:52.142 37443 DEBUG oslo_service.service [-] trustee.auth_section = None log_opt_values /usr/lib/python3/dist-packages/oslo_config/cfg.py:2609
2025-07-24 00:36:52.143 37443 WARNING oslo_config.cfg [-] Deprecated: Option "auth_plugin" from group "trustee" is deprecated. Use option "auth_type" from group "trustee".
2025-07-24 00:36:52.143 37443 DEBUG oslo_service.service [-] trustee.auth_type = password log_opt_values /usr/lib/python3/dist-packages/oslo_config/cfg.py:2609
2025-07-24 00:36:52.143 37443 DEBUG oslo_service.service [-] oslo_versionedobjects.fatal_exception_format_errors = False log_opt_values /usr/lib/python3/dist-packages/oslo_config/cfg.py:2609
2025-07-24 00:36:52.143 37443 DEBUG oslo_service.service [-] oslo_messaging_rabbit.amqp_auto_delete = False log_opt_values /usr/lib/python3/dist-packages/oslo_config/cfg.py:2609
2025-07-24 00:36:52.143 37443 DEBUG oslo_service.service [-] oslo_messaging_rabbit.amqp_durable_queues = False log_opt_values /usr/lib/python3/dist-packages/oslo_config/cfg.py:2609
2025-07-24 00:36:52.144 37443 DEBUG oslo_service.service [-] oslo_messaging_rabbit.conn_pool_min_size = 2 log_opt_values /usr/lib/python3/dist-packages/oslo_config/cfg.py:2609
2025-07-24 00:36:52.144 37443 DEBUG oslo_service.service [-] oslo_messaging_rabbit.conn_pool_ttl = 1200 log_opt_values /usr/lib/python3/dist-packages/oslo_config/cfg.py:2609
2025-07-24 00:36:52.144 37443 DEBUG oslo_service.service [-] oslo_messaging_rabbit.direct_mandatory_flag = True log_opt_values /usr/lib/python3/dist-packages/oslo_config/cfg.py:2609
2025-07-24 00:36:52.144 37443 DEBUG oslo_service.service [-] oslo_messaging_rabbit.enable_cancel_on_failover = False log_opt_values /usr/lib/python3/dist-packages/oslo_config/cfg.py:2609
2025-07-24 00:36:52.144 37443 DEBUG oslo_service.service [-] oslo_messaging_rabbit.heartbeat_in_pthread = False log_opt_values /usr/lib/python3/dist-packages/oslo_config/cfg.py:2609
2025-07-24 00:36:52.144 37443 DEBUG oslo_service.service [-] oslo_messaging_rabbit.heartbeat_rate = 2 log_opt_values /usr/lib/python3/dist-packages/oslo_config/cfg.py:2609
2025-07-24 00:36:52.144 37443 DEBUG oslo_service.service [-] oslo_messaging_rabbit.heartbeat_timeout_threshold = 60 log_opt_values /usr/lib/python3/dist-packages/oslo_config/cfg.py:2609
2025-07-24 00:36:52.144 37443 DEBUG oslo_service.service [-] oslo_messaging_rabbit.kombu_compression = None log_opt_values /usr/lib/python3/dist-packages/oslo_config/cfg.py:2609
2025-07-24 00:36:52.145 37443 DEBUG oslo_service.service [-] oslo_messaging_rabbit.kombu_failover_strategy = round-robin log_opt_values /usr/lib/python3/dist-packages/oslo_config/cfg.py:2609
2025-07-24 00:36:52.145 37443 DEBUG oslo_service.service [-] oslo_messaging_rabbit.kombu_missing_consumer_retry_timeout = 60 log_opt_values /usr/lib/python3/dist-packages/oslo_config/cfg.py:2609
2025-07-24 00:36:52.145 37443 DEBUG oslo_service.service [-] oslo_messaging_rabbit.kombu_reconnect_delay = 1.0 log_opt_values /usr/lib/python3/dist-packages/oslo_config/cfg.py:2609
2025-07-24 00:36:52.145 37443 DEBUG oslo_service.service [-] oslo_messaging_rabbit.rabbit_ha_queues = False log_opt_values /usr/lib/python3/dist-packages/oslo_config/cfg.py:2609
2025-07-24 00:36:52.145 37443 DEBUG oslo_service.service [-] oslo_messaging_rabbit.rabbit_interval_max = 30 log_opt_values /usr/lib/python3/dist-packages/oslo_config/cfg.py:2609
2025-07-24 00:36:52.145 37443 DEBUG oslo_service.service [-] oslo_messaging_rabbit.rabbit_login_method = AMQPLAIN log_opt_values /usr/lib/python3/dist-packages/oslo_config/cfg.py:2609
2025-07-24 00:36:52.145 37443 DEBUG oslo_service.service [-] oslo_messaging_rabbit.rabbit_qos_prefetch_count = 0 log_opt_values /usr/lib/python3/dist-packages/oslo_config/cfg.py:2609
2025-07-24 00:36:52.145 37443 DEBUG oslo_service.service [-] oslo_messaging_rabbit.rabbit_quorum_queue = False log_opt_values /usr/lib/python3/dist-packages/oslo_config/cfg.py:2609
2025-07-24 00:36:52.145 37443 DEBUG oslo_service.service [-] oslo_messaging_rabbit.rabbit_retry_backoff = 2 log_opt_values /usr/lib/python3/dist-packages/oslo_config/cfg.py:2609
2025-07-24 00:36:52.145 37443 DEBUG oslo_service.service [-] oslo_messaging_rabbit.rabbit_retry_interval = 1 log_opt_values /usr/lib/python3/dist-packages/oslo_config/cfg.py:2609
2025-07-24 00:36:52.146 37443 DEBUG oslo_service.service [-] oslo_messaging_rabbit.rabbit_transient_queues_ttl = 1800 log_opt_values /usr/lib/python3/dist-packages/oslo_config/cfg.py:2609
2025-07-24 00:36:52.146 37443 DEBUG oslo_service.service [-] oslo_messaging_rabbit.rpc_conn_pool_size = 30 log_opt_values /usr/lib/python3/dist-packages/oslo_config/cfg.py:2609
2025-07-24 00:36:52.146 37443 DEBUG oslo_service.service [-] oslo_messaging_rabbit.ssl = False log_opt_values /usr/lib/python3/dist-packages/oslo_config/cfg.py:2609
2025-07-24 00:36:52.146 37443 DEBUG oslo_service.service [-] oslo_messaging_rabbit.ssl_ca_file = log_opt_values /usr/lib/python3/dist-packages/oslo_config/cfg.py:2609
2025-07-24 00:36:52.146 37443 DEBUG oslo_service.service [-] oslo_messaging_rabbit.ssl_cert_file = log_opt_values /usr/lib/python3/dist-packages/oslo_config/cfg.py:2609
2025-07-24 00:36:52.146 37443 DEBUG oslo_service.service [-] oslo_messaging_rabbit.ssl_key_file = log_opt_values /usr/lib/python3/dist-packages/oslo_config/cfg.py:2609
2025-07-24 00:36:52.147 37443 DEBUG oslo_service.service [-] oslo_messaging_rabbit.ssl_version = log_opt_values /usr/lib/python3/dist-packages/oslo_config/cfg.py:2609
2025-07-24 00:36:52.147 37443 DEBUG oslo_service.service [-] oslo_messaging_notifications.driver = [] log_opt_values /usr/lib/python3/dist-packages/oslo_config/cfg.py:2609
2025-07-24 00:36:52.147 37443 DEBUG oslo_service.service [-] oslo_messaging_notifications.retry = -1 log_opt_values /usr/lib/python3/dist-packages/oslo_config/cfg.py:2609
2025-07-24 00:36:52.148 37443 DEBUG oslo_service.service [-] oslo_messaging_notifications.topics = ['notifications'] log_opt_values /usr/lib/python3/dist-packages/oslo_config/cfg.py:2609
2025-07-24 00:36:52.148 37443 DEBUG oslo_service.service [-] oslo_messaging_notifications.transport_url = **** log_opt_values /usr/lib/python3/dist-packages/oslo_config/cfg.py:2609
2025-07-24 00:36:52.148 37443 DEBUG oslo_service.service [-] cache.backend = dogpile.cache.null log_opt_values /usr/lib/python3/dist-packages/oslo_config/cfg.py:2609
2025-07-24 00:36:52.148 37443 DEBUG oslo_service.service [-] cache.backend_argument = **** log_opt_values /usr/lib/python3/dist-packages/oslo_config/cfg.py:2609
2025-07-24 00:36:52.148 37443 DEBUG oslo_service.service [-] cache.config_prefix = cache.oslo log_opt_values /usr/lib/python3/dist-packages/oslo_config/cfg.py:2609
2025-07-24 00:36:52.148 37443 DEBUG oslo_service.service [-] cache.debug_cache_backend = False log_opt_values /usr/lib/python3/dist-packages/oslo_config/cfg.py:2609
2025-07-24 00:36:52.148 37443 DEBUG oslo_service.service [-] cache.enabled = False log_opt_values /usr/lib/python3/dist-packages/oslo_config/cfg.py:2609
2025-07-24 00:36:52.149 37443 DEBUG oslo_service.service [-] cache.expiration_time = 600 log_opt_values /usr/lib/python3/dist-packages/oslo_config/cfg.py:2609
2025-07-24 00:36:52.149 37443 DEBUG oslo_service.service [-] cache.memcache_dead_retry = 300 log_opt_values /usr/lib/python3/dist-packages/oslo_config/cfg.py:2609
2025-07-24 00:36:52.149 37443 DEBUG oslo_service.service [-] cache.memcache_pool_connection_get_timeout = 10 log_opt_values /usr/lib/python3/dist-packages/oslo_config/cfg.py:2609
2025-07-24 00:36:52.149 37443 DEBUG oslo_service.service [-] cache.memcache_pool_flush_on_reconnect = False log_opt_values /usr/lib/python3/dist-packages/oslo_config/cfg.py:2609
2025-07-24 00:36:52.149 37443 DEBUG oslo_service.service [-] cache.memcache_pool_maxsize = 10 log_opt_values /usr/lib/python3/dist-packages/oslo_config/cfg.py:2609
2025-07-24 00:36:52.149 37443 DEBUG oslo_service.service [-] cache.memcache_pool_unused_timeout = 60 log_opt_values /usr/lib/python3/dist-packages/oslo_config/cfg.py:2609
2025-07-24 00:36:52.149 37443 DEBUG oslo_service.service [-] cache.memcache_servers = ['localhost:11211'] log_opt_values /usr/lib/python3/dist-packages/oslo_config/cfg.py:2609
2025-07-24 00:36:52.149 37443 DEBUG oslo_service.service [-] cache.memcache_socket_timeout = 1.0 log_opt_values /usr/lib/python3/dist-packages/oslo_config/cfg.py:2609
2025-07-24 00:36:52.150 37443 DEBUG oslo_service.service [-] cache.proxies = [] log_opt_values /usr/lib/python3/dist-packages/oslo_config/cfg.py:2609
2025-07-24 00:36:52.150 37443 DEBUG oslo_service.service [-] cache.tls_allowed_ciphers = None log_opt_values /usr/lib/python3/dist-packages/oslo_config/cfg.py:2609
2025-07-24 00:36:52.150 37443 DEBUG oslo_service.service [-] cache.tls_cafile = None log_opt_values /usr/lib/python3/dist-packages/oslo_config/cfg.py:2609
2025-07-24 00:36:52.150 37443 DEBUG oslo_service.service [-] cache.tls_certfile = None log_opt_values /usr/lib/python3/dist-packages/oslo_config/cfg.py:2609
2025-07-24 00:36:52.150 37443 DEBUG oslo_service.service [-] cache.tls_enabled = False log_opt_values /usr/lib/python3/dist-packages/oslo_config/cfg.py:2609
2025-07-24 00:36:52.150 37443 DEBUG oslo_service.service [-] cache.tls_keyfile = None log_opt_values /usr/lib/python3/dist-packages/oslo_config/cfg.py:2609
2025-07-24 00:36:52.150 37443 DEBUG oslo_service.service [-] constraint_validation_cache.caching = True log_opt_values /usr/lib/python3/dist-packages/oslo_config/cfg.py:2609
2025-07-24 00:36:52.150 37443 DEBUG oslo_service.service [-] constraint_validation_cache.expiration_time = 60 log_opt_values /usr/lib/python3/dist-packages/oslo_config/cfg.py:2609
2025-07-24 00:36:52.150 37443 DEBUG oslo_service.service [-] service_extension_cache.caching = True log_opt_values /usr/lib/python3/dist-packages/oslo_config/cfg.py:2609
2025-07-24 00:36:52.151 37443 DEBUG oslo_service.service [-] service_extension_cache.expiration_time = 3600 log_opt_values /usr/lib/python3/dist-packages/oslo_config/cfg.py:2609
2025-07-24 00:36:52.151 37443 DEBUG oslo_service.service [-] resource_finder_cache.caching = True log_opt_values /usr/lib/python3/dist-packages/oslo_config/cfg.py:2609
2025-07-24 00:36:52.151 37443 DEBUG oslo_service.service [-] resource_finder_cache.expiration_time = 3600 log_opt_values /usr/lib/python3/dist-packages/oslo_config/cfg.py:2609
2025-07-24 00:36:52.151 37443 DEBUG oslo_service.service [-] yaql.limit_iterators = 200 log_opt_values /usr/lib/python3/dist-packages/oslo_config/cfg.py:2609
2025-07-24 00:36:52.155 37443 DEBUG oslo_service.service [-] yaql.memory_quota = 10000 log_opt_values /usr/lib/python3/dist-packages/oslo_config/cfg.py:2609
2025-07-24 00:36:52.155 37443 DEBUG oslo_service.service [-] ******************************************************************************** log_opt_values /usr/lib/python3/dist-packages/oslo_config/cfg.py:2613
2025-07-24 00:36:52.167 37666 DEBUG oslo_db.sqlalchemy.engines [req-ee49f3a4-9f64-4c72-8eaf-0627352d2c87 - - - - -] MySQL server mode set to STRICT_TRANS_TABLES,STRICT_ALL_TABLES,NO_ZERO_IN_DATE,NO_ZERO_DATE,ERROR_FOR_DIVISION_BY_ZERO,TRADITIONAL,NO_ENGINE_SUBSTITUTION _check_effective_sql_mode /usr/lib/python3/dist-packages/oslo_db/sqlalchemy/engines.py:314
2025-07-24 00:36:52.181 37665 DEBUG oslo_db.sqlalchemy.engines [req-6fc254ab-d8c3-4e5a-8cdd-a1fb84796a1f - - - - -] MySQL server mode set to STRICT_TRANS_TABLES,STRICT_ALL_TABLES,NO_ZERO_IN_DATE,NO_ZERO_DATE,ERROR_FOR_DIVISION_BY_ZERO,TRADITIONAL,NO_ENGINE_SUBSTITUTION _check_effective_sql_mode /usr/lib/python3/dist-packages/oslo_db/sqlalchemy/engines.py:314
2025-07-24 00:36:52.187 37668 DEBUG oslo_db.sqlalchemy.engines [req-da21abc8-f0e4-409b-b7ce-6d8cd82193f1 - - - - -] MySQL server mode set to STRICT_TRANS_TABLES,STRICT_ALL_TABLES,NO_ZERO_IN_DATE,NO_ZERO_DATE,ERROR_FOR_DIVISION_BY_ZERO,TRADITIONAL,NO_ENGINE_SUBSTITUTION _check_effective_sql_mode /usr/lib/python3/dist-packages/oslo_db/sqlalchemy/engines.py:314
2025-07-24 00:36:52.195 37667 DEBUG oslo_db.sqlalchemy.engines [req-3a43d7ca-ea8a-4d8e-a9ae-6583c62480a3 - - - - -] MySQL server mode set to STRICT_TRANS_TABLES,STRICT_ALL_TABLES,NO_ZERO_IN_DATE,NO_ZERO_DATE,ERROR_FOR_DIVISION_BY_ZERO,TRADITIONAL,NO_ENGINE_SUBSTITUTION _check_effective_sql_mode /usr/lib/python3/dist-packages/oslo_db/sqlalchemy/engines.py:314
2025-07-24 00:36:52.248 37665 DEBUG heat.engine.service [req-3c35b5d8-3662-48d3-8e06-74d5d913374c - - - - -] Service 3665d492-e97d-4d3d-b629-5e897cba7851 is started service_manage_report /usr/lib/python3/dist-packages/heat/engine/service.py:2363
2025-07-24 00:36:52.258 37668 DEBUG heat.engine.service [req-150db8e9-3a6d-4ded-980a-ce680ffc3f50 - - - - -] Service f43f3c5d-67ba-4198-aaa9-bb7241556fc9 is started service_manage_report /usr/lib/python3/dist-packages/heat/engine/service.py:2363
2025-07-24 00:36:52.267 37666 DEBUG heat.engine.service [req-7492009f-f8a1-45eb-8849-3a20a92bbffe - - - - -] Service 96596a0f-ef42-4eb2-9df5-23c8b38d8450 is started service_manage_report /usr/lib/python3/dist-packages/heat/engine/service.py:2363
2025-07-24 00:36:52.273 37665 DEBUG heat.engine.service [req-3c35b5d8-3662-48d3-8e06-74d5d913374c - - - - -] Service 3665d492-e97d-4d3d-b629-5e897cba7851 is updated service_manage_report /usr/lib/python3/dist-packages/heat/engine/service.py:2370
2025-07-24 00:36:52.282 37667 DEBUG heat.engine.service [req-c3d6f74f-bd51-42f8-8fba-fee03b6710e8 - - - - -] Service 3e99ea3e-77f5-4377-9443-e16497f44fe2 is started service_manage_report /usr/lib/python3/dist-packages/heat/engine/service.py:2363
2025-07-24 00:36:52.288 37668 DEBUG heat.engine.service [req-150db8e9-3a6d-4ded-980a-ce680ffc3f50 - - - - -] Service f43f3c5d-67ba-4198-aaa9-bb7241556fc9 is updated service_manage_report /usr/lib/python3/dist-packages/heat/engine/service.py:2370
2025-07-24 00:36:52.290 37666 DEBUG heat.engine.service [req-7492009f-f8a1-45eb-8849-3a20a92bbffe - - - - -] Service 96596a0f-ef42-4eb2-9df5-23c8b38d8450 is updated service_manage_report /usr/lib/python3/dist-packages/heat/engine/service.py:2370
2025-07-24 00:36:52.303 37667 DEBUG heat.engine.service [req-c3d6f74f-bd51-42f8-8fba-fee03b6710e8 - - - - -] Service 3e99ea3e-77f5-4377-9443-e16497f44fe2 is updated service_manage_report /usr/lib/python3/dist-packages/heat/engine/service.py:2370
2025-07-24 00:37:52.248 37665 DEBUG heat.engine.service [req-d40b151d-fda9-4008-aa36-803071e63e6a - - - - -] Service 3665d492-e97d-4d3d-b629-5e897cba7851 is updated service_manage_report /usr/lib/python3/dist-packages/heat/engine/service.py:2370
2025-07-24 00:37:52.268 37668 DEBUG heat.engine.service [req-20c3930b-7583-47a3-b450-2b81de97316f - - - - -] Service f43f3c5d-67ba-4198-aaa9-bb7241556fc9 is updated service_manage_report /usr/lib/python3/dist-packages/heat/engine/service.py:2370
2025-07-24 00:37:52.271 37666 DEBUG heat.engine.service [req-d9f90116-e001-46a3-a760-484781c9edbd - - - - -] Service 96596a0f-ef42-4eb2-9df5-23c8b38d8450 is updated service_manage_report /usr/lib/python3/dist-packages/heat/engine/service.py:2370
2025-07-24 00:37:52.278 37667 DEBUG heat.engine.service [req-886980e6-89a6-4032-b1ca-22091dd82b72 - - - - -] Service 3e99ea3e-77f5-4377-9443-e16497f44fe2 is updated service_manage_report /usr/lib/python3/dist-packages/heat/engine/service.py:2370
2025-07-24 00:38:52.244 37665 DEBUG heat.engine.service [req-5964bc50-9683-4143-bec9-da0e759b8a38 - - - - -] Service 3665d492-e97d-4d3d-b629-5e897cba7851 is updated service_manage_report /usr/lib/python3/dist-packages/heat/engine/service.py:2370
2025-07-24 00:38:52.271 37668 DEBUG heat.engine.service [req-08d38f5c-9b83-43b1-9006-ce9f79688862 - - - - -] Service f43f3c5d-67ba-4198-aaa9-bb7241556fc9 is updated service_manage_report /usr/lib/python3/dist-packages/heat/engine/service.py:2370
2025-07-24 00:38:52.273 37666 DEBUG heat.engine.service [req-90b68534-133b-4a09-89a0-01d92051f590 - - - - -] Service 96596a0f-ef42-4eb2-9df5-23c8b38d8450 is updated service_manage_report /usr/lib/python3/dist-packages/heat/engine/service.py:2370
2025-07-24 00:38:52.284 37667 DEBUG heat.engine.service [req-9e7da792-93e1-43bd-bc7d-e1e68671bc84 - - - - -] Service 3e99ea3e-77f5-4377-9443-e16497f44fe2 is updated service_manage_report /usr/lib/python3/dist-packages/heat/engine/service.py:2370
2025-07-24 00:39:52.245 37665 DEBUG heat.engine.service [req-2c567dcc-2dba-46d2-9681-df644a560184 - - - - -] Service 3665d492-e97d-4d3d-b629-5e897cba7851 is updated service_manage_report /usr/lib/python3/dist-packages/heat/engine/service.py:2370
2025-07-24 00:39:52.262 37666 DEBUG heat.engine.service [req-7f428a22-e9de-4aff-bec0-71f6aa785834 - - - - -] Service 96596a0f-ef42-4eb2-9df5-23c8b38d8450 is updated service_manage_report /usr/lib/python3/dist-packages/heat/engine/service.py:2370
2025-07-24 00:39:52.262 37668 DEBUG heat.engine.service [req-40203960-5280-4580-8ba5-8358a5eb2621 - - - - -] Service f43f3c5d-67ba-4198-aaa9-bb7241556fc9 is updated service_manage_report /usr/lib/python3/dist-packages/heat/engine/service.py:2370
2025-07-24 00:39:52.285 37667 DEBUG heat.engine.service [req-3a2450fe-28ec-47d3-b589-b5975c4f0be4 - - - - -] Service 3e99ea3e-77f5-4377-9443-e16497f44fe2 is updated service_manage_report /usr/lib/python3/dist-packages/heat/engine/service.py:2370
2025-07-24 00:40:52.255 37665 DEBUG heat.engine.service [req-0464f1ce-6019-4f12-a1db-40b663f5850e - - - - -] Service 3665d492-e97d-4d3d-b629-5e897cba7851 is updated service_manage_report /usr/lib/python3/dist-packages/heat/engine/service.py:2370
2025-07-24 00:40:52.272 37668 DEBUG heat.engine.service [req-faf7cb9e-6cd1-4642-bf00-272965793729 - - - - -] Service f43f3c5d-67ba-4198-aaa9-bb7241556fc9 is updated service_manage_report /usr/lib/python3/dist-packages/heat/engine/service.py:2370
2025-07-24 00:40:52.275 37666 DEBUG heat.engine.service [req-12b0a05e-e7fe-4ce0-97a3-7297d50a87a9 - - - - -] Service 96596a0f-ef42-4eb2-9df5-23c8b38d8450 is updated service_manage_report /usr/lib/python3/dist-packages/heat/engine/service.py:2370
2025-07-24 00:40:52.283 37667 DEBUG heat.engine.service [req-ff51af5f-4127-4889-b703-5b8ebed65acf - - - - -] Service 3e99ea3e-77f5-4377-9443-e16497f44fe2 is updated service_manage_report /usr/lib/python3/dist-packages/heat/engine/service.py:2370
2025-07-24 00:41:52.263 37665 DEBUG heat.engine.service [req-e6e751ec-96d3-423b-bfab-30a2005a12ee - - - - -] Service 3665d492-e97d-4d3d-b629-5e897cba7851 is updated service_manage_report /usr/lib/python3/dist-packages/heat/engine/service.py:2370
2025-07-24 00:41:52.283 37668 DEBUG heat.engine.service [req-8b12fb65-7cce-4ca2-a616-a3b4e88e9700 - - - - -] Service f43f3c5d-67ba-4198-aaa9-bb7241556fc9 is updated service_manage_report /usr/lib/python3/dist-packages/heat/engine/service.py:2370
2025-07-24 00:41:52.287 37666 DEBUG heat.engine.service [req-a4d22d87-9de1-427d-8a91-dc9f12cc7f56 - - - - -] Service 96596a0f-ef42-4eb2-9df5-23c8b38d8450 is updated service_manage_report /usr/lib/python3/dist-packages/heat/engine/service.py:2370
2025-07-24 00:41:52.293 37667 DEBUG heat.engine.service [req-4e0d2da9-a4f2-4819-ad73-3795bf174de1 - - - - -] Service 3e99ea3e-77f5-4377-9443-e16497f44fe2 is updated service_manage_report /usr/lib/python3/dist-packages/heat/engine/service.py:2370
2025-07-24 00:42:52.254 37665 DEBUG heat.engine.service [req-af7e1eb7-1489-46a0-9915-8f14d94c6365 - - - - -] Service 3665d492-e97d-4d3d-b629-5e897cba7851 is updated service_manage_report /usr/lib/python3/dist-packages/heat/engine/service.py:2370
2025-07-24 00:42:52.277 37666 DEBUG heat.engine.service [req-4c5715f2-efaa-4637-88ef-92ec2c53305f - - - - -] Service 96596a0f-ef42-4eb2-9df5-23c8b38d8450 is updated service_manage_report /usr/lib/python3/dist-packages/heat/engine/service.py:2370
2025-07-24 00:42:52.280 37668 DEBUG heat.engine.service [req-8797a0d4-5241-4731-950c-376fc0d9cbd7 - - - - -] Service f43f3c5d-67ba-4198-aaa9-bb7241556fc9 is updated service_manage_report /usr/lib/python3/dist-packages/heat/engine/service.py:2370
2025-07-24 00:42:52.288 37667 DEBUG heat.engine.service [req-225c2f22-e7f8-4e63-9c7d-612717eb63a5 - - - - -] Service 3e99ea3e-77f5-4377-9443-e16497f44fe2 is updated service_manage_report /usr/lib/python3/dist-packages/heat/engine/service.py:2370
2025-07-24 00:43:52.248 37665 DEBUG heat.engine.service [req-933decc6-8b8e-4851-8e08-51ef76d7b8a4 - - - - -] Service 3665d492-e97d-4d3d-b629-5e897cba7851 is updated service_manage_report /usr/lib/python3/dist-packages/heat/engine/service.py:2370
2025-07-24 00:43:52.268 37668 DEBUG heat.engine.service [req-242045b8-c78c-49e7-b2b6-e4510b509f99 - - - - -] Service f43f3c5d-67ba-4198-aaa9-bb7241556fc9 is updated service_manage_report /usr/lib/python3/dist-packages/heat/engine/service.py:2370
2025-07-24 00:43:52.270 37666 DEBUG heat.engine.service [req-05bae597-aca4-44e5-b373-079f803d6ce6 - - - - -] Service 96596a0f-ef42-4eb2-9df5-23c8b38d8450 is updated service_manage_report /usr/lib/python3/dist-packages/heat/engine/service.py:2370
2025-07-24 00:43:52.289 37667 DEBUG heat.engine.service [req-01b958dc-f049-4523-9f55-c8927586a1bf - - - - -] Service 3e99ea3e-77f5-4377-9443-e16497f44fe2 is updated service_manage_report /usr/lib/python3/dist-packages/heat/engine/service.py:2370
2025-07-24 00:44:52.266 37665 DEBUG heat.engine.service [req-a26f733b-06b9-4c8e-8d77-018a6857dc0d - - - - -] Service 3665d492-e97d-4d3d-b629-5e897cba7851 is updated service_manage_report /usr/lib/python3/dist-packages/heat/engine/service.py:2370
2025-07-24 00:44:52.269 37666 DEBUG heat.engine.service [req-79841d8c-d77b-4bfd-a7dc-524b5748a3c4 - - - - -] Service 96596a0f-ef42-4eb2-9df5-23c8b38d8450 is updated service_manage_report /usr/lib/python3/dist-packages/heat/engine/service.py:2370
2025-07-24 00:44:52.269 37668 DEBUG heat.engine.service [req-812ba8f7-e0bc-4bce-bd71-34fdf4fdbf97 - - - - -] Service f43f3c5d-67ba-4198-aaa9-bb7241556fc9 is updated service_manage_report /usr/lib/python3/dist-packages/heat/engine/service.py:2370
2025-07-24 00:44:52.282 37667 DEBUG heat.engine.service [req-17d51f28-5c6c-49da-a015-fe90420cd560 - - - - -] Service 3e99ea3e-77f5-4377-9443-e16497f44fe2 is updated service_manage_report /usr/lib/python3/dist-packages/heat/engine/service.py:2370
2025-07-24 00:45:52.246 37665 DEBUG heat.engine.service [req-2df70e4f-069d-49be-843b-200bc286ae5c - - - - -] Service 3665d492-e97d-4d3d-b629-5e897cba7851 is updated service_manage_report /usr/lib/python3/dist-packages/heat/engine/service.py:2370
2025-07-24 00:45:52.268 37668 DEBUG heat.engine.service [req-9db57cee-b691-4d96-83fe-b3db0d948b8d - - - - -] Service f43f3c5d-67ba-4198-aaa9-bb7241556fc9 is updated service_manage_report /usr/lib/python3/dist-packages/heat/engine/service.py:2370
2025-07-24 00:45:52.281 37666 DEBUG heat.engine.service [req-5c4275c8-c7aa-4b3f-844e-016ac82876ef - - - - -] Service 96596a0f-ef42-4eb2-9df5-23c8b38d8450 is updated service_manage_report /usr/lib/python3/dist-packages/heat/engine/service.py:2370
2025-07-24 00:45:52.296 37667 DEBUG heat.engine.service [req-ea90f86f-c07d-4bfc-ab95-e1b3ed1a068f - - - - -] Service 3e99ea3e-77f5-4377-9443-e16497f44fe2 is updated service_manage_report /usr/lib/python3/dist-packages/heat/engine/service.py:2370
2025-07-24 00:46:52.253 37665 DEBUG heat.engine.service [req-509a1cc9-98af-4047-b053-34958de2bdc3 - - - - -] Service 3665d492-e97d-4d3d-b629-5e897cba7851 is updated service_manage_report /usr/lib/python3/dist-packages/heat/engine/service.py:2370
2025-07-24 00:46:52.262 37668 DEBUG heat.engine.service [req-00e8a220-bcf1-4ced-8cae-1152fb029a45 - - - - -] Service f43f3c5d-67ba-4198-aaa9-bb7241556fc9 is updated service_manage_report /usr/lib/python3/dist-packages/heat/engine/service.py:2370
2025-07-24 00:46:52.275 37666 DEBUG heat.engine.service [req-4ded85f7-f1f1-480f-8700-8083e3256f38 - - - - -] Service 96596a0f-ef42-4eb2-9df5-23c8b38d8450 is updated service_manage_report /usr/lib/python3/dist-packages/heat/engine/service.py:2370
2025-07-24 00:46:52.295 37667 DEBUG heat.engine.service [req-32e39f94-4efb-43e3-ae47-820c356968f5 - - - - -] Service 3e99ea3e-77f5-4377-9443-e16497f44fe2 is updated service_manage_report /usr/lib/python3/dist-packages/heat/engine/service.py:2370
2025-07-24 00:47:52.252 37665 DEBUG heat.engine.service [req-2ce46c24-921e-4791-8ec8-8b2a49c6f71a - - - - -] Service 3665d492-e97d-4d3d-b629-5e897cba7851 is updated service_manage_report /usr/lib/python3/dist-packages/heat/engine/service.py:2370
2025-07-24 00:47:52.269 37668 DEBUG heat.engine.service [req-07087fb2-6487-4a0e-9c8a-347db9e42b09 - - - - -] Service f43f3c5d-67ba-4198-aaa9-bb7241556fc9 is updated service_manage_report /usr/lib/python3/dist-packages/heat/engine/service.py:2370
2025-07-24 00:47:52.294 37667 DEBUG heat.engine.service [req-6fa1636c-ba78-455e-953b-5df14692306b - - - - -] Service 3e99ea3e-77f5-4377-9443-e16497f44fe2 is updated service_manage_report /usr/lib/python3/dist-packages/heat/engine/service.py:2370
2025-07-24 00:47:52.297 37666 DEBUG heat.engine.service [req-033b872e-6a7d-452f-a73e-660f0ab154d2 - - - - -] Service 96596a0f-ef42-4eb2-9df5-23c8b38d8450 is updated service_manage_report /usr/lib/python3/dist-packages/heat/engine/service.py:2370
2025-07-24 00:48:52.251 37665 DEBUG heat.engine.service [req-e8681c5d-b2d9-4a94-b1a0-a3337bef8bac - - - - -] Service 3665d492-e97d-4d3d-b629-5e897cba7851 is updated service_manage_report /usr/lib/python3/dist-packages/heat/engine/service.py:2370
2025-07-24 00:48:52.270 37668 DEBUG heat.engine.service [req-d39dd2b7-1b30-442e-a5d0-cfe83d4dbd64 - - - - -] Service f43f3c5d-67ba-4198-aaa9-bb7241556fc9 is updated service_manage_report /usr/lib/python3/dist-packages/heat/engine/service.py:2370
2025-07-24 00:48:52.280 37666 DEBUG heat.engine.service [req-0d387add-d334-4364-8372-b3ff59c4a4b0 - - - - -] Service 96596a0f-ef42-4eb2-9df5-23c8b38d8450 is updated service_manage_report /usr/lib/python3/dist-packages/heat/engine/service.py:2370
2025-07-24 00:48:52.293 37667 DEBUG heat.engine.service [req-01429acb-110d-4f0c-9ecb-52a32d14208a - - - - -] Service 3e99ea3e-77f5-4377-9443-e16497f44fe2 is updated service_manage_report /usr/lib/python3/dist-packages/heat/engine/service.py:2370
2025-07-24 00:49:52.253 37665 DEBUG heat.engine.service [req-03980157-4650-4564-b5f7-8ae7e000a7b4 - - - - -] Service 3665d492-e97d-4d3d-b629-5e897cba7851 is updated service_manage_report /usr/lib/python3/dist-packages/heat/engine/service.py:2370
2025-07-24 00:49:52.264 37668 DEBUG heat.engine.service [req-b75a1296-a83b-4128-b12f-a240ebc7c9da - - - - -] Service f43f3c5d-67ba-4198-aaa9-bb7241556fc9 is updated service_manage_report /usr/lib/python3/dist-packages/heat/engine/service.py:2370
2025-07-24 00:49:52.290 37667 DEBUG heat.engine.service [req-dd4ecc1f-0212-4ffd-8907-91ccd872e3f1 - - - - -] Service 3e99ea3e-77f5-4377-9443-e16497f44fe2 is updated service_manage_report /usr/lib/python3/dist-packages/heat/engine/service.py:2370
2025-07-24 00:49:52.293 37666 DEBUG heat.engine.service [req-d8cc1a44-9203-4ad8-9505-5a5f05db5cee - - - - -] Service 96596a0f-ef42-4eb2-9df5-23c8b38d8450 is updated service_manage_report /usr/lib/python3/dist-packages/heat/engine/service.py:2370
2025-07-24 00:50:52.244 37665 DEBUG heat.engine.service [req-bb1998ef-8b00-4ca1-8ba4-ed49acdd1455 - - - - -] Service 3665d492-e97d-4d3d-b629-5e897cba7851 is updated service_manage_report /usr/lib/python3/dist-packages/heat/engine/service.py:2370
2025-07-24 00:50:52.271 37668 DEBUG heat.engine.service [req-16da50d4-3a02-4994-90b6-ac2d0a67d210 - - - - -] Service f43f3c5d-67ba-4198-aaa9-bb7241556fc9 is updated service_manage_report /usr/lib/python3/dist-packages/heat/engine/service.py:2370
2025-07-24 00:50:52.288 37667 DEBUG heat.engine.service [req-c4bf90c8-7d8a-45b8-8d7e-aa67f4606ffc - - - - -] Service 3e99ea3e-77f5-4377-9443-e16497f44fe2 is updated service_manage_report /usr/lib/python3/dist-packages/heat/engine/service.py:2370
2025-07-24 00:50:52.295 37666 DEBUG heat.engine.service [req-3fcfedbe-8477-4c6e-b481-886fa20de7cc - - - - -] Service 96596a0f-ef42-4eb2-9df5-23c8b38d8450 is updated service_manage_report /usr/lib/python3/dist-packages/heat/engine/service.py:2370
2025-07-24 00:51:52.251 37665 DEBUG heat.engine.service [req-e9286abb-65be-4518-a155-67d8df5e85bd - - - - -] Service 3665d492-e97d-4d3d-b629-5e897cba7851 is updated service_manage_report /usr/lib/python3/dist-packages/heat/engine/service.py:2370
2025-07-24 00:51:52.258 37668 DEBUG heat.engine.service [req-c4a08ac5-bca7-4faa-be5b-87fb822d5f9c - - - - -] Service f43f3c5d-67ba-4198-aaa9-bb7241556fc9 is updated service_manage_report /usr/lib/python3/dist-packages/heat/engine/service.py:2370
2025-07-24 00:51:52.280 37667 DEBUG heat.engine.service [req-14abb06a-db97-4900-8e9a-318993d40215 - - - - -] Service 3e99ea3e-77f5-4377-9443-e16497f44fe2 is updated service_manage_report /usr/lib/python3/dist-packages/heat/engine/service.py:2370
2025-07-24 00:51:52.292 37666 DEBUG heat.engine.service [req-0cba6400-9516-40ca-b675-e97f231eed46 - - - - -] Service 96596a0f-ef42-4eb2-9df5-23c8b38d8450 is updated service_manage_report /usr/lib/python3/dist-packages/heat/engine/service.py:2370